[INFO] cloning repository https://github.com/blockth/cis2-fungible
[INFO] running `Command { std: "git" "-c" "credential.helper=" "-c" "credential.helper=/workspace/cargo-home/bin/git-credential-null" "clone" "--bare" "https://github.com/blockth/cis2-fungible" "/workspace/cache/git-repos/https%3A%2F%2Fgithub.com%2Fblockth%2Fcis2-fungible", kill_on_drop: false }`
[INFO] [stderr] Cloning into bare repository '/workspace/cache/git-repos/https%3A%2F%2Fgithub.com%2Fblockth%2Fcis2-fungible'...
[INFO] running `Command { std: "git" "rev-parse" "HEAD", kill_on_drop: false }`
[INFO] [stdout] ce91663ae0ecbf329a61cea5f9c68772c2d11484
[INFO] testing blockth/cis2-fungible against 1.83.0 for beta-1.84.0-4-retry
[INFO] running `Command { std: "git" "clone" "/workspace/cache/git-repos/https%3A%2F%2Fgithub.com%2Fblockth%2Fcis2-fungible" "/workspace/builds/worker-7-tc1/source", kill_on_drop: false }`
[INFO] [stderr] Cloning into '/workspace/builds/worker-7-tc1/source'...
[INFO] [stderr] done.
[INFO] [stderr] Updating files:  77% (887/1146)
Updating files:  78% (894/1146)
Updating files:  79% (906/1146)
Updating files:  80% (917/1146)
Updating files:  81% (929/1146)
Updating files:  82% (940/1146)
Updating files:  83% (952/1146)
Updating files:  84% (963/1146)
Updating files:  85% (975/1146)
Updating files:  86% (986/1146)
Updating files:  87% (998/1146)
Updating files:  88% (1009/1146)
Updating files:  89% (1020/1146)
Updating files:  90% (1032/1146)
Updating files:  91% (1043/1146)
Updating files:  92% (1055/1146)
Updating files:  93% (1066/1146)
Updating files:  94% (1078/1146)
Updating files:  95% (1089/1146)
Updating files:  96% (1101/1146)
Updating files:  97% (1112/1146)
Updating files:  98% (1124/1146)
Updating files:  99% (1135/1146)
Updating files: 100% (1146/1146)
Updating files: 100% (1146/1146), done.
[INFO] validating manifest of git repo https://github.com/blockth/cis2-fungible on toolchain 1.83.0
[INFO] running `Command { std: CARGO_HOME="/workspace/cargo-home" RUSTUP_HOME="/workspace/rustup-home" "/workspace/cargo-home/bin/cargo" "+1.83.0" "metadata" "--manifest-path" "Cargo.toml" "--no-deps", kill_on_drop: false }`
[INFO] started tweaking git repo https://github.com/blockth/cis2-fungible
[INFO] finished tweaking git repo https://github.com/blockth/cis2-fungible
[INFO] tweaked toml for git repo https://github.com/blockth/cis2-fungible written to /workspace/builds/worker-7-tc1/source/Cargo.toml
[INFO] crate git repo https://github.com/blockth/cis2-fungible already has a lockfile, it will not be regenerated
[INFO] running `Command { std: CARGO_HOME="/workspace/cargo-home" RUSTUP_HOME="/workspace/rustup-home" "/workspace/cargo-home/bin/cargo" "+1.83.0" "fetch" "--manifest-path" "Cargo.toml", kill_on_drop: false }`
[INFO] [stderr]     Blocking waiting for file lock on package cache
[INFO] [stderr]     Updating crates.io index
[INFO] [stderr]     Blocking waiting for file lock on package cache
[INFO] [stderr]  Downloading crates ...
[INFO] [stderr]   Downloaded concordium-std v5.1.0
[INFO] [stderr]   Downloaded concordium-cis2 v2.0.0
[INFO] [stderr]   Downloaded concordium-contracts-common-derive v1.0.1
[INFO] [stderr]   Downloaded concordium-std-derive v5.1.0
[INFO] [stderr]   Downloaded concordium-contracts-common v5.1.0
[INFO] running `Command { std: "docker" "create" "-v" "/var/lib/crater-agent-workspace/builds/worker-7-tc1/target:/opt/rustwide/target:rw,Z" "-v" "/var/lib/crater-agent-workspace/builds/worker-7-tc1/source:/opt/rustwide/workdir:ro,Z" "-v" "/var/lib/crater-agent-workspace/cargo-home:/opt/rustwide/cargo-home:ro,Z" "-v" "/var/lib/crater-agent-workspace/rustup-home:/opt/rustwide/rustup-home:ro,Z" "-e" "SOURCE_DIR=/opt/rustwide/workdir" "-e" "CARGO_TARGET_DIR=/opt/rustwide/target" "-e" "CARGO_HOME=/opt/rustwide/cargo-home" "-e" "RUSTUP_HOME=/opt/rustwide/rustup-home" "-w" "/opt/rustwide/workdir" "-m" "1610612736" "--user" "0:0" "--network" "none" "ghcr.io/rust-lang/crates-build-env/linux@sha256:f3a9d4ad9d972b27faf3965f35b62e55ba32bbce8f20bc8fe909558a86702fde" "/opt/rustwide/cargo-home/bin/cargo" "+1.83.0" "metadata" "--no-deps" "--format-version=1", kill_on_drop: false }`
[INFO] [stdout] 9528a4c020e7f1635d2675672b19690b6fa427cfd92234e39386e319d0004902
[INFO] running `Command { std: "docker" "start" "-a" "9528a4c020e7f1635d2675672b19690b6fa427cfd92234e39386e319d0004902", kill_on_drop: false }`
[INFO] running `Command { std: "docker" "inspect" "9528a4c020e7f1635d2675672b19690b6fa427cfd92234e39386e319d0004902", kill_on_drop: false }`
[INFO] running `Command { std: "docker" "rm" "-f" "9528a4c020e7f1635d2675672b19690b6fa427cfd92234e39386e319d0004902", kill_on_drop: false }`
[INFO] [stdout] 9528a4c020e7f1635d2675672b19690b6fa427cfd92234e39386e319d0004902
[INFO] running `Command { std: "docker" "create" "-v" "/var/lib/crater-agent-workspace/builds/worker-7-tc1/target:/opt/rustwide/target:rw,Z" "-v" "/var/lib/crater-agent-workspace/builds/worker-7-tc1/source:/opt/rustwide/workdir:ro,Z" "-v" "/var/lib/crater-agent-workspace/cargo-home:/opt/rustwide/cargo-home:ro,Z" "-v" "/var/lib/crater-agent-workspace/rustup-home:/opt/rustwide/rustup-home:ro,Z" "-e" "SOURCE_DIR=/opt/rustwide/workdir" "-e" "CARGO_TARGET_DIR=/opt/rustwide/target" "-e" "CARGO_INCREMENTAL=0" "-e" "RUST_BACKTRACE=full" "-e" "RUSTFLAGS=--cap-lints=warn" "-e" "RUSTDOCFLAGS=--cap-lints=warn" "-e" "CARGO_HOME=/opt/rustwide/cargo-home" "-e" "RUSTUP_HOME=/opt/rustwide/rustup-home" "-w" "/opt/rustwide/workdir" "-m" "1610612736" "--user" "0:0" "--network" "none" "ghcr.io/rust-lang/crates-build-env/linux@sha256:f3a9d4ad9d972b27faf3965f35b62e55ba32bbce8f20bc8fe909558a86702fde" "/opt/rustwide/cargo-home/bin/cargo" "+1.83.0" "build" "--frozen" "--message-format=json", kill_on_drop: false }`
[INFO] [stdout] a04708a0ad08f9dbb01f5bf0fc3684419d1e4777204356cc37d0775f452d5152
[INFO] running `Command { std: "docker" "start" "-a" "a04708a0ad08f9dbb01f5bf0fc3684419d1e4777204356cc37d0775f452d5152", kill_on_drop: false }`
[INFO] [stderr]    Compiling proc-macro2 v1.0.50
[INFO] [stderr]    Compiling unicode-ident v1.0.6
[INFO] [stderr]    Compiling quote v1.0.23
[INFO] [stderr]    Compiling syn v1.0.107
[INFO] [stderr]    Compiling crunchy v0.2.2
[INFO] [stderr]    Compiling libc v0.2.139
[INFO] [stderr]    Compiling static_assertions v1.1.0
[INFO] [stderr]    Compiling fnv v1.0.7
[INFO] [stderr]    Compiling hashbrown v0.11.2
[INFO] [stderr]    Compiling wee_alloc v0.4.5
[INFO] [stderr]    Compiling cfg-if v0.1.10
[INFO] [stderr]    Compiling hex v0.4.3
[INFO] [stderr]    Compiling byteorder v1.4.3
[INFO] [stderr]    Compiling memory_units v0.4.0
[INFO] [stderr]    Compiling fixed-hash v0.7.0
[INFO] [stderr]    Compiling uint v0.9.5
[INFO] [stderr]    Compiling primitive-types v0.11.1
[INFO] [stderr]    Compiling concordium-contracts-common-derive v1.0.1
[INFO] [stderr]    Compiling concordium-contracts-common v5.1.0
[INFO] [stderr]    Compiling concordium-std-derive v5.1.0
[INFO] [stderr]    Compiling concordium-std v5.1.0
[INFO] [stderr]    Compiling concordium-cis2 v2.0.0
[INFO] [stderr]    Compiling fungible v0.1.0 (/opt/rustwide/workdir)
[INFO] [stdout] warning: unused variable: `builder`
[INFO] [stdout]    --> src/lib.rs:629:17
[INFO] [stdout]     |
[INFO] [stdout] 629 |     let (state, builder) = host.state_and_builder();
[INFO] [stdout]     |                 ^^^^^^^ help: if this is intentional, prefix it with an underscore: `_builder`
[INFO] [stdout]     |
[INFO] [stdout]     = note: `#[warn(unused_variables)]` on by default
[INFO] [stdout] 
[INFO] [stdout] 
[INFO] [stdout] warning: unused variable: `remaining_amount`
[INFO] [stdout]    --> src/lib.rs:632:9
[INFO] [stdout]     |
[INFO] [stdout] 632 |     let remaining_amount: ContractTokenAmount = state.burn(&token_id, amount, &sender)?;
[INFO] [stdout]     |         ^^^^^^^^^^^^^^^^ help: if this is intentional, prefix it with an underscore: `_remaining_amount`
[INFO] [stdout] 
[INFO] [stdout] 
[INFO] [stdout] warning: constant `TOKEN_METADATA_BASE_URL` is never used
[INFO] [stdout]   --> src/lib.rs:35:7
[INFO] [stdout]    |
[INFO] [stdout] 35 | const TOKEN_METADATA_BASE_URL: &str = "https://some.example/token/";
[INFO] [stdout]    |       ^^^^^^^^^^^^^^^^^^^^^^^
[INFO] [stdout]    |
[INFO] [stdout]    = note: `#[warn(dead_code)]` on by default
[INFO] [stdout] 
[INFO] [stdout] 
[INFO] [stdout] warning: function `build_token_metadata_url` is never used
[INFO] [stdout]    --> src/lib.rs:424:4
[INFO] [stdout]     |
[INFO] [stdout] 424 | fn build_token_metadata_url(token_id: &ContractTokenId) -> String {
[INFO] [stdout]     |    ^^^^^^^^^^^^^^^^^^^^^^^^
[INFO] [stdout] 
[INFO] [stdout] 
[INFO] [stderr]     Finished `dev` profile [unoptimized + debuginfo] target(s) in 14.76s
[INFO] running `Command { std: "docker" "inspect" "a04708a0ad08f9dbb01f5bf0fc3684419d1e4777204356cc37d0775f452d5152", kill_on_drop: false }`
[INFO] running `Command { std: "docker" "rm" "-f" "a04708a0ad08f9dbb01f5bf0fc3684419d1e4777204356cc37d0775f452d5152", kill_on_drop: false }`
[INFO] [stdout] a04708a0ad08f9dbb01f5bf0fc3684419d1e4777204356cc37d0775f452d5152
[INFO] running `Command { std: "docker" "create" "-v" "/var/lib/crater-agent-workspace/builds/worker-7-tc1/target:/opt/rustwide/target:rw,Z" "-v" "/var/lib/crater-agent-workspace/builds/worker-7-tc1/source:/opt/rustwide/workdir:ro,Z" "-v" "/var/lib/crater-agent-workspace/cargo-home:/opt/rustwide/cargo-home:ro,Z" "-v" "/var/lib/crater-agent-workspace/rustup-home:/opt/rustwide/rustup-home:ro,Z" "-e" "SOURCE_DIR=/opt/rustwide/workdir" "-e" "CARGO_TARGET_DIR=/opt/rustwide/target" "-e" "CARGO_INCREMENTAL=0" "-e" "RUST_BACKTRACE=full" "-e" "RUSTFLAGS=--cap-lints=warn" "-e" "RUSTDOCFLAGS=--cap-lints=warn" "-e" "CARGO_HOME=/opt/rustwide/cargo-home" "-e" "RUSTUP_HOME=/opt/rustwide/rustup-home" "-w" "/opt/rustwide/workdir" "-m" "1610612736" "--user" "0:0" "--network" "none" "ghcr.io/rust-lang/crates-build-env/linux@sha256:f3a9d4ad9d972b27faf3965f35b62e55ba32bbce8f20bc8fe909558a86702fde" "/opt/rustwide/cargo-home/bin/cargo" "+1.83.0" "test" "--frozen" "--no-run" "--message-format=json", kill_on_drop: false }`
[INFO] [stdout] 20c168e7aededdeeb4f9ff0635bf512efab8feefd764ab90c4b31ea0351d618f
[INFO] running `Command { std: "docker" "start" "-a" "20c168e7aededdeeb4f9ff0635bf512efab8feefd764ab90c4b31ea0351d618f", kill_on_drop: false }`
[INFO] [stderr]    Compiling fungible v0.1.0 (/opt/rustwide/workdir)
[INFO] [stdout] warning: unused variable: `builder`
[INFO] [stdout]    --> src/lib.rs:629:17
[INFO] [stdout]     |
[INFO] [stdout] 629 |     let (state, builder) = host.state_and_builder();
[INFO] [stdout]     |                 ^^^^^^^ help: if this is intentional, prefix it with an underscore: `_builder`
[INFO] [stdout]     |
[INFO] [stdout]     = note: `#[warn(unused_variables)]` on by default
[INFO] [stdout] 
[INFO] [stdout] 
[INFO] [stdout] warning: unused variable: `remaining_amount`
[INFO] [stdout]    --> src/lib.rs:632:9
[INFO] [stdout]     |
[INFO] [stdout] 632 |     let remaining_amount: ContractTokenAmount = state.burn(&token_id, amount, &sender)?;
[INFO] [stdout]     |         ^^^^^^^^^^^^^^^^ help: if this is intentional, prefix it with an underscore: `_remaining_amount`
[INFO] [stdout] 
[INFO] [stdout] 
[INFO] [stdout] warning: constant `TOKEN_METADATA_BASE_URL` is never used
[INFO] [stdout]   --> src/lib.rs:35:7
[INFO] [stdout]    |
[INFO] [stdout] 35 | const TOKEN_METADATA_BASE_URL: &str = "https://some.example/token/";
[INFO] [stdout]    |       ^^^^^^^^^^^^^^^^^^^^^^^
[INFO] [stdout]    |
[INFO] [stdout]    = note: `#[warn(dead_code)]` on by default
[INFO] [stdout] 
[INFO] [stdout] 
[INFO] [stdout] warning: function `build_token_metadata_url` is never used
[INFO] [stdout]    --> src/lib.rs:424:4
[INFO] [stdout]     |
[INFO] [stdout] 424 | fn build_token_metadata_url(token_id: &ContractTokenId) -> String {
[INFO] [stdout]     |    ^^^^^^^^^^^^^^^^^^^^^^^^
[INFO] [stdout] 
[INFO] [stdout] 
[INFO] [stdout] warning: unused variable: `builder`
[INFO] [stdout]    --> src/lib.rs:629:17
[INFO] [stdout]     |
[INFO] [stdout] 629 |     let (state, builder) = host.state_and_builder();
[INFO] [stdout]     |                 ^^^^^^^ help: if this is intentional, prefix it with an underscore: `_builder`
[INFO] [stdout]     |
[INFO] [stdout]     = note: `#[warn(unused_variables)]` on by default
[INFO] [stdout] 
[INFO] [stdout] 
[INFO] [stdout] warning: unused variable: `remaining_amount`
[INFO] [stdout]    --> src/lib.rs:632:9
[INFO] [stdout]     |
[INFO] [stdout] 632 |     let remaining_amount: ContractTokenAmount = state.burn(&token_id, amount, &sender)?;
[INFO] [stdout]     |         ^^^^^^^^^^^^^^^^ help: if this is intentional, prefix it with an underscore: `_remaining_amount`
[INFO] [stdout] 
[INFO] [stdout] 
[INFO] [stdout] warning: unnecessary `unsafe` block
[INFO] [stdout]     --> src/lib.rs:1155:9
[INFO] [stdout]      |
[INFO] [stdout] 1155 |         unsafe {
[INFO] [stdout]      |         ^^^^^^ unnecessary `unsafe` block
[INFO] [stdout]      |
[INFO] [stdout]      = note: `#[warn(unused_unsafe)]` on by default
[INFO] [stdout] 
[INFO] [stdout] 
[INFO] [stdout] warning: constant `TOKEN_METADATA_BASE_URL` is never used
[INFO] [stdout]   --> src/lib.rs:35:7
[INFO] [stdout]    |
[INFO] [stdout] 35 | const TOKEN_METADATA_BASE_URL: &str = "https://some.example/token/";
[INFO] [stdout]    |       ^^^^^^^^^^^^^^^^^^^^^^^
[INFO] [stdout]    |
[INFO] [stdout]    = note: `#[warn(dead_code)]` on by default
[INFO] [stdout] 
[INFO] [stdout] 
[INFO] [stdout] warning: function `build_token_metadata_url` is never used
[INFO] [stdout]    --> src/lib.rs:424:4
[INFO] [stdout]     |
[INFO] [stdout] 424 | fn build_token_metadata_url(token_id: &ContractTokenId) -> String {
[INFO] [stdout]     |    ^^^^^^^^^^^^^^^^^^^^^^^^
[INFO] [stdout] 
[INFO] [stdout] 
[INFO] [stderr]     Finished `test` profile [unoptimized + debuginfo] target(s) in 1.98s
[INFO] running `Command { std: "docker" "inspect" "20c168e7aededdeeb4f9ff0635bf512efab8feefd764ab90c4b31ea0351d618f", kill_on_drop: false }`
[INFO] running `Command { std: "docker" "rm" "-f" "20c168e7aededdeeb4f9ff0635bf512efab8feefd764ab90c4b31ea0351d618f", kill_on_drop: false }`
[INFO] [stdout] 20c168e7aededdeeb4f9ff0635bf512efab8feefd764ab90c4b31ea0351d618f
[INFO] running `Command { std: "docker" "create" "-v" "/var/lib/crater-agent-workspace/builds/worker-7-tc1/target:/opt/rustwide/target:rw,Z" "-v" "/var/lib/crater-agent-workspace/builds/worker-7-tc1/source:/opt/rustwide/workdir:ro,Z" "-v" "/var/lib/crater-agent-workspace/cargo-home:/opt/rustwide/cargo-home:ro,Z" "-v" "/var/lib/crater-agent-workspace/rustup-home:/opt/rustwide/rustup-home:ro,Z" "-e" "SOURCE_DIR=/opt/rustwide/workdir" "-e" "CARGO_TARGET_DIR=/opt/rustwide/target" "-e" "CARGO_INCREMENTAL=0" "-e" "RUST_BACKTRACE=full" "-e" "RUSTFLAGS=--cap-lints=warn" "-e" "RUSTDOCFLAGS=--cap-lints=warn" "-e" "CARGO_HOME=/opt/rustwide/cargo-home" "-e" "RUSTUP_HOME=/opt/rustwide/rustup-home" "-w" "/opt/rustwide/workdir" "-m" "1610612736" "--user" "0:0" "--network" "none" "ghcr.io/rust-lang/crates-build-env/linux@sha256:f3a9d4ad9d972b27faf3965f35b62e55ba32bbce8f20bc8fe909558a86702fde" "/opt/rustwide/cargo-home/bin/cargo" "+1.83.0" "test" "--frozen", kill_on_drop: false }`
[INFO] [stdout] 59986c96e5ce9c1957a35413b21f3ae589cfc965e98e46cebaf69da83f570140
[INFO] running `Command { std: "docker" "start" "-a" "59986c96e5ce9c1957a35413b21f3ae589cfc965e98e46cebaf69da83f570140", kill_on_drop: false }`
[INFO] [stderr] warning: unused variable: `builder`
[INFO] [stderr]    --> src/lib.rs:629:17
[INFO] [stderr]     |
[INFO] [stderr] 629 |     let (state, builder) = host.state_and_builder();
[INFO] [stderr]     |                 ^^^^^^^ help: if this is intentional, prefix it with an underscore: `_builder`
[INFO] [stderr]     |
[INFO] [stderr]     = note: `#[warn(unused_variables)]` on by default
[INFO] [stderr] 
[INFO] [stderr] warning: unused variable: `remaining_amount`
[INFO] [stderr]    --> src/lib.rs:632:9
[INFO] [stderr]     |
[INFO] [stderr] 632 |     let remaining_amount: ContractTokenAmount = state.burn(&token_id, amount, &sender)?;
[INFO] [stderr]     |         ^^^^^^^^^^^^^^^^ help: if this is intentional, prefix it with an underscore: `_remaining_amount`
[INFO] [stderr] 
[INFO] [stderr] warning: constant `TOKEN_METADATA_BASE_URL` is never used
[INFO] [stderr]   --> src/lib.rs:35:7
[INFO] [stderr]    |
[INFO] [stderr] 35 | const TOKEN_METADATA_BASE_URL: &str = "https://some.example/token/";
[INFO] [stderr]    |       ^^^^^^^^^^^^^^^^^^^^^^^
[INFO] [stderr]    |
[INFO] [stderr]    = note: `#[warn(dead_code)]` on by default
[INFO] [stderr] 
[INFO] [stderr] warning: function `build_token_metadata_url` is never used
[INFO] [stderr]    --> src/lib.rs:424:4
[INFO] [stderr]     |
[INFO] [stderr] 424 | fn build_token_metadata_url(token_id: &ContractTokenId) -> String {
[INFO] [stderr]     |    ^^^^^^^^^^^^^^^^^^^^^^^^
[INFO] [stderr] 
[INFO] [stderr] warning: unnecessary `unsafe` block
[INFO] [stderr]     --> src/lib.rs:1155:9
[INFO] [stderr]      |
[INFO] [stderr] 1155 |         unsafe {
[INFO] [stderr]      |         ^^^^^^ unnecessary `unsafe` block
[INFO] [stderr]      |
[INFO] [stderr]      = note: `#[warn(unused_unsafe)]` on by default
[INFO] [stderr] 
[INFO] [stderr] warning: `fungible` (lib) generated 4 warnings
[INFO] [stderr] warning: `fungible` (lib test) generated 5 warnings (4 duplicates)
[INFO] [stderr]     Finished `test` profile [unoptimized + debuginfo] target(s) in 0.05s
[INFO] [stderr]      Running unittests src/lib.rs (/opt/rustwide/target/debug/deps/fungible-bf30bc55aa64d363)
[INFO] [stdout] 
[INFO] [stdout] running 6 tests
[INFO] [stdout] test tests::test_init ... ok
[INFO] [stdout] test tests::test_add_operator ... ok
[INFO] [stdout] test tests::test_transfer_not_authorized ... ok
[INFO] [stdout] test tests::test_transfer_account ... ok
[INFO] [stdout] test tests::test_operator_transfer ... ok
[INFO] [stdout] test tests::test_mint ... FAILED
[INFO] [stdout] 
[INFO] [stdout] failures:
[INFO] [stdout] 
[INFO] [stdout] ---- tests::test_mint stdout ----
[INFO] [stdout] lalalthread 'tests::test_mint' panicked at src/lib.rs:1136:9:
[INFO] [stdout] Only one token is initialized
[INFO] [stdout] stack backtrace:
[INFO] [stdout]    0:     0x5a2740a5bcca - std::backtrace_rs::backtrace::libunwind::trace::h5a5b8284f2d0c266
[INFO] [stdout]                                at /rustc/90b35a6239c3d8bdabc530a6a0816f7ff89a0aaf/library/std/src/../../backtrace/src/backtrace/libunwind.rs:116:5
[INFO] [stdout]    1:     0x5a2740a5bcca - std::backtrace_rs::backtrace::trace_unsynchronized::h76d4f1c9b0b875e3
[INFO] [stdout]                                at /rustc/90b35a6239c3d8bdabc530a6a0816f7ff89a0aaf/library/std/src/../../backtrace/src/backtrace/mod.rs:66:5
[INFO] [stdout]    2:     0x5a2740a5bcca - std::sys::backtrace::_print_fmt::hc4546b8364a537c6
[INFO] [stdout]                                at /rustc/90b35a6239c3d8bdabc530a6a0816f7ff89a0aaf/library/std/src/sys/backtrace.rs:66:9
[INFO] [stdout]    3:     0x5a2740a5bcca - <std::sys::backtrace::BacktraceLock::print::DisplayBacktrace as core::fmt::Display>::fmt::h5b6bd5631a6d1f6b
[INFO] [stdout]                                at /rustc/90b35a6239c3d8bdabc530a6a0816f7ff89a0aaf/library/std/src/sys/backtrace.rs:39:26
[INFO] [stdout]    4:     0x5a2740a80e33 - core::fmt::rt::Argument::fmt::h270f6602a2b96f62
[INFO] [stdout]                                at /rustc/90b35a6239c3d8bdabc530a6a0816f7ff89a0aaf/library/core/src/fmt/rt.rs:177:76
[INFO] [stdout]    5:     0x5a2740a80e33 - core::fmt::write::h7550c97b06c86515
[INFO] [stdout]                                at /rustc/90b35a6239c3d8bdabc530a6a0816f7ff89a0aaf/library/core/src/fmt/mod.rs:1186:21
[INFO] [stdout]    6:     0x5a2740a58e93 - std::io::Write::write_fmt::h509ff860e5956e5e
[INFO] [stdout]                                at /rustc/90b35a6239c3d8bdabc530a6a0816f7ff89a0aaf/library/std/src/io/mod.rs:1839:15
[INFO] [stdout]    7:     0x5a2740a5bb12 - std::sys::backtrace::BacktraceLock::print::h2395ccd2c84ba3aa
[INFO] [stdout]                                at /rustc/90b35a6239c3d8bdabc530a6a0816f7ff89a0aaf/library/std/src/sys/backtrace.rs:42:9
[INFO] [stdout]    8:     0x5a2740a5cf7a - std::panicking::default_hook::{{closure}}::he19d4c7230e07961
[INFO] [stdout]                                at /rustc/90b35a6239c3d8bdabc530a6a0816f7ff89a0aaf/library/std/src/panicking.rs:268:22
[INFO] [stdout]    9:     0x5a2740a5cd84 - std::panicking::default_hook::hf614597d3c67bbdb
[INFO] [stdout]                                at /rustc/90b35a6239c3d8bdabc530a6a0816f7ff89a0aaf/library/std/src/panicking.rs:292:9
[INFO] [stdout]   10:     0x5a27409f9d19 - <alloc::boxed::Box<F,A> as core::ops::function::Fn<Args>>::call::h39b51ce4599c23d1
[INFO] [stdout]                                at /rustc/90b35a6239c3d8bdabc530a6a0816f7ff89a0aaf/library/alloc/src/boxed.rs:2468:9
[INFO] [stdout]   11:     0x5a27409f9d19 - test::test_main::{{closure}}::he977ae839a582784
[INFO] [stdout]                                at /rustc/90b35a6239c3d8bdabc530a6a0816f7ff89a0aaf/library/test/src/lib.rs:133:21
[INFO] [stdout]   12:     0x5a2740a5d618 - <alloc::boxed::Box<F,A> as core::ops::function::Fn<Args>>::call::h9455091b6b06f9fb
[INFO] [stdout]                                at /rustc/90b35a6239c3d8bdabc530a6a0816f7ff89a0aaf/library/alloc/src/boxed.rs:2468:9
[INFO] [stdout]   13:     0x5a2740a5d618 - std::panicking::rust_panic_with_hook::h8942133a8b252070
[INFO] [stdout]                                at /rustc/90b35a6239c3d8bdabc530a6a0816f7ff89a0aaf/library/std/src/panicking.rs:809:13
[INFO] [stdout]   14:     0x5a2740a5d3da - std::panicking::begin_panic_handler::{{closure}}::hb5f5963570096b29
[INFO] [stdout]                                at /rustc/90b35a6239c3d8bdabc530a6a0816f7ff89a0aaf/library/std/src/panicking.rs:674:13
[INFO] [stdout]   15:     0x5a2740a5c1a9 - std::sys::backtrace::__rust_end_short_backtrace::h6208cedc1922feda
[INFO] [stdout]                                at /rustc/90b35a6239c3d8bdabc530a6a0816f7ff89a0aaf/library/std/src/sys/backtrace.rs:170:18
[INFO] [stdout]   16:     0x5a2740a5d06c - rust_begin_unwind
[INFO] [stdout]                                at /rustc/90b35a6239c3d8bdabc530a6a0816f7ff89a0aaf/library/std/src/panicking.rs:665:5
[INFO] [stdout]   17:     0x5a2740979ac0 - core::panicking::panic_fmt::h0c3082644d1bf418
[INFO] [stdout]                                at /rustc/90b35a6239c3d8bdabc530a6a0816f7ff89a0aaf/library/core/src/panicking.rs:74:14
[INFO] [stdout]   18:     0x5a2740a0f073 - core::panicking::panic_display::h3431cde51653e166
[INFO] [stdout]                                at /rustc/90b35a6239c3d8bdabc530a6a0816f7ff89a0aaf/library/core/src/panicking.rs:264:5
[INFO] [stdout]   19:     0x5a27409b834a - fungible::tests::test_mint::h353b992f385f6fc4
[INFO] [stdout]                                at /opt/rustwide/workdir/src/lib.rs:1136:9
[INFO] [stdout]   20:     0x5a27409b6a27 - fungible::tests::test_mint::{{closure}}::hf7b5d3782d611445
[INFO] [stdout]                                at /opt/rustwide/workdir/src/lib.rs:1071:19
[INFO] [stdout]   21:     0x5a27409a8d16 - core::ops::function::FnOnce::call_once::h6b8e837fac898bbf
[INFO] [stdout]                                at /rustc/90b35a6239c3d8bdabc530a6a0816f7ff89a0aaf/library/core/src/ops/function.rs:250:5
[INFO] [stdout]   22:     0x5a27409fe6db - core::ops::function::FnOnce::call_once::h109cf8051a59b34e
[INFO] [stdout]                                at /rustc/90b35a6239c3d8bdabc530a6a0816f7ff89a0aaf/library/core/src/ops/function.rs:250:5
[INFO] [stdout]   23:     0x5a27409fe6db - test::__rust_begin_short_backtrace::hf4fff89d377446ba
[INFO] [stdout]                                at /rustc/90b35a6239c3d8bdabc530a6a0816f7ff89a0aaf/library/test/src/lib.rs:621:18
[INFO] [stdout]   24:     0x5a27409fdf17 - test::run_test_in_process::{{closure}}::h0e39181dd7ee5a43
[INFO] [stdout]                                at /rustc/90b35a6239c3d8bdabc530a6a0816f7ff89a0aaf/library/test/src/lib.rs:644:60
[INFO] [stdout]   25:     0x5a27409fdf17 - <core::panic::unwind_safe::AssertUnwindSafe<F> as core::ops::function::FnOnce<()>>::call_once::hc5a66a30f0bdfd1f
[INFO] [stdout]                                at /rustc/90b35a6239c3d8bdabc530a6a0816f7ff89a0aaf/library/core/src/panic/unwind_safe.rs:272:9
[INFO] [stdout]   26:     0x5a27409fdf17 - std::panicking::try::do_call::h873b7cf639554a5e
[INFO] [stdout]                                at /rustc/90b35a6239c3d8bdabc530a6a0816f7ff89a0aaf/library/std/src/panicking.rs:557:40
[INFO] [stdout]   27:     0x5a27409fdf17 - std::panicking::try::hdb19862fad9c8bd1
[INFO] [stdout]                                at /rustc/90b35a6239c3d8bdabc530a6a0816f7ff89a0aaf/library/std/src/panicking.rs:520:19
[INFO] [stdout]   28:     0x5a27409fdf17 - std::panic::catch_unwind::h281fe732d236d260
[INFO] [stdout]                                at /rustc/90b35a6239c3d8bdabc530a6a0816f7ff89a0aaf/library/std/src/panic.rs:358:14
[INFO] [stdout]   29:     0x5a27409fdf17 - test::run_test_in_process::h949b6df8457ed338
[INFO] [stdout]                                at /rustc/90b35a6239c3d8bdabc530a6a0816f7ff89a0aaf/library/test/src/lib.rs:644:27
[INFO] [stdout]   30:     0x5a27409fdf17 - test::run_test::{{closure}}::h52c556a6d4740e10
[INFO] [stdout]                                at /rustc/90b35a6239c3d8bdabc530a6a0816f7ff89a0aaf/library/test/src/lib.rs:565:43
[INFO] [stdout]   31:     0x5a27409c31f4 - test::run_test::{{closure}}::h4237f6381c45ccb9
[INFO] [stdout]                                at /rustc/90b35a6239c3d8bdabc530a6a0816f7ff89a0aaf/library/test/src/lib.rs:595:41
[INFO] [stdout]   32:     0x5a27409c31f4 - std::sys::backtrace::__rust_begin_short_backtrace::h505c97a579eca628
[INFO] [stdout]                                at /rustc/90b35a6239c3d8bdabc530a6a0816f7ff89a0aaf/library/std/src/sys/backtrace.rs:154:18
[INFO] [stdout]   33:     0x5a27409c68be - std::thread::Builder::spawn_unchecked_::{{closure}}::{{closure}}::h9e86b2e2bc107ea3
[INFO] [stdout]                                at /rustc/90b35a6239c3d8bdabc530a6a0816f7ff89a0aaf/library/std/src/thread/mod.rs:538:17
[INFO] [stdout]   34:     0x5a27409c68be - <core::panic::unwind_safe::AssertUnwindSafe<F> as core::ops::function::FnOnce<()>>::call_once::h8b06ddb275ff4a25
[INFO] [stdout]                                at /rustc/90b35a6239c3d8bdabc530a6a0816f7ff89a0aaf/library/core/src/panic/unwind_safe.rs:272:9
[INFO] [stdout]   35:     0x5a27409c68be - std::panicking::try::do_call::hb26ecd7cd9a9355d
[INFO] [stdout]                                at /rustc/90b35a6239c3d8bdabc530a6a0816f7ff89a0aaf/library/std/src/panicking.rs:557:40
[INFO] [stdout]   36:     0x5a27409c68be - std::panicking::try::h8ddeca9d705f9069
[INFO] [stdout]                                at /rustc/90b35a6239c3d8bdabc530a6a0816f7ff89a0aaf/library/std/src/panicking.rs:520:19
[INFO] [stdout]   37:     0x5a27409c68be - std::panic::catch_unwind::h49e1c33078844c46
[INFO] [stdout]                                at /rustc/90b35a6239c3d8bdabc530a6a0816f7ff89a0aaf/library/std/src/panic.rs:358:14
[INFO] [stdout]   38:     0x5a27409c68be - std::thread::Builder::spawn_unchecked_::{{closure}}::h6073db6ff56ad35d
[INFO] [stdout]                                at /rustc/90b35a6239c3d8bdabc530a6a0816f7ff89a0aaf/library/std/src/thread/mod.rs:537:30
[INFO] [stdout]   39:     0x5a27409c68be - core::ops::function::FnOnce::call_once{{vtable.shim}}::h2c5a5f3779c774f1
[INFO] [stdout]                                at /rustc/90b35a6239c3d8bdabc530a6a0816f7ff89a0aaf/library/core/src/ops/function.rs:250:5
[INFO] [stdout]   40:     0x5a2740a6136b - <alloc::boxed::Box<F,A> as core::ops::function::FnOnce<Args>>::call_once::hf75717d9f28faebf
[INFO] [stdout]                                at /rustc/90b35a6239c3d8bdabc530a6a0816f7ff89a0aaf/library/alloc/src/boxed.rs:2454:9
[INFO] [stdout]   41:     0x5a2740a6136b - <alloc::boxed::Box<F,A> as core::ops::function::FnOnce<Args>>::call_once::h7bd883a5f3c5f3c1
[INFO] [stdout]                                at /rustc/90b35a6239c3d8bdabc530a6a0816f7ff89a0aaf/library/alloc/src/boxed.rs:2454:9
[INFO] [stdout]   42:     0x5a2740a6136b - std::sys::pal::unix::thread::Thread::new::thread_start::hcc78f3943333fa94
[INFO] [stdout]                                at /rustc/90b35a6239c3d8bdabc530a6a0816f7ff89a0aaf/library/std/src/sys/pal/unix/thread.rs:105:17
[INFO] [stdout]   43:     0x73146159fac3 - <unknown>
[INFO] [stdout]   44:     0x731461630a04 - clone
[INFO] [stdout]   45:                0x0 - <unknown>
[INFO] [stdout] 
[INFO] [stdout] 
[INFO] [stdout] failures:
[INFO] [stdout]     tests::test_mint
[INFO] [stdout] 
[INFO] [stdout] test result: FAILED. 5 passed; 1 failed; 0 ignored; 0 measured; 0 filtered out; finished in 0.05s
[INFO] [stdout] 
[INFO] [stderr] error: test failed, to rerun pass `--lib`
[INFO] running `Command { std: "docker" "inspect" "59986c96e5ce9c1957a35413b21f3ae589cfc965e98e46cebaf69da83f570140", kill_on_drop: false }`
[INFO] running `Command { std: "docker" "rm" "-f" "59986c96e5ce9c1957a35413b21f3ae589cfc965e98e46cebaf69da83f570140", kill_on_drop: false }`
[INFO] [stdout] 59986c96e5ce9c1957a35413b21f3ae589cfc965e98e46cebaf69da83f570140
