[INFO] cloning repository https://github.com/bk2204/lawn
[INFO] running `Command { std: "git" "-c" "credential.helper=" "-c" "credential.helper=/workspace/cargo-home/bin/git-credential-null" "clone" "--bare" "https://github.com/bk2204/lawn" "/workspace/cache/git-repos/https%3A%2F%2Fgithub.com%2Fbk2204%2Flawn", kill_on_drop: false }`
[INFO] [stderr] Cloning into bare repository '/workspace/cache/git-repos/https%3A%2F%2Fgithub.com%2Fbk2204%2Flawn'...
[INFO] running `Command { std: "git" "rev-parse" "HEAD", kill_on_drop: false }`
[INFO] [stdout] 2456322b4472ee6f6efa13a683a5f302dab9294b
[INFO] testing bk2204/lawn against 1.83.0 for beta-1.84.0-4-retry
[INFO] running `Command { std: "git" "clone" "/workspace/cache/git-repos/https%3A%2F%2Fgithub.com%2Fbk2204%2Flawn" "/workspace/builds/worker-4-tc1/source", kill_on_drop: false }`
[INFO] [stderr] Cloning into '/workspace/builds/worker-4-tc1/source'...
[INFO] [stderr] done.
[INFO] validating manifest of git repo https://github.com/bk2204/lawn on toolchain 1.83.0
[INFO] running `Command { std: CARGO_HOME="/workspace/cargo-home" RUSTUP_HOME="/workspace/rustup-home" "/workspace/cargo-home/bin/cargo" "+1.83.0" "metadata" "--manifest-path" "Cargo.toml" "--no-deps", kill_on_drop: false }`
[INFO] started tweaking git repo https://github.com/bk2204/lawn
[INFO] finished tweaking git repo https://github.com/bk2204/lawn
[INFO] tweaked toml for git repo https://github.com/bk2204/lawn written to /workspace/builds/worker-4-tc1/source/Cargo.toml
[INFO] crate git repo https://github.com/bk2204/lawn already has a lockfile, it will not be regenerated
[INFO] running `Command { std: CARGO_HOME="/workspace/cargo-home" RUSTUP_HOME="/workspace/rustup-home" "/workspace/cargo-home/bin/cargo" "+1.83.0" "fetch" "--manifest-path" "Cargo.toml", kill_on_drop: false }`
[INFO] [stderr] warning: /workspace/builds/worker-4-tc1/source/lawn/Cargo.toml: only one of `license` or `license-file` is necessary
[INFO] [stderr] `license` should be used if the package license can be expressed with a standard SPDX expression.
[INFO] [stderr] `license-file` should be used if the package uses a non-standard license.
[INFO] [stderr] See https://doc.rust-lang.org/cargo/reference/manifest.html#the-license-and-license-file-fields for more information.
[INFO] [stderr] warning: /workspace/builds/worker-4-tc1/source/lawn-protocol/Cargo.toml: only one of `license` or `license-file` is necessary
[INFO] [stderr] `license` should be used if the package license can be expressed with a standard SPDX expression.
[INFO] [stderr] `license-file` should be used if the package uses a non-standard license.
[INFO] [stderr] See https://doc.rust-lang.org/cargo/reference/manifest.html#the-license-and-license-file-fields for more information.
[INFO] [stderr] warning: /workspace/builds/worker-4-tc1/source/lawn-constants/Cargo.toml: only one of `license` or `license-file` is necessary
[INFO] [stderr] `license` should be used if the package license can be expressed with a standard SPDX expression.
[INFO] [stderr] `license-file` should be used if the package uses a non-standard license.
[INFO] [stderr] See https://doc.rust-lang.org/cargo/reference/manifest.html#the-license-and-license-file-fields for more information.
[INFO] [stderr] warning: /workspace/builds/worker-4-tc1/source/lawn-fs/Cargo.toml: only one of `license` or `license-file` is necessary
[INFO] [stderr] `license` should be used if the package license can be expressed with a standard SPDX expression.
[INFO] [stderr] `license-file` should be used if the package uses a non-standard license.
[INFO] [stderr] See https://doc.rust-lang.org/cargo/reference/manifest.html#the-license-and-license-file-fields for more information.
[INFO] [stderr] warning: /workspace/builds/worker-4-tc1/source/lawn-sftp/Cargo.toml: only one of `license` or `license-file` is necessary
[INFO] [stderr] `license` should be used if the package license can be expressed with a standard SPDX expression.
[INFO] [stderr] `license-file` should be used if the package uses a non-standard license.
[INFO] [stderr] See https://doc.rust-lang.org/cargo/reference/manifest.html#the-license-and-license-file-fields for more information.
[INFO] [stderr] warning: /workspace/builds/worker-4-tc1/source/lawn-9p/Cargo.toml: only one of `license` or `license-file` is necessary
[INFO] [stderr] `license` should be used if the package license can be expressed with a standard SPDX expression.
[INFO] [stderr] `license-file` should be used if the package uses a non-standard license.
[INFO] [stderr] See https://doc.rust-lang.org/cargo/reference/manifest.html#the-license-and-license-file-fields for more information.
[INFO] [stderr]     Updating crates.io index
[INFO] [stderr]  Downloading crates ...
[INFO] [stderr]   Downloaded tokio-pipe v0.2.8
[INFO] [stderr]   Downloaded format-bytes-macros v0.4.0
[INFO] [stderr]   Downloaded format-bytes v0.3.0
[INFO] [stderr]   Downloaded parking_lot_core v0.9.0
[INFO] [stderr]   Downloaded signal-hook-tokio v0.3.1
[INFO] [stderr]   Downloaded seize v0.2.1
[INFO] [stderr]   Downloaded flurry v0.4.0
[INFO] [stderr]   Downloaded windows-sys v0.29.0
[INFO] running `Command { std: "docker" "create" "-v" "/var/lib/crater-agent-workspace/builds/worker-4-tc1/target:/opt/rustwide/target:rw,Z" "-v" "/var/lib/crater-agent-workspace/builds/worker-4-tc1/source:/opt/rustwide/workdir:ro,Z" "-v" "/var/lib/crater-agent-workspace/cargo-home:/opt/rustwide/cargo-home:ro,Z" "-v" "/var/lib/crater-agent-workspace/rustup-home:/opt/rustwide/rustup-home:ro,Z" "-e" "SOURCE_DIR=/opt/rustwide/workdir" "-e" "CARGO_TARGET_DIR=/opt/rustwide/target" "-e" "CARGO_HOME=/opt/rustwide/cargo-home" "-e" "RUSTUP_HOME=/opt/rustwide/rustup-home" "-w" "/opt/rustwide/workdir" "-m" "1610612736" "--user" "0:0" "--network" "none" "ghcr.io/rust-lang/crates-build-env/linux@sha256:f3a9d4ad9d972b27faf3965f35b62e55ba32bbce8f20bc8fe909558a86702fde" "/opt/rustwide/cargo-home/bin/cargo" "+1.83.0" "metadata" "--no-deps" "--format-version=1", kill_on_drop: false }`
[INFO] [stdout] 5573aa96c26875d6a1b3881368e0df1a131d4370f2d13e0810f54d144f099c18
[INFO] running `Command { std: "docker" "start" "-a" "5573aa96c26875d6a1b3881368e0df1a131d4370f2d13e0810f54d144f099c18", kill_on_drop: false }`
[INFO] running `Command { std: "docker" "inspect" "5573aa96c26875d6a1b3881368e0df1a131d4370f2d13e0810f54d144f099c18", kill_on_drop: false }`
[INFO] running `Command { std: "docker" "rm" "-f" "5573aa96c26875d6a1b3881368e0df1a131d4370f2d13e0810f54d144f099c18", kill_on_drop: false }`
[INFO] [stdout] 5573aa96c26875d6a1b3881368e0df1a131d4370f2d13e0810f54d144f099c18
[INFO] running `Command { std: "docker" "create" "-v" "/var/lib/crater-agent-workspace/builds/worker-4-tc1/target:/opt/rustwide/target:rw,Z" "-v" "/var/lib/crater-agent-workspace/builds/worker-4-tc1/source:/opt/rustwide/workdir:ro,Z" "-v" "/var/lib/crater-agent-workspace/cargo-home:/opt/rustwide/cargo-home:ro,Z" "-v" "/var/lib/crater-agent-workspace/rustup-home:/opt/rustwide/rustup-home:ro,Z" "-e" "SOURCE_DIR=/opt/rustwide/workdir" "-e" "CARGO_TARGET_DIR=/opt/rustwide/target" "-e" "CARGO_INCREMENTAL=0" "-e" "RUST_BACKTRACE=full" "-e" "RUSTFLAGS=--cap-lints=warn" "-e" "RUSTDOCFLAGS=--cap-lints=warn" "-e" "CARGO_HOME=/opt/rustwide/cargo-home" "-e" "RUSTUP_HOME=/opt/rustwide/rustup-home" "-w" "/opt/rustwide/workdir" "-m" "1610612736" "--user" "0:0" "--network" "none" "ghcr.io/rust-lang/crates-build-env/linux@sha256:f3a9d4ad9d972b27faf3965f35b62e55ba32bbce8f20bc8fe909558a86702fde" "/opt/rustwide/cargo-home/bin/cargo" "+1.83.0" "build" "--frozen" "--message-format=json", kill_on_drop: false }`
[INFO] [stdout] 98694ced8b3a1d18384b5083942b2a957b0151977e7b866f8514fa3fba5e31f2
[INFO] running `Command { std: "docker" "start" "-a" "98694ced8b3a1d18384b5083942b2a957b0151977e7b866f8514fa3fba5e31f2", kill_on_drop: false }`
[INFO] [stderr] warning: /opt/rustwide/workdir/lawn-protocol/Cargo.toml: only one of `license` or `license-file` is necessary
[INFO] [stderr] `license` should be used if the package license can be expressed with a standard SPDX expression.
[INFO] [stderr] `license-file` should be used if the package uses a non-standard license.
[INFO] [stderr] See https://doc.rust-lang.org/cargo/reference/manifest.html#the-license-and-license-file-fields for more information.
[INFO] [stderr] warning: /opt/rustwide/workdir/lawn-fs/Cargo.toml: only one of `license` or `license-file` is necessary
[INFO] [stderr] `license` should be used if the package license can be expressed with a standard SPDX expression.
[INFO] [stderr] `license-file` should be used if the package uses a non-standard license.
[INFO] [stderr] See https://doc.rust-lang.org/cargo/reference/manifest.html#the-license-and-license-file-fields for more information.
[INFO] [stderr] warning: /opt/rustwide/workdir/lawn-sftp/Cargo.toml: only one of `license` or `license-file` is necessary
[INFO] [stderr] `license` should be used if the package license can be expressed with a standard SPDX expression.
[INFO] [stderr] `license-file` should be used if the package uses a non-standard license.
[INFO] [stderr] See https://doc.rust-lang.org/cargo/reference/manifest.html#the-license-and-license-file-fields for more information.
[INFO] [stderr] warning: /opt/rustwide/workdir/lawn-9p/Cargo.toml: only one of `license` or `license-file` is necessary
[INFO] [stderr] `license` should be used if the package license can be expressed with a standard SPDX expression.
[INFO] [stderr] `license-file` should be used if the package uses a non-standard license.
[INFO] [stderr] See https://doc.rust-lang.org/cargo/reference/manifest.html#the-license-and-license-file-fields for more information.
[INFO] [stderr] warning: /opt/rustwide/workdir/lawn-constants/Cargo.toml: only one of `license` or `license-file` is necessary
[INFO] [stderr] `license` should be used if the package license can be expressed with a standard SPDX expression.
[INFO] [stderr] `license-file` should be used if the package uses a non-standard license.
[INFO] [stderr] See https://doc.rust-lang.org/cargo/reference/manifest.html#the-license-and-license-file-fields for more information.
[INFO] [stderr] warning: /opt/rustwide/workdir/lawn/Cargo.toml: only one of `license` or `license-file` is necessary
[INFO] [stderr] `license` should be used if the package license can be expressed with a standard SPDX expression.
[INFO] [stderr] `license-file` should be used if the package uses a non-standard license.
[INFO] [stderr] See https://doc.rust-lang.org/cargo/reference/manifest.html#the-license-and-license-file-fields for more information.
[INFO] [stderr]    Compiling libc v0.2.150
[INFO] [stderr]    Compiling proc-macro2 v1.0.65
[INFO] [stderr]    Compiling quote v1.0.30
[INFO] [stderr]    Compiling unicode-ident v1.0.11
[INFO] [stderr]    Compiling syn v1.0.109
[INFO] [stderr]    Compiling autocfg v1.1.0
[INFO] [stderr]    Compiling version_check v0.9.4
[INFO] [stderr]    Compiling serde_derive v1.0.156
[INFO] [stderr]    Compiling serde v1.0.156
[INFO] [stderr]    Compiling cfg-if v1.0.0
[INFO] [stderr]    Compiling io-lifetimes v1.0.11
[INFO] [stderr]    Compiling bitflags v1.3.2
[INFO] [stderr]    Compiling parking_lot_core v0.9.0
[INFO] [stderr]    Compiling typenum v1.16.0
[INFO] [stderr]    Compiling rustix v0.37.26
[INFO] [stderr]    Compiling scopeguard v1.1.0
[INFO] [stderr]    Compiling pin-project-lite v0.2.14
[INFO] [stderr]    Compiling smallvec v1.10.0
[INFO] [stderr]    Compiling once_cell v1.13.1
[INFO] [stderr]    Compiling linux-raw-sys v0.3.8
[INFO] [stderr]    Compiling tinyvec_macros v0.1.1
[INFO] [stderr]    Compiling hex v0.4.3
[INFO] [stderr]    Compiling tinyvec v1.6.0
[INFO] [stderr]    Compiling signal-hook v0.3.13
[INFO] [stderr]    Compiling hashbrown v0.11.2
[INFO] [stderr]    Compiling thiserror v1.0.39
[INFO] [stderr]    Compiling half v1.8.2
[INFO] [stderr]    Compiling ppv-lite86 v0.2.17
[INFO] [stderr]    Compiling async-trait v0.1.66
[INFO] [stderr]    Compiling ryu v1.0.9
[INFO] [stderr]    Compiling linked-hash-map v0.5.4
[INFO] [stderr]    Compiling percent-encoding v2.3.1
[INFO] [stderr]    Compiling ahash v0.7.6
[INFO] [stderr]    Compiling lock_api v0.4.11
[INFO] [stderr]    Compiling num-traits v0.2.14
[INFO] [stderr]    Compiling generic-array v0.14.7
[INFO] [stderr]    Compiling indexmap v1.8.0
[INFO] [stderr]    Compiling subtle v2.5.0
[INFO] [stderr]    Compiling unicode-bidi v0.3.13
[INFO] [stderr]    Compiling unicode-width v0.1.9
[INFO] [stderr]    Compiling serde_json v1.0.99
[INFO] [stderr]    Compiling textwrap v0.11.0
[INFO] [stderr]    Compiling form_urlencoded v1.2.1
[INFO] [stderr]    Compiling yaml-rust v0.4.5
[INFO] [stderr]    Compiling itoa v1.0.9
[INFO] [stderr]    Compiling base64 v0.21.5
[INFO] [stderr]    Compiling clap v2.34.0
[INFO] [stderr]    Compiling syn v2.0.32
[INFO] [stderr]    Compiling unicode-normalization v0.1.22
[INFO] [stderr]    Compiling idna v0.5.0
[INFO] [stderr]    Compiling num_cpus v1.13.1
[INFO] [stderr]    Compiling getrandom v0.2.11
[INFO] [stderr]    Compiling signal-hook-registry v1.4.0
[INFO] [stderr]    Compiling mio v0.8.11
[INFO] [stderr]    Compiling socket2 v0.5.7
[INFO] [stderr]    Compiling daemonize v0.5.0
[INFO] [stderr]    Compiling rand_core v0.6.4
[INFO] [stderr]    Compiling parking_lot v0.12.0
[INFO] [stderr]    Compiling seize v0.2.1
[INFO] [stderr]    Compiling url v2.5.0
[INFO] [stderr]    Compiling block-buffer v0.10.4
[INFO] [stderr]    Compiling crypto-common v0.1.6
[INFO] [stderr]    Compiling rand_chacha v0.3.1
[INFO] [stderr]    Compiling flurry v0.4.0
[INFO] [stderr]    Compiling digest v0.10.7
[INFO] [stderr]    Compiling rand v0.8.5
[INFO] [stderr]    Compiling blake2 v0.10.6
[INFO] [stderr]    Compiling tokio-macros v2.3.0
[INFO] [stderr]    Compiling num-derive v0.3.3
[INFO] [stderr]    Compiling format-bytes-macros v0.4.0
[INFO] [stderr]    Compiling thiserror-impl v1.0.39
[INFO] [stderr]    Compiling format-bytes v0.3.0
[INFO] [stderr]    Compiling lawn-constants v0.4.0 (/opt/rustwide/workdir/lawn-constants)
[INFO] [stdout] warning: non-local `impl` definition, `impl` blocks should be written at the same level as their item
[INFO] [stdout]   --> lawn-constants/src/error.rs:16:10
[INFO] [stdout]    |
[INFO] [stdout] 16 | #[derive(FromPrimitive, Debug, Copy, Clone, Ord, PartialOrd, Eq, PartialEq, Hash)]
[INFO] [stdout]    |          ^------------
[INFO] [stdout]    |          |
[INFO] [stdout]    |          `FromPrimitive` is not local
[INFO] [stdout]    |          move the `impl` block outside of this constant `_IMPL_NUM_FromPrimitive_FOR_Error`
[INFO] [stdout] 17 | pub enum Error {
[INFO] [stdout]    |          ----- `Error` is not local
[INFO] [stdout]    |
[INFO] [stdout]    = note: the derive macro `FromPrimitive` defines the non-local `impl`, and may need to be changed
[INFO] [stdout]    = note: the derive macro `FromPrimitive` may come from an old version of the `num_derive` crate, try updating your dependency with `cargo update -p num_derive`
[INFO] [stdout]    = note: an `impl` is never scoped, even when it is nested inside an item, as it may impact type checking outside of that item, which can be the case if neither the trait or the self type are at the same nesting level as the `impl`
[INFO] [stdout]    = note: items in an anonymous const item (`const _: () = { ... }`) are treated as in the same scope as the anonymous const's declaration for the purpose of this lint
[INFO] [stdout]    = note: `#[warn(non_local_definitions)]` on by default
[INFO] [stdout]    = note: this warning originates in the derive macro `FromPrimitive` (in Nightly builds, run with -Z macro-backtrace for more info)
[INFO] [stdout] 
[INFO] [stdout] 
[INFO] [stderr]    Compiling lawn-fs v0.4.0 (/opt/rustwide/workdir/lawn-fs)
[INFO] [stdout] warning: non-local `impl` definition, `impl` blocks should be written at the same level as their item
[INFO] [stdout]    --> lawn-fs/src/backend.rs:459:10
[INFO] [stdout]     |
[INFO] [stdout] 459 | #[derive(FromPrimitive, Copy, Clone, Eq, PartialEq, Ord, PartialOrd, Hash, Debug)]
[INFO] [stdout]     |          ^------------
[INFO] [stdout]     |          |
[INFO] [stdout]     |          `FromPrimitive` is not local
[INFO] [stdout]     |          move the `impl` block outside of this constant `_IMPL_NUM_FromPrimitive_FOR_LockKind`
[INFO] [stdout] 460 | pub enum LockKind {
[INFO] [stdout]     |          -------- `LockKind` is not local
[INFO] [stdout]     |
[INFO] [stdout]     = note: the derive macro `FromPrimitive` defines the non-local `impl`, and may need to be changed
[INFO] [stdout]     = note: the derive macro `FromPrimitive` may come from an old version of the `num_derive` crate, try updating your dependency with `cargo update -p num_derive`
[INFO] [stdout]     = note: an `impl` is never scoped, even when it is nested inside an item, as it may impact type checking outside of that item, which can be the case if neither the trait or the self type are at the same nesting level as the `impl`
[INFO] [stdout]     = note: items in an anonymous const item (`const _: () = { ... }`) are treated as in the same scope as the anonymous const's declaration for the purpose of this lint
[INFO] [stdout]     = note: `#[warn(non_local_definitions)]` on by default
[INFO] [stdout]     = note: this warning originates in the derive macro `FromPrimitive` (in Nightly builds, run with -Z macro-backtrace for more info)
[INFO] [stdout] 
[INFO] [stdout] 
[INFO] [stdout] warning: non-local `impl` definition, `impl` blocks should be written at the same level as their item
[INFO] [stdout]    --> lawn-fs/src/backend.rs:465:10
[INFO] [stdout]     |
[INFO] [stdout] 465 | #[derive(FromPrimitive, Copy, Clone, Eq, PartialEq, Ord, PartialOrd, Hash, Debug)]
[INFO] [stdout]     |          ^------------
[INFO] [stdout]     |          |
[INFO] [stdout]     |          `FromPrimitive` is not local
[INFO] [stdout]     |          move the `impl` block outside of this constant `_IMPL_NUM_FromPrimitive_FOR_LockCommand`
[INFO] [stdout] 466 | pub enum LockCommand {
[INFO] [stdout]     |          ----------- `LockCommand` is not local
[INFO] [stdout]     |
[INFO] [stdout]     = note: the derive macro `FromPrimitive` defines the non-local `impl`, and may need to be changed
[INFO] [stdout]     = note: the derive macro `FromPrimitive` may come from an old version of the `num_derive` crate, try updating your dependency with `cargo update -p num_derive`
[INFO] [stdout]     = note: an `impl` is never scoped, even when it is nested inside an item, as it may impact type checking outside of that item, which can be the case if neither the trait or the self type are at the same nesting level as the `impl`
[INFO] [stdout]     = note: items in an anonymous const item (`const _: () = { ... }`) are treated as in the same scope as the anonymous const's declaration for the purpose of this lint
[INFO] [stdout]     = note: this warning originates in the derive macro `FromPrimitive` (in Nightly builds, run with -Z macro-backtrace for more info)
[INFO] [stdout] 
[INFO] [stdout] 
[INFO] [stderr]    Compiling bytes v1.4.0
[INFO] [stderr]    Compiling serde_cbor v0.11.2
[INFO] [stderr]    Compiling serde_yaml v0.8.23
[INFO] [stderr]    Compiling tokio v1.38.0
[INFO] [stderr]    Compiling lawn-protocol v0.4.0 (/opt/rustwide/workdir/lawn-protocol)
[INFO] [stderr]    Compiling signal-hook-tokio v0.3.1
[INFO] [stderr]    Compiling lawn-sftp v0.4.0 (/opt/rustwide/workdir/lawn-sftp)
[INFO] [stderr]    Compiling tokio-pipe v0.2.8
[INFO] [stderr]    Compiling lawn-9p v0.4.0 (/opt/rustwide/workdir/lawn-9p)
[INFO] [stdout] warning: non-local `impl` definition, `impl` blocks should be written at the same level as their item
[INFO] [stdout]   --> lawn-sftp/src/backend.rs:15:23
[INFO] [stdout]    |
[INFO] [stdout] 15 | #[derive(Copy, Clone, FromPrimitive, Debug, Hash, Eq, PartialEq, Ord, PartialOrd)]
[INFO] [stdout]    |                       ^------------
[INFO] [stdout]    |                       |
[INFO] [stdout]    |                       `FromPrimitive` is not local
[INFO] [stdout]    |                       move the `impl` block outside of this constant `_IMPL_NUM_FromPrimitive_FOR_ProtocolTag`
[INFO] [stdout] 16 | pub(crate) enum ProtocolTag {
[INFO] [stdout]    |                 ----------- `ProtocolTag` is not local
[INFO] [stdout]    |
[INFO] [stdout]    = note: the derive macro `FromPrimitive` defines the non-local `impl`, and may need to be changed
[INFO] [stdout]    = note: the derive macro `FromPrimitive` may come from an old version of the `num_derive` crate, try updating your dependency with `cargo update -p num_derive`
[INFO] [stdout]    = note: an `impl` is never scoped, even when it is nested inside an item, as it may impact type checking outside of that item, which can be the case if neither the trait or the self type are at the same nesting level as the `impl`
[INFO] [stdout]    = note: items in an anonymous const item (`const _: () = { ... }`) are treated as in the same scope as the anonymous const's declaration for the purpose of this lint
[INFO] [stdout]    = note: `#[warn(non_local_definitions)]` on by default
[INFO] [stdout]    = note: this warning originates in the derive macro `FromPrimitive` (in Nightly builds, run with -Z macro-backtrace for more info)
[INFO] [stdout] 
[INFO] [stdout] 
[INFO] [stdout] warning: non-local `impl` definition, `impl` blocks should be written at the same level as their item
[INFO] [stdout]   --> lawn-sftp/src/backend.rs:46:23
[INFO] [stdout]    |
[INFO] [stdout] 46 | #[derive(Copy, Clone, FromPrimitive, Debug, Hash, Eq, PartialEq, Ord, PartialOrd)]
[INFO] [stdout]    |                       ^------------
[INFO] [stdout]    |                       |
[INFO] [stdout]    |                       `FromPrimitive` is not local
[INFO] [stdout]    |                       move the `impl` block outside of this constant `_IMPL_NUM_FromPrimitive_FOR_ProtocolVersion`
[INFO] [stdout] 47 | pub enum ProtocolVersion {
[INFO] [stdout]    |          --------------- `ProtocolVersion` is not local
[INFO] [stdout]    |
[INFO] [stdout]    = note: the derive macro `FromPrimitive` defines the non-local `impl`, and may need to be changed
[INFO] [stdout]    = note: the derive macro `FromPrimitive` may come from an old version of the `num_derive` crate, try updating your dependency with `cargo update -p num_derive`
[INFO] [stdout]    = note: an `impl` is never scoped, even when it is nested inside an item, as it may impact type checking outside of that item, which can be the case if neither the trait or the self type are at the same nesting level as the `impl`
[INFO] [stdout]    = note: items in an anonymous const item (`const _: () = { ... }`) are treated as in the same scope as the anonymous const's declaration for the purpose of this lint
[INFO] [stdout]    = note: this warning originates in the derive macro `FromPrimitive` (in Nightly builds, run with -Z macro-backtrace for more info)
[INFO] [stdout] 
[INFO] [stdout] 
[INFO] [stdout] warning: non-local `impl` definition, `impl` blocks should be written at the same level as their item
[INFO] [stdout]   --> lawn-sftp/src/backend.rs:94:23
[INFO] [stdout]    |
[INFO] [stdout] 94 | #[derive(Copy, Clone, FromPrimitive, Debug, Hash, Eq, PartialEq, Ord, PartialOrd)]
[INFO] [stdout]    |                       ^------------
[INFO] [stdout]    |                       |
[INFO] [stdout]    |                       `FromPrimitive` is not local
[INFO] [stdout]    |                       move the `impl` block outside of this constant `_IMPL_NUM_FromPrimitive_FOR_SFTPErrorKind`
[INFO] [stdout] 95 | pub(crate) enum SFTPErrorKind {
[INFO] [stdout]    |                 ------------- `SFTPErrorKind` is not local
[INFO] [stdout]    |
[INFO] [stdout]    = note: the derive macro `FromPrimitive` defines the non-local `impl`, and may need to be changed
[INFO] [stdout]    = note: the derive macro `FromPrimitive` may come from an old version of the `num_derive` crate, try updating your dependency with `cargo update -p num_derive`
[INFO] [stdout]    = note: an `impl` is never scoped, even when it is nested inside an item, as it may impact type checking outside of that item, which can be the case if neither the trait or the self type are at the same nesting level as the `impl`
[INFO] [stdout]    = note: items in an anonymous const item (`const _: () = { ... }`) are treated as in the same scope as the anonymous const's declaration for the purpose of this lint
[INFO] [stdout]    = note: this warning originates in the derive macro `FromPrimitive` (in Nightly builds, run with -Z macro-backtrace for more info)
[INFO] [stdout] 
[INFO] [stdout] 
[INFO] [stdout] warning: non-local `impl` definition, `impl` blocks should be written at the same level as their item
[INFO] [stdout]    --> lawn-9p/src/server.rs:779:10
[INFO] [stdout]     |
[INFO] [stdout] 779 | #[derive(FromPrimitive)]
[INFO] [stdout]     |          ^------------
[INFO] [stdout]     |          |
[INFO] [stdout]     |          `FromPrimitive` is not local
[INFO] [stdout]     |          move the `impl` block outside of this constant `_IMPL_NUM_FromPrimitive_FOR_LockKind`
[INFO] [stdout] 780 | pub enum LockKind {
[INFO] [stdout]     |          -------- `LockKind` is not local
[INFO] [stdout]     |
[INFO] [stdout]     = note: the derive macro `FromPrimitive` defines the non-local `impl`, and may need to be changed
[INFO] [stdout]     = note: the derive macro `FromPrimitive` may come from an old version of the `num_derive` crate, try updating your dependency with `cargo update -p num_derive`
[INFO] [stdout]     = note: an `impl` is never scoped, even when it is nested inside an item, as it may impact type checking outside of that item, which can be the case if neither the trait or the self type are at the same nesting level as the `impl`
[INFO] [stdout]     = note: items in an anonymous const item (`const _: () = { ... }`) are treated as in the same scope as the anonymous const's declaration for the purpose of this lint
[INFO] [stdout]     = note: `#[warn(non_local_definitions)]` on by default
[INFO] [stdout]     = note: this warning originates in the derive macro `FromPrimitive` (in Nightly builds, run with -Z macro-backtrace for more info)
[INFO] [stdout] 
[INFO] [stdout] 
[INFO] [stdout] warning: non-local `impl` definition, `impl` blocks should be written at the same level as their item
[INFO] [stdout]    --> lawn-9p/src/server.rs:785:10
[INFO] [stdout]     |
[INFO] [stdout] 785 | #[derive(FromPrimitive)]
[INFO] [stdout]     |          ^------------
[INFO] [stdout]     |          |
[INFO] [stdout]     |          `FromPrimitive` is not local
[INFO] [stdout]     |          move the `impl` block outside of this constant `_IMPL_NUM_FromPrimitive_FOR_LockCommand`
[INFO] [stdout] 786 | pub enum LockCommand {
[INFO] [stdout]     |          ----------- `LockCommand` is not local
[INFO] [stdout]     |
[INFO] [stdout]     = note: the derive macro `FromPrimitive` defines the non-local `impl`, and may need to be changed
[INFO] [stdout]     = note: the derive macro `FromPrimitive` may come from an old version of the `num_derive` crate, try updating your dependency with `cargo update -p num_derive`
[INFO] [stdout]     = note: an `impl` is never scoped, even when it is nested inside an item, as it may impact type checking outside of that item, which can be the case if neither the trait or the self type are at the same nesting level as the `impl`
[INFO] [stdout]     = note: items in an anonymous const item (`const _: () = { ... }`) are treated as in the same scope as the anonymous const's declaration for the purpose of this lint
[INFO] [stdout]     = note: this warning originates in the derive macro `FromPrimitive` (in Nightly builds, run with -Z macro-backtrace for more info)
[INFO] [stdout] 
[INFO] [stdout] 
[INFO] [stdout] warning: non-local `impl` definition, `impl` blocks should be written at the same level as their item
[INFO] [stdout]    --> lawn-9p/src/server.rs:829:10
[INFO] [stdout]     |
[INFO] [stdout] 829 | #[derive(FromPrimitive, Debug, Copy, Clone, Eq, PartialEq, Ord, PartialOrd, Hash)]
[INFO] [stdout]     |          ^------------
[INFO] [stdout]     |          |
[INFO] [stdout]     |          `FromPrimitive` is not local
[INFO] [stdout]     |          move the `impl` block outside of this constant `_IMPL_NUM_FromPrimitive_FOR_ProtocolTag`
[INFO] [stdout] 830 | enum ProtocolTag {
[INFO] [stdout]     |      ----------- `ProtocolTag` is not local
[INFO] [stdout]     |
[INFO] [stdout]     = note: the derive macro `FromPrimitive` defines the non-local `impl`, and may need to be changed
[INFO] [stdout]     = note: the derive macro `FromPrimitive` may come from an old version of the `num_derive` crate, try updating your dependency with `cargo update -p num_derive`
[INFO] [stdout]     = note: an `impl` is never scoped, even when it is nested inside an item, as it may impact type checking outside of that item, which can be the case if neither the trait or the self type are at the same nesting level as the `impl`
[INFO] [stdout]     = note: items in an anonymous const item (`const _: () = { ... }`) are treated as in the same scope as the anonymous const's declaration for the purpose of this lint
[INFO] [stdout]     = note: this warning originates in the derive macro `FromPrimitive` (in Nightly builds, run with -Z macro-backtrace for more info)
[INFO] [stdout] 
[INFO] [stdout] 
[INFO] [stdout] warning: non-local `impl` definition, `impl` blocks should be written at the same level as their item
[INFO] [stdout]   --> lawn-protocol/src/protocol/mod.rs:59:10
[INFO] [stdout]    |
[INFO] [stdout] 59 | #[derive(FromPrimitive, Debug, Copy, Clone, Eq, PartialEq, Ord, PartialOrd)]
[INFO] [stdout]    |          ^------------
[INFO] [stdout]    |          |
[INFO] [stdout]    |          `FromPrimitive` is not local
[INFO] [stdout]    |          move the `impl` block outside of this constant `_IMPL_NUM_FromPrimitive_FOR_ResponseCode`
[INFO] [stdout] 60 | pub enum ResponseCode {
[INFO] [stdout]    |          ------------ `ResponseCode` is not local
[INFO] [stdout]    |
[INFO] [stdout]    = note: the derive macro `FromPrimitive` defines the non-local `impl`, and may need to be changed
[INFO] [stdout]    = note: the derive macro `FromPrimitive` may come from an old version of the `num_derive` crate, try updating your dependency with `cargo update -p num_derive`
[INFO] [stdout]    = note: an `impl` is never scoped, even when it is nested inside an item, as it may impact type checking outside of that item, which can be the case if neither the trait or the self type are at the same nesting level as the `impl`
[INFO] [stdout]    = note: items in an anonymous const item (`const _: () = { ... }`) are treated as in the same scope as the anonymous const's declaration for the purpose of this lint
[INFO] [stdout]    = note: `#[warn(non_local_definitions)]` on by default
[INFO] [stdout]    = note: this warning originates in the derive macro `FromPrimitive` (in Nightly builds, run with -Z macro-backtrace for more info)
[INFO] [stdout] 
[INFO] [stdout] 
[INFO] [stdout] warning: non-local `impl` definition, `impl` blocks should be written at the same level as their item
[INFO] [stdout]    --> lawn-protocol/src/protocol/mod.rs:199:10
[INFO] [stdout]     |
[INFO] [stdout] 199 | #[derive(FromPrimitive, Debug, Copy, Clone, Eq, PartialEq, Ord, PartialOrd, Hash)]
[INFO] [stdout]     |          ^------------
[INFO] [stdout]     |          |
[INFO] [stdout]     |          `FromPrimitive` is not local
[INFO] [stdout]     |          move the `impl` block outside of this constant `_IMPL_NUM_FromPrimitive_FOR_MessageKind`
[INFO] [stdout] 200 | pub enum MessageKind {
[INFO] [stdout]     |          ----------- `MessageKind` is not local
[INFO] [stdout]     |
[INFO] [stdout]     = note: the derive macro `FromPrimitive` defines the non-local `impl`, and may need to be changed
[INFO] [stdout]     = note: the derive macro `FromPrimitive` may come from an old version of the `num_derive` crate, try updating your dependency with `cargo update -p num_derive`
[INFO] [stdout]     = note: an `impl` is never scoped, even when it is nested inside an item, as it may impact type checking outside of that item, which can be the case if neither the trait or the self type are at the same nesting level as the `impl`
[INFO] [stdout]     = note: items in an anonymous const item (`const _: () = { ... }`) are treated as in the same scope as the anonymous const's declaration for the purpose of this lint
[INFO] [stdout]     = note: this warning originates in the derive macro `FromPrimitive` (in Nightly builds, run with -Z macro-backtrace for more info)
[INFO] [stdout] 
[INFO] [stdout] 
[INFO] [stdout] warning: non-local `impl` definition, `impl` blocks should be written at the same level as their item
[INFO] [stdout]    --> lawn-protocol/src/protocol/mod.rs:676:10
[INFO] [stdout]     |
[INFO] [stdout] 676 | #[derive(FromPrimitive, Debug, Copy, Clone, Eq, PartialEq, Ord, PartialOrd)]
[INFO] [stdout]     |          ^------------
[INFO] [stdout]     |          |
[INFO] [stdout]     |          `FromPrimitive` is not local
[INFO] [stdout]     |          move the `impl` block outside of this constant `_IMPL_NUM_FromPrimitive_FOR_ChannelMetadataNotificationKind`
[INFO] [stdout] 677 | pub enum ChannelMetadataNotificationKind {
[INFO] [stdout]     |          ------------------------------- `ChannelMetadataNotificationKind` is not local
[INFO] [stdout]     |
[INFO] [stdout]     = note: the derive macro `FromPrimitive` defines the non-local `impl`, and may need to be changed
[INFO] [stdout]     = note: the derive macro `FromPrimitive` may come from an old version of the `num_derive` crate, try updating your dependency with `cargo update -p num_derive`
[INFO] [stdout]     = note: an `impl` is never scoped, even when it is nested inside an item, as it may impact type checking outside of that item, which can be the case if neither the trait or the self type are at the same nesting level as the `impl`
[INFO] [stdout]     = note: items in an anonymous const item (`const _: () = { ... }`) are treated as in the same scope as the anonymous const's declaration for the purpose of this lint
[INFO] [stdout]     = note: this warning originates in the derive macro `FromPrimitive` (in Nightly builds, run with -Z macro-backtrace for more info)
[INFO] [stdout] 
[INFO] [stdout] 
[INFO] [stdout] warning: non-local `impl` definition, `impl` blocks should be written at the same level as their item
[INFO] [stdout]    --> lawn-protocol/src/protocol/mod.rs:681:10
[INFO] [stdout]     |
[INFO] [stdout] 681 | #[derive(FromPrimitive, Debug, Copy, Clone, Eq, PartialEq, Ord, PartialOrd)]
[INFO] [stdout]     |          ^------------
[INFO] [stdout]     |          |
[INFO] [stdout]     |          `FromPrimitive` is not local
[INFO] [stdout]     |          move the `impl` block outside of this constant `_IMPL_NUM_FromPrimitive_FOR_ChannelMetadataStatusKind`
[INFO] [stdout] 682 | pub enum ChannelMetadataStatusKind {
[INFO] [stdout]     |          ------------------------- `ChannelMetadataStatusKind` is not local
[INFO] [stdout]     |
[INFO] [stdout]     = note: the derive macro `FromPrimitive` defines the non-local `impl`, and may need to be changed
[INFO] [stdout]     = note: the derive macro `FromPrimitive` may come from an old version of the `num_derive` crate, try updating your dependency with `cargo update -p num_derive`
[INFO] [stdout]     = note: an `impl` is never scoped, even when it is nested inside an item, as it may impact type checking outside of that item, which can be the case if neither the trait or the self type are at the same nesting level as the `impl`
[INFO] [stdout]     = note: items in an anonymous const item (`const _: () = { ... }`) are treated as in the same scope as the anonymous const's declaration for the purpose of this lint
[INFO] [stdout]     = note: this warning originates in the derive macro `FromPrimitive` (in Nightly builds, run with -Z macro-backtrace for more info)
[INFO] [stdout] 
[INFO] [stdout] 
[INFO] [stderr]    Compiling lawn v0.4.0 (/opt/rustwide/workdir/lawn)
[INFO] [stdout] warning: non-local `impl` definition, `impl` blocks should be written at the same level as their item
[INFO] [stdout]   --> lawn/src/ssh_proxy.rs:20:23
[INFO] [stdout]    |
[INFO] [stdout] 20 | #[derive(Copy, Clone, FromPrimitive, Eq, PartialEq)]
[INFO] [stdout]    |                       ^------------
[INFO] [stdout]    |                       |
[INFO] [stdout]    |                       `FromPrimitive` is not local
[INFO] [stdout]    |                       move the `impl` block outside of this constant `_IMPL_NUM_FromPrimitive_FOR_MessageKind`
[INFO] [stdout] 21 | enum MessageKind {
[INFO] [stdout]    |      ----------- `MessageKind` is not local
[INFO] [stdout]    |
[INFO] [stdout]    = note: the derive macro `FromPrimitive` defines the non-local `impl`, and may need to be changed
[INFO] [stdout]    = note: the derive macro `FromPrimitive` may come from an old version of the `num_derive` crate, try updating your dependency with `cargo update -p num_derive`
[INFO] [stdout]    = note: an `impl` is never scoped, even when it is nested inside an item, as it may impact type checking outside of that item, which can be the case if neither the trait or the self type are at the same nesting level as the `impl`
[INFO] [stdout]    = note: items in an anonymous const item (`const _: () = { ... }`) are treated as in the same scope as the anonymous const's declaration for the purpose of this lint
[INFO] [stdout]    = note: `#[warn(non_local_definitions)]` on by default
[INFO] [stdout]    = note: this warning originates in the derive macro `FromPrimitive` (in Nightly builds, run with -Z macro-backtrace for more info)
[INFO] [stdout] 
[INFO] [stdout] 
[INFO] [stderr]     Finished `dev` profile [unoptimized + debuginfo] target(s) in 1m 05s
[INFO] running `Command { std: "docker" "inspect" "98694ced8b3a1d18384b5083942b2a957b0151977e7b866f8514fa3fba5e31f2", kill_on_drop: false }`
[INFO] running `Command { std: "docker" "rm" "-f" "98694ced8b3a1d18384b5083942b2a957b0151977e7b866f8514fa3fba5e31f2", kill_on_drop: false }`
[INFO] [stdout] 98694ced8b3a1d18384b5083942b2a957b0151977e7b866f8514fa3fba5e31f2
[INFO] running `Command { std: "docker" "create" "-v" "/var/lib/crater-agent-workspace/builds/worker-4-tc1/target:/opt/rustwide/target:rw,Z" "-v" "/var/lib/crater-agent-workspace/builds/worker-4-tc1/source:/opt/rustwide/workdir:ro,Z" "-v" "/var/lib/crater-agent-workspace/cargo-home:/opt/rustwide/cargo-home:ro,Z" "-v" "/var/lib/crater-agent-workspace/rustup-home:/opt/rustwide/rustup-home:ro,Z" "-e" "SOURCE_DIR=/opt/rustwide/workdir" "-e" "CARGO_TARGET_DIR=/opt/rustwide/target" "-e" "CARGO_INCREMENTAL=0" "-e" "RUST_BACKTRACE=full" "-e" "RUSTFLAGS=--cap-lints=warn" "-e" "RUSTDOCFLAGS=--cap-lints=warn" "-e" "CARGO_HOME=/opt/rustwide/cargo-home" "-e" "RUSTUP_HOME=/opt/rustwide/rustup-home" "-w" "/opt/rustwide/workdir" "-m" "1610612736" "--user" "0:0" "--network" "none" "ghcr.io/rust-lang/crates-build-env/linux@sha256:f3a9d4ad9d972b27faf3965f35b62e55ba32bbce8f20bc8fe909558a86702fde" "/opt/rustwide/cargo-home/bin/cargo" "+1.83.0" "test" "--frozen" "--no-run" "--message-format=json", kill_on_drop: false }`
[INFO] [stdout] 4a5a26c4af40fb39db4f41476e4c99d6e484fc0722bc36ce9d870673c5424a78
[INFO] running `Command { std: "docker" "start" "-a" "4a5a26c4af40fb39db4f41476e4c99d6e484fc0722bc36ce9d870673c5424a78", kill_on_drop: false }`
[INFO] [stderr] warning: /opt/rustwide/workdir/lawn/Cargo.toml: only one of `license` or `license-file` is necessary
[INFO] [stderr] `license` should be used if the package license can be expressed with a standard SPDX expression.
[INFO] [stderr] `license-file` should be used if the package uses a non-standard license.
[INFO] [stderr] See https://doc.rust-lang.org/cargo/reference/manifest.html#the-license-and-license-file-fields for more information.
[INFO] [stderr] warning: /opt/rustwide/workdir/lawn-fs/Cargo.toml: only one of `license` or `license-file` is necessary
[INFO] [stderr] `license` should be used if the package license can be expressed with a standard SPDX expression.
[INFO] [stderr] `license-file` should be used if the package uses a non-standard license.
[INFO] [stderr] See https://doc.rust-lang.org/cargo/reference/manifest.html#the-license-and-license-file-fields for more information.
[INFO] [stderr] warning: /opt/rustwide/workdir/lawn-constants/Cargo.toml: only one of `license` or `license-file` is necessary
[INFO] [stderr] `license` should be used if the package license can be expressed with a standard SPDX expression.
[INFO] [stderr] `license-file` should be used if the package uses a non-standard license.
[INFO] [stderr] See https://doc.rust-lang.org/cargo/reference/manifest.html#the-license-and-license-file-fields for more information.
[INFO] [stderr] warning: /opt/rustwide/workdir/lawn-9p/Cargo.toml: only one of `license` or `license-file` is necessary
[INFO] [stderr] `license` should be used if the package license can be expressed with a standard SPDX expression.
[INFO] [stderr] `license-file` should be used if the package uses a non-standard license.
[INFO] [stderr] See https://doc.rust-lang.org/cargo/reference/manifest.html#the-license-and-license-file-fields for more information.
[INFO] [stderr] warning: /opt/rustwide/workdir/lawn-protocol/Cargo.toml: only one of `license` or `license-file` is necessary
[INFO] [stderr] `license` should be used if the package license can be expressed with a standard SPDX expression.
[INFO] [stderr] `license-file` should be used if the package uses a non-standard license.
[INFO] [stderr] See https://doc.rust-lang.org/cargo/reference/manifest.html#the-license-and-license-file-fields for more information.
[INFO] [stderr] warning: /opt/rustwide/workdir/lawn-sftp/Cargo.toml: only one of `license` or `license-file` is necessary
[INFO] [stderr] `license` should be used if the package license can be expressed with a standard SPDX expression.
[INFO] [stderr] `license-file` should be used if the package uses a non-standard license.
[INFO] [stderr] See https://doc.rust-lang.org/cargo/reference/manifest.html#the-license-and-license-file-fields for more information.
[INFO] [stderr]    Compiling fastrand v1.8.0
[INFO] [stdout] warning: non-local `impl` definition, `impl` blocks should be written at the same level as their item
[INFO] [stdout]   --> lawn-constants/src/error.rs:16:10
[INFO] [stdout]    |
[INFO] [stdout] 16 | #[derive(FromPrimitive, Debug, Copy, Clone, Ord, PartialOrd, Eq, PartialEq, Hash)]
[INFO] [stdout]    |          ^------------
[INFO] [stdout]    |          |
[INFO] [stdout]    |          `FromPrimitive` is not local
[INFO] [stdout]    |          move the `impl` block outside of this constant `_IMPL_NUM_FromPrimitive_FOR_Error`
[INFO] [stdout] 17 | pub enum Error {
[INFO] [stdout]    |          ----- `Error` is not local
[INFO] [stdout]    |
[INFO] [stdout]    = note: the derive macro `FromPrimitive` defines the non-local `impl`, and may need to be changed
[INFO] [stdout]    = note: the derive macro `FromPrimitive` may come from an old version of the `num_derive` crate, try updating your dependency with `cargo update -p num_derive`
[INFO] [stdout]    = note: an `impl` is never scoped, even when it is nested inside an item, as it may impact type checking outside of that item, which can be the case if neither the trait or the self type are at the same nesting level as the `impl`
[INFO] [stdout]    = note: items in an anonymous const item (`const _: () = { ... }`) are treated as in the same scope as the anonymous const's declaration for the purpose of this lint
[INFO] [stdout]    = note: `#[warn(non_local_definitions)]` on by default
[INFO] [stdout]    = note: this warning originates in the derive macro `FromPrimitive` (in Nightly builds, run with -Z macro-backtrace for more info)
[INFO] [stdout] 
[INFO] [stdout] 
[INFO] [stderr]    Compiling cpufeatures v0.2.12
[INFO] [stderr]    Compiling lawn-constants v0.4.0 (/opt/rustwide/workdir/lawn-constants)
[INFO] [stdout] warning: non-local `impl` definition, `impl` blocks should be written at the same level as their item
[INFO] [stdout]    --> lawn-fs/src/backend.rs:459:10
[INFO] [stdout]     |
[INFO] [stdout] 459 | #[derive(FromPrimitive, Copy, Clone, Eq, PartialEq, Ord, PartialOrd, Hash, Debug)]
[INFO] [stdout]     |          ^------------
[INFO] [stdout]     |          |
[INFO] [stdout]     |          `FromPrimitive` is not local
[INFO] [stdout]     |          move the `impl` block outside of this constant `_IMPL_NUM_FromPrimitive_FOR_LockKind`
[INFO] [stdout] 460 | pub enum LockKind {
[INFO] [stdout]     |          -------- `LockKind` is not local
[INFO] [stdout]     |
[INFO] [stdout]     = note: the derive macro `FromPrimitive` defines the non-local `impl`, and may need to be changed
[INFO] [stdout]     = note: the derive macro `FromPrimitive` may come from an old version of the `num_derive` crate, try updating your dependency with `cargo update -p num_derive`
[INFO] [stdout]     = note: an `impl` is never scoped, even when it is nested inside an item, as it may impact type checking outside of that item, which can be the case if neither the trait or the self type are at the same nesting level as the `impl`
[INFO] [stdout]     = note: items in an anonymous const item (`const _: () = { ... }`) are treated as in the same scope as the anonymous const's declaration for the purpose of this lint
[INFO] [stdout]     = note: `#[warn(non_local_definitions)]` on by default
[INFO] [stdout]     = note: this warning originates in the derive macro `FromPrimitive` (in Nightly builds, run with -Z macro-backtrace for more info)
[INFO] [stdout] 
[INFO] [stdout] 
[INFO] [stdout] warning: non-local `impl` definition, `impl` blocks should be written at the same level as their item
[INFO] [stdout]    --> lawn-fs/src/backend.rs:465:10
[INFO] [stdout]     |
[INFO] [stdout] 465 | #[derive(FromPrimitive, Copy, Clone, Eq, PartialEq, Ord, PartialOrd, Hash, Debug)]
[INFO] [stdout]     |          ^------------
[INFO] [stdout]     |          |
[INFO] [stdout]     |          `FromPrimitive` is not local
[INFO] [stdout]     |          move the `impl` block outside of this constant `_IMPL_NUM_FromPrimitive_FOR_LockCommand`
[INFO] [stdout] 466 | pub enum LockCommand {
[INFO] [stdout]     |          ----------- `LockCommand` is not local
[INFO] [stdout]     |
[INFO] [stdout]     = note: the derive macro `FromPrimitive` defines the non-local `impl`, and may need to be changed
[INFO] [stdout]     = note: the derive macro `FromPrimitive` may come from an old version of the `num_derive` crate, try updating your dependency with `cargo update -p num_derive`
[INFO] [stdout]     = note: an `impl` is never scoped, even when it is nested inside an item, as it may impact type checking outside of that item, which can be the case if neither the trait or the self type are at the same nesting level as the `impl`
[INFO] [stdout]     = note: items in an anonymous const item (`const _: () = { ... }`) are treated as in the same scope as the anonymous const's declaration for the purpose of this lint
[INFO] [stdout]     = note: this warning originates in the derive macro `FromPrimitive` (in Nightly builds, run with -Z macro-backtrace for more info)
[INFO] [stdout] 
[INFO] [stdout] 
[INFO] [stdout] warning: non-local `impl` definition, `impl` blocks should be written at the same level as their item
[INFO] [stdout]   --> lawn-protocol/src/protocol/mod.rs:59:10
[INFO] [stdout]    |
[INFO] [stdout] 59 | #[derive(FromPrimitive, Debug, Copy, Clone, Eq, PartialEq, Ord, PartialOrd)]
[INFO] [stdout]    |          ^------------
[INFO] [stdout]    |          |
[INFO] [stdout]    |          `FromPrimitive` is not local
[INFO] [stdout]    |          move the `impl` block outside of this constant `_IMPL_NUM_FromPrimitive_FOR_ResponseCode`
[INFO] [stdout] 60 | pub enum ResponseCode {
[INFO] [stdout]    |          ------------ `ResponseCode` is not local
[INFO] [stdout]    |
[INFO] [stdout]    = note: the derive macro `FromPrimitive` defines the non-local `impl`, and may need to be changed
[INFO] [stdout]    = note: the derive macro `FromPrimitive` may come from an old version of the `num_derive` crate, try updating your dependency with `cargo update -p num_derive`
[INFO] [stdout]    = note: an `impl` is never scoped, even when it is nested inside an item, as it may impact type checking outside of that item, which can be the case if neither the trait or the self type are at the same nesting level as the `impl`
[INFO] [stdout]    = note: items in an anonymous const item (`const _: () = { ... }`) are treated as in the same scope as the anonymous const's declaration for the purpose of this lint
[INFO] [stdout]    = note: `#[warn(non_local_definitions)]` on by default
[INFO] [stdout]    = note: this warning originates in the derive macro `FromPrimitive` (in Nightly builds, run with -Z macro-backtrace for more info)
[INFO] [stdout] 
[INFO] [stdout] 
[INFO] [stdout] warning: non-local `impl` definition, `impl` blocks should be written at the same level as their item
[INFO] [stdout]    --> lawn-protocol/src/protocol/mod.rs:199:10
[INFO] [stdout]     |
[INFO] [stdout] 199 | #[derive(FromPrimitive, Debug, Copy, Clone, Eq, PartialEq, Ord, PartialOrd, Hash)]
[INFO] [stdout]     |          ^------------
[INFO] [stdout]     |          |
[INFO] [stdout]     |          `FromPrimitive` is not local
[INFO] [stdout]     |          move the `impl` block outside of this constant `_IMPL_NUM_FromPrimitive_FOR_MessageKind`
[INFO] [stdout] 200 | pub enum MessageKind {
[INFO] [stdout]     |          ----------- `MessageKind` is not local
[INFO] [stdout]     |
[INFO] [stdout]     = note: the derive macro `FromPrimitive` defines the non-local `impl`, and may need to be changed
[INFO] [stdout]     = note: the derive macro `FromPrimitive` may come from an old version of the `num_derive` crate, try updating your dependency with `cargo update -p num_derive`
[INFO] [stdout]     = note: an `impl` is never scoped, even when it is nested inside an item, as it may impact type checking outside of that item, which can be the case if neither the trait or the self type are at the same nesting level as the `impl`
[INFO] [stdout]     = note: items in an anonymous const item (`const _: () = { ... }`) are treated as in the same scope as the anonymous const's declaration for the purpose of this lint
[INFO] [stdout]     = note: this warning originates in the derive macro `FromPrimitive` (in Nightly builds, run with -Z macro-backtrace for more info)
[INFO] [stdout] 
[INFO] [stdout] 
[INFO] [stdout] warning: non-local `impl` definition, `impl` blocks should be written at the same level as their item
[INFO] [stdout]    --> lawn-protocol/src/protocol/mod.rs:676:10
[INFO] [stdout]     |
[INFO] [stdout] 676 | #[derive(FromPrimitive, Debug, Copy, Clone, Eq, PartialEq, Ord, PartialOrd)]
[INFO] [stdout]     |          ^------------
[INFO] [stdout]     |          |
[INFO] [stdout]     |          `FromPrimitive` is not local
[INFO] [stdout]     |          move the `impl` block outside of this constant `_IMPL_NUM_FromPrimitive_FOR_ChannelMetadataNotificationKind`
[INFO] [stdout] 677 | pub enum ChannelMetadataNotificationKind {
[INFO] [stdout]     |          ------------------------------- `ChannelMetadataNotificationKind` is not local
[INFO] [stdout]     |
[INFO] [stdout]     = note: the derive macro `FromPrimitive` defines the non-local `impl`, and may need to be changed
[INFO] [stdout]     = note: the derive macro `FromPrimitive` may come from an old version of the `num_derive` crate, try updating your dependency with `cargo update -p num_derive`
[INFO] [stdout]     = note: an `impl` is never scoped, even when it is nested inside an item, as it may impact type checking outside of that item, which can be the case if neither the trait or the self type are at the same nesting level as the `impl`
[INFO] [stdout]     = note: items in an anonymous const item (`const _: () = { ... }`) are treated as in the same scope as the anonymous const's declaration for the purpose of this lint
[INFO] [stdout]     = note: this warning originates in the derive macro `FromPrimitive` (in Nightly builds, run with -Z macro-backtrace for more info)
[INFO] [stdout] 
[INFO] [stdout] 
[INFO] [stdout] warning: non-local `impl` definition, `impl` blocks should be written at the same level as their item
[INFO] [stdout]    --> lawn-protocol/src/protocol/mod.rs:681:10
[INFO] [stdout]     |
[INFO] [stdout] 681 | #[derive(FromPrimitive, Debug, Copy, Clone, Eq, PartialEq, Ord, PartialOrd)]
[INFO] [stdout]     |          ^------------
[INFO] [stdout]     |          |
[INFO] [stdout]     |          `FromPrimitive` is not local
[INFO] [stdout]     |          move the `impl` block outside of this constant `_IMPL_NUM_FromPrimitive_FOR_ChannelMetadataStatusKind`
[INFO] [stdout] 682 | pub enum ChannelMetadataStatusKind {
[INFO] [stdout]     |          ------------------------- `ChannelMetadataStatusKind` is not local
[INFO] [stdout]     |
[INFO] [stdout]     = note: the derive macro `FromPrimitive` defines the non-local `impl`, and may need to be changed
[INFO] [stdout]     = note: the derive macro `FromPrimitive` may come from an old version of the `num_derive` crate, try updating your dependency with `cargo update -p num_derive`
[INFO] [stdout]     = note: an `impl` is never scoped, even when it is nested inside an item, as it may impact type checking outside of that item, which can be the case if neither the trait or the self type are at the same nesting level as the `impl`
[INFO] [stdout]     = note: items in an anonymous const item (`const _: () = { ... }`) are treated as in the same scope as the anonymous const's declaration for the purpose of this lint
[INFO] [stdout]     = note: this warning originates in the derive macro `FromPrimitive` (in Nightly builds, run with -Z macro-backtrace for more info)
[INFO] [stdout] 
[INFO] [stdout] 
[INFO] [stdout] warning: non-local `impl` definition, `impl` blocks should be written at the same level as their item
[INFO] [stdout]    --> lawn-9p/src/server.rs:779:10
[INFO] [stdout]     |
[INFO] [stdout] 779 | #[derive(FromPrimitive)]
[INFO] [stdout]     |          ^------------
[INFO] [stdout]     |          |
[INFO] [stdout]     |          `FromPrimitive` is not local
[INFO] [stdout]     |          move the `impl` block outside of this constant `_IMPL_NUM_FromPrimitive_FOR_LockKind`
[INFO] [stdout] 780 | pub enum LockKind {
[INFO] [stdout]     |          -------- `LockKind` is not local
[INFO] [stdout]     |
[INFO] [stdout]     = note: the derive macro `FromPrimitive` defines the non-local `impl`, and may need to be changed
[INFO] [stdout]     = note: the derive macro `FromPrimitive` may come from an old version of the `num_derive` crate, try updating your dependency with `cargo update -p num_derive`
[INFO] [stdout]     = note: an `impl` is never scoped, even when it is nested inside an item, as it may impact type checking outside of that item, which can be the case if neither the trait or the self type are at the same nesting level as the `impl`
[INFO] [stdout]     = note: items in an anonymous const item (`const _: () = { ... }`) are treated as in the same scope as the anonymous const's declaration for the purpose of this lint
[INFO] [stdout]     = note: `#[warn(non_local_definitions)]` on by default
[INFO] [stdout]     = note: this warning originates in the derive macro `FromPrimitive` (in Nightly builds, run with -Z macro-backtrace for more info)
[INFO] [stdout] 
[INFO] [stdout] 
[INFO] [stdout] warning: non-local `impl` definition, `impl` blocks should be written at the same level as their item
[INFO] [stdout]    --> lawn-9p/src/server.rs:785:10
[INFO] [stdout]     |
[INFO] [stdout] 785 | #[derive(FromPrimitive)]
[INFO] [stdout]     |          ^------------
[INFO] [stdout]     |          |
[INFO] [stdout]     |          `FromPrimitive` is not local
[INFO] [stdout]     |          move the `impl` block outside of this constant `_IMPL_NUM_FromPrimitive_FOR_LockCommand`
[INFO] [stdout] 786 | pub enum LockCommand {
[INFO] [stdout]     |          ----------- `LockCommand` is not local
[INFO] [stdout]     |
[INFO] [stdout]     = note: the derive macro `FromPrimitive` defines the non-local `impl`, and may need to be changed
[INFO] [stdout]     = note: the derive macro `FromPrimitive` may come from an old version of the `num_derive` crate, try updating your dependency with `cargo update -p num_derive`
[INFO] [stdout]     = note: an `impl` is never scoped, even when it is nested inside an item, as it may impact type checking outside of that item, which can be the case if neither the trait or the self type are at the same nesting level as the `impl`
[INFO] [stdout]     = note: items in an anonymous const item (`const _: () = { ... }`) are treated as in the same scope as the anonymous const's declaration for the purpose of this lint
[INFO] [stdout]     = note: this warning originates in the derive macro `FromPrimitive` (in Nightly builds, run with -Z macro-backtrace for more info)
[INFO] [stdout] 
[INFO] [stdout] 
[INFO] [stdout] warning: non-local `impl` definition, `impl` blocks should be written at the same level as their item
[INFO] [stdout]    --> lawn-9p/src/server.rs:829:10
[INFO] [stdout]     |
[INFO] [stdout] 829 | #[derive(FromPrimitive, Debug, Copy, Clone, Eq, PartialEq, Ord, PartialOrd, Hash)]
[INFO] [stdout]     |          ^------------
[INFO] [stdout]     |          |
[INFO] [stdout]     |          `FromPrimitive` is not local
[INFO] [stdout]     |          move the `impl` block outside of this constant `_IMPL_NUM_FromPrimitive_FOR_ProtocolTag`
[INFO] [stdout] 830 | enum ProtocolTag {
[INFO] [stdout]     |      ----------- `ProtocolTag` is not local
[INFO] [stdout]     |
[INFO] [stdout]     = note: the derive macro `FromPrimitive` defines the non-local `impl`, and may need to be changed
[INFO] [stdout]     = note: the derive macro `FromPrimitive` may come from an old version of the `num_derive` crate, try updating your dependency with `cargo update -p num_derive`
[INFO] [stdout]     = note: an `impl` is never scoped, even when it is nested inside an item, as it may impact type checking outside of that item, which can be the case if neither the trait or the self type are at the same nesting level as the `impl`
[INFO] [stdout]     = note: items in an anonymous const item (`const _: () = { ... }`) are treated as in the same scope as the anonymous const's declaration for the purpose of this lint
[INFO] [stdout]     = note: this warning originates in the derive macro `FromPrimitive` (in Nightly builds, run with -Z macro-backtrace for more info)
[INFO] [stdout] 
[INFO] [stdout] 
[INFO] [stdout] warning: non-local `impl` definition, `impl` blocks should be written at the same level as their item
[INFO] [stdout]   --> lawn-sftp/src/backend.rs:15:23
[INFO] [stdout]    |
[INFO] [stdout] 15 | #[derive(Copy, Clone, FromPrimitive, Debug, Hash, Eq, PartialEq, Ord, PartialOrd)]
[INFO] [stdout]    |                       ^------------
[INFO] [stdout]    |                       |
[INFO] [stdout]    |                       `FromPrimitive` is not local
[INFO] [stdout]    |                       move the `impl` block outside of this constant `_IMPL_NUM_FromPrimitive_FOR_ProtocolTag`
[INFO] [stdout] 16 | pub(crate) enum ProtocolTag {
[INFO] [stdout]    |                 ----------- `ProtocolTag` is not local
[INFO] [stdout]    |
[INFO] [stdout]    = note: the derive macro `FromPrimitive` defines the non-local `impl`, and may need to be changed
[INFO] [stdout]    = note: the derive macro `FromPrimitive` may come from an old version of the `num_derive` crate, try updating your dependency with `cargo update -p num_derive`
[INFO] [stdout]    = note: an `impl` is never scoped, even when it is nested inside an item, as it may impact type checking outside of that item, which can be the case if neither the trait or the self type are at the same nesting level as the `impl`
[INFO] [stdout]    = note: items in an anonymous const item (`const _: () = { ... }`) are treated as in the same scope as the anonymous const's declaration for the purpose of this lint
[INFO] [stdout]    = note: `#[warn(non_local_definitions)]` on by default
[INFO] [stdout]    = note: this warning originates in the derive macro `FromPrimitive` (in Nightly builds, run with -Z macro-backtrace for more info)
[INFO] [stdout] 
[INFO] [stdout] 
[INFO] [stdout] warning: non-local `impl` definition, `impl` blocks should be written at the same level as their item
[INFO] [stdout]   --> lawn-sftp/src/backend.rs:46:23
[INFO] [stdout]    |
[INFO] [stdout] 46 | #[derive(Copy, Clone, FromPrimitive, Debug, Hash, Eq, PartialEq, Ord, PartialOrd)]
[INFO] [stdout]    |                       ^------------
[INFO] [stdout]    |                       |
[INFO] [stdout]    |                       `FromPrimitive` is not local
[INFO] [stdout]    |                       move the `impl` block outside of this constant `_IMPL_NUM_FromPrimitive_FOR_ProtocolVersion`
[INFO] [stdout] 47 | pub enum ProtocolVersion {
[INFO] [stdout]    |          --------------- `ProtocolVersion` is not local
[INFO] [stdout]    |
[INFO] [stdout]    = note: the derive macro `FromPrimitive` defines the non-local `impl`, and may need to be changed
[INFO] [stdout]    = note: the derive macro `FromPrimitive` may come from an old version of the `num_derive` crate, try updating your dependency with `cargo update -p num_derive`
[INFO] [stdout]    = note: an `impl` is never scoped, even when it is nested inside an item, as it may impact type checking outside of that item, which can be the case if neither the trait or the self type are at the same nesting level as the `impl`
[INFO] [stdout]    = note: items in an anonymous const item (`const _: () = { ... }`) are treated as in the same scope as the anonymous const's declaration for the purpose of this lint
[INFO] [stdout]    = note: this warning originates in the derive macro `FromPrimitive` (in Nightly builds, run with -Z macro-backtrace for more info)
[INFO] [stdout] 
[INFO] [stdout] 
[INFO] [stdout] warning: non-local `impl` definition, `impl` blocks should be written at the same level as their item
[INFO] [stdout]   --> lawn-sftp/src/backend.rs:94:23
[INFO] [stdout]    |
[INFO] [stdout] 94 | #[derive(Copy, Clone, FromPrimitive, Debug, Hash, Eq, PartialEq, Ord, PartialOrd)]
[INFO] [stdout]    |                       ^------------
[INFO] [stdout]    |                       |
[INFO] [stdout]    |                       `FromPrimitive` is not local
[INFO] [stdout]    |                       move the `impl` block outside of this constant `_IMPL_NUM_FromPrimitive_FOR_SFTPErrorKind`
[INFO] [stdout] 95 | pub(crate) enum SFTPErrorKind {
[INFO] [stdout]    |                 ------------- `SFTPErrorKind` is not local
[INFO] [stdout]    |
[INFO] [stdout]    = note: the derive macro `FromPrimitive` defines the non-local `impl`, and may need to be changed
[INFO] [stdout]    = note: the derive macro `FromPrimitive` may come from an old version of the `num_derive` crate, try updating your dependency with `cargo update -p num_derive`
[INFO] [stdout]    = note: an `impl` is never scoped, even when it is nested inside an item, as it may impact type checking outside of that item, which can be the case if neither the trait or the self type are at the same nesting level as the `impl`
[INFO] [stdout]    = note: items in an anonymous const item (`const _: () = { ... }`) are treated as in the same scope as the anonymous const's declaration for the purpose of this lint
[INFO] [stdout]    = note: this warning originates in the derive macro `FromPrimitive` (in Nightly builds, run with -Z macro-backtrace for more info)
[INFO] [stdout] 
[INFO] [stdout] 
[INFO] [stderr]    Compiling lawn-protocol v0.4.0 (/opt/rustwide/workdir/lawn-protocol)
[INFO] [stderr]    Compiling sha2 v0.10.8
[INFO] [stderr]    Compiling tempfile v3.5.0
[INFO] [stdout] warning: non-local `impl` definition, `impl` blocks should be written at the same level as their item
[INFO] [stdout]   --> lawn-constants/src/error.rs:16:10
[INFO] [stdout]    |
[INFO] [stdout] 16 | #[derive(FromPrimitive, Debug, Copy, Clone, Ord, PartialOrd, Eq, PartialEq, Hash)]
[INFO] [stdout]    |          ^------------
[INFO] [stdout]    |          |
[INFO] [stdout]    |          `FromPrimitive` is not local
[INFO] [stdout]    |          move the `impl` block outside of this constant `_IMPL_NUM_FromPrimitive_FOR_Error`
[INFO] [stdout] 17 | pub enum Error {
[INFO] [stdout]    |          ----- `Error` is not local
[INFO] [stdout]    |
[INFO] [stdout]    = note: the derive macro `FromPrimitive` defines the non-local `impl`, and may need to be changed
[INFO] [stdout]    = note: the derive macro `FromPrimitive` may come from an old version of the `num_derive` crate, try updating your dependency with `cargo update -p num_derive`
[INFO] [stdout]    = note: an `impl` is never scoped, even when it is nested inside an item, as it may impact type checking outside of that item, which can be the case if neither the trait or the self type are at the same nesting level as the `impl`
[INFO] [stdout]    = note: items in an anonymous const item (`const _: () = { ... }`) are treated as in the same scope as the anonymous const's declaration for the purpose of this lint
[INFO] [stdout]    = note: `#[warn(non_local_definitions)]` on by default
[INFO] [stdout]    = note: this warning originates in the derive macro `FromPrimitive` (in Nightly builds, run with -Z macro-backtrace for more info)
[INFO] [stdout] 
[INFO] [stdout] 
[INFO] [stderr]    Compiling lawn v0.4.0 (/opt/rustwide/workdir/lawn)
[INFO] [stderr]    Compiling lawn-9p v0.4.0 (/opt/rustwide/workdir/lawn-9p)
[INFO] [stderr]    Compiling lawn-sftp v0.4.0 (/opt/rustwide/workdir/lawn-sftp)
[INFO] [stderr]    Compiling lawn-fs v0.4.0 (/opt/rustwide/workdir/lawn-fs)
[INFO] [stdout] warning: non-local `impl` definition, `impl` blocks should be written at the same level as their item
[INFO] [stdout]   --> lawn-sftp/src/backend.rs:15:23
[INFO] [stdout]    |
[INFO] [stdout] 15 | #[derive(Copy, Clone, FromPrimitive, Debug, Hash, Eq, PartialEq, Ord, PartialOrd)]
[INFO] [stdout]    |                       ^------------
[INFO] [stdout]    |                       |
[INFO] [stdout]    |                       `FromPrimitive` is not local
[INFO] [stdout]    |                       move the `impl` block outside of this constant `_IMPL_NUM_FromPrimitive_FOR_ProtocolTag`
[INFO] [stdout] 16 | pub(crate) enum ProtocolTag {
[INFO] [stdout]    |                 ----------- `ProtocolTag` is not local
[INFO] [stdout]    |
[INFO] [stdout]    = note: the derive macro `FromPrimitive` defines the non-local `impl`, and may need to be changed
[INFO] [stdout]    = note: the derive macro `FromPrimitive` may come from an old version of the `num_derive` crate, try updating your dependency with `cargo update -p num_derive`
[INFO] [stdout]    = note: an `impl` is never scoped, even when it is nested inside an item, as it may impact type checking outside of that item, which can be the case if neither the trait or the self type are at the same nesting level as the `impl`
[INFO] [stdout]    = note: items in an anonymous const item (`const _: () = { ... }`) are treated as in the same scope as the anonymous const's declaration for the purpose of this lint
[INFO] [stdout]    = note: `#[warn(non_local_definitions)]` on by default
[INFO] [stdout]    = note: this warning originates in the derive macro `FromPrimitive` (in Nightly builds, run with -Z macro-backtrace for more info)
[INFO] [stdout] 
[INFO] [stdout] 
[INFO] [stdout] warning: non-local `impl` definition, `impl` blocks should be written at the same level as their item
[INFO] [stdout]   --> lawn-sftp/src/backend.rs:46:23
[INFO] [stdout]    |
[INFO] [stdout] 46 | #[derive(Copy, Clone, FromPrimitive, Debug, Hash, Eq, PartialEq, Ord, PartialOrd)]
[INFO] [stdout]    |                       ^------------
[INFO] [stdout]    |                       |
[INFO] [stdout]    |                       `FromPrimitive` is not local
[INFO] [stdout]    |                       move the `impl` block outside of this constant `_IMPL_NUM_FromPrimitive_FOR_ProtocolVersion`
[INFO] [stdout] 47 | pub enum ProtocolVersion {
[INFO] [stdout]    |          --------------- `ProtocolVersion` is not local
[INFO] [stdout]    |
[INFO] [stdout]    = note: the derive macro `FromPrimitive` defines the non-local `impl`, and may need to be changed
[INFO] [stdout]    = note: the derive macro `FromPrimitive` may come from an old version of the `num_derive` crate, try updating your dependency with `cargo update -p num_derive`
[INFO] [stdout]    = note: an `impl` is never scoped, even when it is nested inside an item, as it may impact type checking outside of that item, which can be the case if neither the trait or the self type are at the same nesting level as the `impl`
[INFO] [stdout]    = note: items in an anonymous const item (`const _: () = { ... }`) are treated as in the same scope as the anonymous const's declaration for the purpose of this lint
[INFO] [stdout]    = note: this warning originates in the derive macro `FromPrimitive` (in Nightly builds, run with -Z macro-backtrace for more info)
[INFO] [stdout] 
[INFO] [stdout] 
[INFO] [stdout] warning: non-local `impl` definition, `impl` blocks should be written at the same level as their item
[INFO] [stdout]   --> lawn-sftp/src/backend.rs:94:23
[INFO] [stdout]    |
[INFO] [stdout] 94 | #[derive(Copy, Clone, FromPrimitive, Debug, Hash, Eq, PartialEq, Ord, PartialOrd)]
[INFO] [stdout]    |                       ^------------
[INFO] [stdout]    |                       |
[INFO] [stdout]    |                       `FromPrimitive` is not local
[INFO] [stdout]    |                       move the `impl` block outside of this constant `_IMPL_NUM_FromPrimitive_FOR_SFTPErrorKind`
[INFO] [stdout] 95 | pub(crate) enum SFTPErrorKind {
[INFO] [stdout]    |                 ------------- `SFTPErrorKind` is not local
[INFO] [stdout]    |
[INFO] [stdout]    = note: the derive macro `FromPrimitive` defines the non-local `impl`, and may need to be changed
[INFO] [stdout]    = note: the derive macro `FromPrimitive` may come from an old version of the `num_derive` crate, try updating your dependency with `cargo update -p num_derive`
[INFO] [stdout]    = note: an `impl` is never scoped, even when it is nested inside an item, as it may impact type checking outside of that item, which can be the case if neither the trait or the self type are at the same nesting level as the `impl`
[INFO] [stdout]    = note: items in an anonymous const item (`const _: () = { ... }`) are treated as in the same scope as the anonymous const's declaration for the purpose of this lint
[INFO] [stdout]    = note: this warning originates in the derive macro `FromPrimitive` (in Nightly builds, run with -Z macro-backtrace for more info)
[INFO] [stdout] 
[INFO] [stdout] 
[INFO] [stdout] warning: non-local `impl` definition, `impl` blocks should be written at the same level as their item
[INFO] [stdout]    --> lawn-fs/src/backend.rs:459:10
[INFO] [stdout]     |
[INFO] [stdout] 459 | #[derive(FromPrimitive, Copy, Clone, Eq, PartialEq, Ord, PartialOrd, Hash, Debug)]
[INFO] [stdout]     |          ^------------
[INFO] [stdout]     |          |
[INFO] [stdout]     |          `FromPrimitive` is not local
[INFO] [stdout]     |          move the `impl` block outside of this constant `_IMPL_NUM_FromPrimitive_FOR_LockKind`
[INFO] [stdout] 460 | pub enum LockKind {
[INFO] [stdout]     |          -------- `LockKind` is not local
[INFO] [stdout]     |
[INFO] [stdout]     = note: the derive macro `FromPrimitive` defines the non-local `impl`, and may need to be changed
[INFO] [stdout]     = note: the derive macro `FromPrimitive` may come from an old version of the `num_derive` crate, try updating your dependency with `cargo update -p num_derive`
[INFO] [stdout]     = note: an `impl` is never scoped, even when it is nested inside an item, as it may impact type checking outside of that item, which can be the case if neither the trait or the self type are at the same nesting level as the `impl`
[INFO] [stdout]     = note: items in an anonymous const item (`const _: () = { ... }`) are treated as in the same scope as the anonymous const's declaration for the purpose of this lint
[INFO] [stdout]     = note: `#[warn(non_local_definitions)]` on by default
[INFO] [stdout]     = note: this warning originates in the derive macro `FromPrimitive` (in Nightly builds, run with -Z macro-backtrace for more info)
[INFO] [stdout] 
[INFO] [stdout] 
[INFO] [stdout] warning: non-local `impl` definition, `impl` blocks should be written at the same level as their item
[INFO] [stdout]    --> lawn-fs/src/backend.rs:465:10
[INFO] [stdout]     |
[INFO] [stdout] 465 | #[derive(FromPrimitive, Copy, Clone, Eq, PartialEq, Ord, PartialOrd, Hash, Debug)]
[INFO] [stdout]     |          ^------------
[INFO] [stdout]     |          |
[INFO] [stdout]     |          `FromPrimitive` is not local
[INFO] [stdout]     |          move the `impl` block outside of this constant `_IMPL_NUM_FromPrimitive_FOR_LockCommand`
[INFO] [stdout] 466 | pub enum LockCommand {
[INFO] [stdout]     |          ----------- `LockCommand` is not local
[INFO] [stdout]     |
[INFO] [stdout]     = note: the derive macro `FromPrimitive` defines the non-local `impl`, and may need to be changed
[INFO] [stdout]     = note: the derive macro `FromPrimitive` may come from an old version of the `num_derive` crate, try updating your dependency with `cargo update -p num_derive`
[INFO] [stdout]     = note: an `impl` is never scoped, even when it is nested inside an item, as it may impact type checking outside of that item, which can be the case if neither the trait or the self type are at the same nesting level as the `impl`
[INFO] [stdout]     = note: items in an anonymous const item (`const _: () = { ... }`) are treated as in the same scope as the anonymous const's declaration for the purpose of this lint
[INFO] [stdout]     = note: this warning originates in the derive macro `FromPrimitive` (in Nightly builds, run with -Z macro-backtrace for more info)
[INFO] [stdout] 
[INFO] [stdout] 
[INFO] [stdout] warning: non-local `impl` definition, `impl` blocks should be written at the same level as their item
[INFO] [stdout]    --> lawn-9p/src/server.rs:779:10
[INFO] [stdout]     |
[INFO] [stdout] 779 | #[derive(FromPrimitive)]
[INFO] [stdout]     |          ^------------
[INFO] [stdout]     |          |
[INFO] [stdout]     |          `FromPrimitive` is not local
[INFO] [stdout]     |          move the `impl` block outside of this constant `_IMPL_NUM_FromPrimitive_FOR_LockKind`
[INFO] [stdout] 780 | pub enum LockKind {
[INFO] [stdout]     |          -------- `LockKind` is not local
[INFO] [stdout]     |
[INFO] [stdout]     = note: the derive macro `FromPrimitive` defines the non-local `impl`, and may need to be changed
[INFO] [stdout]     = note: the derive macro `FromPrimitive` may come from an old version of the `num_derive` crate, try updating your dependency with `cargo update -p num_derive`
[INFO] [stdout]     = note: an `impl` is never scoped, even when it is nested inside an item, as it may impact type checking outside of that item, which can be the case if neither the trait or the self type are at the same nesting level as the `impl`
[INFO] [stdout]     = note: items in an anonymous const item (`const _: () = { ... }`) are treated as in the same scope as the anonymous const's declaration for the purpose of this lint
[INFO] [stdout]     = note: `#[warn(non_local_definitions)]` on by default
[INFO] [stdout]     = note: this warning originates in the derive macro `FromPrimitive` (in Nightly builds, run with -Z macro-backtrace for more info)
[INFO] [stdout] 
[INFO] [stdout] 
[INFO] [stdout] warning: non-local `impl` definition, `impl` blocks should be written at the same level as their item
[INFO] [stdout]    --> lawn-9p/src/server.rs:785:10
[INFO] [stdout]     |
[INFO] [stdout] 785 | #[derive(FromPrimitive)]
[INFO] [stdout]     |          ^------------
[INFO] [stdout]     |          |
[INFO] [stdout]     |          `FromPrimitive` is not local
[INFO] [stdout]     |          move the `impl` block outside of this constant `_IMPL_NUM_FromPrimitive_FOR_LockCommand`
[INFO] [stdout] 786 | pub enum LockCommand {
[INFO] [stdout]     |          ----------- `LockCommand` is not local
[INFO] [stdout]     |
[INFO] [stdout]     = note: the derive macro `FromPrimitive` defines the non-local `impl`, and may need to be changed
[INFO] [stdout]     = note: the derive macro `FromPrimitive` may come from an old version of the `num_derive` crate, try updating your dependency with `cargo update -p num_derive`
[INFO] [stdout]     = note: an `impl` is never scoped, even when it is nested inside an item, as it may impact type checking outside of that item, which can be the case if neither the trait or the self type are at the same nesting level as the `impl`
[INFO] [stdout]     = note: items in an anonymous const item (`const _: () = { ... }`) are treated as in the same scope as the anonymous const's declaration for the purpose of this lint
[INFO] [stdout]     = note: this warning originates in the derive macro `FromPrimitive` (in Nightly builds, run with -Z macro-backtrace for more info)
[INFO] [stdout] 
[INFO] [stdout] 
[INFO] [stdout] warning: non-local `impl` definition, `impl` blocks should be written at the same level as their item
[INFO] [stdout]    --> lawn-9p/src/server.rs:829:10
[INFO] [stdout]     |
[INFO] [stdout] 829 | #[derive(FromPrimitive, Debug, Copy, Clone, Eq, PartialEq, Ord, PartialOrd, Hash)]
[INFO] [stdout]     |          ^------------
[INFO] [stdout]     |          |
[INFO] [stdout]     |          `FromPrimitive` is not local
[INFO] [stdout]     |          move the `impl` block outside of this constant `_IMPL_NUM_FromPrimitive_FOR_ProtocolTag`
[INFO] [stdout] 830 | enum ProtocolTag {
[INFO] [stdout]     |      ----------- `ProtocolTag` is not local
[INFO] [stdout]     |
[INFO] [stdout]     = note: the derive macro `FromPrimitive` defines the non-local `impl`, and may need to be changed
[INFO] [stdout]     = note: the derive macro `FromPrimitive` may come from an old version of the `num_derive` crate, try updating your dependency with `cargo update -p num_derive`
[INFO] [stdout]     = note: an `impl` is never scoped, even when it is nested inside an item, as it may impact type checking outside of that item, which can be the case if neither the trait or the self type are at the same nesting level as the `impl`
[INFO] [stdout]     = note: items in an anonymous const item (`const _: () = { ... }`) are treated as in the same scope as the anonymous const's declaration for the purpose of this lint
[INFO] [stdout]     = note: this warning originates in the derive macro `FromPrimitive` (in Nightly builds, run with -Z macro-backtrace for more info)
[INFO] [stdout] 
[INFO] [stdout] 
[INFO] [stdout] warning: non-local `impl` definition, `impl` blocks should be written at the same level as their item
[INFO] [stdout]   --> lawn-protocol/src/protocol/mod.rs:59:10
[INFO] [stdout]    |
[INFO] [stdout] 59 | #[derive(FromPrimitive, Debug, Copy, Clone, Eq, PartialEq, Ord, PartialOrd)]
[INFO] [stdout]    |          ^------------
[INFO] [stdout]    |          |
[INFO] [stdout]    |          `FromPrimitive` is not local
[INFO] [stdout]    |          move the `impl` block outside of this constant `_IMPL_NUM_FromPrimitive_FOR_ResponseCode`
[INFO] [stdout] 60 | pub enum ResponseCode {
[INFO] [stdout]    |          ------------ `ResponseCode` is not local
[INFO] [stdout]    |
[INFO] [stdout]    = note: the derive macro `FromPrimitive` defines the non-local `impl`, and may need to be changed
[INFO] [stdout]    = note: the derive macro `FromPrimitive` may come from an old version of the `num_derive` crate, try updating your dependency with `cargo update -p num_derive`
[INFO] [stdout]    = note: an `impl` is never scoped, even when it is nested inside an item, as it may impact type checking outside of that item, which can be the case if neither the trait or the self type are at the same nesting level as the `impl`
[INFO] [stdout]    = note: items in an anonymous const item (`const _: () = { ... }`) are treated as in the same scope as the anonymous const's declaration for the purpose of this lint
[INFO] [stdout]    = note: `#[warn(non_local_definitions)]` on by default
[INFO] [stdout]    = note: this warning originates in the derive macro `FromPrimitive` (in Nightly builds, run with -Z macro-backtrace for more info)
[INFO] [stdout] 
[INFO] [stdout] 
[INFO] [stdout] warning: non-local `impl` definition, `impl` blocks should be written at the same level as their item
[INFO] [stdout]    --> lawn-protocol/src/protocol/mod.rs:199:10
[INFO] [stdout]     |
[INFO] [stdout] 199 | #[derive(FromPrimitive, Debug, Copy, Clone, Eq, PartialEq, Ord, PartialOrd, Hash)]
[INFO] [stdout]     |          ^------------
[INFO] [stdout]     |          |
[INFO] [stdout]     |          `FromPrimitive` is not local
[INFO] [stdout]     |          move the `impl` block outside of this constant `_IMPL_NUM_FromPrimitive_FOR_MessageKind`
[INFO] [stdout] 200 | pub enum MessageKind {
[INFO] [stdout]     |          ----------- `MessageKind` is not local
[INFO] [stdout]     |
[INFO] [stdout]     = note: the derive macro `FromPrimitive` defines the non-local `impl`, and may need to be changed
[INFO] [stdout]     = note: the derive macro `FromPrimitive` may come from an old version of the `num_derive` crate, try updating your dependency with `cargo update -p num_derive`
[INFO] [stdout]     = note: an `impl` is never scoped, even when it is nested inside an item, as it may impact type checking outside of that item, which can be the case if neither the trait or the self type are at the same nesting level as the `impl`
[INFO] [stdout]     = note: items in an anonymous const item (`const _: () = { ... }`) are treated as in the same scope as the anonymous const's declaration for the purpose of this lint
[INFO] [stdout]     = note: this warning originates in the derive macro `FromPrimitive` (in Nightly builds, run with -Z macro-backtrace for more info)
[INFO] [stdout] 
[INFO] [stdout] 
[INFO] [stdout] warning: non-local `impl` definition, `impl` blocks should be written at the same level as their item
[INFO] [stdout]    --> lawn-protocol/src/protocol/mod.rs:676:10
[INFO] [stdout]     |
[INFO] [stdout] 676 | #[derive(FromPrimitive, Debug, Copy, Clone, Eq, PartialEq, Ord, PartialOrd)]
[INFO] [stdout]     |          ^------------
[INFO] [stdout]     |          |
[INFO] [stdout]     |          `FromPrimitive` is not local
[INFO] [stdout]     |          move the `impl` block outside of this constant `_IMPL_NUM_FromPrimitive_FOR_ChannelMetadataNotificationKind`
[INFO] [stdout] 677 | pub enum ChannelMetadataNotificationKind {
[INFO] [stdout]     |          ------------------------------- `ChannelMetadataNotificationKind` is not local
[INFO] [stdout]     |
[INFO] [stdout]     = note: the derive macro `FromPrimitive` defines the non-local `impl`, and may need to be changed
[INFO] [stdout]     = note: the derive macro `FromPrimitive` may come from an old version of the `num_derive` crate, try updating your dependency with `cargo update -p num_derive`
[INFO] [stdout]     = note: an `impl` is never scoped, even when it is nested inside an item, as it may impact type checking outside of that item, which can be the case if neither the trait or the self type are at the same nesting level as the `impl`
[INFO] [stdout]     = note: items in an anonymous const item (`const _: () = { ... }`) are treated as in the same scope as the anonymous const's declaration for the purpose of this lint
[INFO] [stdout]     = note: this warning originates in the derive macro `FromPrimitive` (in Nightly builds, run with -Z macro-backtrace for more info)
[INFO] [stdout] 
[INFO] [stdout] 
[INFO] [stdout] warning: non-local `impl` definition, `impl` blocks should be written at the same level as their item
[INFO] [stdout]    --> lawn-protocol/src/protocol/mod.rs:681:10
[INFO] [stdout]     |
[INFO] [stdout] 681 | #[derive(FromPrimitive, Debug, Copy, Clone, Eq, PartialEq, Ord, PartialOrd)]
[INFO] [stdout]     |          ^------------
[INFO] [stdout]     |          |
[INFO] [stdout]     |          `FromPrimitive` is not local
[INFO] [stdout]     |          move the `impl` block outside of this constant `_IMPL_NUM_FromPrimitive_FOR_ChannelMetadataStatusKind`
[INFO] [stdout] 682 | pub enum ChannelMetadataStatusKind {
[INFO] [stdout]     |          ------------------------- `ChannelMetadataStatusKind` is not local
[INFO] [stdout]     |
[INFO] [stdout]     = note: the derive macro `FromPrimitive` defines the non-local `impl`, and may need to be changed
[INFO] [stdout]     = note: the derive macro `FromPrimitive` may come from an old version of the `num_derive` crate, try updating your dependency with `cargo update -p num_derive`
[INFO] [stdout]     = note: an `impl` is never scoped, even when it is nested inside an item, as it may impact type checking outside of that item, which can be the case if neither the trait or the self type are at the same nesting level as the `impl`
[INFO] [stdout]     = note: items in an anonymous const item (`const _: () = { ... }`) are treated as in the same scope as the anonymous const's declaration for the purpose of this lint
[INFO] [stdout]     = note: this warning originates in the derive macro `FromPrimitive` (in Nightly builds, run with -Z macro-backtrace for more info)
[INFO] [stdout] 
[INFO] [stdout] 
[INFO] [stdout] warning: non-local `impl` definition, `impl` blocks should be written at the same level as their item
[INFO] [stdout]   --> lawn/src/ssh_proxy.rs:20:23
[INFO] [stdout]    |
[INFO] [stdout] 20 | #[derive(Copy, Clone, FromPrimitive, Eq, PartialEq)]
[INFO] [stdout]    |                       ^------------
[INFO] [stdout]    |                       |
[INFO] [stdout]    |                       `FromPrimitive` is not local
[INFO] [stdout]    |                       move the `impl` block outside of this constant `_IMPL_NUM_FromPrimitive_FOR_MessageKind`
[INFO] [stdout] 21 | enum MessageKind {
[INFO] [stdout]    |      ----------- `MessageKind` is not local
[INFO] [stdout]    |
[INFO] [stdout]    = note: the derive macro `FromPrimitive` defines the non-local `impl`, and may need to be changed
[INFO] [stdout]    = note: the derive macro `FromPrimitive` may come from an old version of the `num_derive` crate, try updating your dependency with `cargo update -p num_derive`
[INFO] [stdout]    = note: an `impl` is never scoped, even when it is nested inside an item, as it may impact type checking outside of that item, which can be the case if neither the trait or the self type are at the same nesting level as the `impl`
[INFO] [stdout]    = note: items in an anonymous const item (`const _: () = { ... }`) are treated as in the same scope as the anonymous const's declaration for the purpose of this lint
[INFO] [stdout]    = note: `#[warn(non_local_definitions)]` on by default
[INFO] [stdout]    = note: this warning originates in the derive macro `FromPrimitive` (in Nightly builds, run with -Z macro-backtrace for more info)
[INFO] [stdout] 
[INFO] [stdout] 
[INFO] [stderr]     Finished `test` profile [unoptimized + debuginfo] target(s) in 31.62s
[INFO] running `Command { std: "docker" "inspect" "4a5a26c4af40fb39db4f41476e4c99d6e484fc0722bc36ce9d870673c5424a78", kill_on_drop: false }`
[INFO] running `Command { std: "docker" "rm" "-f" "4a5a26c4af40fb39db4f41476e4c99d6e484fc0722bc36ce9d870673c5424a78", kill_on_drop: false }`
[INFO] [stdout] 4a5a26c4af40fb39db4f41476e4c99d6e484fc0722bc36ce9d870673c5424a78
[INFO] running `Command { std: "docker" "create" "-v" "/var/lib/crater-agent-workspace/builds/worker-4-tc1/target:/opt/rustwide/target:rw,Z" "-v" "/var/lib/crater-agent-workspace/builds/worker-4-tc1/source:/opt/rustwide/workdir:ro,Z" "-v" "/var/lib/crater-agent-workspace/cargo-home:/opt/rustwide/cargo-home:ro,Z" "-v" "/var/lib/crater-agent-workspace/rustup-home:/opt/rustwide/rustup-home:ro,Z" "-e" "SOURCE_DIR=/opt/rustwide/workdir" "-e" "CARGO_TARGET_DIR=/opt/rustwide/target" "-e" "CARGO_INCREMENTAL=0" "-e" "RUST_BACKTRACE=full" "-e" "RUSTFLAGS=--cap-lints=warn" "-e" "RUSTDOCFLAGS=--cap-lints=warn" "-e" "CARGO_HOME=/opt/rustwide/cargo-home" "-e" "RUSTUP_HOME=/opt/rustwide/rustup-home" "-w" "/opt/rustwide/workdir" "-m" "1610612736" "--user" "0:0" "--network" "none" "ghcr.io/rust-lang/crates-build-env/linux@sha256:f3a9d4ad9d972b27faf3965f35b62e55ba32bbce8f20bc8fe909558a86702fde" "/opt/rustwide/cargo-home/bin/cargo" "+1.83.0" "test" "--frozen", kill_on_drop: false }`
[INFO] [stdout] 63acd5de21fc07bfa33908b41cac16f0f16a123344321bd421fb00758a5e19ae
[INFO] running `Command { std: "docker" "start" "-a" "63acd5de21fc07bfa33908b41cac16f0f16a123344321bd421fb00758a5e19ae", kill_on_drop: false }`
[INFO] [stderr] warning: /opt/rustwide/workdir/lawn-constants/Cargo.toml: only one of `license` or `license-file` is necessary
[INFO] [stderr] `license` should be used if the package license can be expressed with a standard SPDX expression.
[INFO] [stderr] `license-file` should be used if the package uses a non-standard license.
[INFO] [stderr] See https://doc.rust-lang.org/cargo/reference/manifest.html#the-license-and-license-file-fields for more information.
[INFO] [stderr] warning: /opt/rustwide/workdir/lawn/Cargo.toml: only one of `license` or `license-file` is necessary
[INFO] [stderr] `license` should be used if the package license can be expressed with a standard SPDX expression.
[INFO] [stderr] `license-file` should be used if the package uses a non-standard license.
[INFO] [stderr] See https://doc.rust-lang.org/cargo/reference/manifest.html#the-license-and-license-file-fields for more information.
[INFO] [stderr] warning: /opt/rustwide/workdir/lawn-protocol/Cargo.toml: only one of `license` or `license-file` is necessary
[INFO] [stderr] `license` should be used if the package license can be expressed with a standard SPDX expression.
[INFO] [stderr] `license-file` should be used if the package uses a non-standard license.
[INFO] [stderr] See https://doc.rust-lang.org/cargo/reference/manifest.html#the-license-and-license-file-fields for more information.
[INFO] [stderr] warning: /opt/rustwide/workdir/lawn-sftp/Cargo.toml: only one of `license` or `license-file` is necessary
[INFO] [stderr] `license` should be used if the package license can be expressed with a standard SPDX expression.
[INFO] [stderr] `license-file` should be used if the package uses a non-standard license.
[INFO] [stderr] See https://doc.rust-lang.org/cargo/reference/manifest.html#the-license-and-license-file-fields for more information.
[INFO] [stderr] warning: /opt/rustwide/workdir/lawn-fs/Cargo.toml: only one of `license` or `license-file` is necessary
[INFO] [stderr] `license` should be used if the package license can be expressed with a standard SPDX expression.
[INFO] [stderr] `license-file` should be used if the package uses a non-standard license.
[INFO] [stderr] See https://doc.rust-lang.org/cargo/reference/manifest.html#the-license-and-license-file-fields for more information.
[INFO] [stderr] warning: /opt/rustwide/workdir/lawn-9p/Cargo.toml: only one of `license` or `license-file` is necessary
[INFO] [stderr] `license` should be used if the package license can be expressed with a standard SPDX expression.
[INFO] [stderr] `license-file` should be used if the package uses a non-standard license.
[INFO] [stderr] See https://doc.rust-lang.org/cargo/reference/manifest.html#the-license-and-license-file-fields for more information.
[INFO] [stderr] warning: non-local `impl` definition, `impl` blocks should be written at the same level as their item
[INFO] [stderr]   --> lawn-constants/src/error.rs:16:10
[INFO] [stderr]    |
[INFO] [stderr] 16 | #[derive(FromPrimitive, Debug, Copy, Clone, Ord, PartialOrd, Eq, PartialEq, Hash)]
[INFO] [stderr]    |          ^------------
[INFO] [stderr]    |          |
[INFO] [stderr]    |          `FromPrimitive` is not local
[INFO] [stderr]    |          move the `impl` block outside of this constant `_IMPL_NUM_FromPrimitive_FOR_Error`
[INFO] [stderr] 17 | pub enum Error {
[INFO] [stderr]    |          ----- `Error` is not local
[INFO] [stderr]    |
[INFO] [stderr]    = note: the derive macro `FromPrimitive` defines the non-local `impl`, and may need to be changed
[INFO] [stderr]    = note: the derive macro `FromPrimitive` may come from an old version of the `num_derive` crate, try updating your dependency with `cargo update -p num_derive`
[INFO] [stderr]    = note: an `impl` is never scoped, even when it is nested inside an item, as it may impact type checking outside of that item, which can be the case if neither the trait or the self type are at the same nesting level as the `impl`
[INFO] [stderr]    = note: items in an anonymous const item (`const _: () = { ... }`) are treated as in the same scope as the anonymous const's declaration for the purpose of this lint
[INFO] [stderr]    = note: `#[warn(non_local_definitions)]` on by default
[INFO] [stderr]    = note: this warning originates in the derive macro `FromPrimitive` (in Nightly builds, run with -Z macro-backtrace for more info)
[INFO] [stderr] 
[INFO] [stderr] warning: `lawn-constants` (lib) generated 1 warning
[INFO] [stderr] warning: `lawn-constants` (lib test) generated 1 warning (1 duplicate)
[INFO] [stderr] warning: non-local `impl` definition, `impl` blocks should be written at the same level as their item
[INFO] [stderr]    --> lawn-fs/src/backend.rs:459:10
[INFO] [stderr]     |
[INFO] [stderr] 459 | #[derive(FromPrimitive, Copy, Clone, Eq, PartialEq, Ord, PartialOrd, Hash, Debug)]
[INFO] [stderr]     |          ^------------
[INFO] [stderr]     |          |
[INFO] [stderr]     |          `FromPrimitive` is not local
[INFO] [stderr]     |          move the `impl` block outside of this constant `_IMPL_NUM_FromPrimitive_FOR_LockKind`
[INFO] [stderr] 460 | pub enum LockKind {
[INFO] [stderr]     |          -------- `LockKind` is not local
[INFO] [stderr]     |
[INFO] [stderr]     = note: the derive macro `FromPrimitive` defines the non-local `impl`, and may need to be changed
[INFO] [stderr]     = note: the derive macro `FromPrimitive` may come from an old version of the `num_derive` crate, try updating your dependency with `cargo update -p num_derive`
[INFO] [stderr]     = note: an `impl` is never scoped, even when it is nested inside an item, as it may impact type checking outside of that item, which can be the case if neither the trait or the self type are at the same nesting level as the `impl`
[INFO] [stderr]     = note: items in an anonymous const item (`const _: () = { ... }`) are treated as in the same scope as the anonymous const's declaration for the purpose of this lint
[INFO] [stderr]     = note: `#[warn(non_local_definitions)]` on by default
[INFO] [stderr]     = note: this warning originates in the derive macro `FromPrimitive` (in Nightly builds, run with -Z macro-backtrace for more info)
[INFO] [stderr] 
[INFO] [stderr] warning: non-local `impl` definition, `impl` blocks should be written at the same level as their item
[INFO] [stderr]    --> lawn-fs/src/backend.rs:465:10
[INFO] [stderr]     |
[INFO] [stderr] 465 | #[derive(FromPrimitive, Copy, Clone, Eq, PartialEq, Ord, PartialOrd, Hash, Debug)]
[INFO] [stderr]     |          ^------------
[INFO] [stderr]     |          |
[INFO] [stderr]     |          `FromPrimitive` is not local
[INFO] [stderr]     |          move the `impl` block outside of this constant `_IMPL_NUM_FromPrimitive_FOR_LockCommand`
[INFO] [stderr] 466 | pub enum LockCommand {
[INFO] [stderr]     |          ----------- `LockCommand` is not local
[INFO] [stderr]     |
[INFO] [stderr]     = note: the derive macro `FromPrimitive` defines the non-local `impl`, and may need to be changed
[INFO] [stderr]     = note: the derive macro `FromPrimitive` may come from an old version of the `num_derive` crate, try updating your dependency with `cargo update -p num_derive`
[INFO] [stderr]     = note: an `impl` is never scoped, even when it is nested inside an item, as it may impact type checking outside of that item, which can be the case if neither the trait or the self type are at the same nesting level as the `impl`
[INFO] [stderr]     = note: items in an anonymous const item (`const _: () = { ... }`) are treated as in the same scope as the anonymous const's declaration for the purpose of this lint
[INFO] [stderr]     = note: this warning originates in the derive macro `FromPrimitive` (in Nightly builds, run with -Z macro-backtrace for more info)
[INFO] [stderr] 
[INFO] [stderr] warning: `lawn-fs` (lib) generated 2 warnings
[INFO] [stderr] warning: `lawn-fs` (lib test) generated 2 warnings (2 duplicates)
[INFO] [stderr] warning: non-local `impl` definition, `impl` blocks should be written at the same level as their item
[INFO] [stderr]    --> lawn-9p/src/server.rs:779:10
[INFO] [stderr]     |
[INFO] [stderr] 779 | #[derive(FromPrimitive)]
[INFO] [stderr]     |          ^------------
[INFO] [stderr]     |          |
[INFO] [stderr]     |          `FromPrimitive` is not local
[INFO] [stderr]     |          move the `impl` block outside of this constant `_IMPL_NUM_FromPrimitive_FOR_LockKind`
[INFO] [stderr] 780 | pub enum LockKind {
[INFO] [stderr]     |          -------- `LockKind` is not local
[INFO] [stderr]     |
[INFO] [stderr]     = note: the derive macro `FromPrimitive` defines the non-local `impl`, and may need to be changed
[INFO] [stderr]     = note: the derive macro `FromPrimitive` may come from an old version of the `num_derive` crate, try updating your dependency with `cargo update -p num_derive`
[INFO] [stderr]     = note: an `impl` is never scoped, even when it is nested inside an item, as it may impact type checking outside of that item, which can be the case if neither the trait or the self type are at the same nesting level as the `impl`
[INFO] [stderr]     = note: items in an anonymous const item (`const _: () = { ... }`) are treated as in the same scope as the anonymous const's declaration for the purpose of this lint
[INFO] [stderr]     = note: `#[warn(non_local_definitions)]` on by default
[INFO] [stderr]     = note: this warning originates in the derive macro `FromPrimitive` (in Nightly builds, run with -Z macro-backtrace for more info)
[INFO] [stderr] 
[INFO] [stderr] warning: non-local `impl` definition, `impl` blocks should be written at the same level as their item
[INFO] [stderr]    --> lawn-9p/src/server.rs:785:10
[INFO] [stderr]     |
[INFO] [stderr] 785 | #[derive(FromPrimitive)]
[INFO] [stderr]     |          ^------------
[INFO] [stderr]     |          |
[INFO] [stderr]     |          `FromPrimitive` is not local
[INFO] [stderr]     |          move the `impl` block outside of this constant `_IMPL_NUM_FromPrimitive_FOR_LockCommand`
[INFO] [stderr] 786 | pub enum LockCommand {
[INFO] [stderr]     |          ----------- `LockCommand` is not local
[INFO] [stderr]     |
[INFO] [stderr]     = note: the derive macro `FromPrimitive` defines the non-local `impl`, and may need to be changed
[INFO] [stderr]     = note: the derive macro `FromPrimitive` may come from an old version of the `num_derive` crate, try updating your dependency with `cargo update -p num_derive`
[INFO] [stderr]     = note: an `impl` is never scoped, even when it is nested inside an item, as it may impact type checking outside of that item, which can be the case if neither the trait or the self type are at the same nesting level as the `impl`
[INFO] [stderr]     = note: items in an anonymous const item (`const _: () = { ... }`) are treated as in the same scope as the anonymous const's declaration for the purpose of this lint
[INFO] [stderr]     = note: this warning originates in the derive macro `FromPrimitive` (in Nightly builds, run with -Z macro-backtrace for more info)
[INFO] [stderr] 
[INFO] [stderr] warning: non-local `impl` definition, `impl` blocks should be written at the same level as their item
[INFO] [stderr]    --> lawn-9p/src/server.rs:829:10
[INFO] [stderr]     |
[INFO] [stderr] 829 | #[derive(FromPrimitive, Debug, Copy, Clone, Eq, PartialEq, Ord, PartialOrd, Hash)]
[INFO] [stderr]     |          ^------------
[INFO] [stderr]     |          |
[INFO] [stderr]     |          `FromPrimitive` is not local
[INFO] [stderr]     |          move the `impl` block outside of this constant `_IMPL_NUM_FromPrimitive_FOR_ProtocolTag`
[INFO] [stderr] 830 | enum ProtocolTag {
[INFO] [stderr]     |      ----------- `ProtocolTag` is not local
[INFO] [stderr]     |
[INFO] [stderr]     = note: the derive macro `FromPrimitive` defines the non-local `impl`, and may need to be changed
[INFO] [stderr]     = note: the derive macro `FromPrimitive` may come from an old version of the `num_derive` crate, try updating your dependency with `cargo update -p num_derive`
[INFO] [stderr]     = note: an `impl` is never scoped, even when it is nested inside an item, as it may impact type checking outside of that item, which can be the case if neither the trait or the self type are at the same nesting level as the `impl`
[INFO] [stderr]     = note: items in an anonymous const item (`const _: () = { ... }`) are treated as in the same scope as the anonymous const's declaration for the purpose of this lint
[INFO] [stderr]     = note: this warning originates in the derive macro `FromPrimitive` (in Nightly builds, run with -Z macro-backtrace for more info)
[INFO] [stderr] 
[INFO] [stderr] warning: non-local `impl` definition, `impl` blocks should be written at the same level as their item
[INFO] [stderr]   --> lawn-protocol/src/protocol/mod.rs:59:10
[INFO] [stderr]    |
[INFO] [stderr] 59 | #[derive(FromPrimitive, Debug, Copy, Clone, Eq, PartialEq, Ord, PartialOrd)]
[INFO] [stderr]    |          ^------------
[INFO] [stderr]    |          |
[INFO] [stderr]    |          `FromPrimitive` is not local
[INFO] [stderr]    |          move the `impl` block outside of this constant `_IMPL_NUM_FromPrimitive_FOR_ResponseCode`
[INFO] [stderr] 60 | pub enum ResponseCode {
[INFO] [stderr]    |          ------------ `ResponseCode` is not local
[INFO] [stderr]    |
[INFO] [stderr]    = note: the derive macro `FromPrimitive` defines the non-local `impl`, and may need to be changed
[INFO] [stderr]    = note: the derive macro `FromPrimitive` may come from an old version of the `num_derive` crate, try updating your dependency with `cargo update -p num_derive`
[INFO] [stderr]    = note: an `impl` is never scoped, even when it is nested inside an item, as it may impact type checking outside of that item, which can be the case if neither the trait or the self type are at the same nesting level as the `impl`
[INFO] [stderr]    = note: items in an anonymous const item (`const _: () = { ... }`) are treated as in the same scope as the anonymous const's declaration for the purpose of this lint
[INFO] [stderr]    = note: `#[warn(non_local_definitions)]` on by default
[INFO] [stderr]    = note: this warning originates in the derive macro `FromPrimitive` (in Nightly builds, run with -Z macro-backtrace for more info)
[INFO] [stderr] 
[INFO] [stderr] warning: non-local `impl` definition, `impl` blocks should be written at the same level as their item
[INFO] [stderr]    --> lawn-protocol/src/protocol/mod.rs:199:10
[INFO] [stderr]     |
[INFO] [stderr] 199 | #[derive(FromPrimitive, Debug, Copy, Clone, Eq, PartialEq, Ord, PartialOrd, Hash)]
[INFO] [stderr]     |          ^------------
[INFO] [stderr]     |          |
[INFO] [stderr]     |          `FromPrimitive` is not local
[INFO] [stderr]     |          move the `impl` block outside of this constant `_IMPL_NUM_FromPrimitive_FOR_MessageKind`
[INFO] [stderr] 200 | pub enum MessageKind {
[INFO] [stderr]     |          ----------- `MessageKind` is not local
[INFO] [stderr]     |
[INFO] [stderr]     = note: the derive macro `FromPrimitive` defines the non-local `impl`, and may need to be changed
[INFO] [stderr]     = note: the derive macro `FromPrimitive` may come from an old version of the `num_derive` crate, try updating your dependency with `cargo update -p num_derive`
[INFO] [stderr]     = note: an `impl` is never scoped, even when it is nested inside an item, as it may impact type checking outside of that item, which can be the case if neither the trait or the self type are at the same nesting level as the `impl`
[INFO] [stderr]     = note: items in an anonymous const item (`const _: () = { ... }`) are treated as in the same scope as the anonymous const's declaration for the purpose of this lint
[INFO] [stderr]     = note: this warning originates in the derive macro `FromPrimitive` (in Nightly builds, run with -Z macro-backtrace for more info)
[INFO] [stderr] 
[INFO] [stderr] warning: non-local `impl` definition, `impl` blocks should be written at the same level as their item
[INFO] [stderr]    --> lawn-protocol/src/protocol/mod.rs:676:10
[INFO] [stderr]     |
[INFO] [stderr] 676 | #[derive(FromPrimitive, Debug, Copy, Clone, Eq, PartialEq, Ord, PartialOrd)]
[INFO] [stderr]     |          ^------------
[INFO] [stderr]     |          |
[INFO] [stderr]     |          `FromPrimitive` is not local
[INFO] [stderr]     |          move the `impl` block outside of this constant `_IMPL_NUM_FromPrimitive_FOR_ChannelMetadataNotificationKind`
[INFO] [stderr] 677 | pub enum ChannelMetadataNotificationKind {
[INFO] [stderr]     |          ------------------------------- `ChannelMetadataNotificationKind` is not local
[INFO] [stderr]     |
[INFO] [stderr]     = note: the derive macro `FromPrimitive` defines the non-local `impl`, and may need to be changed
[INFO] [stderr]     = note: the derive macro `FromPrimitive` may come from an old version of the `num_derive` crate, try updating your dependency with `cargo update -p num_derive`
[INFO] [stderr]     = note: an `impl` is never scoped, even when it is nested inside an item, as it may impact type checking outside of that item, which can be the case if neither the trait or the self type are at the same nesting level as the `impl`
[INFO] [stderr]     = note: items in an anonymous const item (`const _: () = { ... }`) are treated as in the same scope as the anonymous const's declaration for the purpose of this lint
[INFO] [stderr]     = note: this warning originates in the derive macro `FromPrimitive` (in Nightly builds, run with -Z macro-backtrace for more info)
[INFO] [stderr] 
[INFO] [stderr] warning: non-local `impl` definition, `impl` blocks should be written at the same level as their item
[INFO] [stderr]    --> lawn-protocol/src/protocol/mod.rs:681:10
[INFO] [stderr]     |
[INFO] [stderr] 681 | #[derive(FromPrimitive, Debug, Copy, Clone, Eq, PartialEq, Ord, PartialOrd)]
[INFO] [stderr]     |          ^------------
[INFO] [stderr]     |          |
[INFO] [stderr]     |          `FromPrimitive` is not local
[INFO] [stderr]     |          move the `impl` block outside of this constant `_IMPL_NUM_FromPrimitive_FOR_ChannelMetadataStatusKind`
[INFO] [stderr] 682 | pub enum ChannelMetadataStatusKind {
[INFO] [stderr]     |          ------------------------- `ChannelMetadataStatusKind` is not local
[INFO] [stderr]     |
[INFO] [stderr]     = note: the derive macro `FromPrimitive` defines the non-local `impl`, and may need to be changed
[INFO] [stderr]     = note: the derive macro `FromPrimitive` may come from an old version of the `num_derive` crate, try updating your dependency with `cargo update -p num_derive`
[INFO] [stderr]     = note: an `impl` is never scoped, even when it is nested inside an item, as it may impact type checking outside of that item, which can be the case if neither the trait or the self type are at the same nesting level as the `impl`
[INFO] [stderr]     = note: items in an anonymous const item (`const _: () = { ... }`) are treated as in the same scope as the anonymous const's declaration for the purpose of this lint
[INFO] [stderr]     = note: this warning originates in the derive macro `FromPrimitive` (in Nightly builds, run with -Z macro-backtrace for more info)
[INFO] [stderr] 
[INFO] [stderr] warning: non-local `impl` definition, `impl` blocks should be written at the same level as their item
[INFO] [stderr]   --> lawn-sftp/src/backend.rs:15:23
[INFO] [stderr]    |
[INFO] [stderr] 15 | #[derive(Copy, Clone, FromPrimitive, Debug, Hash, Eq, PartialEq, Ord, PartialOrd)]
[INFO] [stderr]    |                       ^------------
[INFO] [stderr]    |                       |
[INFO] [stderr]    |                       `FromPrimitive` is not local
[INFO] [stderr]    |                       move the `impl` block outside of this constant `_IMPL_NUM_FromPrimitive_FOR_ProtocolTag`
[INFO] [stderr] 16 | pub(crate) enum ProtocolTag {
[INFO] [stderr]    |                 ----------- `ProtocolTag` is not local
[INFO] [stderr]    |
[INFO] [stderr]    = note: the derive macro `FromPrimitive` defines the non-local `impl`, and may need to be changed
[INFO] [stderr]    = note: the derive macro `FromPrimitive` may come from an old version of the `num_derive` crate, try updating your dependency with `cargo update -p num_derive`
[INFO] [stderr]    = note: an `impl` is never scoped, even when it is nested inside an item, as it may impact type checking outside of that item, which can be the case if neither the trait or the self type are at the same nesting level as the `impl`
[INFO] [stderr]    = note: items in an anonymous const item (`const _: () = { ... }`) are treated as in the same scope as the anonymous const's declaration for the purpose of this lint
[INFO] [stderr]    = note: `#[warn(non_local_definitions)]` on by default
[INFO] [stderr]    = note: this warning originates in the derive macro `FromPrimitive` (in Nightly builds, run with -Z macro-backtrace for more info)
[INFO] [stderr] 
[INFO] [stderr] warning: non-local `impl` definition, `impl` blocks should be written at the same level as their item
[INFO] [stderr]   --> lawn-sftp/src/backend.rs:46:23
[INFO] [stderr]    |
[INFO] [stderr] 46 | #[derive(Copy, Clone, FromPrimitive, Debug, Hash, Eq, PartialEq, Ord, PartialOrd)]
[INFO] [stderr]    |                       ^------------
[INFO] [stderr]    |                       |
[INFO] [stderr]    |                       `FromPrimitive` is not local
[INFO] [stderr]    |                       move the `impl` block outside of this constant `_IMPL_NUM_FromPrimitive_FOR_ProtocolVersion`
[INFO] [stderr] 47 | pub enum ProtocolVersion {
[INFO] [stderr]    |          --------------- `ProtocolVersion` is not local
[INFO] [stderr]    |
[INFO] [stderr]    = note: the derive macro `FromPrimitive` defines the non-local `impl`, and may need to be changed
[INFO] [stderr]    = note: the derive macro `FromPrimitive` may come from an old version of the `num_derive` crate, try updating your dependency with `cargo update -p num_derive`
[INFO] [stderr]    = note: an `impl` is never scoped, even when it is nested inside an item, as it may impact type checking outside of that item, which can be the case if neither the trait or the self type are at the same nesting level as the `impl`
[INFO] [stderr]    = note: items in an anonymous const item (`const _: () = { ... }`) are treated as in the same scope as the anonymous const's declaration for the purpose of this lint
[INFO] [stderr]    = note: this warning originates in the derive macro `FromPrimitive` (in Nightly builds, run with -Z macro-backtrace for more info)
[INFO] [stderr] 
[INFO] [stderr] warning: non-local `impl` definition, `impl` blocks should be written at the same level as their item
[INFO] [stderr]   --> lawn-sftp/src/backend.rs:94:23
[INFO] [stderr]    |
[INFO] [stderr] 94 | #[derive(Copy, Clone, FromPrimitive, Debug, Hash, Eq, PartialEq, Ord, PartialOrd)]
[INFO] [stderr]    |                       ^------------
[INFO] [stderr]    |                       |
[INFO] [stderr]    |                       `FromPrimitive` is not local
[INFO] [stderr]    |                       move the `impl` block outside of this constant `_IMPL_NUM_FromPrimitive_FOR_SFTPErrorKind`
[INFO] [stderr] 95 | pub(crate) enum SFTPErrorKind {
[INFO] [stderr]    |                 ------------- `SFTPErrorKind` is not local
[INFO] [stderr]    |
[INFO] [stderr]    = note: the derive macro `FromPrimitive` defines the non-local `impl`, and may need to be changed
[INFO] [stderr]    = note: the derive macro `FromPrimitive` may come from an old version of the `num_derive` crate, try updating your dependency with `cargo update -p num_derive`
[INFO] [stderr]    = note: an `impl` is never scoped, even when it is nested inside an item, as it may impact type checking outside of that item, which can be the case if neither the trait or the self type are at the same nesting level as the `impl`
[INFO] [stderr]    = note: items in an anonymous const item (`const _: () = { ... }`) are treated as in the same scope as the anonymous const's declaration for the purpose of this lint
[INFO] [stderr]    = note: this warning originates in the derive macro `FromPrimitive` (in Nightly builds, run with -Z macro-backtrace for more info)
[INFO] [stderr] 
[INFO] [stderr] warning: `lawn-9p` (lib) generated 3 warnings
[INFO] [stderr] warning: `lawn-protocol` (lib) generated 4 warnings
[INFO] [stderr] warning: `lawn-sftp` (lib) generated 3 warnings
[INFO] [stderr] warning: `lawn-protocol` (lib test) generated 4 warnings (4 duplicates)
[INFO] [stderr] warning: `lawn-sftp` (lib test) generated 3 warnings (3 duplicates)
[INFO] [stderr] warning: `lawn-9p` (lib test) generated 3 warnings (3 duplicates)
[INFO] [stderr] warning: non-local `impl` definition, `impl` blocks should be written at the same level as their item
[INFO] [stderr]   --> lawn/src/ssh_proxy.rs:20:23
[INFO] [stderr]    |
[INFO] [stderr] 20 | #[derive(Copy, Clone, FromPrimitive, Eq, PartialEq)]
[INFO] [stderr]    |                       ^------------
[INFO] [stderr]    |                       |
[INFO] [stderr]    |                       `FromPrimitive` is not local
[INFO] [stderr]    |                       move the `impl` block outside of this constant `_IMPL_NUM_FromPrimitive_FOR_MessageKind`
[INFO] [stderr] 21 | enum MessageKind {
[INFO] [stderr]    |      ----------- `MessageKind` is not local
[INFO] [stderr]    |
[INFO] [stderr]    = note: the derive macro `FromPrimitive` defines the non-local `impl`, and may need to be changed
[INFO] [stderr]    = note: the derive macro `FromPrimitive` may come from an old version of the `num_derive` crate, try updating your dependency with `cargo update -p num_derive`
[INFO] [stderr]    = note: an `impl` is never scoped, even when it is nested inside an item, as it may impact type checking outside of that item, which can be the case if neither the trait or the self type are at the same nesting level as the `impl`
[INFO] [stderr]    = note: items in an anonymous const item (`const _: () = { ... }`) are treated as in the same scope as the anonymous const's declaration for the purpose of this lint
[INFO] [stderr]    = note: `#[warn(non_local_definitions)]` on by default
[INFO] [stderr]    = note: this warning originates in the derive macro `FromPrimitive` (in Nightly builds, run with -Z macro-backtrace for more info)
[INFO] [stderr] 
[INFO] [stderr] warning: `lawn` (bin "lawn" test) generated 1 warning
[INFO] [stderr]     Finished `test` profile [unoptimized + debuginfo] target(s) in 0.16s
[INFO] [stderr]      Running unittests src/main.rs (/opt/rustwide/target/debug/deps/lawn-6990f1fe4b8be892)
[INFO] [stdout] 
[INFO] [stdout] running 36 tests
[INFO] [stdout] test credential::protocol::git::tests::test_send_fill_simple ... ok
[INFO] [stdout] test credential::protocol::git::tests::test_send_fill_cred ... ok
[INFO] [stdout] test credential::protocol::git::tests::test_parse_approve_simple ... ok
[INFO] [stdout] test credential::protocol::git::tests::test_send_fill_no_cred ... ok
[INFO] [stdout] test credential::protocol::git::tests::test_parse_fill_extensions ... ok
[INFO] [stdout] test credential::tests::formats_locations_as_url ... ok
[INFO] [stdout] test error::tests::implements_extended_error_correctly ... ok
[INFO] [stdout] test serializer::script::tests::deserializes_correctly ... ok
[INFO] [stdout] test serializer::script::tests::serializes_correctly ... ok
[INFO] [stdout] test credential::protocol::git::tests::test_parse_approve_no_cred ... ok
[INFO] [stdout] test config::tests::skips_calls ... ok
[INFO] [stdout] test credential::protocol::git::tests::test_parse_fill_complex ... ok
[INFO] [stdout] test credential::protocol::git::tests::test_parse_approve_no_cred_no_secret ... ok
[INFO] [stdout] test template::tests::complex_expansion ... ok
[INFO] [stdout] test credential::protocol::git::tests::test_parse_fill_simple ... ok
[INFO] [stdout] test store::tests::storepath_parses_components ... ok
[INFO] [stdout] test template::tests::simple_expansion ... ok
[INFO] [stdout] test config::tests::is_root_with_values ... ok
[INFO] [stdout] test tests::prng_is_reproducible_in_tests ... ok
[INFO] [stdout] test config::tests::default_is_root ... ok
[INFO] [stdout] test socket::tests::socket_from_lawn_environment_simple_path ... ok
[INFO] [stdout] test socket::tests::socket_from_path ... ok
[INFO] [stdout] test tests::can_perform_test_connections ... ok
[INFO] [stdout] test socket::tests::socket_from_lawn_environment_cbor ... ok
[INFO] [stdout] test tests::can_read_template_contexts ... ok
[INFO] [stdout] test tests::can_create_and_delete_extension_ranges_without_auth ... ok
[INFO] [stdout] test tests::can_script_credential_ops_with_memory_backend ... ok
[INFO] [stdout] test tests::can_round_trip_data_through_memory_credential_helper ... ok
[INFO] [stdout] test tests::rejects_store_auth_with_disallowed_types ... ok
[INFO] [stdout] test tests::can_handle_extensions_listing_with_many_extensions ... ok
[INFO] [stdout] error: server: 0: condition succeeded for command sha256sum
[INFO] [stdout] error: server: 0: pre-hooks succeeded for command sha256sum
[INFO] [stdout] test tests::can_insert_entries_with_lawn_query ... FAILED
[INFO] [stderr] git-backend: trace: start data: {}
[INFO] [stderr] git-backend: trace: read: {:username=>"user", :password=>"very-secret-password", :protocol=>"https", :host=>"example.com", :id=>"563d5f836752a20dc4099ed6442952e38179dbf39d89886282d255e3da1dbd09948c23ebf81a45419a48f5c2d238b6497a9f9b1576824c675fad93ab6ce8d04e"}
[INFO] [stderr] git-backend: trace: end data: {"https://example.com"=>{"user"=>"very-secret-password"}}
[INFO] [stdout] error: server: 0: condition succeeded for command randomgen
[INFO] [stdout] error: server: 0: pre-hooks succeeded for command randomgen
[INFO] [stdout] error: server: 0: condition succeeded for command sha256sum
[INFO] [stdout] error: server: 0: pre-hooks succeeded for command sha256sum
[INFO] [stderr] git-backend: trace: start data: {"https://example.com"=>{"user"=>"very-secret-password"}}
[INFO] [stderr] git-backend: trace: read: {:protocol=>"https", :host=>"example.com"}
[INFO] [stderr] git-backend: trace: fill: {:protocol=>"https", :host=>"example.com", :username=>"user", :password=>"very-secret-password"}
[INFO] [stderr] git-backend: trace: end data: {"https://example.com"=>{"user"=>"very-secret-password"}}
[INFO] [stdout] test tests::can_stream_data_correctly_in_blocking_mode ... ok
[INFO] [stderr] git-backend: trace: start data: {"https://example.com"=>{"user"=>"very-secret-password"}}
[INFO] [stderr] git-backend: trace: read: {:username=>"user", :protocol=>"https", :host=>"example.com"}
[INFO] [stderr] git-backend: trace: fill: {:username=>"user", :protocol=>"https", :host=>"example.com", :password=>"very-secret-password"}
[INFO] [stderr] git-backend: trace: end data: {"https://example.com"=>{"user"=>"very-secret-password"}}
[INFO] [stdout] test tests::can_stream_data_correctly_in_nonblocking_mode ... ok
[INFO] [stderr] git-backend: trace: start data: {"https://example.com"=>{"user"=>"very-secret-password"}}
[INFO] [stderr] git-backend: trace: read: {:username=>"bob", :protocol=>"https", :host=>"example.com"}
[INFO] [stderr] git-backend: trace: fill: {:username=>"bob", :protocol=>"https", :host=>"example.com"}
[INFO] [stderr] git-backend: trace: end data: {"https://example.com"=>{"user"=>"very-secret-password"}}
[INFO] [stdout] test tests::can_send_out_of_order_packets_with_blocking_io ... ok
[INFO] [stderr] git-backend: trace: start data: {"https://example.com"=>{"user"=>"very-secret-password"}}
[INFO] [stderr] git-backend: trace: read: {:username=>"user", :protocol=>"https", :host=>"example.com"}
[INFO] [stderr] git-backend: trace: fill: {:username=>"user", :protocol=>"https", :host=>"example.com", :password=>"very-secret-password"}
[INFO] [stderr] git-backend: trace: end data: {"https://example.com"=>{"user"=>"very-secret-password"}}
[INFO] [stdout] test tests::starts_server ... ok
[INFO] [stderr] git-backend: trace: start data: {"https://example.com"=>{"user"=>"very-secret-password"}}
[INFO] [stderr] git-backend: trace: read: {:username=>"user", :password=>"very-secret-password", :protocol=>"https", :host=>"example.com", :id=>"563d5f836752a20dc4099ed6442952e38179dbf39d89886282d255e3da1dbd09948c23ebf81a45419a48f5c2d238b6497a9f9b1576824c675fad93ab6ce8d04e"}
[INFO] [stderr] git-backend: trace: end data: {"https://example.com"=>{}}
[INFO] [stderr] git-backend: trace: start data: {"https://example.com"=>{}}
[INFO] [stderr] git-backend: trace: read: {:username=>"user", :protocol=>"https", :host=>"example.com"}
[INFO] [stderr] git-backend: trace: fill: {:username=>"user", :protocol=>"https", :host=>"example.com"}
[INFO] [stderr] git-backend: trace: end data: {"https://example.com"=>{}}
[INFO] [stdout] test tests::can_round_trip_data_through_git_credential_helper ... ok
[INFO] [stdout] 
[INFO] [stdout] failures:
[INFO] [stdout] 
[INFO] [stdout] ---- tests::can_insert_entries_with_lawn_query stdout ----
[INFO] [stdout] thread 'tokio-runtime-worker' panicked at lawn/src/tests.rs:1082:46:
[INFO] [stdout] called `Result::unwrap()` on an `Err` value: ProtocolFailure(Error { kind: HandlerError, message: None, cause: Some(ProtocolError(Error { code: NotFound, body: None })) })
[INFO] [stdout] stack backtrace:
[INFO] [stdout]    0:     0x55b190fc2c8a - std::backtrace_rs::backtrace::libunwind::trace::h5a5b8284f2d0c266
[INFO] [stdout]                                at /rustc/90b35a6239c3d8bdabc530a6a0816f7ff89a0aaf/library/std/src/../../backtrace/src/backtrace/libunwind.rs:116:5
[INFO] [stdout]    1:     0x55b190fc2c8a - std::backtrace_rs::backtrace::trace_unsynchronized::h76d4f1c9b0b875e3
[INFO] [stdout]                                at /rustc/90b35a6239c3d8bdabc530a6a0816f7ff89a0aaf/library/std/src/../../backtrace/src/backtrace/mod.rs:66:5
[INFO] [stdout]    2:     0x55b190fc2c8a - std::sys::backtrace::_print_fmt::hc4546b8364a537c6
[INFO] [stdout]                                at /rustc/90b35a6239c3d8bdabc530a6a0816f7ff89a0aaf/library/std/src/sys/backtrace.rs:66:9
[INFO] [stdout]    3:     0x55b190fc2c8a - <std::sys::backtrace::BacktraceLock::print::DisplayBacktrace as core::fmt::Display>::fmt::h5b6bd5631a6d1f6b
[INFO] [stdout]                                at /rustc/90b35a6239c3d8bdabc530a6a0816f7ff89a0aaf/library/std/src/sys/backtrace.rs:39:26
[INFO] [stdout]    4:     0x55b190fec173 - core::fmt::rt::Argument::fmt::h270f6602a2b96f62
[INFO] [stdout]                                at /rustc/90b35a6239c3d8bdabc530a6a0816f7ff89a0aaf/library/core/src/fmt/rt.rs:177:76
[INFO] [stdout]    5:     0x55b190fec173 - core::fmt::write::h7550c97b06c86515
[INFO] [stdout]                                at /rustc/90b35a6239c3d8bdabc530a6a0816f7ff89a0aaf/library/core/src/fmt/mod.rs:1186:21
[INFO] [stdout]    6:     0x55b190fbf403 - std::io::Write::write_fmt::h509ff860e5956e5e
[INFO] [stdout]                                at /rustc/90b35a6239c3d8bdabc530a6a0816f7ff89a0aaf/library/std/src/io/mod.rs:1839:15
[INFO] [stdout]    7:     0x55b190fc2ad2 - std::sys::backtrace::BacktraceLock::print::h2395ccd2c84ba3aa
[INFO] [stdout]                                at /rustc/90b35a6239c3d8bdabc530a6a0816f7ff89a0aaf/library/std/src/sys/backtrace.rs:42:9
[INFO] [stdout]    8:     0x55b190fc416a - std::panicking::default_hook::{{closure}}::he19d4c7230e07961
[INFO] [stdout]                                at /rustc/90b35a6239c3d8bdabc530a6a0816f7ff89a0aaf/library/std/src/panicking.rs:268:22
[INFO] [stdout]    9:     0x55b190fc3f74 - std::panicking::default_hook::hf614597d3c67bbdb
[INFO] [stdout]                                at /rustc/90b35a6239c3d8bdabc530a6a0816f7ff89a0aaf/library/std/src/panicking.rs:292:9
[INFO] [stdout]   10:     0x55b190ccd969 - <alloc::boxed::Box<F,A> as core::ops::function::Fn<Args>>::call::h39b51ce4599c23d1
[INFO] [stdout]                                at /rustc/90b35a6239c3d8bdabc530a6a0816f7ff89a0aaf/library/alloc/src/boxed.rs:2468:9
[INFO] [stdout]   11:     0x55b190ccd969 - test::test_main::{{closure}}::he977ae839a582784
[INFO] [stdout]                                at /rustc/90b35a6239c3d8bdabc530a6a0816f7ff89a0aaf/library/test/src/lib.rs:133:21
[INFO] [stdout]   12:     0x55b190fc4808 - <alloc::boxed::Box<F,A> as core::ops::function::Fn<Args>>::call::h9455091b6b06f9fb
[INFO] [stdout]                                at /rustc/90b35a6239c3d8bdabc530a6a0816f7ff89a0aaf/library/alloc/src/boxed.rs:2468:9
[INFO] [stdout]   13:     0x55b190fc4808 - std::panicking::rust_panic_with_hook::h8942133a8b252070
[INFO] [stdout]                                at /rustc/90b35a6239c3d8bdabc530a6a0816f7ff89a0aaf/library/std/src/panicking.rs:809:13
[INFO] [stdout]   14:     0x55b190fc45ca - std::panicking::begin_panic_handler::{{closure}}::hb5f5963570096b29
[INFO] [stdout]                                at /rustc/90b35a6239c3d8bdabc530a6a0816f7ff89a0aaf/library/std/src/panicking.rs:674:13
[INFO] [stdout]   15:     0x55b190fc3169 - std::sys::backtrace::__rust_end_short_backtrace::h6208cedc1922feda
[INFO] [stdout]                                at /rustc/90b35a6239c3d8bdabc530a6a0816f7ff89a0aaf/library/std/src/sys/backtrace.rs:170:18
[INFO] [stdout]   16:     0x55b190fc425c - rust_begin_unwind
[INFO] [stdout]                                at /rustc/90b35a6239c3d8bdabc530a6a0816f7ff89a0aaf/library/std/src/panicking.rs:665:5
[INFO] [stdout]   17:     0x55b18ff9f2e0 - core::panicking::panic_fmt::h0c3082644d1bf418
[INFO] [stdout]                                at /rustc/90b35a6239c3d8bdabc530a6a0816f7ff89a0aaf/library/core/src/panicking.rs:74:14
[INFO] [stdout]   18:     0x55b18ff9f7c6 - core::result::unwrap_failed::hd20b4aa073bda1e2
[INFO] [stdout]                                at /rustc/90b35a6239c3d8bdabc530a6a0816f7ff89a0aaf/library/core/src/result.rs:1700:5
[INFO] [stdout]   19:     0x55b1906fca86 - core::result::Result<T,E>::unwrap::h6fcbd7bff3d90356
[INFO] [stdout]                                at /rustc/90b35a6239c3d8bdabc530a6a0816f7ff89a0aaf/library/core/src/result.rs:1104:23
[INFO] [stdout]   20:     0x55b1906fca86 - lawn::tests::can_insert_entries_with_lawn_query::{{closure}}::h50d5c22eac3a115a
[INFO] [stdout]                                at /opt/rustwide/workdir/lawn/src/tests.rs:1082:13
[INFO] [stdout]   21:     0x55b1907f2ced - <core::pin::Pin<P> as core::future::future::Future>::poll::h163cc491c4887a60
[INFO] [stdout]                                at /rustc/90b35a6239c3d8bdabc530a6a0816f7ff89a0aaf/library/core/src/future/future.rs:123:9
[INFO] [stdout]   22:     0x55b19091c966 - tokio::runtime::task::core::Core<T,S>::poll::{{closure}}::h912e6e77ca662e04
[INFO] [stdout]                                at /opt/rustwide/cargo-home/registry/src/index.crates.io-6f17d22bba15001f/tokio-1.38.0/src/runtime/task/core.rs:328:17
[INFO] [stdout]   23:     0x55b19090f33d - tokio::loom::std::unsafe_cell::UnsafeCell<T>::with_mut::h80714d16b6445ec5
[INFO] [stdout]                                at /opt/rustwide/cargo-home/registry/src/index.crates.io-6f17d22bba15001f/tokio-1.38.0/src/loom/std/unsafe_cell.rs:16:9
[INFO] [stdout]   24:     0x55b19090f33d - tokio::runtime::task::core::Core<T,S>::poll::had542c49abe08f83
[INFO] [stdout]                                at /opt/rustwide/cargo-home/registry/src/index.crates.io-6f17d22bba15001f/tokio-1.38.0/src/runtime/task/core.rs:317:13
[INFO] [stdout]   25:     0x55b190404cda - tokio::runtime::task::harness::poll_future::{{closure}}::hed5281656f842fbc
[INFO] [stdout]                                at /opt/rustwide/cargo-home/registry/src/index.crates.io-6f17d22bba15001f/tokio-1.38.0/src/runtime/task/harness.rs:485:19
[INFO] [stdout]   26:     0x55b19070d540 - <core::panic::unwind_safe::AssertUnwindSafe<F> as core::ops::function::FnOnce<()>>::call_once::h6af4189edbcd6bfa
[INFO] [stdout]                                at /rustc/90b35a6239c3d8bdabc530a6a0816f7ff89a0aaf/library/core/src/panic/unwind_safe.rs:272:9
[INFO] [stdout]   27:     0x55b1907167f8 - std::panicking::try::do_call::h0ab27f0f96690b40
[INFO] [stdout]                                at /rustc/90b35a6239c3d8bdabc530a6a0816f7ff89a0aaf/library/std/src/panicking.rs:557:40
[INFO] [stdout]   28:     0x55b190634ebb - __rust_try
[INFO] [stdout]   29:     0x55b190619896 - std::panicking::try::h6cd3e937b202db4e
[INFO] [stdout]                                at /rustc/90b35a6239c3d8bdabc530a6a0816f7ff89a0aaf/library/std/src/panicking.rs:520:19
[INFO] [stdout]   30:     0x55b190619896 - std::panic::catch_unwind::hc233c00f7ac027af
[INFO] [stdout]                                at /rustc/90b35a6239c3d8bdabc530a6a0816f7ff89a0aaf/library/std/src/panic.rs:358:14
[INFO] [stdout]   31:     0x55b1903ef96f - tokio::runtime::task::harness::poll_future::hd269efd978ffae14
[INFO] [stdout]                                at /opt/rustwide/cargo-home/registry/src/index.crates.io-6f17d22bba15001f/tokio-1.38.0/src/runtime/task/harness.rs:473:18
[INFO] [stdout]   32:     0x55b19040a915 - tokio::runtime::task::harness::Harness<T,S>::poll_inner::h2e0eeb821aa6488d
[INFO] [stdout]                                at /opt/rustwide/cargo-home/registry/src/index.crates.io-6f17d22bba15001f/tokio-1.38.0/src/runtime/task/harness.rs:208:27
[INFO] [stdout]   33:     0x55b19043b853 - tokio::runtime::task::harness::Harness<T,S>::poll::h9fe9e06ac9719029
[INFO] [stdout]                                at /opt/rustwide/cargo-home/registry/src/index.crates.io-6f17d22bba15001f/tokio-1.38.0/src/runtime/task/harness.rs:153:15
[INFO] [stdout]   34:     0x55b1904c751b - tokio::runtime::task::raw::poll::h50ece47c4cf19b08
[INFO] [stdout]                                at /opt/rustwide/cargo-home/registry/src/index.crates.io-6f17d22bba15001f/tokio-1.38.0/src/runtime/task/raw.rs:271:5
[INFO] [stdout]   35:     0x55b190ecca27 - tokio::runtime::task::raw::RawTask::poll::ha762ecd409b6e840
[INFO] [stdout]                                at /opt/rustwide/cargo-home/registry/src/index.crates.io-6f17d22bba15001f/tokio-1.38.0/src/runtime/task/raw.rs:201:18
[INFO] [stdout]   36:     0x55b190ef9522 - tokio::runtime::task::LocalNotified<S>::run::hd8b353e9ed25644c
[INFO] [stdout]                                at /opt/rustwide/cargo-home/registry/src/index.crates.io-6f17d22bba15001f/tokio-1.38.0/src/runtime/task/mod.rs:427:9
[INFO] [stdout]   37:     0x55b190ec216d - tokio::runtime::scheduler::multi_thread::worker::Context::run_task::{{closure}}::h8be38af892086b2b
[INFO] [stdout]                                at /opt/rustwide/cargo-home/registry/src/index.crates.io-6f17d22bba15001f/tokio-1.38.0/src/runtime/scheduler/multi_thread/worker.rs:585:13
[INFO] [stdout]   38:     0x55b190ec1fc4 - tokio::runtime::coop::with_budget::h6b45827404417dd8
[INFO] [stdout]                                at /opt/rustwide/cargo-home/registry/src/index.crates.io-6f17d22bba15001f/tokio-1.38.0/src/runtime/coop.rs:107:5
[INFO] [stdout]   39:     0x55b190ec1fc4 - tokio::runtime::coop::budget::hd50287f7f6512bfe
[INFO] [stdout]                                at /opt/rustwide/cargo-home/registry/src/index.crates.io-6f17d22bba15001f/tokio-1.38.0/src/runtime/coop.rs:73:5
[INFO] [stdout]   40:     0x55b190ec1fc4 - tokio::runtime::scheduler::multi_thread::worker::Context::run_task::h3489c63ca98cec4a
[INFO] [stdout]                                at /opt/rustwide/cargo-home/registry/src/index.crates.io-6f17d22bba15001f/tokio-1.38.0/src/runtime/scheduler/multi_thread/worker.rs:584:9
[INFO] [stdout]   41:     0x55b190ec1693 - tokio::runtime::scheduler::multi_thread::worker::Context::run::hf6d29e12408a0f99
[INFO] [stdout]                                at /opt/rustwide/cargo-home/registry/src/index.crates.io-6f17d22bba15001f/tokio-1.38.0/src/runtime/scheduler/multi_thread/worker.rs:535:24
[INFO] [stdout]   42:     0x55b190ec12f9 - tokio::runtime::scheduler::multi_thread::worker::run::{{closure}}::{{closure}}::hfd996de2d8158dc4
[INFO] [stdout]                                at /opt/rustwide/cargo-home/registry/src/index.crates.io-6f17d22bba15001f/tokio-1.38.0/src/runtime/scheduler/multi_thread/worker.rs:500:21
[INFO] [stdout]   43:     0x55b190ecafe0 - tokio::runtime::context::scoped::Scoped<T>::set::hc9b1d2675a062227
[INFO] [stdout]                                at /opt/rustwide/cargo-home/registry/src/index.crates.io-6f17d22bba15001f/tokio-1.38.0/src/runtime/context/scoped.rs:40:9
[INFO] [stdout]   44:     0x55b190eebf4b - tokio::runtime::context::set_scheduler::{{closure}}::h784af3d9cb3a13f0
[INFO] [stdout]                                at /opt/rustwide/cargo-home/registry/src/index.crates.io-6f17d22bba15001f/tokio-1.38.0/src/runtime/context.rs:180:26
[INFO] [stdout]   45:     0x55b190ee03b0 - std::thread::local::LocalKey<T>::try_with::h8be01949c851de6a
[INFO] [stdout]                                at /rustc/90b35a6239c3d8bdabc530a6a0816f7ff89a0aaf/library/std/src/thread/local.rs:283:12
[INFO] [stdout]   46:     0x55b190edef6b - std::thread::local::LocalKey<T>::with::h2ec99e365906b2b0
[INFO] [stdout]                                at /rustc/90b35a6239c3d8bdabc530a6a0816f7ff89a0aaf/library/std/src/thread/local.rs:260:9
[INFO] [stdout]   47:     0x55b190eebec4 - tokio::runtime::context::set_scheduler::hf4f9778f4eb8a0cc
[INFO] [stdout]                                at /opt/rustwide/cargo-home/registry/src/index.crates.io-6f17d22bba15001f/tokio-1.38.0/src/runtime/context.rs:180:9
[INFO] [stdout]   48:     0x55b190ec1204 - tokio::runtime::scheduler::multi_thread::worker::run::{{closure}}::h49563c1651fb7b72
[INFO] [stdout]                                at /opt/rustwide/cargo-home/registry/src/index.crates.io-6f17d22bba15001f/tokio-1.38.0/src/runtime/scheduler/multi_thread/worker.rs:495:9
[INFO] [stdout]   49:     0x55b190f08e40 - tokio::runtime::context::runtime::enter_runtime::h4d96e6c50129e37e
[INFO] [stdout]                                at /opt/rustwide/cargo-home/registry/src/index.crates.io-6f17d22bba15001f/tokio-1.38.0/src/runtime/context/runtime.rs:65:16
[INFO] [stdout]   50:     0x55b190ec0fb1 - tokio::runtime::scheduler::multi_thread::worker::run::hefb7d9050c51ab9b
[INFO] [stdout]                                at /opt/rustwide/cargo-home/registry/src/index.crates.io-6f17d22bba15001f/tokio-1.38.0/src/runtime/scheduler/multi_thread/worker.rs:487:5
[INFO] [stdout]   51:     0x55b190ec0e3b - tokio::runtime::scheduler::multi_thread::worker::Launch::launch::{{closure}}::h3448c684c3e9c1b0
[INFO] [stdout]                                at /opt/rustwide/cargo-home/registry/src/index.crates.io-6f17d22bba15001f/tokio-1.38.0/src/runtime/scheduler/multi_thread/worker.rs:455:45
[INFO] [stdout]   52:     0x55b190f301ce - <tokio::runtime::blocking::task::BlockingTask<T> as core::future::future::Future>::poll::h6238dca861331d99
[INFO] [stdout]                                at /opt/rustwide/cargo-home/registry/src/index.crates.io-6f17d22bba15001f/tokio-1.38.0/src/runtime/blocking/task.rs:42:21
[INFO] [stdout]   53:     0x55b190eee9a9 - tokio::runtime::task::core::Core<T,S>::poll::{{closure}}::h912eaf04f8c98b8e
[INFO] [stdout]                                at /opt/rustwide/cargo-home/registry/src/index.crates.io-6f17d22bba15001f/tokio-1.38.0/src/runtime/task/core.rs:328:17
[INFO] [stdout]   54:     0x55b190eee181 - tokio::loom::std::unsafe_cell::UnsafeCell<T>::with_mut::he7541df60d71076c
[INFO] [stdout]                                at /opt/rustwide/cargo-home/registry/src/index.crates.io-6f17d22bba15001f/tokio-1.38.0/src/loom/std/unsafe_cell.rs:16:9
[INFO] [stdout]   55:     0x55b190eee181 - tokio::runtime::task::core::Core<T,S>::poll::h45e221d0fb9fd0d4
[INFO] [stdout]                                at /opt/rustwide/cargo-home/registry/src/index.crates.io-6f17d22bba15001f/tokio-1.38.0/src/runtime/task/core.rs:317:13
[INFO] [stdout]   56:     0x55b190eac25e - tokio::runtime::task::harness::poll_future::{{closure}}::h09eba1fd5c7671e6
[INFO] [stdout]                                at /opt/rustwide/cargo-home/registry/src/index.crates.io-6f17d22bba15001f/tokio-1.38.0/src/runtime/task/harness.rs:485:19
[INFO] [stdout]   57:     0x55b190ead611 - <core::panic::unwind_safe::AssertUnwindSafe<F> as core::ops::function::FnOnce<()>>::call_once::h0189441119751951
[INFO] [stdout]                                at /rustc/90b35a6239c3d8bdabc530a6a0816f7ff89a0aaf/library/core/src/panic/unwind_safe.rs:272:9
[INFO] [stdout]   58:     0x55b190ed6709 - std::panicking::try::do_call::h406f17ee01e72afc
[INFO] [stdout]                                at /rustc/90b35a6239c3d8bdabc530a6a0816f7ff89a0aaf/library/std/src/panicking.rs:557:40
[INFO] [stdout]   59:     0x55b190ed435b - __rust_try
[INFO] [stdout]   60:     0x55b190ecde26 - std::panicking::try::h53ced63b011cd705
[INFO] [stdout]                                at /rustc/90b35a6239c3d8bdabc530a6a0816f7ff89a0aaf/library/std/src/panicking.rs:520:19
[INFO] [stdout]   61:     0x55b190ecde26 - std::panic::catch_unwind::h12856e39402e2e0e
[INFO] [stdout]                                at /rustc/90b35a6239c3d8bdabc530a6a0816f7ff89a0aaf/library/std/src/panic.rs:358:14
[INFO] [stdout]   62:     0x55b190eab820 - tokio::runtime::task::harness::poll_future::h750e88df211c7762
[INFO] [stdout]                                at /opt/rustwide/cargo-home/registry/src/index.crates.io-6f17d22bba15001f/tokio-1.38.0/src/runtime/task/harness.rs:473:18
[INFO] [stdout]   63:     0x55b190ea88ce - tokio::runtime::task::harness::Harness<T,S>::poll_inner::h16c735d5136f6f09
[INFO] [stdout]                                at /opt/rustwide/cargo-home/registry/src/index.crates.io-6f17d22bba15001f/tokio-1.38.0/src/runtime/task/harness.rs:208:27
[INFO] [stdout]   64:     0x55b190ea84c7 - tokio::runtime::task::harness::Harness<T,S>::poll::h57660aa00f98efeb
[INFO] [stdout]                                at /opt/rustwide/cargo-home/registry/src/index.crates.io-6f17d22bba15001f/tokio-1.38.0/src/runtime/task/harness.rs:153:15
[INFO] [stdout]   65:     0x55b190ecccdd - tokio::runtime::task::raw::poll::h0191dff02ca592f5
[INFO] [stdout]                                at /opt/rustwide/cargo-home/registry/src/index.crates.io-6f17d22bba15001f/tokio-1.38.0/src/runtime/task/raw.rs:271:5
[INFO] [stdout]   66:     0x55b190ecca27 - tokio::runtime::task::raw::RawTask::poll::ha762ecd409b6e840
[INFO] [stdout]                                at /opt/rustwide/cargo-home/registry/src/index.crates.io-6f17d22bba15001f/tokio-1.38.0/src/runtime/task/raw.rs:201:18
[INFO] [stdout]   67:     0x55b190ef95e7 - tokio::runtime::task::UnownedTask<S>::run::h32ffd9b28fc0404e
[INFO] [stdout]                                at /opt/rustwide/cargo-home/registry/src/index.crates.io-6f17d22bba15001f/tokio-1.38.0/src/runtime/task/mod.rs:464:9
[INFO] [stdout]   68:     0x55b190eb17f7 - tokio::runtime::blocking::pool::Task::run::he369da1aa11dc78f
[INFO] [stdout]                                at /opt/rustwide/cargo-home/registry/src/index.crates.io-6f17d22bba15001f/tokio-1.38.0/src/runtime/blocking/pool.rs:159:9
[INFO] [stdout]   69:     0x55b190eb4ef3 - tokio::runtime::blocking::pool::Inner::run::hef66c12d17618af0
[INFO] [stdout]                                at /opt/rustwide/cargo-home/registry/src/index.crates.io-6f17d22bba15001f/tokio-1.38.0/src/runtime/blocking/pool.rs:513:17
[INFO] [stdout]   70:     0x55b190eb4bf4 - tokio::runtime::blocking::pool::Spawner::spawn_thread::{{closure}}::hbdfca7a60b027325
[INFO] [stdout]                                at /opt/rustwide/cargo-home/registry/src/index.crates.io-6f17d22bba15001f/tokio-1.38.0/src/runtime/blocking/pool.rs:471:13
[INFO] [stdout]   71:     0x55b190ede8d6 - std::sys::backtrace::__rust_begin_short_backtrace::hb57c43961a85275a
[INFO] [stdout]                                at /rustc/90b35a6239c3d8bdabc530a6a0816f7ff89a0aaf/library/std/src/sys/backtrace.rs:154:18
[INFO] [stdout]   72:     0x55b190ed6232 - std::thread::Builder::spawn_unchecked_::{{closure}}::{{closure}}::h4e4c5b3ac6850d7f
[INFO] [stdout]                                at /rustc/90b35a6239c3d8bdabc530a6a0816f7ff89a0aaf/library/std/src/thread/mod.rs:538:17
[INFO] [stdout]   73:     0x55b190ead922 - <core::panic::unwind_safe::AssertUnwindSafe<F> as core::ops::function::FnOnce<()>>::call_once::h93eb0836ab55cf23
[INFO] [stdout]                                at /rustc/90b35a6239c3d8bdabc530a6a0816f7ff89a0aaf/library/core/src/panic/unwind_safe.rs:272:9
[INFO] [stdout]   74:     0x55b190ed6b43 - std::panicking::try::do_call::ha1247aef251c2585
[INFO] [stdout]                                at /rustc/90b35a6239c3d8bdabc530a6a0816f7ff89a0aaf/library/std/src/panicking.rs:557:40
[INFO] [stdout]   75:     0x55b190ede37b - __rust_try
[INFO] [stdout]   76:     0x55b190ed5e83 - std::panicking::try::h0b0df764644e71b1
[INFO] [stdout]                                at /rustc/90b35a6239c3d8bdabc530a6a0816f7ff89a0aaf/library/std/src/panicking.rs:520:19
[INFO] [stdout]   77:     0x55b190ed5e83 - std::panic::catch_unwind::h60fbdc4e2faab9cc
[INFO] [stdout]                                at /rustc/90b35a6239c3d8bdabc530a6a0816f7ff89a0aaf/library/std/src/panic.rs:358:14
[INFO] [stdout]   78:     0x55b190ed5e83 - std::thread::Builder::spawn_unchecked_::{{closure}}::h7d0a173879159218
[INFO] [stdout]                                at /rustc/90b35a6239c3d8bdabc530a6a0816f7ff89a0aaf/library/std/src/thread/mod.rs:537:30
[INFO] [stdout]   79:     0x55b190f257bf - core::ops::function::FnOnce::call_once{{vtable.shim}}::hb10bd99e9b2319ae
[INFO] [stdout]                                at /rustc/90b35a6239c3d8bdabc530a6a0816f7ff89a0aaf/library/core/src/ops/function.rs:250:5
[INFO] [stdout]   80:     0x55b190fca37b - <alloc::boxed::Box<F,A> as core::ops::function::FnOnce<Args>>::call_once::hf75717d9f28faebf
[INFO] [stdout]                                at /rustc/90b35a6239c3d8bdabc530a6a0816f7ff89a0aaf/library/alloc/src/boxed.rs:2454:9
[INFO] [stdout]   81:     0x55b190fca37b - <alloc::boxed::Box<F,A> as core::ops::function::FnOnce<Args>>::call_once::h7bd883a5f3c5f3c1
[INFO] [stdout]                                at /rustc/90b35a6239c3d8bdabc530a6a0816f7ff89a0aaf/library/alloc/src/boxed.rs:2454:9
[INFO] [stdout]   82:     0x55b190fca37b - std::sys::pal::unix::thread::Thread::new::thread_start::hcc78f3943333fa94
[INFO] [stdout]                                at /rustc/90b35a6239c3d8bdabc530a6a0816f7ff89a0aaf/library/std/src/sys/pal/unix/thread.rs:105:17
[INFO] [stdout]   83:     0x7bc3e2629ac3 - <unknown>
[INFO] [stdout]   84:     0x7bc3e26baa04 - clone
[INFO] [stdout]   85:                0x0 - <unknown>
[INFO] [stdout] thread 'tests::can_insert_entries_with_lawn_query' panicked at lawn/src/tests.rs:223:17:
[INFO] [stdout] called `Result::unwrap()` on an `Err` value: JoinError::Panic(Id(238), ...)
[INFO] [stdout] stack backtrace:
[INFO] [stdout]    0:     0x55b190fc2c8a - std::backtrace_rs::backtrace::libunwind::trace::h5a5b8284f2d0c266
[INFO] [stdout]                                at /rustc/90b35a6239c3d8bdabc530a6a0816f7ff89a0aaf/library/std/src/../../backtrace/src/backtrace/libunwind.rs:116:5
[INFO] [stdout]    1:     0x55b190fc2c8a - std::backtrace_rs::backtrace::trace_unsynchronized::h76d4f1c9b0b875e3
[INFO] [stdout]                                at /rustc/90b35a6239c3d8bdabc530a6a0816f7ff89a0aaf/library/std/src/../../backtrace/src/backtrace/mod.rs:66:5
[INFO] [stdout]    2:     0x55b190fc2c8a - std::sys::backtrace::_print_fmt::hc4546b8364a537c6
[INFO] [stdout]                                at /rustc/90b35a6239c3d8bdabc530a6a0816f7ff89a0aaf/library/std/src/sys/backtrace.rs:66:9
[INFO] [stdout]    3:     0x55b190fc2c8a - <std::sys::backtrace::BacktraceLock::print::DisplayBacktrace as core::fmt::Display>::fmt::h5b6bd5631a6d1f6b
[INFO] [stdout]                                at /rustc/90b35a6239c3d8bdabc530a6a0816f7ff89a0aaf/library/std/src/sys/backtrace.rs:39:26
[INFO] [stdout]    4:     0x55b190fec173 - core::fmt::rt::Argument::fmt::h270f6602a2b96f62
[INFO] [stdout]                                at /rustc/90b35a6239c3d8bdabc530a6a0816f7ff89a0aaf/library/core/src/fmt/rt.rs:177:76
[INFO] [stdout]    5:     0x55b190fec173 - core::fmt::write::h7550c97b06c86515
[INFO] [stdout]                                at /rustc/90b35a6239c3d8bdabc530a6a0816f7ff89a0aaf/library/core/src/fmt/mod.rs:1186:21
[INFO] [stdout]    6:     0x55b190fbf403 - std::io::Write::write_fmt::h509ff860e5956e5e
[INFO] [stdout]                                at /rustc/90b35a6239c3d8bdabc530a6a0816f7ff89a0aaf/library/std/src/io/mod.rs:1839:15
[INFO] [stdout]    7:     0x55b190fc2ad2 - std::sys::backtrace::BacktraceLock::print::h2395ccd2c84ba3aa
[INFO] [stdout]                                at /rustc/90b35a6239c3d8bdabc530a6a0816f7ff89a0aaf/library/std/src/sys/backtrace.rs:42:9
[INFO] [stdout]    8:     0x55b190fc416a - std::panicking::default_hook::{{closure}}::he19d4c7230e07961
[INFO] [stdout]                                at /rustc/90b35a6239c3d8bdabc530a6a0816f7ff89a0aaf/library/std/src/panicking.rs:268:22
[INFO] [stdout]    9:     0x55b190fc3f74 - std::panicking::default_hook::hf614597d3c67bbdb
[INFO] [stdout]                                at /rustc/90b35a6239c3d8bdabc530a6a0816f7ff89a0aaf/library/std/src/panicking.rs:292:9
[INFO] [stdout]   10:     0x55b190ccd969 - <alloc::boxed::Box<F,A> as core::ops::function::Fn<Args>>::call::h39b51ce4599c23d1
[INFO] [stdout]                                at /rustc/90b35a6239c3d8bdabc530a6a0816f7ff89a0aaf/library/alloc/src/boxed.rs:2468:9
[INFO] [stdout]   11:     0x55b190ccd969 - test::test_main::{{closure}}::he977ae839a582784
[INFO] [stdout]                                at /rustc/90b35a6239c3d8bdabc530a6a0816f7ff89a0aaf/library/test/src/lib.rs:133:21
[INFO] [stdout]   12:     0x55b190fc4808 - <alloc::boxed::Box<F,A> as core::ops::function::Fn<Args>>::call::h9455091b6b06f9fb
[INFO] [stdout]                                at /rustc/90b35a6239c3d8bdabc530a6a0816f7ff89a0aaf/library/alloc/src/boxed.rs:2468:9
[INFO] [stdout]   13:     0x55b190fc4808 - std::panicking::rust_panic_with_hook::h8942133a8b252070
[INFO] [stdout]                                at /rustc/90b35a6239c3d8bdabc530a6a0816f7ff89a0aaf/library/std/src/panicking.rs:809:13
[INFO] [stdout]   14:     0x55b190fc45ca - std::panicking::begin_panic_handler::{{closure}}::hb5f5963570096b29
[INFO] [stdout]                                at /rustc/90b35a6239c3d8bdabc530a6a0816f7ff89a0aaf/library/std/src/panicking.rs:674:13
[INFO] [stdout]   15:     0x55b190fc3169 - std::sys::backtrace::__rust_end_short_backtrace::h6208cedc1922feda
[INFO] [stdout]                                at /rustc/90b35a6239c3d8bdabc530a6a0816f7ff89a0aaf/library/std/src/sys/backtrace.rs:170:18
[INFO] [stdout]   16:     0x55b190fc425c - rust_begin_unwind
[INFO] [stdout]                                at /rustc/90b35a6239c3d8bdabc530a6a0816f7ff89a0aaf/library/std/src/panicking.rs:665:5
[INFO] [stdout]   17:     0x55b18ff9f2e0 - core::panicking::panic_fmt::h0c3082644d1bf418
[INFO] [stdout]                                at /rustc/90b35a6239c3d8bdabc530a6a0816f7ff89a0aaf/library/core/src/panicking.rs:74:14
[INFO] [stdout]   18:     0x55b18ff9f7c6 - core::result::unwrap_failed::hd20b4aa073bda1e2
[INFO] [stdout]                                at /rustc/90b35a6239c3d8bdabc530a6a0816f7ff89a0aaf/library/core/src/result.rs:1700:5
[INFO] [stdout]   19:     0x55b1906c47e0 - core::result::Result<T,E>::unwrap::h1e070d0745bacc8d
[INFO] [stdout]                                at /rustc/90b35a6239c3d8bdabc530a6a0816f7ff89a0aaf/library/core/src/result.rs:1104:23
[INFO] [stdout]   20:     0x55b1906c47e0 - lawn::tests::with_server::{{closure}}::h89726f52adb277a0
[INFO] [stdout]                                at /opt/rustwide/workdir/lawn/src/tests.rs:223:9
[INFO] [stdout]   21:     0x55b190c4c3df - tokio::runtime::park::CachedParkThread::block_on::{{closure}}::h10206b15ad543c69
[INFO] [stdout]                                at /opt/rustwide/cargo-home/registry/src/index.crates.io-6f17d22bba15001f/tokio-1.38.0/src/runtime/park.rs:281:63
[INFO] [stdout]   22:     0x55b190c49f86 - tokio::runtime::coop::with_budget::h8cf4d258ef451e18
[INFO] [stdout]                                at /opt/rustwide/cargo-home/registry/src/index.crates.io-6f17d22bba15001f/tokio-1.38.0/src/runtime/coop.rs:107:5
[INFO] [stdout]   23:     0x55b190c49f86 - tokio::runtime::coop::budget::hd20a636dd5ad5719
[INFO] [stdout]                                at /opt/rustwide/cargo-home/registry/src/index.crates.io-6f17d22bba15001f/tokio-1.38.0/src/runtime/coop.rs:73:5
[INFO] [stdout]   24:     0x55b190c49f86 - tokio::runtime::park::CachedParkThread::block_on::hae6cb19b02a3b3af
[INFO] [stdout]                                at /opt/rustwide/cargo-home/registry/src/index.crates.io-6f17d22bba15001f/tokio-1.38.0/src/runtime/park.rs:281:31
[INFO] [stdout]   25:     0x55b1909ecf73 - tokio::runtime::context::blocking::BlockingRegionGuard::block_on::h97bc77d68ffebbbe
[INFO] [stdout]                                at /opt/rustwide/cargo-home/registry/src/index.crates.io-6f17d22bba15001f/tokio-1.38.0/src/runtime/context/blocking.rs:66:9
[INFO] [stdout]   26:     0x55b1907f1338 - tokio::runtime::scheduler::multi_thread::MultiThread::block_on::{{closure}}::ha903cf9e60a1d867
[INFO] [stdout]                                at /opt/rustwide/cargo-home/registry/src/index.crates.io-6f17d22bba15001f/tokio-1.38.0/src/runtime/scheduler/multi_thread/mod.rs:87:13
[INFO] [stdout]   27:     0x55b19096475b - tokio::runtime::context::runtime::enter_runtime::h5bc97c9a750403a5
[INFO] [stdout]                                at /opt/rustwide/cargo-home/registry/src/index.crates.io-6f17d22bba15001f/tokio-1.38.0/src/runtime/context/runtime.rs:65:16
[INFO] [stdout]   28:     0x55b1907f0e53 - tokio::runtime::scheduler::multi_thread::MultiThread::block_on::ha5facee4066ba12b
[INFO] [stdout]                                at /opt/rustwide/cargo-home/registry/src/index.crates.io-6f17d22bba15001f/tokio-1.38.0/src/runtime/scheduler/multi_thread/mod.rs:86:9
[INFO] [stdout]   29:     0x55b190668bca - tokio::runtime::runtime::Runtime::block_on::h5d177bec5efa80a1
[INFO] [stdout]                                at /opt/rustwide/cargo-home/registry/src/index.crates.io-6f17d22bba15001f/tokio-1.38.0/src/runtime/runtime.rs:349:45
[INFO] [stdout]   30:     0x55b1906bfc76 - lawn::tests::with_server::hb8e98f966ba6a7c7
[INFO] [stdout]                                at /opt/rustwide/workdir/lawn/src/tests.rs:216:5
[INFO] [stdout]   31:     0x55b1906f69f4 - lawn::tests::can_insert_entries_with_lawn_query::hef20232955f0e515
[INFO] [stdout]                                at /opt/rustwide/workdir/lawn/src/tests.rs:970:9
[INFO] [stdout]   32:     0x55b1906f6437 - lawn::tests::can_insert_entries_with_lawn_query::{{closure}}::h082f69f625c24bb1
[INFO] [stdout]                                at /opt/rustwide/workdir/lawn/src/tests.rs:923:40
[INFO] [stdout]   33:     0x55b190588546 - core::ops::function::FnOnce::call_once::h90df2602d7421a5e
[INFO] [stdout]                                at /rustc/90b35a6239c3d8bdabc530a6a0816f7ff89a0aaf/library/core/src/ops/function.rs:250:5
[INFO] [stdout]   34:     0x55b190cd232b - core::ops::function::FnOnce::call_once::h109cf8051a59b34e
[INFO] [stdout]                                at /rustc/90b35a6239c3d8bdabc530a6a0816f7ff89a0aaf/library/core/src/ops/function.rs:250:5
[INFO] [stdout]   35:     0x55b190cd232b - test::__rust_begin_short_backtrace::hf4fff89d377446ba
[INFO] [stdout]                                at /rustc/90b35a6239c3d8bdabc530a6a0816f7ff89a0aaf/library/test/src/lib.rs:621:18
[INFO] [stdout]   36:     0x55b190cd1b67 - test::run_test_in_process::{{closure}}::h0e39181dd7ee5a43
[INFO] [stdout]                                at /rustc/90b35a6239c3d8bdabc530a6a0816f7ff89a0aaf/library/test/src/lib.rs:644:60
[INFO] [stdout]   37:     0x55b190cd1b67 - <core::panic::unwind_safe::AssertUnwindSafe<F> as core::ops::function::FnOnce<()>>::call_once::hc5a66a30f0bdfd1f
[INFO] [stdout]                                at /rustc/90b35a6239c3d8bdabc530a6a0816f7ff89a0aaf/library/core/src/panic/unwind_safe.rs:272:9
[INFO] [stdout]   38:     0x55b190cd1b67 - std::panicking::try::do_call::h873b7cf639554a5e
[INFO] [stdout]                                at /rustc/90b35a6239c3d8bdabc530a6a0816f7ff89a0aaf/library/std/src/panicking.rs:557:40
[INFO] [stdout]   39:     0x55b190cd1b67 - std::panicking::try::hdb19862fad9c8bd1
[INFO] [stdout]                                at /rustc/90b35a6239c3d8bdabc530a6a0816f7ff89a0aaf/library/std/src/panicking.rs:520:19
[INFO] [stdout]   40:     0x55b190cd1b67 - std::panic::catch_unwind::h281fe732d236d260
[INFO] [stdout]                                at /rustc/90b35a6239c3d8bdabc530a6a0816f7ff89a0aaf/library/std/src/panic.rs:358:14
[INFO] [stdout]   41:     0x55b190cd1b67 - test::run_test_in_process::h949b6df8457ed338
[INFO] [stdout]                                at /rustc/90b35a6239c3d8bdabc530a6a0816f7ff89a0aaf/library/test/src/lib.rs:644:27
[INFO] [stdout]   42:     0x55b190cd1b67 - test::run_test::{{closure}}::h52c556a6d4740e10
[INFO] [stdout]                                at /rustc/90b35a6239c3d8bdabc530a6a0816f7ff89a0aaf/library/test/src/lib.rs:565:43
[INFO] [stdout]   43:     0x55b190c96e44 - test::run_test::{{closure}}::h4237f6381c45ccb9
[INFO] [stdout]                                at /rustc/90b35a6239c3d8bdabc530a6a0816f7ff89a0aaf/library/test/src/lib.rs:595:41
[INFO] [stdout]   44:     0x55b190c96e44 - std::sys::backtrace::__rust_begin_short_backtrace::h505c97a579eca628
[INFO] [stdout]                                at /rustc/90b35a6239c3d8bdabc530a6a0816f7ff89a0aaf/library/std/src/sys/backtrace.rs:154:18
[INFO] [stdout]   45:     0x55b190c9a50e - std::thread::Builder::spawn_unchecked_::{{closure}}::{{closure}}::h9e86b2e2bc107ea3
[INFO] [stdout]                                at /rustc/90b35a6239c3d8bdabc530a6a0816f7ff89a0aaf/library/std/src/thread/mod.rs:538:17
[INFO] [stdout]   46:     0x55b190c9a50e - <core::panic::unwind_safe::AssertUnwindSafe<F> as core::ops::function::FnOnce<()>>::call_once::h8b06ddb275ff4a25
[INFO] [stdout]                                at /rustc/90b35a6239c3d8bdabc530a6a0816f7ff89a0aaf/library/core/src/panic/unwind_safe.rs:272:9
[INFO] [stdout]   47:     0x55b190c9a50e - std::panicking::try::do_call::hb26ecd7cd9a9355d
[INFO] [stdout]                                at /rustc/90b35a6239c3d8bdabc530a6a0816f7ff89a0aaf/library/std/src/panicking.rs:557:40
[INFO] [stdout]   48:     0x55b190c9a50e - std::panicking::try::h8ddeca9d705f9069
[INFO] [stdout]                                at /rustc/90b35a6239c3d8bdabc530a6a0816f7ff89a0aaf/library/std/src/panicking.rs:520:19
[INFO] [stdout]   49:     0x55b190c9a50e - std::panic::catch_unwind::h49e1c33078844c46
[INFO] [stdout]                                at /rustc/90b35a6239c3d8bdabc530a6a0816f7ff89a0aaf/library/std/src/panic.rs:358:14
[INFO] [stdout]   50:     0x55b190c9a50e - std::thread::Builder::spawn_unchecked_::{{closure}}::h6073db6ff56ad35d
[INFO] [stdout]                                at /rustc/90b35a6239c3d8bdabc530a6a0816f7ff89a0aaf/library/std/src/thread/mod.rs:537:30
[INFO] [stdout]   51:     0x55b190c9a50e - core::ops::function::FnOnce::call_once{{vtable.shim}}::h2c5a5f3779c774f1
[INFO] [stdout]                                at /rustc/90b35a6239c3d8bdabc530a6a0816f7ff89a0aaf/library/core/src/ops/function.rs:250:5
[INFO] [stdout]   52:     0x55b190fca37b - <alloc::boxed::Box<F,A> as core::ops::function::FnOnce<Args>>::call_once::hf75717d9f28faebf
[INFO] [stdout]                                at /rustc/90b35a6239c3d8bdabc530a6a0816f7ff89a0aaf/library/alloc/src/boxed.rs:2454:9
[INFO] [stdout]   53:     0x55b190fca37b - <alloc::boxed::Box<F,A> as core::ops::function::FnOnce<Args>>::call_once::h7bd883a5f3c5f3c1
[INFO] [stdout]                                at /rustc/90b35a6239c3d8bdabc530a6a0816f7ff89a0aaf/library/alloc/src/boxed.rs:2454:9
[INFO] [stdout]   54:     0x55b190fca37b - std::sys::pal::unix::thread::Thread::new::thread_start::hcc78f3943333fa94
[INFO] [stdout]                                at /rustc/90b35a6239c3d8bdabc530a6a0816f7ff89a0aaf/library/std/src/sys/pal/unix/thread.rs:105:17
[INFO] [stdout]   55:     0x7bc3e2629ac3 - <unknown>
[INFO] [stdout]   56:     0x7bc3e26baa04 - clone
[INFO] [stdout]   57:                0x0 - <unknown>
[INFO] [stdout] 
[INFO] [stdout] 
[INFO] [stdout] failures:
[INFO] [stdout]     tests::can_insert_entries_with_lawn_query
[INFO] [stdout] 
[INFO] [stdout] test result: FAILED. 35 passed; 1 failed; 0 ignored; 0 measured; 0 filtered out; finished in 2.35s
[INFO] [stdout] 
[INFO] [stderr] error: test failed, to rerun pass `-p lawn --bin lawn`
[INFO] running `Command { std: "docker" "inspect" "63acd5de21fc07bfa33908b41cac16f0f16a123344321bd421fb00758a5e19ae", kill_on_drop: false }`
[INFO] running `Command { std: "docker" "rm" "-f" "63acd5de21fc07bfa33908b41cac16f0f16a123344321bd421fb00758a5e19ae", kill_on_drop: false }`
[INFO] [stdout] 63acd5de21fc07bfa33908b41cac16f0f16a123344321bd421fb00758a5e19ae
