[INFO] cloning repository https://github.com/bjpirt/plant-track
[INFO] running `Command { std: "git" "-c" "credential.helper=" "-c" "credential.helper=/workspace/cargo-home/bin/git-credential-null" "clone" "--bare" "https://github.com/bjpirt/plant-track" "/workspace/cache/git-repos/https%3A%2F%2Fgithub.com%2Fbjpirt%2Fplant-track", kill_on_drop: false }`
[INFO] [stderr] Cloning into bare repository '/workspace/cache/git-repos/https%3A%2F%2Fgithub.com%2Fbjpirt%2Fplant-track'...
[INFO] running `Command { std: "git" "rev-parse" "HEAD", kill_on_drop: false }`
[INFO] [stdout] 6af97d7a719ee8549fd56af9e9708495877fa75e
[INFO] testing bjpirt/plant-track against 1.83.0 for beta-1.84.0-4-retry
[INFO] running `Command { std: "git" "clone" "/workspace/cache/git-repos/https%3A%2F%2Fgithub.com%2Fbjpirt%2Fplant-track" "/workspace/builds/worker-2-tc1/source", kill_on_drop: false }`
[INFO] [stderr] Cloning into '/workspace/builds/worker-2-tc1/source'...
[INFO] [stderr] done.
[INFO] validating manifest of git repo https://github.com/bjpirt/plant-track on toolchain 1.83.0
[INFO] running `Command { std: CARGO_HOME="/workspace/cargo-home" RUSTUP_HOME="/workspace/rustup-home" "/workspace/cargo-home/bin/cargo" "+1.83.0" "metadata" "--manifest-path" "Cargo.toml" "--no-deps", kill_on_drop: false }`
[INFO] started tweaking git repo https://github.com/bjpirt/plant-track
[INFO] finished tweaking git repo https://github.com/bjpirt/plant-track
[INFO] tweaked toml for git repo https://github.com/bjpirt/plant-track written to /workspace/builds/worker-2-tc1/source/Cargo.toml
[INFO] crate git repo https://github.com/bjpirt/plant-track already has a lockfile, it will not be regenerated
[INFO] running `Command { std: CARGO_HOME="/workspace/cargo-home" RUSTUP_HOME="/workspace/rustup-home" "/workspace/cargo-home/bin/cargo" "+1.83.0" "fetch" "--manifest-path" "Cargo.toml", kill_on_drop: false }`
[INFO] [stderr]     Updating crates.io index
[INFO] [stderr]  Downloading crates ...
[INFO] [stderr]   Downloaded aws-types v1.2.1
[INFO] [stderr]   Downloaded figment v0.10.18
[INFO] [stderr]   Downloaded random-string v1.1.0
[INFO] [stderr]   Downloaded rocket-authorization v1.0.0
[INFO] [stderr]   Downloaded aws-smithy-http v0.60.8
[INFO] [stderr]   Downloaded aws-sigv4 v1.2.1
[INFO] [stderr]   Downloaded aws-smithy-runtime-api v1.6.0
[INFO] [stderr]   Downloaded aws-sdk-sso v1.24.0
[INFO] [stderr]   Downloaded aws-sdk-ssooidc v1.24.0
[INFO] [stderr]   Downloaded aws-config v1.4.0
[INFO] [stderr]   Downloaded aws-sdk-sts v1.24.0
[INFO] [stderr]   Downloaded aws-smithy-runtime v1.5.0
[INFO] [stderr]   Downloaded aws-smithy-types v1.1.9
[INFO] [stderr]   Downloaded aws-runtime v1.2.2
[INFO] [stderr]   Downloaded aws-sdk-dynamodb v1.27.0
[INFO] running `Command { std: "docker" "create" "-v" "/var/lib/crater-agent-workspace/builds/worker-2-tc1/target:/opt/rustwide/target:rw,Z" "-v" "/var/lib/crater-agent-workspace/builds/worker-2-tc1/source:/opt/rustwide/workdir:ro,Z" "-v" "/var/lib/crater-agent-workspace/cargo-home:/opt/rustwide/cargo-home:ro,Z" "-v" "/var/lib/crater-agent-workspace/rustup-home:/opt/rustwide/rustup-home:ro,Z" "-e" "SOURCE_DIR=/opt/rustwide/workdir" "-e" "CARGO_TARGET_DIR=/opt/rustwide/target" "-e" "CARGO_HOME=/opt/rustwide/cargo-home" "-e" "RUSTUP_HOME=/opt/rustwide/rustup-home" "-w" "/opt/rustwide/workdir" "-m" "1610612736" "--user" "0:0" "--network" "none" "ghcr.io/rust-lang/crates-build-env/linux@sha256:f3a9d4ad9d972b27faf3965f35b62e55ba32bbce8f20bc8fe909558a86702fde" "/opt/rustwide/cargo-home/bin/cargo" "+1.83.0" "metadata" "--no-deps" "--format-version=1", kill_on_drop: false }`
[INFO] [stdout] 7f786f147cdc352e7d5147c594f8541f8970cd178666771baf624380ed14e919
[INFO] running `Command { std: "docker" "start" "-a" "7f786f147cdc352e7d5147c594f8541f8970cd178666771baf624380ed14e919", kill_on_drop: false }`
[INFO] running `Command { std: "docker" "inspect" "7f786f147cdc352e7d5147c594f8541f8970cd178666771baf624380ed14e919", kill_on_drop: false }`
[INFO] running `Command { std: "docker" "rm" "-f" "7f786f147cdc352e7d5147c594f8541f8970cd178666771baf624380ed14e919", kill_on_drop: false }`
[INFO] [stdout] 7f786f147cdc352e7d5147c594f8541f8970cd178666771baf624380ed14e919
[INFO] running `Command { std: "docker" "create" "-v" "/var/lib/crater-agent-workspace/builds/worker-2-tc1/target:/opt/rustwide/target:rw,Z" "-v" "/var/lib/crater-agent-workspace/builds/worker-2-tc1/source:/opt/rustwide/workdir:ro,Z" "-v" "/var/lib/crater-agent-workspace/cargo-home:/opt/rustwide/cargo-home:ro,Z" "-v" "/var/lib/crater-agent-workspace/rustup-home:/opt/rustwide/rustup-home:ro,Z" "-e" "SOURCE_DIR=/opt/rustwide/workdir" "-e" "CARGO_TARGET_DIR=/opt/rustwide/target" "-e" "CARGO_INCREMENTAL=0" "-e" "RUST_BACKTRACE=full" "-e" "RUSTFLAGS=--cap-lints=warn" "-e" "RUSTDOCFLAGS=--cap-lints=warn" "-e" "CARGO_HOME=/opt/rustwide/cargo-home" "-e" "RUSTUP_HOME=/opt/rustwide/rustup-home" "-w" "/opt/rustwide/workdir" "-m" "1610612736" "--user" "0:0" "--network" "none" "ghcr.io/rust-lang/crates-build-env/linux@sha256:f3a9d4ad9d972b27faf3965f35b62e55ba32bbce8f20bc8fe909558a86702fde" "/opt/rustwide/cargo-home/bin/cargo" "+1.83.0" "build" "--frozen" "--message-format=json", kill_on_drop: false }`
[INFO] [stdout] c7d1e091928d948322778d0f5f5be183dfdaf127c95809d80419cb1335a3471e
[INFO] running `Command { std: "docker" "start" "-a" "c7d1e091928d948322778d0f5f5be183dfdaf127c95809d80419cb1335a3471e", kill_on_drop: false }`
[INFO] [stderr]    Compiling proc-macro2 v1.0.82
[INFO] [stderr]    Compiling unicode-ident v1.0.12
[INFO] [stderr]    Compiling libc v0.2.154
[INFO] [stderr]    Compiling version_check v0.9.4
[INFO] [stderr]    Compiling autocfg v1.3.0
[INFO] [stderr]    Compiling pin-project-lite v0.2.14
[INFO] [stderr]    Compiling bytes v1.6.0
[INFO] [stderr]    Compiling itoa v1.0.11
[INFO] [stderr]    Compiling pin-utils v0.1.0
[INFO] [stderr]    Compiling fnv v1.0.7
[INFO] [stderr]    Compiling futures-core v0.3.30
[INFO] [stderr]    Compiling cfg-if v1.0.0
[INFO] [stderr]    Compiling futures-sink v0.3.30
[INFO] [stderr]    Compiling serde v1.0.201
[INFO] [stderr]    Compiling time-core v0.1.2
[INFO] [stderr]    Compiling memchr v2.7.2
[INFO] [stderr]    Compiling num-conv v0.1.0
[INFO] [stderr]    Compiling powerfmt v0.2.0
[INFO] [stderr]    Compiling once_cell v1.19.0
[INFO] [stderr]    Compiling futures-io v0.3.30
[INFO] [stderr]    Compiling futures-task v0.3.30
[INFO] [stderr]    Compiling either v1.11.0
[INFO] [stderr]    Compiling deranged v0.3.11
[INFO] [stderr]    Compiling futures-channel v0.3.30
[INFO] [stderr]    Compiling hashbrown v0.14.5
[INFO] [stderr]    Compiling ryu v1.0.18
[INFO] [stderr]    Compiling equivalent v1.0.1
[INFO] [stderr]    Compiling time-macros v0.2.18
[INFO] [stderr]    Compiling tracing-core v0.1.32
[INFO] [stderr]    Compiling httparse v1.8.0
[INFO] [stderr]    Compiling percent-encoding v2.3.1
[INFO] [stderr]    Compiling vsimd v0.8.0
[INFO] [stderr]    Compiling spin v0.9.8
[INFO] [stderr]    Compiling http v0.2.12
[INFO] [stderr]    Compiling http v1.1.0
[INFO] [stderr]    Compiling cc v1.0.97
[INFO] [stderr]    Compiling outref v0.5.1
[INFO] [stderr]    Compiling slab v0.4.9
[INFO] [stderr]    Compiling num-traits v0.2.19
[INFO] [stderr]    Compiling bytes-utils v0.1.4
[INFO] [stderr]    Compiling try-lock v0.2.5
[INFO] [stderr]    Compiling typenum v1.17.0
[INFO] [stderr]    Compiling want v0.3.1
[INFO] [stderr]    Compiling proc-macro2-diagnostics v0.10.1
[INFO] [stderr]    Compiling generic-array v0.14.7
[INFO] [stderr]    Compiling futures-util v0.3.30
[INFO] [stderr]    Compiling httpdate v1.0.3
[INFO] [stderr]    Compiling base64-simd v0.8.0
[INFO] [stderr]    Compiling tower-service v0.3.2
[INFO] [stderr]    Compiling yansi v1.0.1
[INFO] [stderr]    Compiling http-body v1.0.0
[INFO] [stderr]    Compiling untrusted v0.9.0
[INFO] [stderr]    Compiling quote v1.0.36
[INFO] [stderr]    Compiling http-body-util v0.1.1
[INFO] [stderr]    Compiling syn v2.0.61
[INFO] [stderr]    Compiling socket2 v0.5.7
[INFO] [stderr]    Compiling mio v0.8.11
[INFO] [stderr]    Compiling signal-hook-registry v1.4.2
[INFO] [stderr]    Compiling num_cpus v1.16.0
[INFO] [stderr]    Compiling getrandom v0.2.15
[INFO] [stderr]    Compiling http-body v0.4.6
[INFO] [stderr]    Compiling log v0.4.21
[INFO] [stderr]    Compiling zeroize v1.7.0
[INFO] [stderr]    Compiling semver v1.0.23
[INFO] [stderr]    Compiling base64 v0.21.7
[INFO] [stderr]    Compiling rustls v0.21.12
[INFO] [stderr]    Compiling fastrand v2.1.0
[INFO] [stderr]    Compiling subtle v2.5.0
[INFO] [stderr]    Compiling form_urlencoded v1.2.1
[INFO] [stderr]    Compiling inlinable_string v0.1.15
[INFO] [stderr]    Compiling openssl-probe v0.1.5
[INFO] [stderr]    Compiling num-integer v0.1.46
[INFO] [stderr]    Compiling cpufeatures v0.2.12
[INFO] [stderr]    Compiling cookie v0.18.1
[INFO] [stderr]    Compiling rustls-pemfile v1.0.4
[INFO] [stderr]    Compiling smallvec v1.13.2
[INFO] [stderr]    Compiling hex v0.4.3
[INFO] [stderr]    Compiling ref-cast v1.0.23
[INFO] [stderr]    Compiling time v0.3.36
[INFO] [stderr]    Compiling rustc_version v0.4.0
[INFO] [stderr]    Compiling rustls-native-certs v0.6.3
[INFO] [stderr]    Compiling ring v0.17.8
[INFO] [stderr]    Compiling is-terminal v0.4.12
[INFO] [stderr]    Compiling uncased v0.9.10
[INFO] [stderr]    Compiling uuid v1.8.0
[INFO] [stderr]    Compiling bitflags v2.5.0
[INFO] [stderr]    Compiling tokio v1.37.0
[INFO] [stderr]    Compiling stable-pattern v0.1.0
[INFO] [stderr]    Compiling tracing v0.1.40
[INFO] [stderr]    Compiling lock_api v0.4.12
[INFO] [stderr]    Compiling thiserror v1.0.60
[INFO] [stderr]    Compiling state v0.6.0
[INFO] [stderr]    Compiling parking_lot_core v0.9.10
[INFO] [stderr]    Compiling aws-types v1.2.1
[INFO] [stderr]    Compiling tinyvec_macros v0.1.1
[INFO] [stderr]    Compiling rustix v0.38.34
[INFO] [stderr]    Compiling regex-lite v0.1.5
[INFO] [stderr]    Compiling winnow v0.6.8
[INFO] [stderr]    Compiling serde_json v1.0.117
[INFO] [stderr]    Compiling tinyvec v1.6.0
[INFO] [stderr]    Compiling rand_core v0.6.4
[INFO] [stderr]    Compiling indexmap v2.2.6
[INFO] [stderr]    Compiling crypto-common v0.1.6
[INFO] [stderr]    Compiling block-buffer v0.10.4
[INFO] [stderr]    Compiling figment v0.10.18
[INFO] [stderr]    Compiling multer v2.1.0
[INFO] [stderr]    Compiling digest v0.10.7
[INFO] [stderr]    Compiling ppv-lite86 v0.2.17
[INFO] [stderr]    Compiling linux-raw-sys v0.4.13
[INFO] [stderr]    Compiling scopeguard v1.2.0
[INFO] [stderr]    Compiling sha2 v0.10.8
[INFO] [stderr]    Compiling hmac v0.12.1
[INFO] [stderr]    Compiling rand_chacha v0.3.1
[INFO] [stderr]    Compiling rocket v0.5.0
[INFO] [stderr]    Compiling encoding_rs v0.8.34
[INFO] [stderr]    Compiling glob v0.3.1
[INFO] [stderr]    Compiling urlencoding v2.1.3
[INFO] [stderr]    Compiling unicode-normalization v0.1.23
[INFO] [stderr]    Compiling xmlparser v0.13.6
[INFO] [stderr]    Compiling unicode-xid v0.2.4
[INFO] [stderr]    Compiling futures v0.3.30
[INFO] [stderr]    Compiling mime v0.3.17
[INFO] [stderr]    Compiling unicode-bidi v0.3.15
[INFO] [stderr]    Compiling parking_lot v0.12.2
[INFO] [stderr]    Compiling rand v0.8.5
[INFO] [stderr]    Compiling aws-smithy-xml v0.60.8
[INFO] [stderr]    Compiling idna v0.5.0
[INFO] [stderr]    Compiling num-bigint v0.4.5
[INFO] [stderr]    Compiling binascii v0.1.4
[INFO] [stderr]    Compiling hyper v0.14.28
[INFO] [stderr]    Compiling atomic v0.5.3
[INFO] [stderr]    Compiling base64 v0.22.1
[INFO] [stderr]    Compiling url v2.5.0
[INFO] [stderr]    Compiling pem v3.0.4
[INFO] [stderr]    Compiling iana-time-zone v0.1.60
[INFO] [stderr]    Compiling fastrand v1.9.0
[INFO] [stderr]    Compiling random-string v1.1.0
[INFO] [stderr]    Compiling tempfile v3.10.1
[INFO] [stderr]    Compiling devise_core v0.4.1
[INFO] [stderr]    Compiling tokio-macros v2.2.0
[INFO] [stderr]    Compiling serde_derive v1.0.201
[INFO] [stderr]    Compiling tracing-attributes v0.1.27
[INFO] [stderr]    Compiling pear_codegen v0.2.9
[INFO] [stderr]    Compiling ref-cast-impl v1.0.23
[INFO] [stderr]    Compiling devise_codegen v0.4.1
[INFO] [stderr]    Compiling thiserror-impl v1.0.60
[INFO] [stderr]    Compiling async-stream-impl v0.3.5
[INFO] [stderr]    Compiling async-trait v0.1.80
[INFO] [stderr]    Compiling rustls-webpki v0.101.7
[INFO] [stderr]    Compiling sct v0.7.1
[INFO] [stderr]    Compiling async-stream v0.3.5
[INFO] [stderr]    Compiling simple_asn1 v0.6.2
[INFO] [stderr]    Compiling devise v0.4.1
[INFO] [stderr]    Compiling pear v0.2.9
[INFO] [stderr]    Compiling rocket_http v0.5.0
[INFO] [stderr]    Compiling rocket_codegen v0.5.0
[INFO] [stderr]    Compiling serde_spanned v0.6.5
[INFO] [stderr]    Compiling toml_datetime v0.6.5
[INFO] [stderr]    Compiling ubyte v0.10.4
[INFO] [stderr]    Compiling chrono v0.4.38
[INFO] [stderr]    Compiling toml_edit v0.22.12
[INFO] [stderr]    Compiling jsonwebtoken v9.3.0
[INFO] [stderr]    Compiling tokio-util v0.7.11
[INFO] [stderr]    Compiling aws-smithy-async v1.2.1
[INFO] [stderr]    Compiling tokio-rustls v0.24.1
[INFO] [stderr]    Compiling tokio-stream v0.1.15
[INFO] [stderr]    Compiling aws-smithy-types v1.1.9
[INFO] [stderr]    Compiling h2 v0.3.26
[INFO] [stderr]    Compiling aws-smithy-runtime-api v1.6.0
[INFO] [stderr]    Compiling aws-smithy-json v0.60.7
[INFO] [stderr]    Compiling aws-smithy-query v0.60.7
[INFO] [stderr]    Compiling toml v0.8.12
[INFO] [stderr]    Compiling aws-smithy-http v0.60.8
[INFO] [stderr]    Compiling aws-credential-types v1.2.0
[INFO] [stderr]    Compiling aws-sigv4 v1.2.1
[INFO] [stderr]    Compiling aws-runtime v1.2.2
[INFO] [stderr]    Compiling hyper-rustls v0.24.2
[INFO] [stderr]    Compiling aws-smithy-runtime v1.5.0
[INFO] [stderr]    Compiling aws-sdk-ssooidc v1.24.0
[INFO] [stderr]    Compiling aws-sdk-sso v1.24.0
[INFO] [stderr]    Compiling aws-sdk-sts v1.24.0
[INFO] [stderr]    Compiling aws-sdk-dynamodb v1.27.0
[INFO] [stderr]    Compiling aws-config v1.4.0
[INFO] [stderr]    Compiling rocket-authorization v1.0.0
[INFO] [stderr]    Compiling plant-track v0.1.0 (/opt/rustwide/workdir)
[INFO] [stdout] warning: found module declaration for lib.rs
[INFO] [stdout]  --> src/api/server.rs:6:1
[INFO] [stdout]   |
[INFO] [stdout] 6 | mod lib;
[INFO] [stdout]   | ^^^^^^^^
[INFO] [stdout]   |
[INFO] [stdout]   = note: lib.rs is the root of this crate's library target
[INFO] [stdout]   = help: to refer to it from other targets, use the library's name as the path
[INFO] [stdout]   = note: `#[warn(special_module_name)]` on by default
[INFO] [stdout] 
[INFO] [stdout] 
[INFO] [stderr]     Finished `dev` profile [unoptimized + debuginfo] target(s) in 1m 44s
[INFO] running `Command { std: "docker" "inspect" "c7d1e091928d948322778d0f5f5be183dfdaf127c95809d80419cb1335a3471e", kill_on_drop: false }`
[INFO] running `Command { std: "docker" "rm" "-f" "c7d1e091928d948322778d0f5f5be183dfdaf127c95809d80419cb1335a3471e", kill_on_drop: false }`
[INFO] [stdout] c7d1e091928d948322778d0f5f5be183dfdaf127c95809d80419cb1335a3471e
[INFO] running `Command { std: "docker" "create" "-v" "/var/lib/crater-agent-workspace/builds/worker-2-tc1/target:/opt/rustwide/target:rw,Z" "-v" "/var/lib/crater-agent-workspace/builds/worker-2-tc1/source:/opt/rustwide/workdir:ro,Z" "-v" "/var/lib/crater-agent-workspace/cargo-home:/opt/rustwide/cargo-home:ro,Z" "-v" "/var/lib/crater-agent-workspace/rustup-home:/opt/rustwide/rustup-home:ro,Z" "-e" "SOURCE_DIR=/opt/rustwide/workdir" "-e" "CARGO_TARGET_DIR=/opt/rustwide/target" "-e" "CARGO_INCREMENTAL=0" "-e" "RUST_BACKTRACE=full" "-e" "RUSTFLAGS=--cap-lints=warn" "-e" "RUSTDOCFLAGS=--cap-lints=warn" "-e" "CARGO_HOME=/opt/rustwide/cargo-home" "-e" "RUSTUP_HOME=/opt/rustwide/rustup-home" "-w" "/opt/rustwide/workdir" "-m" "1610612736" "--user" "0:0" "--network" "none" "ghcr.io/rust-lang/crates-build-env/linux@sha256:f3a9d4ad9d972b27faf3965f35b62e55ba32bbce8f20bc8fe909558a86702fde" "/opt/rustwide/cargo-home/bin/cargo" "+1.83.0" "test" "--frozen" "--no-run" "--message-format=json", kill_on_drop: false }`
[INFO] [stdout] 43ff2318524e84dc97794a36dad3177f1da0d684977a21d68db1995ac6669fe2
[INFO] running `Command { std: "docker" "start" "-a" "43ff2318524e84dc97794a36dad3177f1da0d684977a21d68db1995ac6669fe2", kill_on_drop: false }`
[INFO] [stderr]    Compiling plant-track v0.1.0 (/opt/rustwide/workdir)
[INFO] [stdout] warning: found module declaration for lib.rs
[INFO] [stdout]  --> src/api/server.rs:6:1
[INFO] [stdout]   |
[INFO] [stdout] 6 | mod lib;
[INFO] [stdout]   | ^^^^^^^^
[INFO] [stdout]   |
[INFO] [stdout]   = note: lib.rs is the root of this crate's library target
[INFO] [stdout]   = help: to refer to it from other targets, use the library's name as the path
[INFO] [stdout]   = note: `#[warn(special_module_name)]` on by default
[INFO] [stdout] 
[INFO] [stdout] 
[INFO] [stdout] warning: methods `get_user` and `get_plant` are never used
[INFO] [stdout]   --> src/api/db/base_gateway.rs:6:14
[INFO] [stdout]    |
[INFO] [stdout] 3  | pub trait BaseGateway {
[INFO] [stdout]    |           ----------- methods in this trait
[INFO] [stdout] ...
[INFO] [stdout] 6  |     async fn get_user(&self, user_id: &str) -> Result<User, String>;
[INFO] [stdout]    |              ^^^^^^^^
[INFO] [stdout] ...
[INFO] [stdout] 11 |     async fn get_plant(&self, plant_id: &str) -> Result<Plant, String>;
[INFO] [stdout]    |              ^^^^^^^^^
[INFO] [stdout]    |
[INFO] [stdout]    = note: `#[warn(dead_code)]` on by default
[INFO] [stdout] 
[INFO] [stdout] 
[INFO] [stderr]     Finished `test` profile [unoptimized + debuginfo] target(s) in 14.12s
[INFO] running `Command { std: "docker" "inspect" "43ff2318524e84dc97794a36dad3177f1da0d684977a21d68db1995ac6669fe2", kill_on_drop: false }`
[INFO] running `Command { std: "docker" "rm" "-f" "43ff2318524e84dc97794a36dad3177f1da0d684977a21d68db1995ac6669fe2", kill_on_drop: false }`
[INFO] [stdout] 43ff2318524e84dc97794a36dad3177f1da0d684977a21d68db1995ac6669fe2
[INFO] running `Command { std: "docker" "create" "-v" "/var/lib/crater-agent-workspace/builds/worker-2-tc1/target:/opt/rustwide/target:rw,Z" "-v" "/var/lib/crater-agent-workspace/builds/worker-2-tc1/source:/opt/rustwide/workdir:ro,Z" "-v" "/var/lib/crater-agent-workspace/cargo-home:/opt/rustwide/cargo-home:ro,Z" "-v" "/var/lib/crater-agent-workspace/rustup-home:/opt/rustwide/rustup-home:ro,Z" "-e" "SOURCE_DIR=/opt/rustwide/workdir" "-e" "CARGO_TARGET_DIR=/opt/rustwide/target" "-e" "CARGO_INCREMENTAL=0" "-e" "RUST_BACKTRACE=full" "-e" "RUSTFLAGS=--cap-lints=warn" "-e" "RUSTDOCFLAGS=--cap-lints=warn" "-e" "CARGO_HOME=/opt/rustwide/cargo-home" "-e" "RUSTUP_HOME=/opt/rustwide/rustup-home" "-w" "/opt/rustwide/workdir" "-m" "1610612736" "--user" "0:0" "--network" "none" "ghcr.io/rust-lang/crates-build-env/linux@sha256:f3a9d4ad9d972b27faf3965f35b62e55ba32bbce8f20bc8fe909558a86702fde" "/opt/rustwide/cargo-home/bin/cargo" "+1.83.0" "test" "--frozen", kill_on_drop: false }`
[INFO] [stdout] 742a1c11e9151164c220ec7f3ff6f8eb020d5a39948506686d8456847b694405
[INFO] running `Command { std: "docker" "start" "-a" "742a1c11e9151164c220ec7f3ff6f8eb020d5a39948506686d8456847b694405", kill_on_drop: false }`
[INFO] [stderr] warning: found module declaration for lib.rs
[INFO] [stderr]  --> src/api/server.rs:6:1
[INFO] [stderr]   |
[INFO] [stderr] 6 | mod lib;
[INFO] [stderr]   | ^^^^^^^^
[INFO] [stderr]   |
[INFO] [stderr]   = note: lib.rs is the root of this crate's library target
[INFO] [stderr]   = help: to refer to it from other targets, use the library's name as the path
[INFO] [stderr]   = note: `#[warn(special_module_name)]` on by default
[INFO] [stderr] 
[INFO] [stderr] warning: methods `get_user` and `get_plant` are never used
[INFO] [stderr]   --> src/api/db/base_gateway.rs:6:14
[INFO] [stderr]    |
[INFO] [stderr] 3  | pub trait BaseGateway {
[INFO] [stderr]    |           ----------- methods in this trait
[INFO] [stderr] ...
[INFO] [stderr] 6  |     async fn get_user(&self, user_id: &str) -> Result<User, String>;
[INFO] [stderr]    |              ^^^^^^^^
[INFO] [stderr] ...
[INFO] [stderr] 11 |     async fn get_plant(&self, plant_id: &str) -> Result<Plant, String>;
[INFO] [stderr]    |              ^^^^^^^^^
[INFO] [stderr]    |
[INFO] [stderr]    = note: `#[warn(dead_code)]` on by default
[INFO] [stderr] 
[INFO] [stderr] warning: `plant-track` (bin "server" test) generated 2 warnings
[INFO] [stderr]     Finished `test` profile [unoptimized + debuginfo] target(s) in 0.25s
[INFO] [stderr]      Running unittests src/api/lambda.rs (/opt/rustwide/target/debug/deps/lambda-487288947668ca68)
[INFO] [stdout] 
[INFO] [stderr]      Running unittests src/api/server.rs (/opt/rustwide/target/debug/deps/server-c3fbb73e4442143b)
[INFO] [stdout] running 0 tests
[INFO] [stdout] 
[INFO] [stdout] test result: ok. 0 passed; 0 failed; 0 ignored; 0 measured; 0 filtered out; finished in 0.00s
[INFO] [stdout] 
[INFO] [stdout] 
[INFO] [stdout] running 5 tests
[INFO] [stdout] test handlers::create_user::tests::it_creates_a_new_user ... FAILED
[INFO] [stdout] test handlers::login::tests::it_returns_error_for_wrong_password ... FAILED
[INFO] [stdout] test handlers::create_plant::tests::it_creates_a_new_plant ... FAILED
[INFO] [stdout] test handlers::login::tests::it_returns_error_for_unvalidated_user ... FAILED
[INFO] [stdout] test handlers::login::tests::it_returns_a_token_for_the_user ... FAILED
[INFO] [stdout] 
[INFO] [stdout] failures:
[INFO] [stdout] 
[INFO] [stdout] ---- handlers::create_user::tests::it_creates_a_new_user stdout ----
[INFO] [stdout] Error: "Error creating plant for user"
[INFO] [stdout] 
[INFO] [stdout] ---- handlers::login::tests::it_returns_error_for_wrong_password stdout ----
[INFO] [stdout] gm95h99v4n2q5ngwwhev@test.com
[INFO] [stdout] Error: "Error creating user"
[INFO] [stdout] 
[INFO] [stdout] ---- handlers::create_plant::tests::it_creates_a_new_plant stdout ----
[INFO] [stdout] Error: "Error fetching plants for user"
[INFO] [stdout] 
[INFO] [stdout] ---- handlers::login::tests::it_returns_error_for_unvalidated_user stdout ----
[INFO] [stdout] zrz9wrhkmngz2qyzvn5c@test.com
[INFO] [stdout] Error: "Error creating user"
[INFO] [stdout] 
[INFO] [stdout] ---- handlers::login::tests::it_returns_a_token_for_the_user stdout ----
[INFO] [stdout] thread 'handlers::login::tests::it_returns_a_token_for_the_user' panicked at src/api/handlers/login.rs:41:45:
[INFO] [stdout] JWT_SECRET must be set.: NotPresent
[INFO] [stdout] stack backtrace:
[INFO] [stdout]    0:     0x6405c9c3529a - std::backtrace_rs::backtrace::libunwind::trace::h5a5b8284f2d0c266
[INFO] [stdout]                                at /rustc/90b35a6239c3d8bdabc530a6a0816f7ff89a0aaf/library/std/src/../../backtrace/src/backtrace/libunwind.rs:116:5
[INFO] [stdout]    1:     0x6405c9c3529a - std::backtrace_rs::backtrace::trace_unsynchronized::h76d4f1c9b0b875e3
[INFO] [stdout]                                at /rustc/90b35a6239c3d8bdabc530a6a0816f7ff89a0aaf/library/std/src/../../backtrace/src/backtrace/mod.rs:66:5
[INFO] [stdout]    2:     0x6405c9c3529a - std::sys::backtrace::_print_fmt::hc4546b8364a537c6
[INFO] [stdout]                                at /rustc/90b35a6239c3d8bdabc530a6a0816f7ff89a0aaf/library/std/src/sys/backtrace.rs:66:9
[INFO] [stdout]    3:     0x6405c9c3529a - <std::sys::backtrace::BacktraceLock::print::DisplayBacktrace as core::fmt::Display>::fmt::h5b6bd5631a6d1f6b
[INFO] [stdout]                                at /rustc/90b35a6239c3d8bdabc530a6a0816f7ff89a0aaf/library/std/src/sys/backtrace.rs:39:26
[INFO] [stdout]    4:     0x6405c9c609e3 - core::fmt::rt::Argument::fmt::h270f6602a2b96f62
[INFO] [stdout]                                at /rustc/90b35a6239c3d8bdabc530a6a0816f7ff89a0aaf/library/core/src/fmt/rt.rs:177:76
[INFO] [stdout]    5:     0x6405c9c609e3 - core::fmt::write::h7550c97b06c86515
[INFO] [stdout]                                at /rustc/90b35a6239c3d8bdabc530a6a0816f7ff89a0aaf/library/core/src/fmt/mod.rs:1186:21
[INFO] [stdout]    6:     0x6405c9c315a3 - std::io::Write::write_fmt::h509ff860e5956e5e
[INFO] [stdout]                                at /rustc/90b35a6239c3d8bdabc530a6a0816f7ff89a0aaf/library/std/src/io/mod.rs:1839:15
[INFO] [stdout]    7:     0x6405c9c350e2 - std::sys::backtrace::BacktraceLock::print::h2395ccd2c84ba3aa
[INFO] [stdout]                                at /rustc/90b35a6239c3d8bdabc530a6a0816f7ff89a0aaf/library/std/src/sys/backtrace.rs:42:9
[INFO] [stdout]    8:     0x6405c9c366fa - std::panicking::default_hook::{{closure}}::he19d4c7230e07961
[INFO] [stdout]                                at /rustc/90b35a6239c3d8bdabc530a6a0816f7ff89a0aaf/library/std/src/panicking.rs:268:22
[INFO] [stdout]    9:     0x6405c9c36504 - std::panicking::default_hook::hf614597d3c67bbdb
[INFO] [stdout]                                at /rustc/90b35a6239c3d8bdabc530a6a0816f7ff89a0aaf/library/std/src/panicking.rs:292:9
[INFO] [stdout]   10:     0x6405c90ab8c9 - <alloc::boxed::Box<F,A> as core::ops::function::Fn<Args>>::call::h39b51ce4599c23d1
[INFO] [stdout]                                at /rustc/90b35a6239c3d8bdabc530a6a0816f7ff89a0aaf/library/alloc/src/boxed.rs:2468:9
[INFO] [stdout]   11:     0x6405c90ab8c9 - test::test_main::{{closure}}::he977ae839a582784
[INFO] [stdout]                                at /rustc/90b35a6239c3d8bdabc530a6a0816f7ff89a0aaf/library/test/src/lib.rs:133:21
[INFO] [stdout]   12:     0x6405c9c36d98 - <alloc::boxed::Box<F,A> as core::ops::function::Fn<Args>>::call::h9455091b6b06f9fb
[INFO] [stdout]                                at /rustc/90b35a6239c3d8bdabc530a6a0816f7ff89a0aaf/library/alloc/src/boxed.rs:2468:9
[INFO] [stdout]   13:     0x6405c9c36d98 - std::panicking::rust_panic_with_hook::h8942133a8b252070
[INFO] [stdout]                                at /rustc/90b35a6239c3d8bdabc530a6a0816f7ff89a0aaf/library/std/src/panicking.rs:809:13
[INFO] [stdout]   14:     0x6405c9c36b5a - std::panicking::begin_panic_handler::{{closure}}::hb5f5963570096b29
[INFO] [stdout]                                at /rustc/90b35a6239c3d8bdabc530a6a0816f7ff89a0aaf/library/std/src/panicking.rs:674:13
[INFO] [stdout]   15:     0x6405c9c35779 - std::sys::backtrace::__rust_end_short_backtrace::h6208cedc1922feda
[INFO] [stdout]                                at /rustc/90b35a6239c3d8bdabc530a6a0816f7ff89a0aaf/library/std/src/sys/backtrace.rs:170:18
[INFO] [stdout]   16:     0x6405c9c367ec - rust_begin_unwind
[INFO] [stdout]                                at /rustc/90b35a6239c3d8bdabc530a6a0816f7ff89a0aaf/library/std/src/panicking.rs:665:5
[INFO] [stdout]   17:     0x6405c90112a0 - core::panicking::panic_fmt::h0c3082644d1bf418
[INFO] [stdout]                                at /rustc/90b35a6239c3d8bdabc530a6a0816f7ff89a0aaf/library/core/src/panicking.rs:74:14
[INFO] [stdout]   18:     0x6405c9011786 - core::result::unwrap_failed::hd20b4aa073bda1e2
[INFO] [stdout]                                at /rustc/90b35a6239c3d8bdabc530a6a0816f7ff89a0aaf/library/core/src/result.rs:1700:5
[INFO] [stdout]   19:     0x6405c9062896 - core::result::Result<T,E>::expect::h0538a878c6206172
[INFO] [stdout]                                at /rustc/90b35a6239c3d8bdabc530a6a0816f7ff89a0aaf/library/core/src/result.rs:1061:23
[INFO] [stdout]   20:     0x6405c9033c27 - server::handlers::login::tests::it_returns_a_token_for_the_user::{{closure}}::heb5bc59ce4387580
[INFO] [stdout]                                at /opt/rustwide/workdir/src/api/handlers/login.rs:41:22
[INFO] [stdout]   21:     0x6405c904c88e - tokio::runtime::park::CachedParkThread::block_on::{{closure}}::h12d74704377651df
[INFO] [stdout]                                at /opt/rustwide/cargo-home/registry/src/index.crates.io-6f17d22bba15001f/tokio-1.37.0/src/runtime/park.rs:281:63
[INFO] [stdout]   22:     0x6405c904c1ef - tokio::runtime::coop::with_budget::h313798de03101cf8
[INFO] [stdout]                                at /opt/rustwide/cargo-home/registry/src/index.crates.io-6f17d22bba15001f/tokio-1.37.0/src/runtime/coop.rs:107:5
[INFO] [stdout]   23:     0x6405c904c1ef - tokio::runtime::coop::budget::h50e5322ac83ebe1a
[INFO] [stdout]                                at /opt/rustwide/cargo-home/registry/src/index.crates.io-6f17d22bba15001f/tokio-1.37.0/src/runtime/coop.rs:73:5
[INFO] [stdout]   24:     0x6405c904c1ef - tokio::runtime::park::CachedParkThread::block_on::hc59cf6589ace905b
[INFO] [stdout]                                at /opt/rustwide/cargo-home/registry/src/index.crates.io-6f17d22bba15001f/tokio-1.37.0/src/runtime/park.rs:281:31
[INFO] [stdout]   25:     0x6405c9045ea3 - tokio::runtime::context::blocking::BlockingRegionGuard::block_on::h89aef42251cefff2
[INFO] [stdout]                                at /opt/rustwide/cargo-home/registry/src/index.crates.io-6f17d22bba15001f/tokio-1.37.0/src/runtime/context/blocking.rs:66:9
[INFO] [stdout]   26:     0x6405c904e68e - tokio::runtime::scheduler::multi_thread::MultiThread::block_on::{{closure}}::h884f0a49434069cb
[INFO] [stdout]                                at /opt/rustwide/cargo-home/registry/src/index.crates.io-6f17d22bba15001f/tokio-1.37.0/src/runtime/scheduler/multi_thread/mod.rs:87:13
[INFO] [stdout]   27:     0x6405c90314f8 - tokio::runtime::context::runtime::enter_runtime::ha386a95e8c12a012
[INFO] [stdout]                                at /opt/rustwide/cargo-home/registry/src/index.crates.io-6f17d22bba15001f/tokio-1.37.0/src/runtime/context/runtime.rs:65:16
[INFO] [stdout]   28:     0x6405c904e431 - tokio::runtime::scheduler::multi_thread::MultiThread::block_on::h677c4a7c16ddc857
[INFO] [stdout]                                at /opt/rustwide/cargo-home/registry/src/index.crates.io-6f17d22bba15001f/tokio-1.37.0/src/runtime/scheduler/multi_thread/mod.rs:86:9
[INFO] [stdout]   29:     0x6405c906c346 - tokio::runtime::runtime::Runtime::block_on::he12242375c5fc4b6
[INFO] [stdout]                                at /opt/rustwide/cargo-home/registry/src/index.crates.io-6f17d22bba15001f/tokio-1.37.0/src/runtime/runtime.rs:351:45
[INFO] [stdout]   30:     0x6405c903e3ed - rocket::async_run::h6e5313339282ec64
[INFO] [stdout]                                at /opt/rustwide/cargo-home/registry/src/index.crates.io-6f17d22bba15001f/rocket-0.5.0/src/lib.rs:247:18
[INFO] [stdout]   31:     0x6405c903e190 - rocket::async_test::he9a56882bbe02167
[INFO] [stdout]                                at /opt/rustwide/cargo-home/registry/src/index.crates.io-6f17d22bba15001f/rocket-0.5.0/src/lib.rs:258:5
[INFO] [stdout]   32:     0x6405c9033aaf - server::handlers::login::tests::it_returns_a_token_for_the_user::h2e13127afba15bd9
[INFO] [stdout]                                at /opt/rustwide/workdir/src/api/handlers/login.rs:40:70
[INFO] [stdout]   33:     0x6405c9033a5d - server::handlers::login::tests::it_returns_a_token_for_the_user::{{closure}}::hc00ee0eff4699e95
[INFO] [stdout]                                at /opt/rustwide/workdir/src/api/handlers/login.rs:40:51
[INFO] [stdout]   34:     0x6405c90179e6 - core::ops::function::FnOnce::call_once::h6f09e72411935049
[INFO] [stdout]                                at /rustc/90b35a6239c3d8bdabc530a6a0816f7ff89a0aaf/library/core/src/ops/function.rs:250:5
[INFO] [stdout]   35:     0x6405c90b028b - core::ops::function::FnOnce::call_once::h109cf8051a59b34e
[INFO] [stdout]                                at /rustc/90b35a6239c3d8bdabc530a6a0816f7ff89a0aaf/library/core/src/ops/function.rs:250:5
[INFO] [stdout]   36:     0x6405c90b028b - test::__rust_begin_short_backtrace::hf4fff89d377446ba
[INFO] [stdout]                                at /rustc/90b35a6239c3d8bdabc530a6a0816f7ff89a0aaf/library/test/src/lib.rs:621:18
[INFO] [stdout]   37:     0x6405c90afac7 - test::run_test_in_process::{{closure}}::h0e39181dd7ee5a43
[INFO] [stdout]                                at /rustc/90b35a6239c3d8bdabc530a6a0816f7ff89a0aaf/library/test/src/lib.rs:644:60
[INFO] [stdout]   38:     0x6405c90afac7 - <core::panic::unwind_safe::AssertUnwindSafe<F> as core::ops::function::FnOnce<()>>::call_once::hc5a66a30f0bdfd1f
[INFO] [stdout]                                at /rustc/90b35a6239c3d8bdabc530a6a0816f7ff89a0aaf/library/core/src/panic/unwind_safe.rs:272:9
[INFO] [stdout]   39:     0x6405c90afac7 - std::panicking::try::do_call::h873b7cf639554a5e
[INFO] [stdout]                                at /rustc/90b35a6239c3d8bdabc530a6a0816f7ff89a0aaf/library/std/src/panicking.rs:557:40
[INFO] [stdout]   40:     0x6405c90afac7 - std::panicking::try::hdb19862fad9c8bd1
[INFO] [stdout]                                at /rustc/90b35a6239c3d8bdabc530a6a0816f7ff89a0aaf/library/std/src/panicking.rs:520:19
[INFO] [stdout]   41:     0x6405c90afac7 - std::panic::catch_unwind::h281fe732d236d260
[INFO] [stdout]                                at /rustc/90b35a6239c3d8bdabc530a6a0816f7ff89a0aaf/library/std/src/panic.rs:358:14
[INFO] [stdout]   42:     0x6405c90afac7 - test::run_test_in_process::h949b6df8457ed338
[INFO] [stdout]                                at /rustc/90b35a6239c3d8bdabc530a6a0816f7ff89a0aaf/library/test/src/lib.rs:644:27
[INFO] [stdout]   43:     0x6405c90afac7 - test::run_test::{{closure}}::h52c556a6d4740e10
[INFO] [stdout]                                at /rustc/90b35a6239c3d8bdabc530a6a0816f7ff89a0aaf/library/test/src/lib.rs:565:43
[INFO] [stdout]   44:     0x6405c9074da4 - test::run_test::{{closure}}::h4237f6381c45ccb9
[INFO] [stdout]                                at /rustc/90b35a6239c3d8bdabc530a6a0816f7ff89a0aaf/library/test/src/lib.rs:595:41
[INFO] [stdout]   45:     0x6405c9074da4 - std::sys::backtrace::__rust_begin_short_backtrace::h505c97a579eca628
[INFO] [stdout]                                at /rustc/90b35a6239c3d8bdabc530a6a0816f7ff89a0aaf/library/std/src/sys/backtrace.rs:154:18
[INFO] [stdout]   46:     0x6405c907846e - std::thread::Builder::spawn_unchecked_::{{closure}}::{{closure}}::h9e86b2e2bc107ea3
[INFO] [stdout]                                at /rustc/90b35a6239c3d8bdabc530a6a0816f7ff89a0aaf/library/std/src/thread/mod.rs:538:17
[INFO] [stdout]   47:     0x6405c907846e - <core::panic::unwind_safe::AssertUnwindSafe<F> as core::ops::function::FnOnce<()>>::call_once::h8b06ddb275ff4a25
[INFO] [stdout]                                at /rustc/90b35a6239c3d8bdabc530a6a0816f7ff89a0aaf/library/core/src/panic/unwind_safe.rs:272:9
[INFO] [stdout]   48:     0x6405c907846e - std::panicking::try::do_call::hb26ecd7cd9a9355d
[INFO] [stdout]                                at /rustc/90b35a6239c3d8bdabc530a6a0816f7ff89a0aaf/library/std/src/panicking.rs:557:40
[INFO] [stdout]   49:     0x6405c907846e - std::panicking::try::h8ddeca9d705f9069
[INFO] [stdout]                                at /rustc/90b35a6239c3d8bdabc530a6a0816f7ff89a0aaf/library/std/src/panicking.rs:520:19
[INFO] [stdout]   50:     0x6405c907846e - std::panic::catch_unwind::h49e1c33078844c46
[INFO] [stdout]                                at /rustc/90b35a6239c3d8bdabc530a6a0816f7ff89a0aaf/library/std/src/panic.rs:358:14
[INFO] [stdout]   51:     0x6405c907846e - std::thread::Builder::spawn_unchecked_::{{closure}}::h6073db6ff56ad35d
[INFO] [stdout]                                at /rustc/90b35a6239c3d8bdabc530a6a0816f7ff89a0aaf/library/std/src/thread/mod.rs:537:30
[INFO] [stdout]   52:     0x6405c907846e - core::ops::function::FnOnce::call_once{{vtable.shim}}::h2c5a5f3779c774f1
[INFO] [stdout]                                at /rustc/90b35a6239c3d8bdabc530a6a0816f7ff89a0aaf/library/core/src/ops/function.rs:250:5
[INFO] [stdout]   53:     0x6405c9c3ae5b - <alloc::boxed::Box<F,A> as core::ops::function::FnOnce<Args>>::call_once::hf75717d9f28faebf
[INFO] [stdout]                                at /rustc/90b35a6239c3d8bdabc530a6a0816f7ff89a0aaf/library/alloc/src/boxed.rs:2454:9
[INFO] [stdout]   54:     0x6405c9c3ae5b - <alloc::boxed::Box<F,A> as core::ops::function::FnOnce<Args>>::call_once::h7bd883a5f3c5f3c1
[INFO] [stdout]                                at /rustc/90b35a6239c3d8bdabc530a6a0816f7ff89a0aaf/library/alloc/src/boxed.rs:2454:9
[INFO] [stdout]   55:     0x6405c9c3ae5b - std::sys::pal::unix::thread::Thread::new::thread_start::hcc78f3943333fa94
[INFO] [stdout]                                at /rustc/90b35a6239c3d8bdabc530a6a0816f7ff89a0aaf/library/std/src/sys/pal/unix/thread.rs:105:17
[INFO] [stdout]   56:     0x7218f2d45ac3 - <unknown>
[INFO] [stdout]   57:     0x7218f2dd6a04 - clone
[INFO] [stdout]   58:                0x0 - <unknown>
[INFO] [stdout] 
[INFO] [stdout] 
[INFO] [stdout] failures:
[INFO] [stdout]     handlers::create_plant::tests::it_creates_a_new_plant
[INFO] [stdout]     handlers::create_user::tests::it_creates_a_new_user
[INFO] [stdout]     handlers::login::tests::it_returns_a_token_for_the_user
[INFO] [stdout]     handlers::login::tests::it_returns_error_for_unvalidated_user
[INFO] [stdout]     handlers::login::tests::it_returns_error_for_wrong_password
[INFO] [stdout] 
[INFO] [stdout] test result: FAILED. 0 passed; 5 failed; 0 ignored; 0 measured; 0 filtered out; finished in 0.15s
[INFO] [stdout] 
[INFO] [stderr] error: test failed, to rerun pass `--bin server`
[INFO] running `Command { std: "docker" "inspect" "742a1c11e9151164c220ec7f3ff6f8eb020d5a39948506686d8456847b694405", kill_on_drop: false }`
[INFO] running `Command { std: "docker" "rm" "-f" "742a1c11e9151164c220ec7f3ff6f8eb020d5a39948506686d8456847b694405", kill_on_drop: false }`
[INFO] [stdout] 742a1c11e9151164c220ec7f3ff6f8eb020d5a39948506686d8456847b694405
