[INFO] cloning repository https://github.com/besok/rusty_wren
[INFO] running `Command { std: "git" "-c" "credential.helper=" "-c" "credential.helper=/workspace/cargo-home/bin/git-credential-null" "clone" "--bare" "https://github.com/besok/rusty_wren" "/workspace/cache/git-repos/https%3A%2F%2Fgithub.com%2Fbesok%2Frusty_wren", kill_on_drop: false }`
[INFO] [stderr] Cloning into bare repository '/workspace/cache/git-repos/https%3A%2F%2Fgithub.com%2Fbesok%2Frusty_wren'...
[INFO] running `Command { std: "git" "rev-parse" "HEAD", kill_on_drop: false }`
[INFO] [stdout] 35bf3ba8b8832650a866959815862b420d1b7f04
[INFO] testing besok/rusty_wren against 1.83.0 for beta-1.84.0-4-retry
[INFO] running `Command { std: "git" "clone" "/workspace/cache/git-repos/https%3A%2F%2Fgithub.com%2Fbesok%2Frusty_wren" "/workspace/builds/worker-3-tc1/source", kill_on_drop: false }`
[INFO] [stderr] Cloning into '/workspace/builds/worker-3-tc1/source'...
[INFO] [stderr] done.
[INFO] validating manifest of git repo https://github.com/besok/rusty_wren on toolchain 1.83.0
[INFO] running `Command { std: CARGO_HOME="/workspace/cargo-home" RUSTUP_HOME="/workspace/rustup-home" "/workspace/cargo-home/bin/cargo" "+1.83.0" "metadata" "--manifest-path" "Cargo.toml" "--no-deps", kill_on_drop: false }`
[INFO] started tweaking git repo https://github.com/besok/rusty_wren
[INFO] finished tweaking git repo https://github.com/besok/rusty_wren
[INFO] tweaked toml for git repo https://github.com/besok/rusty_wren written to /workspace/builds/worker-3-tc1/source/Cargo.toml
[INFO] crate git repo https://github.com/besok/rusty_wren already has a lockfile, it will not be regenerated
[INFO] running `Command { std: CARGO_HOME="/workspace/cargo-home" RUSTUP_HOME="/workspace/rustup-home" "/workspace/cargo-home/bin/cargo" "+1.83.0" "fetch" "--manifest-path" "Cargo.toml", kill_on_drop: false }`
[INFO] running `Command { std: "docker" "create" "-v" "/var/lib/crater-agent-workspace/builds/worker-3-tc1/target:/opt/rustwide/target:rw,Z" "-v" "/var/lib/crater-agent-workspace/builds/worker-3-tc1/source:/opt/rustwide/workdir:ro,Z" "-v" "/var/lib/crater-agent-workspace/cargo-home:/opt/rustwide/cargo-home:ro,Z" "-v" "/var/lib/crater-agent-workspace/rustup-home:/opt/rustwide/rustup-home:ro,Z" "-e" "SOURCE_DIR=/opt/rustwide/workdir" "-e" "CARGO_TARGET_DIR=/opt/rustwide/target" "-e" "CARGO_HOME=/opt/rustwide/cargo-home" "-e" "RUSTUP_HOME=/opt/rustwide/rustup-home" "-w" "/opt/rustwide/workdir" "-m" "1610612736" "--user" "0:0" "--network" "none" "ghcr.io/rust-lang/crates-build-env/linux@sha256:f3a9d4ad9d972b27faf3965f35b62e55ba32bbce8f20bc8fe909558a86702fde" "/opt/rustwide/cargo-home/bin/cargo" "+1.83.0" "metadata" "--no-deps" "--format-version=1", kill_on_drop: false }`
[INFO] [stdout] c335e7aa9af92e60eee12caf0cd53b21ff35e0c547aa32c44d1612d73f60a604
[INFO] running `Command { std: "docker" "start" "-a" "c335e7aa9af92e60eee12caf0cd53b21ff35e0c547aa32c44d1612d73f60a604", kill_on_drop: false }`
[INFO] running `Command { std: "docker" "inspect" "c335e7aa9af92e60eee12caf0cd53b21ff35e0c547aa32c44d1612d73f60a604", kill_on_drop: false }`
[INFO] running `Command { std: "docker" "rm" "-f" "c335e7aa9af92e60eee12caf0cd53b21ff35e0c547aa32c44d1612d73f60a604", kill_on_drop: false }`
[INFO] [stdout] c335e7aa9af92e60eee12caf0cd53b21ff35e0c547aa32c44d1612d73f60a604
[INFO] running `Command { std: "docker" "create" "-v" "/var/lib/crater-agent-workspace/builds/worker-3-tc1/target:/opt/rustwide/target:rw,Z" "-v" "/var/lib/crater-agent-workspace/builds/worker-3-tc1/source:/opt/rustwide/workdir:ro,Z" "-v" "/var/lib/crater-agent-workspace/cargo-home:/opt/rustwide/cargo-home:ro,Z" "-v" "/var/lib/crater-agent-workspace/rustup-home:/opt/rustwide/rustup-home:ro,Z" "-e" "SOURCE_DIR=/opt/rustwide/workdir" "-e" "CARGO_TARGET_DIR=/opt/rustwide/target" "-e" "CARGO_INCREMENTAL=0" "-e" "RUST_BACKTRACE=full" "-e" "RUSTFLAGS=--cap-lints=warn" "-e" "RUSTDOCFLAGS=--cap-lints=warn" "-e" "CARGO_HOME=/opt/rustwide/cargo-home" "-e" "RUSTUP_HOME=/opt/rustwide/rustup-home" "-w" "/opt/rustwide/workdir" "-m" "1610612736" "--user" "0:0" "--network" "none" "ghcr.io/rust-lang/crates-build-env/linux@sha256:f3a9d4ad9d972b27faf3965f35b62e55ba32bbce8f20bc8fe909558a86702fde" "/opt/rustwide/cargo-home/bin/cargo" "+1.83.0" "build" "--frozen" "--message-format=json", kill_on_drop: false }`
[INFO] [stdout] e8cb63752ddba9208e5901c9216b9827adbd8258c6b608b7bcdcf678df9100d8
[INFO] running `Command { std: "docker" "start" "-a" "e8cb63752ddba9208e5901c9216b9827adbd8258c6b608b7bcdcf678df9100d8", kill_on_drop: false }`
[INFO] [stderr]    Compiling proc-macro2 v1.0.43
[INFO] [stderr]    Compiling unicode-ident v1.0.3
[INFO] [stderr]    Compiling quote v1.0.21
[INFO] [stderr]    Compiling syn v1.0.99
[INFO] [stderr]    Compiling regex-syntax v0.6.27
[INFO] [stderr]    Compiling fnv v1.0.7
[INFO] [stderr]    Compiling beef v0.5.2
[INFO] [stderr]    Compiling logos-derive v0.12.1
[INFO] [stderr]    Compiling logos v0.12.1
[INFO] [stderr]    Compiling rusty_wren v0.1.0 (/opt/rustwide/workdir)
[INFO] [stdout] warning: unused import: `crate::parser::lexer::Token::Class`
[INFO] [stdout]  --> src/parser/parser.rs:2:5
[INFO] [stdout]   |
[INFO] [stdout] 2 | use crate::parser::lexer::Token::Class;
[INFO] [stdout]   |     ^^^^^^^^^^^^^^^^^^^^^^^^^^^^^^^^^^
[INFO] [stdout]   |
[INFO] [stdout]   = note: `#[warn(unused_imports)]` on by default
[INFO] [stdout] 
[INFO] [stdout] 
[INFO] [stdout] warning: unused import: `std::borrow::Borrow`
[INFO] [stdout]  --> src/parser/parser.rs:9:5
[INFO] [stdout]   |
[INFO] [stdout] 9 | use std::borrow::Borrow;
[INFO] [stdout]   |     ^^^^^^^^^^^^^^^^^^^
[INFO] [stdout] 
[INFO] [stdout] 
[INFO] [stdout] warning: unused import: `std::collections::HashMap`
[INFO] [stdout]   --> src/parser/parser.rs:10:5
[INFO] [stdout]    |
[INFO] [stdout] 10 | use std::collections::HashMap;
[INFO] [stdout]    |     ^^^^^^^^^^^^^^^^^^^^^^^^^
[INFO] [stdout] 
[INFO] [stdout] 
[INFO] [stdout] warning: unused import: `std::iter::Map`
[INFO] [stdout]   --> src/parser/parser.rs:11:5
[INFO] [stdout]    |
[INFO] [stdout] 11 | use std::iter::Map;
[INFO] [stdout]    |     ^^^^^^^^^^^^^^
[INFO] [stdout] 
[INFO] [stdout] 
[INFO] [stdout] warning: elided lifetime has a name
[INFO] [stdout]   --> src/parser/parser.rs:18:46
[INFO] [stdout]    |
[INFO] [stdout] 17 | impl<'a> CypherParser<'a> {
[INFO] [stdout]    |      -- lifetime `'a` declared here
[INFO] [stdout] 18 |     pub fn new(src: &'a str) -> Result<Self, ParseError> {
[INFO] [stdout]    |                                              ^^^^^^^^^^ this elided lifetime gets resolved as `'a`
[INFO] [stdout]    |
[INFO] [stdout]    = note: `#[warn(elided_named_lifetimes)]` on by default
[INFO] [stdout] 
[INFO] [stdout] 
[INFO] [stdout] warning: unused import: `std::collections::HashMap`
[INFO] [stdout]  --> src/parser/ast.rs:1:5
[INFO] [stdout]   |
[INFO] [stdout] 1 | use std::collections::HashMap;
[INFO] [stdout]   |     ^^^^^^^^^^^^^^^^^^^^^^^^^
[INFO] [stdout] 
[INFO] [stdout] 
[INFO] [stdout] warning: unused import: `std::iter::Map`
[INFO] [stdout]  --> src/parser/ast.rs:2:5
[INFO] [stdout]   |
[INFO] [stdout] 2 | use std::iter::Map;
[INFO] [stdout]   |     ^^^^^^^^^^^^^^
[INFO] [stdout] 
[INFO] [stdout] 
[INFO] [stdout] warning: unused import: `std::ops::Range`
[INFO] [stdout]  --> src/parser/lexer.rs:1:5
[INFO] [stdout]   |
[INFO] [stdout] 1 | use std::ops::Range;
[INFO] [stdout]   |     ^^^^^^^^^^^^^^^
[INFO] [stdout] 
[INFO] [stdout] 
[INFO] [stdout] warning: unused import: `std::num::ParseIntError`
[INFO] [stdout]  --> src/parser/lexer.rs:8:5
[INFO] [stdout]   |
[INFO] [stdout] 8 | use std::num::ParseIntError;
[INFO] [stdout]   |     ^^^^^^^^^^^^^^^^^^^^^^^
[INFO] [stdout] 
[INFO] [stdout] 
[INFO] [stdout] warning: elided lifetime has a name
[INFO] [stdout]   --> src/parser/lexer.rs:17:49
[INFO] [stdout]    |
[INFO] [stdout] 16 | impl<'a> CypherLexer<'a> {
[INFO] [stdout]    |      -- lifetime `'a` declared here
[INFO] [stdout] 17 |     pub fn new(source: &'a str) -> Result<Self, ParseError> {
[INFO] [stdout]    |                                                 ^^^^^^^^^^ this elided lifetime gets resolved as `'a`
[INFO] [stdout] 
[INFO] [stdout] 
[INFO] [stdout] warning: unused import: `crate::parser::lexer::Token`
[INFO] [stdout]  --> src/parser/result.rs:1:5
[INFO] [stdout]   |
[INFO] [stdout] 1 | use crate::parser::lexer::Token;
[INFO] [stdout]   |     ^^^^^^^^^^^^^^^^^^^^^^^^^^^
[INFO] [stdout] 
[INFO] [stdout] 
[INFO] [stdout] warning: unused import: `std::error::Error`
[INFO] [stdout]  --> src/parser/lexer.rs:7:5
[INFO] [stdout]   |
[INFO] [stdout] 7 | use std::error::Error;
[INFO] [stdout]   |     ^^^^^^^^^^^^^^^^^
[INFO] [stdout] 
[INFO] [stdout] 
[INFO] [stdout] warning: unused variable: `r`
[INFO] [stdout]    --> src/parser/parser.rs:639:23
[INFO] [stdout]     |
[INFO] [stdout] 639 |                 .map(|r| ClassBodyType::ForeignStatic)
[INFO] [stdout]     |                       ^ help: if this is intentional, prefix it with an underscore: `_r`
[INFO] [stdout]     |
[INFO] [stdout]     = note: `#[warn(unused_variables)]` on by default
[INFO] [stdout] 
[INFO] [stdout] 
[INFO] [stdout] warning: unused variable: `r`
[INFO] [stdout]    --> src/parser/parser.rs:644:31
[INFO] [stdout]     |
[INFO] [stdout] 644 |                         .map(|r| ClassBodyType::ForeignStatic)
[INFO] [stdout]     |                               ^ help: if this is intentional, prefix it with an underscore: `_r`
[INFO] [stdout] 
[INFO] [stdout] 
[INFO] [stdout] warning: variants `BadToken`, `FailedOnValidation`, `ReachedEOF`, and `UnreachedEOF` are never constructed
[INFO] [stdout]   --> src/parser/mod.rs:13:5
[INFO] [stdout]    |
[INFO] [stdout] 12 | pub enum ParseError<'a> {
[INFO] [stdout]    |          ---------- variants in this enum
[INFO] [stdout] 13 |     BadToken(&'a str, Range<usize>),
[INFO] [stdout]    |     ^^^^^^^^
[INFO] [stdout] 14 |     FailedOnValidation(&'a str, usize),
[INFO] [stdout]    |     ^^^^^^^^^^^^^^^^^^
[INFO] [stdout] 15 |     FinishedOnFail,
[INFO] [stdout] 16 |     ReachedEOF(usize),
[INFO] [stdout]    |     ^^^^^^^^^^
[INFO] [stdout] 17 |     UnreachedEOF(usize),
[INFO] [stdout]    |     ^^^^^^^^^^^^
[INFO] [stdout]    |
[INFO] [stdout]    = note: `ParseError` has derived impls for the traits `Clone` and `Debug`, but these are intentionally ignored during dead code analysis
[INFO] [stdout]    = note: `#[warn(dead_code)]` on by default
[INFO] [stdout] 
[INFO] [stdout] 
[INFO] [stdout] warning: struct `CypherParser` is never constructed
[INFO] [stdout]   --> src/parser/parser.rs:13:12
[INFO] [stdout]    |
[INFO] [stdout] 13 | pub struct CypherParser<'a> {
[INFO] [stdout]    |            ^^^^^^^^^^^^
[INFO] [stdout] 
[INFO] [stdout] 
[INFO] [stdout] warning: associated items `new`, `token`, `one_or_more`, `zero_or_more`, and `validate_eof` are never used
[INFO] [stdout]   --> src/parser/parser.rs:18:12
[INFO] [stdout]    |
[INFO] [stdout] 17 | impl<'a> CypherParser<'a> {
[INFO] [stdout]    | ------------------------- associated items in this implementation
[INFO] [stdout] 18 |     pub fn new(src: &'a str) -> Result<Self, ParseError> {
[INFO] [stdout]    |            ^^^
[INFO] [stdout] ...
[INFO] [stdout] 23 |     pub fn token(&self, pos: usize) -> Result<(&Token<'a>, usize), ParseError<'a>> {
[INFO] [stdout]    |            ^^^^^
[INFO] [stdout] ...
[INFO] [stdout] 26 |     pub fn one_or_more<T, Then>(&self, pos: usize, then: Then) -> ParseResult<'a, Vec<T>>
[INFO] [stdout]    |            ^^^^^^^^^^^
[INFO] [stdout] ...
[INFO] [stdout] 36 |     pub fn zero_or_more<T, Then>(&self, pos: usize, then: Then) -> ParseResult<'a, Vec<T>>
[INFO] [stdout]    |            ^^^^^^^^^^^^
[INFO] [stdout] ...
[INFO] [stdout] 47 |     pub fn validate_eof<T>(&self, res: ParseResult<'a, T>) -> ParseResult<'a, T> {
[INFO] [stdout]    |            ^^^^^^^^^^^^
[INFO] [stdout] 
[INFO] [stdout] 
[INFO] [stdout] warning: multiple methods are never used
[INFO] [stdout]    --> src/parser/parser.rs:55:12
[INFO] [stdout]     |
[INFO] [stdout] 54  | impl<'a> CypherParser<'a> {
[INFO] [stdout]     | ------------------------- methods in this implementation
[INFO] [stdout] 55  |     pub fn id(&self, pos: usize) -> ParseResult<'a, Id<'a>> {
[INFO] [stdout]     |            ^^
[INFO] [stdout] ...
[INFO] [stdout] 60  |     pub fn number(&self, pos: usize) -> ParseResult<'a, Number> {
[INFO] [stdout]     |            ^^^^^^
[INFO] [stdout] ...
[INFO] [stdout] 65  |     pub fn null(&self, pos: usize) -> ParseResult<'a, AtomExpression<'a>> {
[INFO] [stdout]     |            ^^^^
[INFO] [stdout] ...
[INFO] [stdout] 68  |     pub fn bool(&self, pos: usize) -> ParseResult<'a, AtomExpression<'a>> {
[INFO] [stdout]     |            ^^^^
[INFO] [stdout] ...
[INFO] [stdout] 74  |     pub fn char(&self, pos: usize) -> ParseResult<'a, AtomExpression<'a>> {
[INFO] [stdout]     |            ^^^^
[INFO] [stdout] ...
[INFO] [stdout] 79  |     pub fn string(&self, pos: usize) -> ParseResult<'a, &'a str> {
[INFO] [stdout]     |            ^^^^^^
[INFO] [stdout] ...
[INFO] [stdout] 85  |     pub fn number_expr(&self, pos: usize) -> ParseResult<'a, AtomExpression<'a>> {
[INFO] [stdout]     |            ^^^^^^^^^^^
[INFO] [stdout] ...
[INFO] [stdout] 89  |     pub fn map_init(&self, pos: usize) -> ParseResult<'a, AtomExpression<'a>> {
[INFO] [stdout]     |            ^^^^^^^^
[INFO] [stdout] ...
[INFO] [stdout] 110 |     pub fn list_init(&self, pos: usize) -> ParseResult<'a, Enumeration<'a>> {
[INFO] [stdout]     |            ^^^^^^^^^
[INFO] [stdout] ...
[INFO] [stdout] 117 |     pub fn elvis(&self, pos: usize) -> ParseResult<'a, Elvis<'a>> {
[INFO] [stdout]     |            ^^^^^
[INFO] [stdout] ...
[INFO] [stdout] 126 |     pub fn expression(&self, pos: usize) -> ParseResult<'a, Expression<'a>> {
[INFO] [stdout]     |            ^^^^^^^^^^
[INFO] [stdout] ...
[INFO] [stdout] 158 |     pub fn enumeration(&self, pos: usize) -> ParseResult<'a, Enumeration<'a>> {
[INFO] [stdout]     |            ^^^^^^^^^^^
[INFO] [stdout] ...
[INFO] [stdout] 167 |     pub fn statement(&self, pos: usize) -> ParseResult<'a, Statement<'a>> {
[INFO] [stdout]     |            ^^^^^^^^^
[INFO] [stdout] ...
[INFO] [stdout] 185 |     pub fn file_unit(&self, pos: usize) -> ParseResult<'a, Unit<'a>> {
[INFO] [stdout]     |            ^^^^^^^^^
[INFO] [stdout] ...
[INFO] [stdout] 196 |     pub fn script(&self, pos: usize) -> ParseResult<'a, Script<'a>> {
[INFO] [stdout]     |            ^^^^^^
[INFO] [stdout] ...
[INFO] [stdout] 201 |     pub fn assignment(&self, pos: usize) -> ParseResult<'a, Assignment<'a>> {
[INFO] [stdout]     |            ^^^^^^^^^^
[INFO] [stdout] ...
[INFO] [stdout] 246 |     pub fn assignment_null(&self, pos: usize) -> ParseResult<'a, AssignmentNull<'a>> {
[INFO] [stdout]     |            ^^^^^^^^^^^^^^^
[INFO] [stdout] ...
[INFO] [stdout] 252 |     pub fn if_statement(&self, pos: usize) -> ParseResult<'a, If<'a>> {
[INFO] [stdout]     |            ^^^^^^^^^^^^
[INFO] [stdout] ...
[INFO] [stdout] 278 |     pub fn block(&self, pos: usize) -> ParseResult<'a, Block<'a>> {
[INFO] [stdout]     |            ^^^^^
[INFO] [stdout] ...
[INFO] [stdout] 293 |     pub fn params(&self, pos: usize) -> ParseResult<'a, Params<'a>> {
[INFO] [stdout]     |            ^^^^^^
[INFO] [stdout] ...
[INFO] [stdout] 300 |     pub fn call(&self, pos: usize) -> ParseResult<'a, Call<'a>> {
[INFO] [stdout]     |            ^^^^
[INFO] [stdout] ...
[INFO] [stdout] 327 |     pub fn collection_elem(&self, pos: usize) -> ParseResult<'a, AtomExpression<'a>> {
[INFO] [stdout]     |            ^^^^^^^^^^^^^^^
[INFO] [stdout] ...
[INFO] [stdout] 335 |     pub fn import_variable(&self, pos: usize) -> ParseResult<'a, ImportVariable<'a>> {
[INFO] [stdout]     |            ^^^^^^^^^^^^^^^
[INFO] [stdout] ...
[INFO] [stdout] 342 |     pub fn import_module(&self, pos: usize) -> ParseResult<'a, ImportModule<'a>> {
[INFO] [stdout]     |            ^^^^^^^^^^^^^
[INFO] [stdout] ...
[INFO] [stdout] 358 |     pub fn range(&self, pos: usize) -> ParseResult<'a, Range<'a>> {
[INFO] [stdout]     |            ^^^^^
[INFO] [stdout] ...
[INFO] [stdout] 382 |     pub fn atom(&self, pos: usize) -> ParseResult<'a, AtomExpression<'a>> {
[INFO] [stdout]     |            ^^^^
[INFO] [stdout] ...
[INFO] [stdout] 407 |     pub fn function(&self, pos: usize) -> ParseResult<'a, Function<'a>> {
[INFO] [stdout]     |            ^^^^^^^^
[INFO] [stdout] ...
[INFO] [stdout] 426 |     pub fn logic_atom(&self, pos: usize) -> ParseResult<'a, Logic<'a>> {
[INFO] [stdout]     |            ^^^^^^^^^^
[INFO] [stdout] ...
[INFO] [stdout] 441 |     pub fn compound_expr(&self, pos: usize) -> ParseResult<'a, CompoundExpression<'a>> {
[INFO] [stdout]     |            ^^^^^^^^^^^^^
[INFO] [stdout] ...
[INFO] [stdout] 467 |     pub fn logic(&self, pos: usize) -> ParseResult<'a, Logic<'a>> {
[INFO] [stdout]     |            ^^^^^
[INFO] [stdout] ...
[INFO] [stdout] 499 |     pub fn arith(&self, pos: usize) -> ParseResult<'a, Arithmetic<'a>> {
[INFO] [stdout]     |            ^^^^^
[INFO] [stdout] ...
[INFO] [stdout] 549 |     pub fn class_statement(&self, pos: usize) -> ParseResult<'a, ClassStatement<'a>> {
[INFO] [stdout]     |            ^^^^^^^^^^^^^^^
[INFO] [stdout] ...
[INFO] [stdout] 632 |     pub fn class_body(&self, pos: usize) -> ParseResult<'a, ClassUnit<'a>> {
[INFO] [stdout]     |            ^^^^^^^^^^
[INFO] [stdout] ...
[INFO] [stdout] 661 |     pub fn attribute(&self, pos: usize) -> ParseResult<'a, Attribute<'a>> {
[INFO] [stdout]     |            ^^^^^^^^^
[INFO] [stdout] ...
[INFO] [stdout] 700 |     pub fn one_arg(&self, pos: usize) -> ParseResult<'a, Id<'a>> {
[INFO] [stdout]     |            ^^^^^^^
[INFO] [stdout] ...
[INFO] [stdout] 706 |     pub fn while_statement(&self, pos: usize) -> ParseResult<'a, While<'a>> {
[INFO] [stdout]     |            ^^^^^^^^^^^^^^^
[INFO] [stdout] ...
[INFO] [stdout] 723 |     pub fn for_statement(&self, pos: usize) -> ParseResult<'a, For<'a>> {
[INFO] [stdout]     |            ^^^^^^^^^^^^^
[INFO] [stdout] ...
[INFO] [stdout] 740 |     pub fn class_def(&self, pos: usize) -> ParseResult<'a, ClassDefinition<'a>> {
[INFO] [stdout]     |            ^^^^^^^^^
[INFO] [stdout] 
[INFO] [stdout] 
[INFO] [stdout] warning: multiple variants are never constructed
[INFO] [stdout]   --> src/parser/ast.rs:17:5
[INFO] [stdout]    |
[INFO] [stdout] 16 | pub enum AtomExpression<'a> {
[INFO] [stdout]    |          -------------- variants in this enum
[INFO] [stdout] 17 |     Null,
[INFO] [stdout]    |     ^^^^
[INFO] [stdout] 18 |     Bool(bool),
[INFO] [stdout]    |     ^^^^
[INFO] [stdout] 19 |     CharLit(&'a str),
[INFO] [stdout]    |     ^^^^^^^
[INFO] [stdout] 20 |     StringLit(&'a str),
[INFO] [stdout]    |     ^^^^^^^^^
[INFO] [stdout] 21 |     Number(Number),
[INFO] [stdout]    |     ^^^^^^
[INFO] [stdout] 22 |     MapInit(Vec<(Expression<'a>, Expression<'a>)>),
[INFO] [stdout]    |     ^^^^^^^
[INFO] [stdout] 23 |     ListInit(Enumeration<'a>),
[INFO] [stdout]    |     ^^^^^^^^
[INFO] [stdout] 24 |     Call(Call<'a>),
[INFO] [stdout]    |     ^^^^
[INFO] [stdout] 25 |     Range(Range<'a>),
[INFO] [stdout]    |     ^^^^^
[INFO] [stdout] 26 |     Break,
[INFO] [stdout]    |     ^^^^^
[INFO] [stdout] 27 |     Continue,
[INFO] [stdout]    |     ^^^^^^^^
[INFO] [stdout] 28 |     CollectionElem(Call<'a>, Enumeration<'a>),
[INFO] [stdout]    |     ^^^^^^^^^^^^^^
[INFO] [stdout] 29 |     ImportModule(ImportModule<'a>),
[INFO] [stdout]    |     ^^^^^^^^^^^^
[INFO] [stdout] 30 |     Sub(Box<AtomExpression<'a>>),
[INFO] [stdout]    |     ^^^
[INFO] [stdout]    |
[INFO] [stdout]    = note: `AtomExpression` has derived impls for the traits `Clone` and `Debug`, but these are intentionally ignored during dead code analysis
[INFO] [stdout] 
[INFO] [stdout] 
[INFO] [stdout] warning: method `string_or_default` is never used
[INFO] [stdout]   --> src/parser/ast.rs:34:12
[INFO] [stdout]    |
[INFO] [stdout] 33 | impl<'a> AtomExpression<'a> {
[INFO] [stdout]    | --------------------------- method in this implementation
[INFO] [stdout] 34 |     pub fn string_or_default(&self, default: &'a str) -> &'a str {
[INFO] [stdout]    |            ^^^^^^^^^^^^^^^^^
[INFO] [stdout] 
[INFO] [stdout] 
[INFO] [stdout] warning: associated function `new` is never used
[INFO] [stdout]   --> src/parser/ast.rs:64:12
[INFO] [stdout]    |
[INFO] [stdout] 63 | impl<'a> Enumeration<'a> {
[INFO] [stdout]    | ------------------------ associated function in this implementation
[INFO] [stdout] 64 |     pub fn new(values: Vec<Expression<'a>>) -> Self {
[INFO] [stdout]    |            ^^^
[INFO] [stdout] 
[INFO] [stdout] 
[INFO] [stdout] warning: variants `Atom`, `Compound`, `Not`, and `E` are never constructed
[INFO] [stdout]   --> src/parser/ast.rs:71:5
[INFO] [stdout]    |
[INFO] [stdout] 70 | pub enum Expression<'a> {
[INFO] [stdout]    |          ---------- variants in this enum
[INFO] [stdout] 71 |     Atom(AtomExpression<'a>),
[INFO] [stdout]    |     ^^^^
[INFO] [stdout] 72 |     Compound(Box<Expression<'a>>,Box<CompoundExpression<'a>>),
[INFO] [stdout]    |     ^^^^^^^^
[INFO] [stdout] 73 |     Not(Box<Expression<'a>>),
[INFO] [stdout]    |     ^^^
[INFO] [stdout] 74 |     E
[INFO] [stdout]    |     ^
[INFO] [stdout]    |
[INFO] [stdout]    = note: `Expression` has derived impls for the traits `Clone` and `Debug`, but these are intentionally ignored during dead code analysis
[INFO] [stdout] 
[INFO] [stdout] 
[INFO] [stdout] warning: variants `Logic`, `Arith`, `Tail`, `Is`, and `Elvis` are never constructed
[INFO] [stdout]   --> src/parser/ast.rs:79:5
[INFO] [stdout]    |
[INFO] [stdout] 78 | pub enum CompoundExpression<'a>{
[INFO] [stdout]    |          ------------------ variants in this enum
[INFO] [stdout] 79 |     Logic(Logic<'a>),
[INFO] [stdout]    |     ^^^^^
[INFO] [stdout] 80 |     Arith(Arithmetic<'a>),
[INFO] [stdout]    |     ^^^^^
[INFO] [stdout] 81 |     Tail(Call<'a>),
[INFO] [stdout]    |     ^^^^
[INFO] [stdout] 82 |     Is(Box<Expression<'a>>),
[INFO] [stdout]    |     ^^
[INFO] [stdout] 83 |     Elvis(Elvis<'a>)
[INFO] [stdout]    |     ^^^^^
[INFO] [stdout]    |
[INFO] [stdout]    = note: `CompoundExpression` has derived impls for the traits `Clone` and `Debug`, but these are intentionally ignored during dead code analysis
[INFO] [stdout] 
[INFO] [stdout] 
[INFO] [stdout] warning: multiple variants are never constructed
[INFO] [stdout]   --> src/parser/ast.rs:88:5
[INFO] [stdout]    |
[INFO] [stdout] 87 | pub enum Statement<'a> {
[INFO] [stdout]    |          --------- variants in this enum
[INFO] [stdout] 88 |     Expression(Expression<'a>),
[INFO] [stdout]    |     ^^^^^^^^^^
[INFO] [stdout] 89 |     Assignment(Assignment<'a>),
[INFO] [stdout]    |     ^^^^^^^^^^
[INFO] [stdout] 90 |     AssignmentNull(AssignmentNull<'a>),
[INFO] [stdout]    |     ^^^^^^^^^^^^^^
[INFO] [stdout] 91 |     If(Box<If<'a>>),
[INFO] [stdout]    |     ^^
[INFO] [stdout] 92 |     While(Box<While<'a>>),
[INFO] [stdout]    |     ^^^^^
[INFO] [stdout] 93 |     For(Box<For<'a>>),
[INFO] [stdout]    |     ^^^
[INFO] [stdout] 94 |     Block(Block<'a>),
[INFO] [stdout]    |     ^^^^^
[INFO] [stdout] 95 |     Return(Expression<'a>),
[INFO] [stdout]    |     ^^^^^^
[INFO] [stdout]    |
[INFO] [stdout]    = note: `Statement` has derived impls for the traits `Clone` and `Debug`, but these are intentionally ignored during dead code analysis
[INFO] [stdout] 
[INFO] [stdout] 
[INFO] [stdout] warning: associated function `just_id` is never used
[INFO] [stdout]    --> src/parser/ast.rs:112:12
[INFO] [stdout]     |
[INFO] [stdout] 111 | impl<'a> Call<'a> {
[INFO] [stdout]     | ----------------- associated function in this implementation
[INFO] [stdout] 112 |     pub fn just_id(id: &'a str) -> Call<'a> {
[INFO] [stdout]     |            ^^^^^^^
[INFO] [stdout] 
[INFO] [stdout] 
[INFO] [stdout] warning: variants `Block`, `Enum`, and `None` are never constructed
[INFO] [stdout]    --> src/parser/ast.rs:123:5
[INFO] [stdout]     |
[INFO] [stdout] 122 | pub enum BlockOrEnum<'a> {
[INFO] [stdout]     |          ----------- variants in this enum
[INFO] [stdout] 123 |     Block(Block<'a>),
[INFO] [stdout]     |     ^^^^^
[INFO] [stdout] 124 |     Enum(Enumeration<'a>),
[INFO] [stdout]     |     ^^^^
[INFO] [stdout] 125 |     None,
[INFO] [stdout]     |     ^^^^
[INFO] [stdout]     |
[INFO] [stdout]     = note: `BlockOrEnum` has derived impls for the traits `Clone` and `Debug`, but these are intentionally ignored during dead code analysis
[INFO] [stdout] 
[INFO] [stdout] 
[INFO] [stdout] warning: variants `Call` and `Num` are never constructed
[INFO] [stdout]    --> src/parser/ast.rs:148:5
[INFO] [stdout]     |
[INFO] [stdout] 147 | pub enum RangeExpression<'a> {
[INFO] [stdout]     |          --------------- variants in this enum
[INFO] [stdout] 148 |     Call(Call<'a>),
[INFO] [stdout]     |     ^^^^
[INFO] [stdout] 149 |     Num(Number),
[INFO] [stdout]     |     ^^^
[INFO] [stdout]     |
[INFO] [stdout]     = note: `RangeExpression` has derived impls for the traits `Clone` and `Debug`, but these are intentionally ignored during dead code analysis
[INFO] [stdout] 
[INFO] [stdout] 
[INFO] [stdout] warning: multiple variants are never constructed
[INFO] [stdout]    --> src/parser/ast.rs:160:5
[INFO] [stdout]     |
[INFO] [stdout] 159 | pub enum LogicOp {
[INFO] [stdout]     |          ------- variants in this enum
[INFO] [stdout] 160 |     Gt,
[INFO] [stdout]     |     ^^
[INFO] [stdout] 161 |     Lt,
[INFO] [stdout]     |     ^^
[INFO] [stdout] 162 |     Eq,
[INFO] [stdout]     |     ^^
[INFO] [stdout] 163 |     Le,
[INFO] [stdout]     |     ^^
[INFO] [stdout] 164 |     Ge,
[INFO] [stdout]     |     ^^
[INFO] [stdout] 165 |     NotEq,
[INFO] [stdout]     |     ^^^^^
[INFO] [stdout] 166 |     Or,
[INFO] [stdout]     |     ^^
[INFO] [stdout] 167 |     And,
[INFO] [stdout]     |     ^^^
[INFO] [stdout]     |
[INFO] [stdout]     = note: `LogicOp` has derived impls for the traits `Clone` and `Debug`, but these are intentionally ignored during dead code analysis
[INFO] [stdout] 
[INFO] [stdout] 
[INFO] [stdout] warning: variants `Atom`, `And`, and `Or` are never constructed
[INFO] [stdout]    --> src/parser/ast.rs:178:5
[INFO] [stdout]     |
[INFO] [stdout] 177 | pub enum Logic<'a> {
[INFO] [stdout]     |          ----- variants in this enum
[INFO] [stdout] 178 |     Atom(LogicOp, Expression<'a>),
[INFO] [stdout]     |     ^^^^
[INFO] [stdout] 179 |     And(Box<Logic<'a>>, Vec<(Expression<'a>, Box<Logic<'a>>)>),
[INFO] [stdout]     |     ^^^
[INFO] [stdout] 180 |     Or(Box<Logic<'a>>, Vec<(Expression<'a>, Box<Logic<'a>>)>),
[INFO] [stdout]     |     ^^
[INFO] [stdout]     |
[INFO] [stdout]     = note: `Logic` has derived impls for the traits `Clone` and `Debug`, but these are intentionally ignored during dead code analysis
[INFO] [stdout] 
[INFO] [stdout] 
[INFO] [stdout] warning: variants `Expression`, `Mul`, `Add`, `Range`, `Shift`, and `Bit` are never constructed
[INFO] [stdout]    --> src/parser/ast.rs:184:5
[INFO] [stdout]     |
[INFO] [stdout] 183 | pub enum Arithmetic<'a> {
[INFO] [stdout]     |          ---------- variants in this enum
[INFO] [stdout] 184 |     Expression(Expression<'a>),
[INFO] [stdout]     |     ^^^^^^^^^^
[INFO] [stdout] 185 |     Mul(MulSign, Expression<'a>),
[INFO] [stdout]     |     ^^^
[INFO] [stdout] 186 |     Add(bool, Box<Arithmetic<'a>>),
[INFO] [stdout]     |     ^^^
[INFO] [stdout] 187 |     Range(bool, Box<Arithmetic<'a>>),
[INFO] [stdout]     |     ^^^^^
[INFO] [stdout] 188 |     Shift(bool, Box<Arithmetic<'a>>),
[INFO] [stdout]     |     ^^^^^
[INFO] [stdout] 189 |     Bit(BitSign, Box<Arithmetic<'a>>),
[INFO] [stdout]     |     ^^^
[INFO] [stdout]     |
[INFO] [stdout]     = note: `Arithmetic` has derived impls for the traits `Clone` and `Debug`, but these are intentionally ignored during dead code analysis
[INFO] [stdout] 
[INFO] [stdout] 
[INFO] [stdout] warning: variants `Mul`, `Div`, and `Mod` are never constructed
[INFO] [stdout]    --> src/parser/ast.rs:194:5
[INFO] [stdout]     |
[INFO] [stdout] 193 | pub enum MulSign {
[INFO] [stdout]     |          ------- variants in this enum
[INFO] [stdout] 194 |     Mul,
[INFO] [stdout]     |     ^^^
[INFO] [stdout] 195 |     Div,
[INFO] [stdout]     |     ^^^
[INFO] [stdout] 196 |     Mod,
[INFO] [stdout]     |     ^^^
[INFO] [stdout]     |
[INFO] [stdout]     = note: `MulSign` has derived impls for the traits `Clone` and `Debug`, but these are intentionally ignored during dead code analysis
[INFO] [stdout] 
[INFO] [stdout] 
[INFO] [stdout] warning: variants `And`, `Or`, and `Xor` are never constructed
[INFO] [stdout]    --> src/parser/ast.rs:200:5
[INFO] [stdout]     |
[INFO] [stdout] 199 | pub enum BitSign {
[INFO] [stdout]     |          ------- variants in this enum
[INFO] [stdout] 200 |     And,
[INFO] [stdout]     |     ^^^
[INFO] [stdout] 201 |     Or,
[INFO] [stdout]     |     ^^
[INFO] [stdout] 202 |     Xor,
[INFO] [stdout]     |     ^^^
[INFO] [stdout]     |
[INFO] [stdout]     = note: `BitSign` has derived impls for the traits `Clone` and `Debug`, but these are intentionally ignored during dead code analysis
[INFO] [stdout] 
[INFO] [stdout] 
[INFO] [stdout] warning: multiple variants are never constructed
[INFO] [stdout]    --> src/parser/ast.rs:207:5
[INFO] [stdout]     |
[INFO] [stdout] 206 | pub enum ClassStatement<'a> {
[INFO] [stdout]     |          -------------- variants in this enum
[INFO] [stdout] 207 |     Fn(Function<'a>),
[INFO] [stdout]     |     ^^
[INFO] [stdout] 208 |     OpGetter(GetterLabel<'a>, Option<Block<'a>>),
[INFO] [stdout]     |     ^^^^^^^^
[INFO] [stdout] 209 |     Setter(Id<'a>, Id<'a>, Block<'a>),
[INFO] [stdout]     |     ^^^^^^
[INFO] [stdout] 210 |     OpSetter(SetterLabel, Id<'a>, Block<'a>),
[INFO] [stdout]     |     ^^^^^^^^
[INFO] [stdout] 211 |     SubscriptGet(Enumeration<'a>, Block<'a>),
[INFO] [stdout]     |     ^^^^^^^^^^^^
[INFO] [stdout] 212 |     SubscriptSet(Enumeration<'a>, Id<'a>, Block<'a>),
[INFO] [stdout]     |     ^^^^^^^^^^^^
[INFO] [stdout] 213 |     Constructor(Id<'a>, Params<'a>, Block<'a>),
[INFO] [stdout]     |     ^^^^^^^^^^^
[INFO] [stdout]     |
[INFO] [stdout]     = note: `ClassStatement` has derived impls for the traits `Clone` and `Debug`, but these are intentionally ignored during dead code analysis
[INFO] [stdout] 
[INFO] [stdout] 
[INFO] [stdout] warning: variants `Id`, `Sub`, `Tilde`, and `Bang` are never constructed
[INFO] [stdout]    --> src/parser/ast.rs:218:5
[INFO] [stdout]     |
[INFO] [stdout] 217 | pub enum GetterLabel<'a> {
[INFO] [stdout]     |          ----------- variants in this enum
[INFO] [stdout] 218 |     Id(Id<'a>),
[INFO] [stdout]     |     ^^
[INFO] [stdout] 219 |     Sub,
[INFO] [stdout]     |     ^^^
[INFO] [stdout] 220 |     Tilde,
[INFO] [stdout]     |     ^^^^^
[INFO] [stdout] 221 |     Bang,
[INFO] [stdout]     |     ^^^^
[INFO] [stdout]     |
[INFO] [stdout]     = note: `GetterLabel` has derived impls for the traits `Clone` and `Debug`, but these are intentionally ignored during dead code analysis
[INFO] [stdout] 
[INFO] [stdout] 
[INFO] [stdout] warning: multiple variants are never constructed
[INFO] [stdout]    --> src/parser/ast.rs:225:5
[INFO] [stdout]     |
[INFO] [stdout] 224 | pub enum SetterLabel {
[INFO] [stdout]     |          ----------- variants in this enum
[INFO] [stdout] 225 |     Sub,
[INFO] [stdout]     |     ^^^
[INFO] [stdout] 226 |     Mul,
[INFO] [stdout]     |     ^^^
[INFO] [stdout] 227 |     Div,
[INFO] [stdout]     |     ^^^
[INFO] [stdout] 228 |     Mod,
[INFO] [stdout]     |     ^^^
[INFO] [stdout] 229 |     Add,
[INFO] [stdout]     |     ^^^
[INFO] [stdout] 230 |     EllipsisIn,
[INFO] [stdout]     |     ^^^^^^^^^^
[INFO] [stdout] 231 |     EllipsisOut,
[INFO] [stdout]     |     ^^^^^^^^^^^
[INFO] [stdout] 232 |     LShift,
[INFO] [stdout]     |     ^^^^^^
[INFO] [stdout] 233 |     RShift,
[INFO] [stdout]     |     ^^^^^^
[INFO] [stdout] 234 |     BitAnd,
[INFO] [stdout]     |     ^^^^^^
[INFO] [stdout] 235 |     BitOr,
[INFO] [stdout]     |     ^^^^^
[INFO] [stdout] 236 |     BitXor,
[INFO] [stdout]     |     ^^^^^^
[INFO] [stdout] 237 |     Gt,
[INFO] [stdout]     |     ^^
[INFO] [stdout] 238 |     Lt,
[INFO] [stdout]     |     ^^
[INFO] [stdout] 239 |     Eq,
[INFO] [stdout]     |     ^^
[INFO] [stdout] 240 |     Le,
[INFO] [stdout]     |     ^^
[INFO] [stdout] 241 |     Ge,
[INFO] [stdout]     |     ^^
[INFO] [stdout] 242 |     NotEq,
[INFO] [stdout]     |     ^^^^^
[INFO] [stdout] 243 |     Is,
[INFO] [stdout]     |     ^^
[INFO] [stdout]     |
[INFO] [stdout]     = note: `SetterLabel` has derived impls for the traits `Clone` and `Debug`, but these are intentionally ignored during dead code analysis
[INFO] [stdout] 
[INFO] [stdout] 
[INFO] [stdout] warning: variants `Simple` and `Group` are never constructed
[INFO] [stdout]    --> src/parser/ast.rs:247:5
[INFO] [stdout]     |
[INFO] [stdout] 246 | pub enum Attribute<'a> {
[INFO] [stdout]     |          --------- variants in this enum
[INFO] [stdout] 247 |     Simple(bool, AttributeValue<'a>),
[INFO] [stdout]     |     ^^^^^^
[INFO] [stdout] 248 |     Group(bool, Id<'a>, Vec<AttributeValue<'a>>),
[INFO] [stdout]     |     ^^^^^
[INFO] [stdout]     |
[INFO] [stdout]     = note: `Attribute` has derived impls for the traits `Clone` and `Debug`, but these are intentionally ignored during dead code analysis
[INFO] [stdout] 
[INFO] [stdout] 
[INFO] [stdout] warning: variants `Foreign`, `Static`, and `ForeignStatic` are never constructed
[INFO] [stdout]    --> src/parser/ast.rs:258:5
[INFO] [stdout]     |
[INFO] [stdout] 257 | pub enum ClassBodyType {
[INFO] [stdout]     |          ------------- variants in this enum
[INFO] [stdout] 258 |     Foreign,
[INFO] [stdout]     |     ^^^^^^^
[INFO] [stdout] 259 |     Static,
[INFO] [stdout]     |     ^^^^^^
[INFO] [stdout] 260 |     ForeignStatic,
[INFO] [stdout]     |     ^^^^^^^^^^^^^
[INFO] [stdout]     |
[INFO] [stdout]     = note: `ClassBodyType` has derived impls for the traits `Clone` and `Debug`, but these are intentionally ignored during dead code analysis
[INFO] [stdout] 
[INFO] [stdout] 
[INFO] [stdout] warning: multiple variants are never constructed
[INFO] [stdout]    --> src/parser/ast.rs:287:5
[INFO] [stdout]     |
[INFO] [stdout] 286 | pub enum AssignOp {
[INFO] [stdout]     |          -------- variants in this enum
[INFO] [stdout] 287 |     Assign,
[INFO] [stdout]     |     ^^^^^^
[INFO] [stdout] 288 |     Add,
[INFO] [stdout]     |     ^^^
[INFO] [stdout] 289 |     Sub,
[INFO] [stdout]     |     ^^^
[INFO] [stdout] 290 |     Mul,
[INFO] [stdout]     |     ^^^
[INFO] [stdout] 291 |     Div,
[INFO] [stdout]     |     ^^^
[INFO] [stdout] 292 |     And,
[INFO] [stdout]     |     ^^^
[INFO] [stdout] 293 |     Or,
[INFO] [stdout]     |     ^^
[INFO] [stdout] 294 |     Xor,
[INFO] [stdout]     |     ^^^
[INFO] [stdout] 295 |     Mod,
[INFO] [stdout]     |     ^^^
[INFO] [stdout] 296 |     LShift,
[INFO] [stdout]     |     ^^^^^^
[INFO] [stdout] 297 |     RShift,
[INFO] [stdout]     |     ^^^^^^
[INFO] [stdout] 298 |     URShift,
[INFO] [stdout]     |     ^^^^^^^
[INFO] [stdout]     |
[INFO] [stdout]     = note: `AssignOp` has derived impls for the traits `Clone` and `Debug`, but these are intentionally ignored during dead code analysis
[INFO] [stdout] 
[INFO] [stdout] 
[INFO] [stdout] warning: variants `Expression`, `Assignment`, and `Assignments` are never constructed
[INFO] [stdout]    --> src/parser/ast.rs:315:5
[INFO] [stdout]     |
[INFO] [stdout] 314 | pub enum Rhs<'a> {
[INFO] [stdout]     |          --- variants in this enum
[INFO] [stdout] 315 |     Expression(Expression<'a>),
[INFO] [stdout]     |     ^^^^^^^^^^
[INFO] [stdout] 316 |     Assignment(Assignment<'a>),
[INFO] [stdout]     |     ^^^^^^^^^^
[INFO] [stdout] 317 |     Assignments(Vec<Assignment<'a>>),
[INFO] [stdout]     |     ^^^^^^^^^^^
[INFO] [stdout]     |
[INFO] [stdout]     = note: `Rhs` has derived impls for the traits `Clone` and `Debug`, but these are intentionally ignored during dead code analysis
[INFO] [stdout] 
[INFO] [stdout] 
[INFO] [stdout] warning: variants `Expression` and `Assignment` are never constructed
[INFO] [stdout]    --> src/parser/ast.rs:334:5
[INFO] [stdout]     |
[INFO] [stdout] 333 | pub enum WhileCond<'a> {
[INFO] [stdout]     |          --------- variants in this enum
[INFO] [stdout] 334 |     Expression(Expression<'a>),
[INFO] [stdout]     |     ^^^^^^^^^^
[INFO] [stdout] 335 |     Assignment(Assignment<'a>),
[INFO] [stdout]     |     ^^^^^^^^^^
[INFO] [stdout]     |
[INFO] [stdout]     = note: `WhileCond` has derived impls for the traits `Clone` and `Debug`, but these are intentionally ignored during dead code analysis
[INFO] [stdout] 
[INFO] [stdout] 
[INFO] [stdout] warning: variants `Class`, `Fn`, `Import`, `Statement`, and `Block` are never constructed
[INFO] [stdout]    --> src/parser/ast.rs:350:5
[INFO] [stdout]     |
[INFO] [stdout] 349 | pub enum Unit<'a> {
[INFO] [stdout]     |          ---- variants in this enum
[INFO] [stdout] 350 |     Class(ClassDefinition<'a>),
[INFO] [stdout]     |     ^^^^^
[INFO] [stdout] 351 |     Fn(Function<'a>),
[INFO] [stdout]     |     ^^
[INFO] [stdout] 352 |     Import(ImportModule<'a>),
[INFO] [stdout]     |     ^^^^^^
[INFO] [stdout] 353 |     Statement(Statement<'a>),
[INFO] [stdout]     |     ^^^^^^^^^
[INFO] [stdout] 354 |     Block(Block<'a>),
[INFO] [stdout]     |     ^^^^^
[INFO] [stdout]     |
[INFO] [stdout]     = note: `Unit` has derived impls for the traits `Clone` and `Debug`, but these are intentionally ignored during dead code analysis
[INFO] [stdout] 
[INFO] [stdout] 
[INFO] [stdout] warning: struct `CypherLexer` is never constructed
[INFO] [stdout]   --> src/parser/lexer.rs:11:12
[INFO] [stdout]    |
[INFO] [stdout] 11 | pub struct CypherLexer<'a> {
[INFO] [stdout]    |            ^^^^^^^^^^^
[INFO] [stdout]    |
[INFO] [stdout]    = note: `CypherLexer` has a derived impl for the trait `Debug`, but this is intentionally ignored during dead code analysis
[INFO] [stdout] 
[INFO] [stdout] 
[INFO] [stdout] warning: associated items `new`, `token`, and `len` are never used
[INFO] [stdout]   --> src/parser/lexer.rs:17:12
[INFO] [stdout]    |
[INFO] [stdout] 16 | impl<'a> CypherLexer<'a> {
[INFO] [stdout]    | ------------------------ associated items in this implementation
[INFO] [stdout] 17 |     pub fn new(source: &'a str) -> Result<Self, ParseError> {
[INFO] [stdout]    |            ^^^
[INFO] [stdout] ...
[INFO] [stdout] 32 |     pub fn token(&self, pos: usize) -> Result<(&Token<'a>, usize), ParseError<'a>> {
[INFO] [stdout]    |            ^^^^^
[INFO] [stdout] ...
[INFO] [stdout] 38 |     pub fn len(&self) -> usize {
[INFO] [stdout]    |            ^^^
[INFO] [stdout] 
[INFO] [stdout] 
[INFO] [stdout] warning: variants `Success`, `Fail`, and `Error` are never constructed
[INFO] [stdout]   --> src/parser/result.rs:13:5
[INFO] [stdout]    |
[INFO] [stdout] 12 | pub enum ParseResult<'a, T> {
[INFO] [stdout]    |          ----------- variants in this enum
[INFO] [stdout] 13 |     Success(T, usize),
[INFO] [stdout]    |     ^^^^^^^
[INFO] [stdout] 14 |     Fail(usize),
[INFO] [stdout]    |     ^^^^
[INFO] [stdout] 15 |     Error(ParseError<'a>),
[INFO] [stdout]    |     ^^^^^
[INFO] [stdout]    |
[INFO] [stdout]    = note: `ParseResult` has derived impls for the traits `Clone` and `Debug`, but these are intentionally ignored during dead code analysis
[INFO] [stdout] 
[INFO] [stdout] 
[INFO] [stdout] warning: methods `take_left` and `take_right` are never used
[INFO] [stdout]   --> src/parser/result.rs:19:12
[INFO] [stdout]    |
[INFO] [stdout] 18 | impl<'a, L, R> ParseResult<'a, (L, R)> {
[INFO] [stdout]    | -------------------------------------- methods in this implementation
[INFO] [stdout] 19 |     pub fn take_left(self) -> ParseResult<'a, L> {
[INFO] [stdout]    |            ^^^^^^^^^
[INFO] [stdout] ...
[INFO] [stdout] 22 |     pub fn take_right(self) -> ParseResult<'a, R> {
[INFO] [stdout]    |            ^^^^^^^^^^
[INFO] [stdout] 
[INFO] [stdout] 
[INFO] [stdout] warning: method `merge` is never used
[INFO] [stdout]   --> src/parser/result.rs:28:12
[INFO] [stdout]    |
[INFO] [stdout] 27 | impl<'a, L> ParseResult<'a, (L, Vec<L>)> {
[INFO] [stdout]    | ---------------------------------------- method in this implementation
[INFO] [stdout] 28 |     pub fn merge(self) -> ParseResult<'a, Vec<L>> {
[INFO] [stdout]    |            ^^^^^
[INFO] [stdout] 
[INFO] [stdout] 
[INFO] [stdout] warning: method `merge` is never used
[INFO] [stdout]   --> src/parser/result.rs:36:12
[INFO] [stdout]    |
[INFO] [stdout] 35 | impl<'a, L> ParseResult<'a, (Option<L>, Vec<L>)> {
[INFO] [stdout]    | ------------------------------------------------ method in this implementation
[INFO] [stdout] 36 |     pub fn merge(self) -> ParseResult<'a, Vec<L>> {
[INFO] [stdout]    |            ^^^^^
[INFO] [stdout] 
[INFO] [stdout] 
[INFO] [stdout] warning: method `to_map` is never used
[INFO] [stdout]   --> src/parser/result.rs:48:12
[INFO] [stdout]    |
[INFO] [stdout] 47 | impl<'a, L: Eq + Hash, R> ParseResult<'a, Vec<(L, R)>> {
[INFO] [stdout]    | ------------------------------------------------------ method in this implementation
[INFO] [stdout] 48 |     pub fn to_map(self) -> ParseResult<'a, HashMap<L, R>> {
[INFO] [stdout]    |            ^^^^^^
[INFO] [stdout] 
[INFO] [stdout] 
[INFO] [stdout] warning: multiple methods are never used
[INFO] [stdout]    --> src/parser/result.rs:54:12
[INFO] [stdout]     |
[INFO] [stdout] 53  | impl<'a, T> ParseResult<'a, T> {
[INFO] [stdout]     | ------------------------------ methods in this implementation
[INFO] [stdout] 54  |     pub fn then_zip<Res, Then>(self, then: Then) -> ParseResult<'a, (T, Res)>
[INFO] [stdout]     |            ^^^^^^^^
[INFO] [stdout] ...
[INFO] [stdout] 60  |     pub fn then_or_val_zip<Res, Then>(self, then: Then, default: Res) -> ParseResult<'a, (T, Res)>
[INFO] [stdout]     |            ^^^^^^^^^^^^^^^
[INFO] [stdout] ...
[INFO] [stdout] 67  |     pub fn then_or_none_zip<Rhs, Then>(self, then: Then) -> ParseResult<'a, (T, Option<Rhs>)>
[INFO] [stdout]     |            ^^^^^^^^^^^^^^^^
[INFO] [stdout] ...
[INFO] [stdout] 73  |     pub fn then_or_default_zip<Rhs: Default, Then>(self, then: Then) -> ParseResult<'a, (T, Rhs)>
[INFO] [stdout]     |            ^^^^^^^^^^^^^^^^^^^
[INFO] [stdout] ...
[INFO] [stdout] 80  |     pub fn then_combine<Rhs, Res, Then, Combine>(
[INFO] [stdout]     |            ^^^^^^^^^^^^
[INFO] [stdout] ...
[INFO] [stdout] 100 |     pub fn then_multi_combine<K, R, Then, Combine>(
[INFO] [stdout]     |            ^^^^^^^^^^^^^^^^^^
[INFO] [stdout] ...
[INFO] [stdout] 128 |     pub fn then_multi_zip<R, Then>(self, then: Then) -> ParseResult<'a, (T, Vec<R>)>
[INFO] [stdout]     |            ^^^^^^^^^^^^^^
[INFO] [stdout] ...
[INFO] [stdout] 135 |     pub fn then_or_val_combine<Rhs, Res, Then, Combine>(
[INFO] [stdout]     |            ^^^^^^^^^^^^^^^^^^^
[INFO] [stdout] ...
[INFO] [stdout] 156 |     pub fn then_or_none_combine<Rhs, Res, Then, Combine>(
[INFO] [stdout]     |            ^^^^^^^^^^^^^^^^^^^^
[INFO] [stdout] ...
[INFO] [stdout] 168 |     pub fn then<Rhs, Then>(self, then: Then) -> ParseResult<'a, Rhs>
[INFO] [stdout]     |            ^^^^
[INFO] [stdout] ...
[INFO] [stdout] 175 |     pub fn then_or_val<Rhs, Then>(self, then: Then, default: Rhs) -> ParseResult<'a, Rhs>
[INFO] [stdout]     |            ^^^^^^^^^^^
[INFO] [stdout] ...
[INFO] [stdout] 184 |     pub fn then_or_default<Rhs: Default, Then>(self, then: Then) -> ParseResult<'a, Rhs>
[INFO] [stdout]     |            ^^^^^^^^^^^^^^^
[INFO] [stdout] ...
[INFO] [stdout] 193 |     pub fn then_or_none<Rhs, Then>(self, then: Then) -> ParseResult<'a, Option<Rhs>>
[INFO] [stdout]     |            ^^^^^^^^^^^^
[INFO] [stdout] 
[INFO] [stdout] 
[INFO] [stdout] warning: methods `debug1_show_last` and `debug_show_last` are never used
[INFO] [stdout]    --> src/parser/result.rs:201:12
[INFO] [stdout]     |
[INFO] [stdout] 200 | impl<'a, Rhs: Debug, Lhs: Debug> ParseResult<'a, (Lhs, Rhs)> {
[INFO] [stdout]     | ------------------------------------------------------------ methods in this implementation
[INFO] [stdout] 201 |     pub fn debug1_show_last(self, prefix: &'a str) -> ParseResult<'a, (Lhs, Rhs)> {
[INFO] [stdout]     |            ^^^^^^^^^^^^^^^^
[INFO] [stdout] ...
[INFO] [stdout] 204 |     pub fn debug_show_last(self) -> ParseResult<'a, (Lhs, Rhs)> {
[INFO] [stdout]     |            ^^^^^^^^^^^^^^^
[INFO] [stdout] 
[INFO] [stdout] 
[INFO] [stdout] warning: methods `debug`, `debug_show`, `debug1`, and `debug1_show` are never used
[INFO] [stdout]    --> src/parser/result.rs:209:12
[INFO] [stdout]     |
[INFO] [stdout] 208 | impl<'a, T: Debug> ParseResult<'a, T> {
[INFO] [stdout]     | ------------------------------------- methods in this implementation
[INFO] [stdout] 209 |     pub fn debug(self) -> ParseResult<'a, T> {
[INFO] [stdout]     |            ^^^^^
[INFO] [stdout] ...
[INFO] [stdout] 212 |     pub fn debug_show<Show, To>(self, show: Show) -> ParseResult<'a, T>
[INFO] [stdout]     |            ^^^^^^^^^^
[INFO] [stdout] ...
[INFO] [stdout] 219 |     pub fn debug1(self, prefix: &'a str) -> ParseResult<'a, T> {
[INFO] [stdout]     |            ^^^^^^
[INFO] [stdout] ...
[INFO] [stdout] 238 |     pub fn debug1_show<Show, To>(self, prefix: &'a str, show: Show) -> ParseResult<'a, T>
[INFO] [stdout]     |            ^^^^^^^^^^^
[INFO] [stdout] 
[INFO] [stdout] 
[INFO] [stdout] warning: methods `ok`, `map`, `combine`, and `validate` are never used
[INFO] [stdout]    --> src/parser/result.rs:268:12
[INFO] [stdout]     |
[INFO] [stdout] 267 | impl<'a, T> ParseResult<'a, T> {
[INFO] [stdout]     | ------------------------------ methods in this implementation
[INFO] [stdout] 268 |     pub fn ok(self) -> ParseResult<'a, Option<T>> {
[INFO] [stdout]     |            ^^
[INFO] [stdout] ...
[INFO] [stdout] 271 |     pub fn map<Rhs, Map>(self, mapper: Map) -> ParseResult<'a, Rhs>
[INFO] [stdout]     |            ^^^
[INFO] [stdout] ...
[INFO] [stdout] 281 |     pub fn combine<Rhs, Res, Combine>(
[INFO] [stdout]     |            ^^^^^^^
[INFO] [stdout] ...
[INFO] [stdout] 296 |     pub fn validate<Validation>(self, validate: Validation) -> ParseResult<'a, T>
[INFO] [stdout]     |            ^^^^^^^^
[INFO] [stdout] 
[INFO] [stdout] 
[INFO] [stdout] warning: methods `or_val`, `or_none`, `or`, and `or_from` are never used
[INFO] [stdout]    --> src/parser/result.rs:311:12
[INFO] [stdout]     |
[INFO] [stdout] 310 | impl<'a, T> ParseResult<'a, T> {
[INFO] [stdout]     | ------------------------------ methods in this implementation
[INFO] [stdout] 311 |     pub fn or_val(self, default: T) -> ParseResult<'a, T> {
[INFO] [stdout]     |            ^^^^^^
[INFO] [stdout] ...
[INFO] [stdout] 318 |     pub fn or_none(self) -> ParseResult<'a, Option<T>> {
[INFO] [stdout]     |            ^^^^^^^
[INFO] [stdout] ...
[INFO] [stdout] 321 |     pub fn or<Alt>(self, next: Alt) -> ParseResult<'a, T>
[INFO] [stdout]     |            ^^
[INFO] [stdout] ...
[INFO] [stdout] 332 |     pub fn or_from(self, pos: usize) -> Alt<'a, T> {
[INFO] [stdout]     |            ^^^^^^^
[INFO] [stdout] 
[INFO] [stdout] 
[INFO] [stdout] warning: field `init_pos` is never read
[INFO] [stdout]    --> src/parser/result.rs:341:5
[INFO] [stdout]     |
[INFO] [stdout] 340 | pub struct Alt<'a, T> {
[INFO] [stdout]     |            --- field in this struct
[INFO] [stdout] 341 |     init_pos: usize,
[INFO] [stdout]     |     ^^^^^^^^
[INFO] [stdout] 
[INFO] [stdout] 
[INFO] [stdout] warning: methods `next` and `or` are never used
[INFO] [stdout]    --> src/parser/result.rs:346:8
[INFO] [stdout]     |
[INFO] [stdout] 345 | impl<'a, T> Alt<'a, T> {
[INFO] [stdout]     | ---------------------- methods in this implementation
[INFO] [stdout] 346 |     fn next<Next>(self, next: Next) -> Alt<'a, T>
[INFO] [stdout]     |        ^^^^
[INFO] [stdout] ...
[INFO] [stdout] 356 |     pub fn or<Next>(self, next: Next) -> Alt<'a, T>
[INFO] [stdout]     |            ^^
[INFO] [stdout] 
[INFO] [stdout] 
[INFO] [stderr]     Finished `dev` profile [unoptimized + debuginfo] target(s) in 9.08s
[INFO] running `Command { std: "docker" "inspect" "e8cb63752ddba9208e5901c9216b9827adbd8258c6b608b7bcdcf678df9100d8", kill_on_drop: false }`
[INFO] running `Command { std: "docker" "rm" "-f" "e8cb63752ddba9208e5901c9216b9827adbd8258c6b608b7bcdcf678df9100d8", kill_on_drop: false }`
[INFO] [stdout] e8cb63752ddba9208e5901c9216b9827adbd8258c6b608b7bcdcf678df9100d8
[INFO] running `Command { std: "docker" "create" "-v" "/var/lib/crater-agent-workspace/builds/worker-3-tc1/target:/opt/rustwide/target:rw,Z" "-v" "/var/lib/crater-agent-workspace/builds/worker-3-tc1/source:/opt/rustwide/workdir:ro,Z" "-v" "/var/lib/crater-agent-workspace/cargo-home:/opt/rustwide/cargo-home:ro,Z" "-v" "/var/lib/crater-agent-workspace/rustup-home:/opt/rustwide/rustup-home:ro,Z" "-e" "SOURCE_DIR=/opt/rustwide/workdir" "-e" "CARGO_TARGET_DIR=/opt/rustwide/target" "-e" "CARGO_INCREMENTAL=0" "-e" "RUST_BACKTRACE=full" "-e" "RUSTFLAGS=--cap-lints=warn" "-e" "RUSTDOCFLAGS=--cap-lints=warn" "-e" "CARGO_HOME=/opt/rustwide/cargo-home" "-e" "RUSTUP_HOME=/opt/rustwide/rustup-home" "-w" "/opt/rustwide/workdir" "-m" "1610612736" "--user" "0:0" "--network" "none" "ghcr.io/rust-lang/crates-build-env/linux@sha256:f3a9d4ad9d972b27faf3965f35b62e55ba32bbce8f20bc8fe909558a86702fde" "/opt/rustwide/cargo-home/bin/cargo" "+1.83.0" "test" "--frozen" "--no-run" "--message-format=json", kill_on_drop: false }`
[INFO] [stdout] 6798bbc9a9cd4fa6ddff3b4140a7b00367eba8f71e56cf7e75f19cbe8469f279
[INFO] running `Command { std: "docker" "start" "-a" "6798bbc9a9cd4fa6ddff3b4140a7b00367eba8f71e56cf7e75f19cbe8469f279", kill_on_drop: false }`
[INFO] [stderr]    Compiling rusty_wren v0.1.0 (/opt/rustwide/workdir)
[INFO] [stdout] warning: unused import: `crate::parser::lexer::Token::Class`
[INFO] [stdout]  --> src/parser/parser.rs:2:5
[INFO] [stdout]   |
[INFO] [stdout] 2 | use crate::parser::lexer::Token::Class;
[INFO] [stdout]   |     ^^^^^^^^^^^^^^^^^^^^^^^^^^^^^^^^^^
[INFO] [stdout]   |
[INFO] [stdout]   = note: `#[warn(unused_imports)]` on by default
[INFO] [stdout] 
[INFO] [stdout] 
[INFO] [stdout] warning: unused import: `std::borrow::Borrow`
[INFO] [stdout]  --> src/parser/parser.rs:9:5
[INFO] [stdout]   |
[INFO] [stdout] 9 | use std::borrow::Borrow;
[INFO] [stdout]   |     ^^^^^^^^^^^^^^^^^^^
[INFO] [stdout] 
[INFO] [stdout] 
[INFO] [stdout] warning: unused import: `std::collections::HashMap`
[INFO] [stdout]   --> src/parser/parser.rs:10:5
[INFO] [stdout]    |
[INFO] [stdout] 10 | use std::collections::HashMap;
[INFO] [stdout]    |     ^^^^^^^^^^^^^^^^^^^^^^^^^
[INFO] [stdout] 
[INFO] [stdout] 
[INFO] [stdout] warning: unused import: `std::iter::Map`
[INFO] [stdout]   --> src/parser/parser.rs:11:5
[INFO] [stdout]    |
[INFO] [stdout] 11 | use std::iter::Map;
[INFO] [stdout]    |     ^^^^^^^^^^^^^^
[INFO] [stdout] 
[INFO] [stdout] 
[INFO] [stdout] warning: elided lifetime has a name
[INFO] [stdout]   --> src/parser/parser.rs:18:46
[INFO] [stdout]    |
[INFO] [stdout] 17 | impl<'a> CypherParser<'a> {
[INFO] [stdout]    |      -- lifetime `'a` declared here
[INFO] [stdout] 18 |     pub fn new(src: &'a str) -> Result<Self, ParseError> {
[INFO] [stdout]    |                                              ^^^^^^^^^^ this elided lifetime gets resolved as `'a`
[INFO] [stdout]    |
[INFO] [stdout]    = note: `#[warn(elided_named_lifetimes)]` on by default
[INFO] [stdout] 
[INFO] [stdout] 
[INFO] [stdout] warning: unused import: `std::collections::HashMap`
[INFO] [stdout]  --> src/parser/ast.rs:1:5
[INFO] [stdout]   |
[INFO] [stdout] 1 | use std::collections::HashMap;
[INFO] [stdout]   |     ^^^^^^^^^^^^^^^^^^^^^^^^^
[INFO] [stdout] 
[INFO] [stdout] 
[INFO] [stdout] warning: unused import: `std::iter::Map`
[INFO] [stdout]  --> src/parser/ast.rs:2:5
[INFO] [stdout]   |
[INFO] [stdout] 2 | use std::iter::Map;
[INFO] [stdout]   |     ^^^^^^^^^^^^^^
[INFO] [stdout] 
[INFO] [stdout] 
[INFO] [stdout] warning: unused import: `std::ops::Range`
[INFO] [stdout]  --> src/parser/lexer.rs:1:5
[INFO] [stdout]   |
[INFO] [stdout] 1 | use std::ops::Range;
[INFO] [stdout]   |     ^^^^^^^^^^^^^^^
[INFO] [stdout] 
[INFO] [stdout] 
[INFO] [stdout] warning: unused import: `std::num::ParseIntError`
[INFO] [stdout]  --> src/parser/lexer.rs:8:5
[INFO] [stdout]   |
[INFO] [stdout] 8 | use std::num::ParseIntError;
[INFO] [stdout]   |     ^^^^^^^^^^^^^^^^^^^^^^^
[INFO] [stdout] 
[INFO] [stdout] 
[INFO] [stdout] warning: elided lifetime has a name
[INFO] [stdout]   --> src/parser/lexer.rs:17:49
[INFO] [stdout]    |
[INFO] [stdout] 16 | impl<'a> CypherLexer<'a> {
[INFO] [stdout]    |      -- lifetime `'a` declared here
[INFO] [stdout] 17 |     pub fn new(source: &'a str) -> Result<Self, ParseError> {
[INFO] [stdout]    |                                                 ^^^^^^^^^^ this elided lifetime gets resolved as `'a`
[INFO] [stdout] 
[INFO] [stdout] 
[INFO] [stdout] warning: unused import: `crate::parser::lexer::Token`
[INFO] [stdout]  --> src/parser/result.rs:1:5
[INFO] [stdout]   |
[INFO] [stdout] 1 | use crate::parser::lexer::Token;
[INFO] [stdout]   |     ^^^^^^^^^^^^^^^^^^^^^^^^^^^
[INFO] [stdout] 
[INFO] [stdout] 
[INFO] [stdout] warning: unused import: `std::error::Error`
[INFO] [stdout]  --> src/parser/lexer.rs:7:5
[INFO] [stdout]   |
[INFO] [stdout] 7 | use std::error::Error;
[INFO] [stdout]   |     ^^^^^^^^^^^^^^^^^
[INFO] [stdout] 
[INFO] [stdout] 
[INFO] [stdout] warning: unused variable: `r`
[INFO] [stdout]    --> src/parser/parser.rs:639:23
[INFO] [stdout]     |
[INFO] [stdout] 639 |                 .map(|r| ClassBodyType::ForeignStatic)
[INFO] [stdout]     |                       ^ help: if this is intentional, prefix it with an underscore: `_r`
[INFO] [stdout]     |
[INFO] [stdout]     = note: `#[warn(unused_variables)]` on by default
[INFO] [stdout] 
[INFO] [stdout] 
[INFO] [stdout] warning: unused variable: `r`
[INFO] [stdout]    --> src/parser/parser.rs:644:31
[INFO] [stdout]     |
[INFO] [stdout] 644 |                         .map(|r| ClassBodyType::ForeignStatic)
[INFO] [stdout]     |                               ^ help: if this is intentional, prefix it with an underscore: `_r`
[INFO] [stdout] 
[INFO] [stdout] 
[INFO] [stdout] warning: unused variable: `v`
[INFO] [stdout]   --> src/parser/tests/parser/mod.rs:34:30
[INFO] [stdout]    |
[INFO] [stdout] 34 |         ParseResult::Success(v, pos) => assert_eq!(pos, expect),
[INFO] [stdout]    |                              ^ help: if this is intentional, prefix it with an underscore: `_v`
[INFO] [stdout] 
[INFO] [stdout] 
[INFO] [stdout] warning: fields `0` and `1` are never read
[INFO] [stdout]   --> src/parser/mod.rs:13:14
[INFO] [stdout]    |
[INFO] [stdout] 13 |     BadToken(&'a str, Range<usize>),
[INFO] [stdout]    |     -------- ^^^^^^^  ^^^^^^^^^^^^
[INFO] [stdout]    |     |
[INFO] [stdout]    |     fields in this variant
[INFO] [stdout]    |
[INFO] [stdout]    = note: `ParseError` has derived impls for the traits `Clone` and `Debug`, but these are intentionally ignored during dead code analysis
[INFO] [stdout]    = note: `#[warn(dead_code)]` on by default
[INFO] [stdout] help: consider changing the fields to be of unit type to suppress this warning while preserving the field numbering, or remove the fields
[INFO] [stdout]    |
[INFO] [stdout] 13 |     BadToken((), ()),
[INFO] [stdout]    |              ~~  ~~
[INFO] [stdout] 
[INFO] [stdout] 
[INFO] [stdout] warning: variants `FailedOnValidation` and `UnreachedEOF` are never constructed
[INFO] [stdout]   --> src/parser/mod.rs:14:5
[INFO] [stdout]    |
[INFO] [stdout] 12 | pub enum ParseError<'a> {
[INFO] [stdout]    |          ---------- variants in this enum
[INFO] [stdout] 13 |     BadToken(&'a str, Range<usize>),
[INFO] [stdout] 14 |     FailedOnValidation(&'a str, usize),
[INFO] [stdout]    |     ^^^^^^^^^^^^^^^^^^
[INFO] [stdout] ...
[INFO] [stdout] 17 |     UnreachedEOF(usize),
[INFO] [stdout]    |     ^^^^^^^^^^^^
[INFO] [stdout]    |
[INFO] [stdout]    = note: `ParseError` has derived impls for the traits `Clone` and `Debug`, but these are intentionally ignored during dead code analysis
[INFO] [stdout] 
[INFO] [stdout] 
[INFO] [stdout] warning: method `validate_eof` is never used
[INFO] [stdout]   --> src/parser/parser.rs:47:12
[INFO] [stdout]    |
[INFO] [stdout] 17 | impl<'a> CypherParser<'a> {
[INFO] [stdout]    | ------------------------- method in this implementation
[INFO] [stdout] ...
[INFO] [stdout] 47 |     pub fn validate_eof<T>(&self, res: ParseResult<'a, T>) -> ParseResult<'a, T> {
[INFO] [stdout]    |            ^^^^^^^^^^^^
[INFO] [stdout] 
[INFO] [stdout] 
[INFO] [stdout] warning: method `number_expr` is never used
[INFO] [stdout]   --> src/parser/parser.rs:85:12
[INFO] [stdout]    |
[INFO] [stdout] 54 | impl<'a> CypherParser<'a> {
[INFO] [stdout]    | ------------------------- method in this implementation
[INFO] [stdout] ...
[INFO] [stdout] 85 |     pub fn number_expr(&self, pos: usize) -> ParseResult<'a, AtomExpression<'a>> {
[INFO] [stdout]    |            ^^^^^^^^^^^
[INFO] [stdout] 
[INFO] [stdout] 
[INFO] [stdout] warning: method `string_or_default` is never used
[INFO] [stdout]   --> src/parser/ast.rs:34:12
[INFO] [stdout]    |
[INFO] [stdout] 33 | impl<'a> AtomExpression<'a> {
[INFO] [stdout]    | --------------------------- method in this implementation
[INFO] [stdout] 34 |     pub fn string_or_default(&self, default: &'a str) -> &'a str {
[INFO] [stdout]    |            ^^^^^^^^^^^^^^^^^
[INFO] [stdout] 
[INFO] [stdout] 
[INFO] [stdout] warning: variant `E` is never constructed
[INFO] [stdout]   --> src/parser/ast.rs:74:5
[INFO] [stdout]    |
[INFO] [stdout] 70 | pub enum Expression<'a> {
[INFO] [stdout]    |          ---------- variant in this enum
[INFO] [stdout] ...
[INFO] [stdout] 74 |     E
[INFO] [stdout]    |     ^
[INFO] [stdout]    |
[INFO] [stdout]    = note: `Expression` has derived impls for the traits `Clone` and `Debug`, but these are intentionally ignored during dead code analysis
[INFO] [stdout] 
[INFO] [stdout] 
[INFO] [stdout] warning: variant `RShift` is never constructed
[INFO] [stdout]    --> src/parser/ast.rs:233:5
[INFO] [stdout]     |
[INFO] [stdout] 224 | pub enum SetterLabel {
[INFO] [stdout]     |          ----------- variant in this enum
[INFO] [stdout] ...
[INFO] [stdout] 233 |     RShift,
[INFO] [stdout]     |     ^^^^^^
[INFO] [stdout]     |
[INFO] [stdout]     = note: `SetterLabel` has derived impls for the traits `Clone` and `Debug`, but these are intentionally ignored during dead code analysis
[INFO] [stdout] 
[INFO] [stdout] 
[INFO] [stdout] warning: field `source` is never read
[INFO] [stdout]   --> src/parser/lexer.rs:12:16
[INFO] [stdout]    |
[INFO] [stdout] 11 | pub struct CypherLexer<'a> {
[INFO] [stdout]    |            ----------- field in this struct
[INFO] [stdout] 12 |     pub(crate) source: &'a str,
[INFO] [stdout]    |                ^^^^^^
[INFO] [stdout]    |
[INFO] [stdout]    = note: `CypherLexer` has a derived impl for the trait `Debug`, but this is intentionally ignored during dead code analysis
[INFO] [stdout] 
[INFO] [stdout] 
[INFO] [stdout] warning: method `len` is never used
[INFO] [stdout]   --> src/parser/lexer.rs:38:12
[INFO] [stdout]    |
[INFO] [stdout] 16 | impl<'a> CypherLexer<'a> {
[INFO] [stdout]    | ------------------------ method in this implementation
[INFO] [stdout] ...
[INFO] [stdout] 38 |     pub fn len(&self) -> usize {
[INFO] [stdout]    |            ^^^
[INFO] [stdout] 
[INFO] [stdout] 
[INFO] [stdout] warning: method `take_right` is never used
[INFO] [stdout]   --> src/parser/result.rs:22:12
[INFO] [stdout]    |
[INFO] [stdout] 18 | impl<'a, L, R> ParseResult<'a, (L, R)> {
[INFO] [stdout]    | -------------------------------------- method in this implementation
[INFO] [stdout] ...
[INFO] [stdout] 22 |     pub fn take_right(self) -> ParseResult<'a, R> {
[INFO] [stdout]    |            ^^^^^^^^^^
[INFO] [stdout] 
[INFO] [stdout] 
[INFO] [stdout] warning: method `merge` is never used
[INFO] [stdout]   --> src/parser/result.rs:36:12
[INFO] [stdout]    |
[INFO] [stdout] 35 | impl<'a, L> ParseResult<'a, (Option<L>, Vec<L>)> {
[INFO] [stdout]    | ------------------------------------------------ method in this implementation
[INFO] [stdout] 36 |     pub fn merge(self) -> ParseResult<'a, Vec<L>> {
[INFO] [stdout]    |            ^^^^^
[INFO] [stdout] 
[INFO] [stdout] 
[INFO] [stdout] warning: method `to_map` is never used
[INFO] [stdout]   --> src/parser/result.rs:48:12
[INFO] [stdout]    |
[INFO] [stdout] 47 | impl<'a, L: Eq + Hash, R> ParseResult<'a, Vec<(L, R)>> {
[INFO] [stdout]    | ------------------------------------------------------ method in this implementation
[INFO] [stdout] 48 |     pub fn to_map(self) -> ParseResult<'a, HashMap<L, R>> {
[INFO] [stdout]    |            ^^^^^^
[INFO] [stdout] 
[INFO] [stdout] 
[INFO] [stdout] warning: methods `debug1_show_last` and `debug_show_last` are never used
[INFO] [stdout]    --> src/parser/result.rs:201:12
[INFO] [stdout]     |
[INFO] [stdout] 200 | impl<'a, Rhs: Debug, Lhs: Debug> ParseResult<'a, (Lhs, Rhs)> {
[INFO] [stdout]     | ------------------------------------------------------------ methods in this implementation
[INFO] [stdout] 201 |     pub fn debug1_show_last(self, prefix: &'a str) -> ParseResult<'a, (Lhs, Rhs)> {
[INFO] [stdout]     |            ^^^^^^^^^^^^^^^^
[INFO] [stdout] ...
[INFO] [stdout] 204 |     pub fn debug_show_last(self) -> ParseResult<'a, (Lhs, Rhs)> {
[INFO] [stdout]     |            ^^^^^^^^^^^^^^^
[INFO] [stdout] 
[INFO] [stdout] 
[INFO] [stdout] warning: methods `debug_show` and `debug1_show` are never used
[INFO] [stdout]    --> src/parser/result.rs:212:12
[INFO] [stdout]     |
[INFO] [stdout] 208 | impl<'a, T: Debug> ParseResult<'a, T> {
[INFO] [stdout]     | ------------------------------------- methods in this implementation
[INFO] [stdout] ...
[INFO] [stdout] 212 |     pub fn debug_show<Show, To>(self, show: Show) -> ParseResult<'a, T>
[INFO] [stdout]     |            ^^^^^^^^^^
[INFO] [stdout] ...
[INFO] [stdout] 238 |     pub fn debug1_show<Show, To>(self, prefix: &'a str, show: Show) -> ParseResult<'a, T>
[INFO] [stdout]     |            ^^^^^^^^^^^
[INFO] [stdout] 
[INFO] [stdout] 
[INFO] [stdout] warning: methods `ok`, `combine`, and `validate` are never used
[INFO] [stdout]    --> src/parser/result.rs:268:12
[INFO] [stdout]     |
[INFO] [stdout] 267 | impl<'a, T> ParseResult<'a, T> {
[INFO] [stdout]     | ------------------------------ methods in this implementation
[INFO] [stdout] 268 |     pub fn ok(self) -> ParseResult<'a, Option<T>> {
[INFO] [stdout]     |            ^^
[INFO] [stdout] ...
[INFO] [stdout] 281 |     pub fn combine<Rhs, Res, Combine>(
[INFO] [stdout]     |            ^^^^^^^
[INFO] [stdout] ...
[INFO] [stdout] 296 |     pub fn validate<Validation>(self, validate: Validation) -> ParseResult<'a, T>
[INFO] [stdout]     |            ^^^^^^^^
[INFO] [stdout] 
[INFO] [stdout] 
[INFO] [stdout] warning: function `expect_failed` is never used
[INFO] [stdout]   --> src/parser/tests/lexer.rs:19:4
[INFO] [stdout]    |
[INFO] [stdout] 19 | fn expect_failed(src: &str) {
[INFO] [stdout]    |    ^^^^^^^^^^^^^
[INFO] [stdout] 
[INFO] [stdout] 
[INFO] [stderr]     Finished `test` profile [unoptimized + debuginfo] target(s) in 2.17s
[INFO] running `Command { std: "docker" "inspect" "6798bbc9a9cd4fa6ddff3b4140a7b00367eba8f71e56cf7e75f19cbe8469f279", kill_on_drop: false }`
[INFO] running `Command { std: "docker" "rm" "-f" "6798bbc9a9cd4fa6ddff3b4140a7b00367eba8f71e56cf7e75f19cbe8469f279", kill_on_drop: false }`
[INFO] [stdout] 6798bbc9a9cd4fa6ddff3b4140a7b00367eba8f71e56cf7e75f19cbe8469f279
[INFO] running `Command { std: "docker" "create" "-v" "/var/lib/crater-agent-workspace/builds/worker-3-tc1/target:/opt/rustwide/target:rw,Z" "-v" "/var/lib/crater-agent-workspace/builds/worker-3-tc1/source:/opt/rustwide/workdir:ro,Z" "-v" "/var/lib/crater-agent-workspace/cargo-home:/opt/rustwide/cargo-home:ro,Z" "-v" "/var/lib/crater-agent-workspace/rustup-home:/opt/rustwide/rustup-home:ro,Z" "-e" "SOURCE_DIR=/opt/rustwide/workdir" "-e" "CARGO_TARGET_DIR=/opt/rustwide/target" "-e" "CARGO_INCREMENTAL=0" "-e" "RUST_BACKTRACE=full" "-e" "RUSTFLAGS=--cap-lints=warn" "-e" "RUSTDOCFLAGS=--cap-lints=warn" "-e" "CARGO_HOME=/opt/rustwide/cargo-home" "-e" "RUSTUP_HOME=/opt/rustwide/rustup-home" "-w" "/opt/rustwide/workdir" "-m" "1610612736" "--user" "0:0" "--network" "none" "ghcr.io/rust-lang/crates-build-env/linux@sha256:f3a9d4ad9d972b27faf3965f35b62e55ba32bbce8f20bc8fe909558a86702fde" "/opt/rustwide/cargo-home/bin/cargo" "+1.83.0" "test" "--frozen", kill_on_drop: false }`
[INFO] [stdout] 31d9105b3dfdaef54ac12debdebfd5cfc71484560137813c6a32056dca1d3adb
[INFO] running `Command { std: "docker" "start" "-a" "31d9105b3dfdaef54ac12debdebfd5cfc71484560137813c6a32056dca1d3adb", kill_on_drop: false }`
[INFO] [stderr] warning: unused import: `crate::parser::lexer::Token::Class`
[INFO] [stderr]  --> src/parser/parser.rs:2:5
[INFO] [stderr]   |
[INFO] [stderr] 2 | use crate::parser::lexer::Token::Class;
[INFO] [stderr]   |     ^^^^^^^^^^^^^^^^^^^^^^^^^^^^^^^^^^
[INFO] [stderr]   |
[INFO] [stderr]   = note: `#[warn(unused_imports)]` on by default
[INFO] [stderr] 
[INFO] [stderr] warning: unused import: `std::borrow::Borrow`
[INFO] [stderr]  --> src/parser/parser.rs:9:5
[INFO] [stderr]   |
[INFO] [stderr] 9 | use std::borrow::Borrow;
[INFO] [stderr]   |     ^^^^^^^^^^^^^^^^^^^
[INFO] [stderr] 
[INFO] [stderr] warning: unused import: `std::collections::HashMap`
[INFO] [stderr]   --> src/parser/parser.rs:10:5
[INFO] [stderr]    |
[INFO] [stderr] 10 | use std::collections::HashMap;
[INFO] [stderr]    |     ^^^^^^^^^^^^^^^^^^^^^^^^^
[INFO] [stderr] 
[INFO] [stderr] warning: unused import: `std::iter::Map`
[INFO] [stderr]   --> src/parser/parser.rs:11:5
[INFO] [stderr]    |
[INFO] [stderr] 11 | use std::iter::Map;
[INFO] [stderr]    |     ^^^^^^^^^^^^^^
[INFO] [stderr] 
[INFO] [stderr] warning: elided lifetime has a name
[INFO] [stderr]   --> src/parser/parser.rs:18:46
[INFO] [stderr]    |
[INFO] [stderr] 17 | impl<'a> CypherParser<'a> {
[INFO] [stderr]    |      -- lifetime `'a` declared here
[INFO] [stderr] 18 |     pub fn new(src: &'a str) -> Result<Self, ParseError> {
[INFO] [stderr]    |                                              ^^^^^^^^^^ this elided lifetime gets resolved as `'a`
[INFO] [stderr]    |
[INFO] [stderr]    = note: `#[warn(elided_named_lifetimes)]` on by default
[INFO] [stderr] 
[INFO] [stderr] warning: unused import: `std::collections::HashMap`
[INFO] [stderr]  --> src/parser/ast.rs:1:5
[INFO] [stderr]   |
[INFO] [stderr] 1 | use std::collections::HashMap;
[INFO] [stderr]   |     ^^^^^^^^^^^^^^^^^^^^^^^^^
[INFO] [stderr] 
[INFO] [stderr] warning: unused import: `std::iter::Map`
[INFO] [stderr]  --> src/parser/ast.rs:2:5
[INFO] [stderr]   |
[INFO] [stderr] 2 | use std::iter::Map;
[INFO] [stderr]   |     ^^^^^^^^^^^^^^
[INFO] [stderr] 
[INFO] [stderr] warning: unused import: `std::ops::Range`
[INFO] [stderr]  --> src/parser/lexer.rs:1:5
[INFO] [stderr]   |
[INFO] [stderr] 1 | use std::ops::Range;
[INFO] [stderr]   |     ^^^^^^^^^^^^^^^
[INFO] [stderr] 
[INFO] [stderr] warning: unused import: `std::num::ParseIntError`
[INFO] [stderr]  --> src/parser/lexer.rs:8:5
[INFO] [stderr]   |
[INFO] [stderr] 8 | use std::num::ParseIntError;
[INFO] [stderr]   |     ^^^^^^^^^^^^^^^^^^^^^^^
[INFO] [stderr] 
[INFO] [stderr] warning: elided lifetime has a name
[INFO] [stderr]   --> src/parser/lexer.rs:17:49
[INFO] [stderr]    |
[INFO] [stderr] 16 | impl<'a> CypherLexer<'a> {
[INFO] [stderr]    |      -- lifetime `'a` declared here
[INFO] [stderr] 17 |     pub fn new(source: &'a str) -> Result<Self, ParseError> {
[INFO] [stderr]    |                                                 ^^^^^^^^^^ this elided lifetime gets resolved as `'a`
[INFO] [stderr] 
[INFO] [stderr] warning: unused import: `crate::parser::lexer::Token`
[INFO] [stderr]  --> src/parser/result.rs:1:5
[INFO] [stderr]   |
[INFO] [stderr] 1 | use crate::parser::lexer::Token;
[INFO] [stderr]   |     ^^^^^^^^^^^^^^^^^^^^^^^^^^^
[INFO] [stderr] 
[INFO] [stderr] warning: unused import: `std::error::Error`
[INFO] [stderr]  --> src/parser/lexer.rs:7:5
[INFO] [stderr]   |
[INFO] [stderr] 7 | use std::error::Error;
[INFO] [stderr]   |     ^^^^^^^^^^^^^^^^^
[INFO] [stderr] 
[INFO] [stderr] warning: unused variable: `r`
[INFO] [stderr]    --> src/parser/parser.rs:639:23
[INFO] [stderr]     |
[INFO] [stderr] 639 |                 .map(|r| ClassBodyType::ForeignStatic)
[INFO] [stderr]     |                       ^ help: if this is intentional, prefix it with an underscore: `_r`
[INFO] [stderr]     |
[INFO] [stderr]     = note: `#[warn(unused_variables)]` on by default
[INFO] [stderr] 
[INFO] [stderr] warning: unused variable: `r`
[INFO] [stderr]    --> src/parser/parser.rs:644:31
[INFO] [stderr]     |
[INFO] [stderr] 644 |                         .map(|r| ClassBodyType::ForeignStatic)
[INFO] [stderr]     |                               ^ help: if this is intentional, prefix it with an underscore: `_r`
[INFO] [stderr] 
[INFO] [stderr] warning: unused variable: `v`
[INFO] [stderr]   --> src/parser/tests/parser/mod.rs:34:30
[INFO] [stderr]    |
[INFO] [stderr] 34 |         ParseResult::Success(v, pos) => assert_eq!(pos, expect),
[INFO] [stderr]    |                              ^ help: if this is intentional, prefix it with an underscore: `_v`
[INFO] [stderr] 
[INFO] [stderr] warning: fields `0` and `1` are never read
[INFO] [stderr]   --> src/parser/mod.rs:13:14
[INFO] [stderr]    |
[INFO] [stderr] 13 |     BadToken(&'a str, Range<usize>),
[INFO] [stderr]    |     -------- ^^^^^^^  ^^^^^^^^^^^^
[INFO] [stderr]    |     |
[INFO] [stderr]    |     fields in this variant
[INFO] [stderr]    |
[INFO] [stderr]    = note: `ParseError` has derived impls for the traits `Clone` and `Debug`, but these are intentionally ignored during dead code analysis
[INFO] [stderr]    = note: `#[warn(dead_code)]` on by default
[INFO] [stderr] help: consider changing the fields to be of unit type to suppress this warning while preserving the field numbering, or remove the fields
[INFO] [stderr]    |
[INFO] [stderr] 13 |     BadToken((), ()),
[INFO] [stderr]    |              ~~  ~~
[INFO] [stderr] 
[INFO] [stderr] warning: variants `FailedOnValidation` and `UnreachedEOF` are never constructed
[INFO] [stderr]   --> src/parser/mod.rs:14:5
[INFO] [stderr]    |
[INFO] [stderr] 12 | pub enum ParseError<'a> {
[INFO] [stderr]    |          ---------- variants in this enum
[INFO] [stderr] 13 |     BadToken(&'a str, Range<usize>),
[INFO] [stderr] 14 |     FailedOnValidation(&'a str, usize),
[INFO] [stderr]    |     ^^^^^^^^^^^^^^^^^^
[INFO] [stderr] ...
[INFO] [stderr] 17 |     UnreachedEOF(usize),
[INFO] [stderr]    |     ^^^^^^^^^^^^
[INFO] [stderr]    |
[INFO] [stderr]    = note: `ParseError` has derived impls for the traits `Clone` and `Debug`, but these are intentionally ignored during dead code analysis
[INFO] [stderr] 
[INFO] [stderr] warning: method `validate_eof` is never used
[INFO] [stderr]   --> src/parser/parser.rs:47:12
[INFO] [stderr]    |
[INFO] [stderr] 17 | impl<'a> CypherParser<'a> {
[INFO] [stderr]    | ------------------------- method in this implementation
[INFO] [stderr] ...
[INFO] [stderr] 47 |     pub fn validate_eof<T>(&self, res: ParseResult<'a, T>) -> ParseResult<'a, T> {
[INFO] [stderr]    |            ^^^^^^^^^^^^
[INFO] [stderr] 
[INFO] [stderr] warning: method `number_expr` is never used
[INFO] [stderr]   --> src/parser/parser.rs:85:12
[INFO] [stderr]    |
[INFO] [stderr] 54 | impl<'a> CypherParser<'a> {
[INFO] [stderr]    | ------------------------- method in this implementation
[INFO] [stderr] ...
[INFO] [stderr] 85 |     pub fn number_expr(&self, pos: usize) -> ParseResult<'a, AtomExpression<'a>> {
[INFO] [stderr]    |            ^^^^^^^^^^^
[INFO] [stderr] 
[INFO] [stderr] warning: method `string_or_default` is never used
[INFO] [stderr]   --> src/parser/ast.rs:34:12
[INFO] [stderr]    |
[INFO] [stderr] 33 | impl<'a> AtomExpression<'a> {
[INFO] [stderr]    | --------------------------- method in this implementation
[INFO] [stderr] 34 |     pub fn string_or_default(&self, default: &'a str) -> &'a str {
[INFO] [stderr]    |            ^^^^^^^^^^^^^^^^^
[INFO] [stderr] 
[INFO] [stderr] warning: variant `E` is never constructed
[INFO] [stderr]   --> src/parser/ast.rs:74:5
[INFO] [stderr]    |
[INFO] [stderr] 70 | pub enum Expression<'a> {
[INFO] [stderr]    |          ---------- variant in this enum
[INFO] [stderr] ...
[INFO] [stderr] 74 |     E
[INFO] [stderr]    |     ^
[INFO] [stderr]    |
[INFO] [stderr]    = note: `Expression` has derived impls for the traits `Clone` and `Debug`, but these are intentionally ignored during dead code analysis
[INFO] [stderr] 
[INFO] [stderr] warning: variant `RShift` is never constructed
[INFO] [stderr]    --> src/parser/ast.rs:233:5
[INFO] [stderr]     |
[INFO] [stderr] 224 | pub enum SetterLabel {
[INFO] [stderr]     |          ----------- variant in this enum
[INFO] [stderr] ...
[INFO] [stderr] 233 |     RShift,
[INFO] [stderr]     |     ^^^^^^
[INFO] [stderr]     |
[INFO] [stderr]     = note: `SetterLabel` has derived impls for the traits `Clone` and `Debug`, but these are intentionally ignored during dead code analysis
[INFO] [stderr] 
[INFO] [stderr] warning: field `source` is never read
[INFO] [stderr]   --> src/parser/lexer.rs:12:16
[INFO] [stderr]    |
[INFO] [stderr] 11 | pub struct CypherLexer<'a> {
[INFO] [stderr]    |            ----------- field in this struct
[INFO] [stderr] 12 |     pub(crate) source: &'a str,
[INFO] [stderr]    |                ^^^^^^
[INFO] [stderr]    |
[INFO] [stderr]    = note: `CypherLexer` has a derived impl for the trait `Debug`, but this is intentionally ignored during dead code analysis
[INFO] [stderr] 
[INFO] [stderr] warning: method `len` is never used
[INFO] [stderr]   --> src/parser/lexer.rs:38:12
[INFO] [stderr]    |
[INFO] [stderr] 16 | impl<'a> CypherLexer<'a> {
[INFO] [stderr]    | ------------------------ method in this implementation
[INFO] [stderr] ...
[INFO] [stderr] 38 |     pub fn len(&self) -> usize {
[INFO] [stderr]    |            ^^^
[INFO] [stderr] 
[INFO] [stderr] warning: method `take_right` is never used
[INFO] [stderr]   --> src/parser/result.rs:22:12
[INFO] [stderr]    |
[INFO] [stderr] 18 | impl<'a, L, R> ParseResult<'a, (L, R)> {
[INFO] [stderr]    | -------------------------------------- method in this implementation
[INFO] [stderr] ...
[INFO] [stderr] 22 |     pub fn take_right(self) -> ParseResult<'a, R> {
[INFO] [stderr]    |            ^^^^^^^^^^
[INFO] [stderr] 
[INFO] [stderr] warning: method `merge` is never used
[INFO] [stderr]   --> src/parser/result.rs:36:12
[INFO] [stderr]    |
[INFO] [stderr] 35 | impl<'a, L> ParseResult<'a, (Option<L>, Vec<L>)> {
[INFO] [stderr]    | ------------------------------------------------ method in this implementation
[INFO] [stderr] 36 |     pub fn merge(self) -> ParseResult<'a, Vec<L>> {
[INFO] [stderr]    |            ^^^^^
[INFO] [stderr] 
[INFO] [stderr] warning: method `to_map` is never used
[INFO] [stderr]   --> src/parser/result.rs:48:12
[INFO] [stderr]    |
[INFO] [stderr] 47 | impl<'a, L: Eq + Hash, R> ParseResult<'a, Vec<(L, R)>> {
[INFO] [stderr]    | ------------------------------------------------------ method in this implementation
[INFO] [stderr] 48 |     pub fn to_map(self) -> ParseResult<'a, HashMap<L, R>> {
[INFO] [stderr]    |            ^^^^^^
[INFO] [stderr] 
[INFO] [stderr] warning: methods `debug1_show_last` and `debug_show_last` are never used
[INFO] [stderr]    --> src/parser/result.rs:201:12
[INFO] [stderr]     |
[INFO] [stderr] 200 | impl<'a, Rhs: Debug, Lhs: Debug> ParseResult<'a, (Lhs, Rhs)> {
[INFO] [stderr]     | ------------------------------------------------------------ methods in this implementation
[INFO] [stderr] 201 |     pub fn debug1_show_last(self, prefix: &'a str) -> ParseResult<'a, (Lhs, Rhs)> {
[INFO] [stderr]     |            ^^^^^^^^^^^^^^^^
[INFO] [stderr] ...
[INFO] [stderr] 204 |     pub fn debug_show_last(self) -> ParseResult<'a, (Lhs, Rhs)> {
[INFO] [stderr]     |            ^^^^^^^^^^^^^^^
[INFO] [stderr] 
[INFO] [stderr] warning: methods `debug_show` and `debug1_show` are never used
[INFO] [stderr]    --> src/parser/result.rs:212:12
[INFO] [stderr]     |
[INFO] [stderr] 208 | impl<'a, T: Debug> ParseResult<'a, T> {
[INFO] [stderr]     | ------------------------------------- methods in this implementation
[INFO] [stderr] ...
[INFO] [stderr] 212 |     pub fn debug_show<Show, To>(self, show: Show) -> ParseResult<'a, T>
[INFO] [stderr]     |            ^^^^^^^^^^
[INFO] [stderr] ...
[INFO] [stderr] 238 |     pub fn debug1_show<Show, To>(self, prefix: &'a str, show: Show) -> ParseResult<'a, T>
[INFO] [stderr]     |            ^^^^^^^^^^^
[INFO] [stderr] 
[INFO] [stderr] warning: methods `ok`, `combine`, and `validate` are never used
[INFO] [stderr]    --> src/parser/result.rs:268:12
[INFO] [stderr]     |
[INFO] [stderr] 267 | impl<'a, T> ParseResult<'a, T> {
[INFO] [stderr]     | ------------------------------ methods in this implementation
[INFO] [stderr] 268 |     pub fn ok(self) -> ParseResult<'a, Option<T>> {
[INFO] [stderr]     |            ^^
[INFO] [stderr] ...
[INFO] [stderr] 281 |     pub fn combine<Rhs, Res, Combine>(
[INFO] [stderr]     |            ^^^^^^^
[INFO] [stderr] ...
[INFO] [stderr] 296 |     pub fn validate<Validation>(self, validate: Validation) -> ParseResult<'a, T>
[INFO] [stderr]     |            ^^^^^^^^
[INFO] [stderr] 
[INFO] [stderr] warning: function `expect_failed` is never used
[INFO] [stderr]   --> src/parser/tests/lexer.rs:19:4
[INFO] [stderr]    |
[INFO] [stderr] 19 | fn expect_failed(src: &str) {
[INFO] [stderr]    |    ^^^^^^^^^^^^^
[INFO] [stderr] 
[INFO] [stderr] warning: `rusty_wren` (bin "rusty_wren" test) generated 31 warnings (run `cargo fix --bin "rusty_wren" --tests` to apply 9 suggestions)
[INFO] [stderr]     Finished `test` profile [unoptimized + debuginfo] target(s) in 0.02s
[INFO] [stderr]      Running unittests src/main.rs (/opt/rustwide/target/debug/deps/rusty_wren-a5d6d2953ded3321)
[INFO] [stdout] 
[INFO] [stdout] running 27 tests
[INFO] [stdout] test parser::tests::lexer::words_test ... ok
[INFO] [stdout] test parser::tests::lexer::common_test ... ok
[INFO] [stdout] test parser::tests::parser::expressions::atom_logic_test ... ok
[INFO] [stdout] test parser::tests::parser::expressions::atom_test ... ok
[INFO] [stdout] test parser::tests::parser::expressions::logic_test ... ok
[INFO] [stdout] test parser::tests::parser::expressions::call_test ... ok
[INFO] [stdout] test parser::tests::parser::primitives::elvis_test ... ok
[INFO] [stdout] test parser::tests::parser::expressions::arith_test ... ok
[INFO] [stdout] test parser::tests::parser::primitives::enum_test ... ok
[INFO] [stdout] test parser::tests::parser::primitives::list_init_test ... ok
[INFO] [stdout] test parser::tests::parser::expressions::expression ... ok
[INFO] [stdout] test parser::tests::parser::statements::assignment_null_test ... ok
[INFO] [stdout] test parser::tests::parser::primitives::atom_test ... ok
[INFO] [stdout] test parser::tests::parser::statements::attrs_test ... ok
[INFO] [stdout] test parser::tests::parser::statements::assignment_test ... ok
[INFO] [stdout] test parser::tests::parser::primitives::range_test ... ok
[INFO] [stdout] test parser::tests::parser::primitives::map_init_test ... ok
[INFO] [stdout] test parser::tests::parser::primitives::null_test ... ok
[INFO] [stdout] test parser::tests::parser::statements::statement_test ... ok
[INFO] [stdout] test parser::tests::parser::statements::if_test ... ok
[INFO] [stdout] test parser::tests::parser::units::import_mod_test ... ok
[INFO] [stdout] test parser::tests::parser::scripts::script ... ok
[INFO] [stdout] test parser::tests::parser::units::class_unit_test ... ok
[INFO] [stdout] test parser::tests::parser::units::class_statement_test ... ok
[INFO] [stdout] test parser::tests::lexer::number_test ... FAILED
[INFO] [stdout] test parser::tests::parser::units::class_body_test ... FAILED
[INFO] [stdout] test parser::tests::parser::units::block_test ... FAILED
[INFO] [stdout] 
[INFO] [stdout] failures:
[INFO] [stdout] 
[INFO] [stdout] ---- parser::tests::lexer::number_test stdout ----
[INFO] [stdout] thread 'parser::tests::lexer::number_test' panicked at src/parser/tests/lexer.rs:8:23:
[INFO] [stdout] BadToken("1e1", 0..3)
[INFO] [stdout] stack backtrace:
[INFO] [stdout]    0:     0x604c2e54029a - std::backtrace_rs::backtrace::libunwind::trace::h5a5b8284f2d0c266
[INFO] [stdout]                                at /rustc/90b35a6239c3d8bdabc530a6a0816f7ff89a0aaf/library/std/src/../../backtrace/src/backtrace/libunwind.rs:116:5
[INFO] [stdout]    1:     0x604c2e54029a - std::backtrace_rs::backtrace::trace_unsynchronized::h76d4f1c9b0b875e3
[INFO] [stdout]                                at /rustc/90b35a6239c3d8bdabc530a6a0816f7ff89a0aaf/library/std/src/../../backtrace/src/backtrace/mod.rs:66:5
[INFO] [stdout]    2:     0x604c2e54029a - std::sys::backtrace::_print_fmt::hc4546b8364a537c6
[INFO] [stdout]                                at /rustc/90b35a6239c3d8bdabc530a6a0816f7ff89a0aaf/library/std/src/sys/backtrace.rs:66:9
[INFO] [stdout]    3:     0x604c2e54029a - <std::sys::backtrace::BacktraceLock::print::DisplayBacktrace as core::fmt::Display>::fmt::h5b6bd5631a6d1f6b
[INFO] [stdout]                                at /rustc/90b35a6239c3d8bdabc530a6a0816f7ff89a0aaf/library/std/src/sys/backtrace.rs:39:26
[INFO] [stdout]    4:     0x604c2e566aa3 - core::fmt::rt::Argument::fmt::h270f6602a2b96f62
[INFO] [stdout]                                at /rustc/90b35a6239c3d8bdabc530a6a0816f7ff89a0aaf/library/core/src/fmt/rt.rs:177:76
[INFO] [stdout]    5:     0x604c2e566aa3 - core::fmt::write::h7550c97b06c86515
[INFO] [stdout]                                at /rustc/90b35a6239c3d8bdabc530a6a0816f7ff89a0aaf/library/core/src/fmt/mod.rs:1186:21
[INFO] [stdout]    6:     0x604c2e53d463 - std::io::Write::write_fmt::h509ff860e5956e5e
[INFO] [stdout]                                at /rustc/90b35a6239c3d8bdabc530a6a0816f7ff89a0aaf/library/std/src/io/mod.rs:1839:15
[INFO] [stdout]    7:     0x604c2e5400e2 - std::sys::backtrace::BacktraceLock::print::h2395ccd2c84ba3aa
[INFO] [stdout]                                at /rustc/90b35a6239c3d8bdabc530a6a0816f7ff89a0aaf/library/std/src/sys/backtrace.rs:42:9
[INFO] [stdout]    8:     0x604c2e5416fa - std::panicking::default_hook::{{closure}}::he19d4c7230e07961
[INFO] [stdout]                                at /rustc/90b35a6239c3d8bdabc530a6a0816f7ff89a0aaf/library/std/src/panicking.rs:268:22
[INFO] [stdout]    9:     0x604c2e541504 - std::panicking::default_hook::hf614597d3c67bbdb
[INFO] [stdout]                                at /rustc/90b35a6239c3d8bdabc530a6a0816f7ff89a0aaf/library/std/src/panicking.rs:292:9
[INFO] [stdout]   10:     0x604c2e50cde9 - <alloc::boxed::Box<F,A> as core::ops::function::Fn<Args>>::call::h39b51ce4599c23d1
[INFO] [stdout]                                at /rustc/90b35a6239c3d8bdabc530a6a0816f7ff89a0aaf/library/alloc/src/boxed.rs:2468:9
[INFO] [stdout]   11:     0x604c2e50cde9 - test::test_main::{{closure}}::he977ae839a582784
[INFO] [stdout]                                at /rustc/90b35a6239c3d8bdabc530a6a0816f7ff89a0aaf/library/test/src/lib.rs:133:21
[INFO] [stdout]   12:     0x604c2e541d98 - <alloc::boxed::Box<F,A> as core::ops::function::Fn<Args>>::call::h9455091b6b06f9fb
[INFO] [stdout]                                at /rustc/90b35a6239c3d8bdabc530a6a0816f7ff89a0aaf/library/alloc/src/boxed.rs:2468:9
[INFO] [stdout]   13:     0x604c2e541d98 - std::panicking::rust_panic_with_hook::h8942133a8b252070
[INFO] [stdout]                                at /rustc/90b35a6239c3d8bdabc530a6a0816f7ff89a0aaf/library/std/src/panicking.rs:809:13
[INFO] [stdout]   14:     0x604c2e541b5a - std::panicking::begin_panic_handler::{{closure}}::hb5f5963570096b29
[INFO] [stdout]                                at /rustc/90b35a6239c3d8bdabc530a6a0816f7ff89a0aaf/library/std/src/panicking.rs:674:13
[INFO] [stdout]   15:     0x604c2e540779 - std::sys::backtrace::__rust_end_short_backtrace::h6208cedc1922feda
[INFO] [stdout]                                at /rustc/90b35a6239c3d8bdabc530a6a0816f7ff89a0aaf/library/std/src/sys/backtrace.rs:170:18
[INFO] [stdout]   16:     0x604c2e5417ec - rust_begin_unwind
[INFO] [stdout]                                at /rustc/90b35a6239c3d8bdabc530a6a0816f7ff89a0aaf/library/std/src/panicking.rs:665:5
[INFO] [stdout]   17:     0x604c2e465ab0 - core::panicking::panic_fmt::h0c3082644d1bf418
[INFO] [stdout]                                at /rustc/90b35a6239c3d8bdabc530a6a0816f7ff89a0aaf/library/core/src/panicking.rs:74:14
[INFO] [stdout]   18:     0x604c2e4c5790 - rusty_wren::parser::tests::lexer::expect::h1ec4308ec9451ea6
[INFO] [stdout]                                at /opt/rustwide/workdir/src/parser/tests/lexer.rs:8:23
[INFO] [stdout]   19:     0x604c2e4c5a61 - rusty_wren::parser::tests::lexer::number_test::h34519d998e539799
[INFO] [stdout]                                at /opt/rustwide/workdir/src/parser/tests/lexer.rs:28:5
[INFO] [stdout]   20:     0x604c2e4c59a7 - rusty_wren::parser::tests::lexer::number_test::{{closure}}::h8627d10c0d54f155
[INFO] [stdout]                                at /opt/rustwide/workdir/src/parser/tests/lexer.rs:27:17
[INFO] [stdout]   21:     0x604c2e4b52e6 - core::ops::function::FnOnce::call_once::hac6a2acf97b06527
[INFO] [stdout]                                at /rustc/90b35a6239c3d8bdabc530a6a0816f7ff89a0aaf/library/core/src/ops/function.rs:250:5
[INFO] [stdout]   22:     0x604c2e5117ab - core::ops::function::FnOnce::call_once::h109cf8051a59b34e
[INFO] [stdout]                                at /rustc/90b35a6239c3d8bdabc530a6a0816f7ff89a0aaf/library/core/src/ops/function.rs:250:5
[INFO] [stdout]   23:     0x604c2e5117ab - test::__rust_begin_short_backtrace::hf4fff89d377446ba
[INFO] [stdout]                                at /rustc/90b35a6239c3d8bdabc530a6a0816f7ff89a0aaf/library/test/src/lib.rs:621:18
[INFO] [stdout]   24:     0x604c2e510fe7 - test::run_test_in_process::{{closure}}::h0e39181dd7ee5a43
[INFO] [stdout]                                at /rustc/90b35a6239c3d8bdabc530a6a0816f7ff89a0aaf/library/test/src/lib.rs:644:60
[INFO] [stdout]   25:     0x604c2e510fe7 - <core::panic::unwind_safe::AssertUnwindSafe<F> as core::ops::function::FnOnce<()>>::call_once::hc5a66a30f0bdfd1f
[INFO] [stdout]                                at /rustc/90b35a6239c3d8bdabc530a6a0816f7ff89a0aaf/library/core/src/panic/unwind_safe.rs:272:9
[INFO] [stdout]   26:     0x604c2e510fe7 - std::panicking::try::do_call::h873b7cf639554a5e
[INFO] [stdout]                                at /rustc/90b35a6239c3d8bdabc530a6a0816f7ff89a0aaf/library/std/src/panicking.rs:557:40
[INFO] [stdout]   27:     0x604c2e510fe7 - std::panicking::try::hdb19862fad9c8bd1
[INFO] [stdout]                                at /rustc/90b35a6239c3d8bdabc530a6a0816f7ff89a0aaf/library/std/src/panicking.rs:520:19
[INFO] [stdout]   28:     0x604c2e510fe7 - std::panic::catch_unwind::h281fe732d236d260
[INFO] [stdout]                                at /rustc/90b35a6239c3d8bdabc530a6a0816f7ff89a0aaf/library/std/src/panic.rs:358:14
[INFO] [stdout]   29:     0x604c2e510fe7 - test::run_test_in_process::h949b6df8457ed338
[INFO] [stdout]                                at /rustc/90b35a6239c3d8bdabc530a6a0816f7ff89a0aaf/library/test/src/lib.rs:644:27
[INFO] [stdout]   30:     0x604c2e510fe7 - test::run_test::{{closure}}::h52c556a6d4740e10
[INFO] [stdout]                                at /rustc/90b35a6239c3d8bdabc530a6a0816f7ff89a0aaf/library/test/src/lib.rs:565:43
[INFO] [stdout]   31:     0x604c2e4d62c4 - test::run_test::{{closure}}::h4237f6381c45ccb9
[INFO] [stdout]                                at /rustc/90b35a6239c3d8bdabc530a6a0816f7ff89a0aaf/library/test/src/lib.rs:595:41
[INFO] [stdout]   32:     0x604c2e4d62c4 - std::sys::backtrace::__rust_begin_short_backtrace::h505c97a579eca628
[INFO] [stdout]                                at /rustc/90b35a6239c3d8bdabc530a6a0816f7ff89a0aaf/library/std/src/sys/backtrace.rs:154:18
[INFO] [stdout]   33:     0x604c2e4d998e - std::thread::Builder::spawn_unchecked_::{{closure}}::{{closure}}::h9e86b2e2bc107ea3
[INFO] [stdout]                                at /rustc/90b35a6239c3d8bdabc530a6a0816f7ff89a0aaf/library/std/src/thread/mod.rs:538:17
[INFO] [stdout]   34:     0x604c2e4d998e - <core::panic::unwind_safe::AssertUnwindSafe<F> as core::ops::function::FnOnce<()>>::call_once::h8b06ddb275ff4a25
[INFO] [stdout]                                at /rustc/90b35a6239c3d8bdabc530a6a0816f7ff89a0aaf/library/core/src/panic/unwind_safe.rs:272:9
[INFO] [stdout]   35:     0x604c2e4d998e - std::panicking::try::do_call::hb26ecd7cd9a9355d
[INFO] [stdout]                                at /rustc/90b35a6239c3d8bdabc530a6a0816f7ff89a0aaf/library/std/src/panicking.rs:557:40
[INFO] [stdout]   36:     0x604c2e4d998e - std::panicking::try::h8ddeca9d705f9069
[INFO] [stdout]                                at /rustc/90b35a6239c3d8bdabc530a6a0816f7ff89a0aaf/library/std/src/panicking.rs:520:19
[INFO] [stdout]   37:     0x604c2e4d998e - std::panic::catch_unwind::h49e1c33078844c46
[INFO] [stdout]                                at /rustc/90b35a6239c3d8bdabc530a6a0816f7ff89a0aaf/library/std/src/panic.rs:358:14
[INFO] [stdout]   38:     0x604c2e4d998e - std::thread::Builder::spawn_unchecked_::{{closure}}::h6073db6ff56ad35d
[INFO] [stdout]                                at /rustc/90b35a6239c3d8bdabc530a6a0816f7ff89a0aaf/library/std/src/thread/mod.rs:537:30
[INFO] [stdout]   39:     0x604c2e4d998e - core::ops::function::FnOnce::call_once{{vtable.shim}}::h2c5a5f3779c774f1
[INFO] [stdout]                                at /rustc/90b35a6239c3d8bdabc530a6a0816f7ff89a0aaf/library/core/src/ops/function.rs:250:5
[INFO] [stdout]   40:     0x604c2e545aeb - <alloc::boxed::Box<F,A> as core::ops::function::FnOnce<Args>>::call_once::hf75717d9f28faebf
[INFO] [stdout]                                at /rustc/90b35a6239c3d8bdabc530a6a0816f7ff89a0aaf/library/alloc/src/boxed.rs:2454:9
[INFO] [stdout]   41:     0x604c2e545aeb - <alloc::boxed::Box<F,A> as core::ops::function::FnOnce<Args>>::call_once::h7bd883a5f3c5f3c1
[INFO] [stdout]                                at /rustc/90b35a6239c3d8bdabc530a6a0816f7ff89a0aaf/library/alloc/src/boxed.rs:2454:9
[INFO] [stdout]   42:     0x604c2e545aeb - std::sys::pal::unix::thread::Thread::new::thread_start::hcc78f3943333fa94
[INFO] [stdout]                                at /rustc/90b35a6239c3d8bdabc530a6a0816f7ff89a0aaf/library/std/src/sys/pal/unix/thread.rs:105:17
[INFO] [stdout]   43:     0x7afbc64efac3 - <unknown>
[INFO] [stdout]   44:     0x7afbc6580a04 - clone
[INFO] [stdout]   45:                0x0 - <unknown>
[INFO] [stdout] 
[INFO] [stdout] ---- parser::tests::parser::units::class_body_test stdout ----
[INFO] [stdout] thread 'parser::tests::parser::units::class_body_test' panicked at src/parser/tests/parser/mod.rs:34:41:
[INFO] [stdout] assertion `left == right` failed
[INFO] [stdout]   left: 53
[INFO] [stdout]  right: 81
[INFO] [stdout] stack backtrace:
[INFO] [stdout]    0:     0x604c2e54029a - std::backtrace_rs::backtrace::libunwind::trace::h5a5b8284f2d0c266
[INFO] [stdout]                                at /rustc/90b35a6239c3d8bdabc530a6a0816f7ff89a0aaf/library/std/src/../../backtrace/src/backtrace/libunwind.rs:116:5
[INFO] [stdout]    1:     0x604c2e54029a - std::backtrace_rs::backtrace::trace_unsynchronized::h76d4f1c9b0b875e3
[INFO] [stdout]                                at /rustc/90b35a6239c3d8bdabc530a6a0816f7ff89a0aaf/library/std/src/../../backtrace/src/backtrace/mod.rs:66:5
[INFO] [stdout]    2:     0x604c2e54029a - std::sys::backtrace::_print_fmt::hc4546b8364a537c6
[INFO] [stdout]                                at /rustc/90b35a6239c3d8bdabc530a6a0816f7ff89a0aaf/library/std/src/sys/backtrace.rs:66:9
[INFO] [stdout]    3:     0x604c2e54029a - <std::sys::backtrace::BacktraceLock::print::DisplayBacktrace as core::fmt::Display>::fmt::h5b6bd5631a6d1f6b
[INFO] [stdout]                                at /rustc/90b35a6239c3d8bdabc530a6a0816f7ff89a0aaf/library/std/src/sys/backtrace.rs:39:26
[INFO] [stdout]    4:     0x604c2e566aa3 - core::fmt::rt::Argument::fmt::h270f6602a2b96f62
[INFO] [stdout]                                at /rustc/90b35a6239c3d8bdabc530a6a0816f7ff89a0aaf/library/core/src/fmt/rt.rs:177:76
[INFO] [stdout]    5:     0x604c2e566aa3 - core::fmt::write::h7550c97b06c86515
[INFO] [stdout]                                at /rustc/90b35a6239c3d8bdabc530a6a0816f7ff89a0aaf/library/core/src/fmt/mod.rs:1186:21
[INFO] [stdout]    6:     0x604c2e53d463 - std::io::Write::write_fmt::h509ff860e5956e5e
[INFO] [stdout]                                at /rustc/90b35a6239c3d8bdabc530a6a0816f7ff89a0aaf/library/std/src/io/mod.rs:1839:15
[INFO] [stdout]    7:     0x604c2e5400e2 - std::sys::backtrace::BacktraceLock::print::h2395ccd2c84ba3aa
[INFO] [stdout]                                at /rustc/90b35a6239c3d8bdabc530a6a0816f7ff89a0aaf/library/std/src/sys/backtrace.rs:42:9
[INFO] [stdout]    8:     0x604c2e5416fa - std::panicking::default_hook::{{closure}}::he19d4c7230e07961
[INFO] [stdout]                                at /rustc/90b35a6239c3d8bdabc530a6a0816f7ff89a0aaf/library/std/src/panicking.rs:268:22
[INFO] [stdout]    9:     0x604c2e541504 - std::panicking::default_hook::hf614597d3c67bbdb
[INFO] [stdout]                                at /rustc/90b35a6239c3d8bdabc530a6a0816f7ff89a0aaf/library/std/src/panicking.rs:292:9
[INFO] [stdout]   10:     0x604c2e50cde9 - <alloc::boxed::Box<F,A> as core::ops::function::Fn<Args>>::call::h39b51ce4599c23d1
[INFO] [stdout]                                at /rustc/90b35a6239c3d8bdabc530a6a0816f7ff89a0aaf/library/alloc/src/boxed.rs:2468:9
[INFO] [stdout]   11:     0x604c2e50cde9 - test::test_main::{{closure}}::he977ae839a582784
[INFO] [stdout]                                at /rustc/90b35a6239c3d8bdabc530a6a0816f7ff89a0aaf/library/test/src/lib.rs:133:21
[INFO] [stdout]   12:     0x604c2e541d98 - <alloc::boxed::Box<F,A> as core::ops::function::Fn<Args>>::call::h9455091b6b06f9fb
[INFO] [stdout]                                at /rustc/90b35a6239c3d8bdabc530a6a0816f7ff89a0aaf/library/alloc/src/boxed.rs:2468:9
[INFO] [stdout]   13:     0x604c2e541d98 - std::panicking::rust_panic_with_hook::h8942133a8b252070
[INFO] [stdout]                                at /rustc/90b35a6239c3d8bdabc530a6a0816f7ff89a0aaf/library/std/src/panicking.rs:809:13
[INFO] [stdout]   14:     0x604c2e541b5a - std::panicking::begin_panic_handler::{{closure}}::hb5f5963570096b29
[INFO] [stdout]                                at /rustc/90b35a6239c3d8bdabc530a6a0816f7ff89a0aaf/library/std/src/panicking.rs:674:13
[INFO] [stdout]   15:     0x604c2e540779 - std::sys::backtrace::__rust_end_short_backtrace::h6208cedc1922feda
[INFO] [stdout]                                at /rustc/90b35a6239c3d8bdabc530a6a0816f7ff89a0aaf/library/std/src/sys/backtrace.rs:170:18
[INFO] [stdout]   16:     0x604c2e5417ec - rust_begin_unwind
[INFO] [stdout]                                at /rustc/90b35a6239c3d8bdabc530a6a0816f7ff89a0aaf/library/std/src/panicking.rs:665:5
[INFO] [stdout]   17:     0x604c2e465ab0 - core::panicking::panic_fmt::h0c3082644d1bf418
[INFO] [stdout]                                at /rustc/90b35a6239c3d8bdabc530a6a0816f7ff89a0aaf/library/core/src/panicking.rs:74:14
[INFO] [stdout]   18:     0x604c2e465e7b - core::panicking::assert_failed_inner::h2ddf1fcc067fa858
[INFO] [stdout]   19:     0x604c2e4b927f - core::panicking::assert_failed::h7772808039b2dc7f
[INFO] [stdout]                                at /rustc/90b35a6239c3d8bdabc530a6a0816f7ff89a0aaf/library/core/src/panicking.rs:367:5
[INFO] [stdout]   20:     0x604c2e4bc387 - rusty_wren::parser::tests::parser::expect_pos::hb7881abc3c256d16
[INFO] [stdout]                                at /opt/rustwide/workdir/src/parser/tests/parser/mod.rs:34:41
[INFO] [stdout]   21:     0x604c2e4c904a - rusty_wren::parser::tests::parser::units::class_body_test::h6845c8d8de2be300
[INFO] [stdout]                                at /opt/rustwide/workdir/src/parser/tests/parser/units.rs:56:5
[INFO] [stdout]   22:     0x604c2e4c8ec7 - rusty_wren::parser::tests::parser::units::class_body_test::{{closure}}::hdd0aa03cd9a8d8eb
[INFO] [stdout]                                at /opt/rustwide/workdir/src/parser/tests/parser/units.rs:42:21
[INFO] [stdout]   23:     0x604c2e4b5be6 - core::ops::function::FnOnce::call_once::hf61b7c8930a6d9c8
[INFO] [stdout]                                at /rustc/90b35a6239c3d8bdabc530a6a0816f7ff89a0aaf/library/core/src/ops/function.rs:250:5
[INFO] [stdout]   24:     0x604c2e5117ab - core::ops::function::FnOnce::call_once::h109cf8051a59b34e
[INFO] [stdout]                                at /rustc/90b35a6239c3d8bdabc530a6a0816f7ff89a0aaf/library/core/src/ops/function.rs:250:5
[INFO] [stdout]   25:     0x604c2e5117ab - test::__rust_begin_short_backtrace::hf4fff89d377446ba
[INFO] [stdout]                                at /rustc/90b35a6239c3d8bdabc530a6a0816f7ff89a0aaf/library/test/src/lib.rs:621:18
[INFO] [stdout]   26:     0x604c2e510fe7 - test::run_test_in_process::{{closure}}::h0e39181dd7ee5a43
[INFO] [stdout]                                at /rustc/90b35a6239c3d8bdabc530a6a0816f7ff89a0aaf/library/test/src/lib.rs:644:60
[INFO] [stdout]   27:     0x604c2e510fe7 - <core::panic::unwind_safe::AssertUnwindSafe<F> as core::ops::function::FnOnce<()>>::call_once::hc5a66a30f0bdfd1f
[INFO] [stdout]                                at /rustc/90b35a6239c3d8bdabc530a6a0816f7ff89a0aaf/library/core/src/panic/unwind_safe.rs:272:9
[INFO] [stdout]   28:     0x604c2e510fe7 - std::panicking::try::do_call::h873b7cf639554a5e
[INFO] [stdout]                                at /rustc/90b35a6239c3d8bdabc530a6a0816f7ff89a0aaf/library/std/src/panicking.rs:557:40
[INFO] [stdout]   29:     0x604c2e510fe7 - std::panicking::try::hdb19862fad9c8bd1
[INFO] [stdout]                                at /rustc/90b35a6239c3d8bdabc530a6a0816f7ff89a0aaf/library/std/src/panicking.rs:520:19
[INFO] [stdout]   30:     0x604c2e510fe7 - std::panic::catch_unwind::h281fe732d236d260
[INFO] [stdout]                                at /rustc/90b35a6239c3d8bdabc530a6a0816f7ff89a0aaf/library/std/src/panic.rs:358:14
[INFO] [stdout]   31:     0x604c2e510fe7 - test::run_test_in_process::h949b6df8457ed338
[INFO] [stdout]                                at /rustc/90b35a6239c3d8bdabc530a6a0816f7ff89a0aaf/library/test/src/lib.rs:644:27
[INFO] [stdout]   32:     0x604c2e510fe7 - test::run_test::{{closure}}::h52c556a6d4740e10
[INFO] [stdout]                                at /rustc/90b35a6239c3d8bdabc530a6a0816f7ff89a0aaf/library/test/src/lib.rs:565:43
[INFO] [stdout]   33:     0x604c2e4d62c4 - test::run_test::{{closure}}::h4237f6381c45ccb9
[INFO] [stdout]                                at /rustc/90b35a6239c3d8bdabc530a6a0816f7ff89a0aaf/library/test/src/lib.rs:595:41
[INFO] [stdout]   34:     0x604c2e4d62c4 - std::sys::backtrace::__rust_begin_short_backtrace::h505c97a579eca628
[INFO] [stdout]                                at /rustc/90b35a6239c3d8bdabc530a6a0816f7ff89a0aaf/library/std/src/sys/backtrace.rs:154:18
[INFO] [stdout]   35:     0x604c2e4d998e - std::thread::Builder::spawn_unchecked_::{{closure}}::{{closure}}::h9e86b2e2bc107ea3
[INFO] [stdout]                                at /rustc/90b35a6239c3d8bdabc530a6a0816f7ff89a0aaf/library/std/src/thread/mod.rs:538:17
[INFO] [stdout]   36:     0x604c2e4d998e - <core::panic::unwind_safe::AssertUnwindSafe<F> as core::ops::function::FnOnce<()>>::call_once::h8b06ddb275ff4a25
[INFO] [stdout]                                at /rustc/90b35a6239c3d8bdabc530a6a0816f7ff89a0aaf/library/core/src/panic/unwind_safe.rs:272:9
[INFO] [stdout]   37:     0x604c2e4d998e - std::panicking::try::do_call::hb26ecd7cd9a9355d
[INFO] [stdout]                                at /rustc/90b35a6239c3d8bdabc530a6a0816f7ff89a0aaf/library/std/src/panicking.rs:557:40
[INFO] [stdout]   38:     0x604c2e4d998e - std::panicking::try::h8ddeca9d705f9069
[INFO] [stdout]                                at /rustc/90b35a6239c3d8bdabc530a6a0816f7ff89a0aaf/library/std/src/panicking.rs:520:19
[INFO] [stdout]   39:     0x604c2e4d998e - std::panic::catch_unwind::h49e1c33078844c46
[INFO] [stdout]                                at /rustc/90b35a6239c3d8bdabc530a6a0816f7ff89a0aaf/library/std/src/panic.rs:358:14
[INFO] [stdout]   40:     0x604c2e4d998e - std::thread::Builder::spawn_unchecked_::{{closure}}::h6073db6ff56ad35d
[INFO] [stdout]                                at /rustc/90b35a6239c3d8bdabc530a6a0816f7ff89a0aaf/library/std/src/thread/mod.rs:537:30
[INFO] [stdout]   41:     0x604c2e4d998e - core::ops::function::FnOnce::call_once{{vtable.shim}}::h2c5a5f3779c774f1
[INFO] [stdout]                                at /rustc/90b35a6239c3d8bdabc530a6a0816f7ff89a0aaf/library/core/src/ops/function.rs:250:5
[INFO] [stdout]   42:     0x604c2e545aeb - <alloc::boxed::Box<F,A> as core::ops::function::FnOnce<Args>>::call_once::hf75717d9f28faebf
[INFO] [stdout]                                at /rustc/90b35a6239c3d8bdabc530a6a0816f7ff89a0aaf/library/alloc/src/boxed.rs:2454:9
[INFO] [stdout]   43:     0x604c2e545aeb - <alloc::boxed::Box<F,A> as core::ops::function::FnOnce<Args>>::call_once::h7bd883a5f3c5f3c1
[INFO] [stdout]                                at /rustc/90b35a6239c3d8bdabc530a6a0816f7ff89a0aaf/library/alloc/src/boxed.rs:2454:9
[INFO] [stdout]   44:     0x604c2e545aeb - std::sys::pal::unix::thread::Thread::new::thread_start::hcc78f3943333fa94
[INFO] [stdout]                                at /rustc/90b35a6239c3d8bdabc530a6a0816f7ff89a0aaf/library/std/src/sys/pal/unix/thread.rs:105:17
[INFO] [stdout]   45:     0x7afbc64efac3 - <unknown>
[INFO] [stdout]   46:     0x7afbc6580a04 - clone
[INFO] [stdout]   47:                0x0 - <unknown>
[INFO] [stdout] 
[INFO] [stdout] ---- parser::tests::parser::units::block_test stdout ----
[INFO] [stdout] thread 'parser::tests::parser::units::block_test' panicked at src/parser/tests/parser/mod.rs:35:35:
[INFO] [stdout] failed on 1
[INFO] [stdout] stack backtrace:
[INFO] [stdout]    0:     0x604c2e54029a - std::backtrace_rs::backtrace::libunwind::trace::h5a5b8284f2d0c266
[INFO] [stdout]                                at /rustc/90b35a6239c3d8bdabc530a6a0816f7ff89a0aaf/library/std/src/../../backtrace/src/backtrace/libunwind.rs:116:5
[INFO] [stdout]    1:     0x604c2e54029a - std::backtrace_rs::backtrace::trace_unsynchronized::h76d4f1c9b0b875e3
[INFO] [stdout]                                at /rustc/90b35a6239c3d8bdabc530a6a0816f7ff89a0aaf/library/std/src/../../backtrace/src/backtrace/mod.rs:66:5
[INFO] [stdout]    2:     0x604c2e54029a - std::sys::backtrace::_print_fmt::hc4546b8364a537c6
[INFO] [stdout]                                at /rustc/90b35a6239c3d8bdabc530a6a0816f7ff89a0aaf/library/std/src/sys/backtrace.rs:66:9
[INFO] [stdout]    3:     0x604c2e54029a - <std::sys::backtrace::BacktraceLock::print::DisplayBacktrace as core::fmt::Display>::fmt::h5b6bd5631a6d1f6b
[INFO] [stdout]                                at /rustc/90b35a6239c3d8bdabc530a6a0816f7ff89a0aaf/library/std/src/sys/backtrace.rs:39:26
[INFO] [stdout]    4:     0x604c2e566aa3 - core::fmt::rt::Argument::fmt::h270f6602a2b96f62
[INFO] [stdout]                                at /rustc/90b35a6239c3d8bdabc530a6a0816f7ff89a0aaf/library/core/src/fmt/rt.rs:177:76
[INFO] [stdout]    5:     0x604c2e566aa3 - core::fmt::write::h7550c97b06c86515
[INFO] [stdout]                                at /rustc/90b35a6239c3d8bdabc530a6a0816f7ff89a0aaf/library/core/src/fmt/mod.rs:1186:21
[INFO] [stdout]    6:     0x604c2e53d463 - std::io::Write::write_fmt::h509ff860e5956e5e
[INFO] [stdout]                                at /rustc/90b35a6239c3d8bdabc530a6a0816f7ff89a0aaf/library/std/src/io/mod.rs:1839:15
[INFO] [stdout]    7:     0x604c2e5400e2 - std::sys::backtrace::BacktraceLock::print::h2395ccd2c84ba3aa
[INFO] [stdout]                                at /rustc/90b35a6239c3d8bdabc530a6a0816f7ff89a0aaf/library/std/src/sys/backtrace.rs:42:9
[INFO] [stdout]    8:     0x604c2e5416fa - std::panicking::default_hook::{{closure}}::he19d4c7230e07961
[INFO] [stdout]                                at /rustc/90b35a6239c3d8bdabc530a6a0816f7ff89a0aaf/library/std/src/panicking.rs:268:22
[INFO] [stdout]    9:     0x604c2e541504 - std::panicking::default_hook::hf614597d3c67bbdb
[INFO] [stdout]                                at /rustc/90b35a6239c3d8bdabc530a6a0816f7ff89a0aaf/library/std/src/panicking.rs:292:9
[INFO] [stdout]   10:     0x604c2e50cde9 - <alloc::boxed::Box<F,A> as core::ops::function::Fn<Args>>::call::h39b51ce4599c23d1
[INFO] [stdout]                                at /rustc/90b35a6239c3d8bdabc530a6a0816f7ff89a0aaf/library/alloc/src/boxed.rs:2468:9
[INFO] [stdout]   11:     0x604c2e50cde9 - test::test_main::{{closure}}::he977ae839a582784
[INFO] [stdout]                                at /rustc/90b35a6239c3d8bdabc530a6a0816f7ff89a0aaf/library/test/src/lib.rs:133:21
[INFO] [stdout]   12:     0x604c2e541d98 - <alloc::boxed::Box<F,A> as core::ops::function::Fn<Args>>::call::h9455091b6b06f9fb
[INFO] [stdout]                                at /rustc/90b35a6239c3d8bdabc530a6a0816f7ff89a0aaf/library/alloc/src/boxed.rs:2468:9
[INFO] [stdout]   13:     0x604c2e541d98 - std::panicking::rust_panic_with_hook::h8942133a8b252070
[INFO] [stdout]                                at /rustc/90b35a6239c3d8bdabc530a6a0816f7ff89a0aaf/library/std/src/panicking.rs:809:13
[INFO] [stdout]   14:     0x604c2e541b5a - std::panicking::begin_panic_handler::{{closure}}::hb5f5963570096b29
[INFO] [stdout]                                at /rustc/90b35a6239c3d8bdabc530a6a0816f7ff89a0aaf/library/std/src/panicking.rs:674:13
[INFO] [stdout]   15:     0x604c2e540779 - std::sys::backtrace::__rust_end_short_backtrace::h6208cedc1922feda
[INFO] [stdout]                                at /rustc/90b35a6239c3d8bdabc530a6a0816f7ff89a0aaf/library/std/src/sys/backtrace.rs:170:18
[INFO] [stdout]   16:     0x604c2e5417ec - rust_begin_unwind
[INFO] [stdout]                                at /rustc/90b35a6239c3d8bdabc530a6a0816f7ff89a0aaf/library/std/src/panicking.rs:665:5
[INFO] [stdout]   17:     0x604c2e465ab0 - core::panicking::panic_fmt::h0c3082644d1bf418
[INFO] [stdout]                                at /rustc/90b35a6239c3d8bdabc530a6a0816f7ff89a0aaf/library/core/src/panicking.rs:74:14
[INFO] [stdout]   18:     0x604c2e4bc52a - rusty_wren::parser::tests::parser::expect_pos::hbf195368765b9741
[INFO] [stdout]                                at /opt/rustwide/workdir/src/parser/tests/parser/mod.rs:35:35
[INFO] [stdout]   19:     0x604c2e4c8cc7 - rusty_wren::parser::tests::parser::units::block_test::h52381258596758a5
[INFO] [stdout]                                at /opt/rustwide/workdir/src/parser/tests/parser/units.rs:17:5
[INFO] [stdout]   20:     0x604c2e4c8bc7 - rusty_wren::parser::tests::parser::units::block_test::{{closure}}::h5afae01b5bdb9732
[INFO] [stdout]                                at /opt/rustwide/workdir/src/parser/tests/parser/units.rs:15:16
[INFO] [stdout]   21:     0x604c2e4b5866 - core::ops::function::FnOnce::call_once::hca7b9af68dc925e6
[INFO] [stdout]                                at /rustc/90b35a6239c3d8bdabc530a6a0816f7ff89a0aaf/library/core/src/ops/function.rs:250:5
[INFO] [stdout]   22:     0x604c2e5117ab - core::ops::function::FnOnce::call_once::h109cf8051a59b34e
[INFO] [stdout]                                at /rustc/90b35a6239c3d8bdabc530a6a0816f7ff89a0aaf/library/core/src/ops/function.rs:250:5
[INFO] [stdout]   23:     0x604c2e5117ab - test::__rust_begin_short_backtrace::hf4fff89d377446ba
[INFO] [stdout]                                at /rustc/90b35a6239c3d8bdabc530a6a0816f7ff89a0aaf/library/test/src/lib.rs:621:18
[INFO] [stdout]   24:     0x604c2e510fe7 - test::run_test_in_process::{{closure}}::h0e39181dd7ee5a43
[INFO] [stdout]                                at /rustc/90b35a6239c3d8bdabc530a6a0816f7ff89a0aaf/library/test/src/lib.rs:644:60
[INFO] [stdout]   25:     0x604c2e510fe7 - <core::panic::unwind_safe::AssertUnwindSafe<F> as core::ops::function::FnOnce<()>>::call_once::hc5a66a30f0bdfd1f
[INFO] [stdout]                                at /rustc/90b35a6239c3d8bdabc530a6a0816f7ff89a0aaf/library/core/src/panic/unwind_safe.rs:272:9
[INFO] [stdout]   26:     0x604c2e510fe7 - std::panicking::try::do_call::h873b7cf639554a5e
[INFO] [stdout]                                at /rustc/90b35a6239c3d8bdabc530a6a0816f7ff89a0aaf/library/std/src/panicking.rs:557:40
[INFO] [stdout]   27:     0x604c2e510fe7 - std::panicking::try::hdb19862fad9c8bd1
[INFO] [stdout]                                at /rustc/90b35a6239c3d8bdabc530a6a0816f7ff89a0aaf/library/std/src/panicking.rs:520:19
[INFO] [stdout]   28:     0x604c2e510fe7 - std::panic::catch_unwind::h281fe732d236d260
[INFO] [stdout]                                at /rustc/90b35a6239c3d8bdabc530a6a0816f7ff89a0aaf/library/std/src/panic.rs:358:14
[INFO] [stdout]   29:     0x604c2e510fe7 - test::run_test_in_process::h949b6df8457ed338
[INFO] [stdout]                                at /rustc/90b35a6239c3d8bdabc530a6a0816f7ff89a0aaf/library/test/src/lib.rs:644:27
[INFO] [stdout]   30:     0x604c2e510fe7 - test::run_test::{{closure}}::h52c556a6d4740e10
[INFO] [stdout]                                at /rustc/90b35a6239c3d8bdabc530a6a0816f7ff89a0aaf/library/test/src/lib.rs:565:43
[INFO] [stdout]   31:     0x604c2e4d62c4 - test::run_test::{{closure}}::h4237f6381c45ccb9
[INFO] [stdout]                                at /rustc/90b35a6239c3d8bdabc530a6a0816f7ff89a0aaf/library/test/src/lib.rs:595:41
[INFO] [stdout]   32:     0x604c2e4d62c4 - std::sys::backtrace::__rust_begin_short_backtrace::h505c97a579eca628
[INFO] [stdout]                                at /rustc/90b35a6239c3d8bdabc530a6a0816f7ff89a0aaf/library/std/src/sys/backtrace.rs:154:18
[INFO] [stdout]   33:     0x604c2e4d998e - std::thread::Builder::spawn_unchecked_::{{closure}}::{{closure}}::h9e86b2e2bc107ea3
[INFO] [stdout]                                at /rustc/90b35a6239c3d8bdabc530a6a0816f7ff89a0aaf/library/std/src/thread/mod.rs:538:17
[INFO] [stdout]   34:     0x604c2e4d998e - <core::panic::unwind_safe::AssertUnwindSafe<F> as core::ops::function::FnOnce<()>>::call_once::h8b06ddb275ff4a25
[INFO] [stdout]                                at /rustc/90b35a6239c3d8bdabc530a6a0816f7ff89a0aaf/library/core/src/panic/unwind_safe.rs:272:9
[INFO] [stdout]   35:     0x604c2e4d998e - std::panicking::try::do_call::hb26ecd7cd9a9355d
[INFO] [stdout]                                at /rustc/90b35a6239c3d8bdabc530a6a0816f7ff89a0aaf/library/std/src/panicking.rs:557:40
[INFO] [stdout]   36:     0x604c2e4d998e - std::panicking::try::h8ddeca9d705f9069
[INFO] [stdout]                                at /rustc/90b35a6239c3d8bdabc530a6a0816f7ff89a0aaf/library/std/src/panicking.rs:520:19
[INFO] [stdout]   37:     0x604c2e4d998e - std::panic::catch_unwind::h49e1c33078844c46
[INFO] [stdout]                                at /rustc/90b35a6239c3d8bdabc530a6a0816f7ff89a0aaf/library/std/src/panic.rs:358:14
[INFO] [stdout]   38:     0x604c2e4d998e - std::thread::Builder::spawn_unchecked_::{{closure}}::h6073db6ff56ad35d
[INFO] [stdout]                                at /rustc/90b35a6239c3d8bdabc530a6a0816f7ff89a0aaf/library/std/src/thread/mod.rs:537:30
[INFO] [stdout]   39:     0x604c2e4d998e - core::ops::function::FnOnce::call_once{{vtable.shim}}::h2c5a5f3779c774f1
[INFO] [stdout]                                at /rustc/90b35a6239c3d8bdabc530a6a0816f7ff89a0aaf/library/core/src/ops/function.rs:250:5
[INFO] [stdout]   40:     0x604c2e545aeb - <alloc::boxed::Box<F,A> as core::ops::function::FnOnce<Args>>::call_once::hf75717d9f28faebf
[INFO] [stdout]                                at /rustc/90b35a6239c3d8bdabc530a6a0816f7ff89a0aaf/library/alloc/src/boxed.rs:2454:9
[INFO] [stdout]   41:     0x604c2e545aeb - <alloc::boxed::Box<F,A> as core::ops::function::FnOnce<Args>>::call_once::h7bd883a5f3c5f3c1
[INFO] [stdout]                                at /rustc/90b35a6239c3d8bdabc530a6a0816f7ff89a0aaf/library/alloc/src/boxed.rs:2454:9
[INFO] [stdout]   42:     0x604c2e545aeb - std::sys::pal::unix::thread::Thread::new::thread_start::hcc78f3943333fa94
[INFO] [stdout]                                at /rustc/90b35a6239c3d8bdabc530a6a0816f7ff89a0aaf/library/std/src/sys/pal/unix/thread.rs:105:17
[INFO] [stdout]   43:     0x7afbc64efac3 - <unknown>
[INFO] [stdout]   44:     0x7afbc6580a04 - clone
[INFO] [stdout]   45:                0x0 - <unknown>
[INFO] [stdout] 
[INFO] [stdout] 
[INFO] [stdout] failures:
[INFO] [stdout]     parser::tests::lexer::number_test
[INFO] [stdout]     parser::tests::parser::units::block_test
[INFO] [stdout]     parser::tests::parser::units::class_body_test
[INFO] [stdout] 
[INFO] [stdout] test result: FAILED. 24 passed; 3 failed; 0 ignored; 0 measured; 0 filtered out; finished in 0.03s
[INFO] [stdout] 
[INFO] [stderr] error: test failed, to rerun pass `--bin rusty_wren`
[INFO] running `Command { std: "docker" "inspect" "31d9105b3dfdaef54ac12debdebfd5cfc71484560137813c6a32056dca1d3adb", kill_on_drop: false }`
[INFO] running `Command { std: "docker" "rm" "-f" "31d9105b3dfdaef54ac12debdebfd5cfc71484560137813c6a32056dca1d3adb", kill_on_drop: false }`
[INFO] [stdout] 31d9105b3dfdaef54ac12debdebfd5cfc71484560137813c6a32056dca1d3adb
