[INFO] cloning repository https://github.com/beshubh/kvs-rust
[INFO] running `Command { std: "git" "-c" "credential.helper=" "-c" "credential.helper=/workspace/cargo-home/bin/git-credential-null" "clone" "--bare" "https://github.com/beshubh/kvs-rust" "/workspace/cache/git-repos/https%3A%2F%2Fgithub.com%2Fbeshubh%2Fkvs-rust", kill_on_drop: false }`
[INFO] [stderr] Cloning into bare repository '/workspace/cache/git-repos/https%3A%2F%2Fgithub.com%2Fbeshubh%2Fkvs-rust'...
[INFO] running `Command { std: "git" "rev-parse" "HEAD", kill_on_drop: false }`
[INFO] [stdout] 2a5966b3e5c9ddb21ec6a7ccb2444726024cf12d
[INFO] testing beshubh/kvs-rust against 1.83.0 for beta-1.84.0-4-retry
[INFO] running `Command { std: "git" "clone" "/workspace/cache/git-repos/https%3A%2F%2Fgithub.com%2Fbeshubh%2Fkvs-rust" "/workspace/builds/worker-7-tc1/source", kill_on_drop: false }`
[INFO] [stderr] Cloning into '/workspace/builds/worker-7-tc1/source'...
[INFO] [stderr] done.
[INFO] validating manifest of git repo https://github.com/beshubh/kvs-rust on toolchain 1.83.0
[INFO] running `Command { std: CARGO_HOME="/workspace/cargo-home" RUSTUP_HOME="/workspace/rustup-home" "/workspace/cargo-home/bin/cargo" "+1.83.0" "metadata" "--manifest-path" "Cargo.toml" "--no-deps", kill_on_drop: false }`
[INFO] started tweaking git repo https://github.com/beshubh/kvs-rust
[INFO] finished tweaking git repo https://github.com/beshubh/kvs-rust
[INFO] tweaked toml for git repo https://github.com/beshubh/kvs-rust written to /workspace/builds/worker-7-tc1/source/Cargo.toml
[INFO] crate git repo https://github.com/beshubh/kvs-rust already has a lockfile, it will not be regenerated
[INFO] running `Command { std: CARGO_HOME="/workspace/cargo-home" RUSTUP_HOME="/workspace/rustup-home" "/workspace/cargo-home/bin/cargo" "+1.83.0" "fetch" "--manifest-path" "Cargo.toml", kill_on_drop: false }`
[INFO] [stderr] warning: unused manifest key: debug
[INFO] [stderr] warning: unused manifest key: package.author
[INFO] [stderr]     Blocking waiting for file lock on package cache
[INFO] [stderr]     Updating crates.io index
[INFO] [stderr]  Downloading crates ...
[INFO] [stderr]   Downloaded buffered_offset_reader v0.6.0
[INFO] [stderr]   Downloaded panic-control v0.1.4
[INFO] running `Command { std: "docker" "create" "-v" "/var/lib/crater-agent-workspace/builds/worker-7-tc1/target:/opt/rustwide/target:rw,Z" "-v" "/var/lib/crater-agent-workspace/builds/worker-7-tc1/source:/opt/rustwide/workdir:ro,Z" "-v" "/var/lib/crater-agent-workspace/cargo-home:/opt/rustwide/cargo-home:ro,Z" "-v" "/var/lib/crater-agent-workspace/rustup-home:/opt/rustwide/rustup-home:ro,Z" "-e" "SOURCE_DIR=/opt/rustwide/workdir" "-e" "CARGO_TARGET_DIR=/opt/rustwide/target" "-e" "CARGO_HOME=/opt/rustwide/cargo-home" "-e" "RUSTUP_HOME=/opt/rustwide/rustup-home" "-w" "/opt/rustwide/workdir" "-m" "1610612736" "--user" "0:0" "--network" "none" "ghcr.io/rust-lang/crates-build-env/linux@sha256:f3a9d4ad9d972b27faf3965f35b62e55ba32bbce8f20bc8fe909558a86702fde" "/opt/rustwide/cargo-home/bin/cargo" "+1.83.0" "metadata" "--no-deps" "--format-version=1", kill_on_drop: false }`
[INFO] [stdout] acb07f48b23be01466529a6c841a8bd3d0e3824e02bfe06bbc817af2a769e322
[INFO] running `Command { std: "docker" "start" "-a" "acb07f48b23be01466529a6c841a8bd3d0e3824e02bfe06bbc817af2a769e322", kill_on_drop: false }`
[INFO] running `Command { std: "docker" "inspect" "acb07f48b23be01466529a6c841a8bd3d0e3824e02bfe06bbc817af2a769e322", kill_on_drop: false }`
[INFO] running `Command { std: "docker" "rm" "-f" "acb07f48b23be01466529a6c841a8bd3d0e3824e02bfe06bbc817af2a769e322", kill_on_drop: false }`
[INFO] [stdout] acb07f48b23be01466529a6c841a8bd3d0e3824e02bfe06bbc817af2a769e322
[INFO] running `Command { std: "docker" "create" "-v" "/var/lib/crater-agent-workspace/builds/worker-7-tc1/target:/opt/rustwide/target:rw,Z" "-v" "/var/lib/crater-agent-workspace/builds/worker-7-tc1/source:/opt/rustwide/workdir:ro,Z" "-v" "/var/lib/crater-agent-workspace/cargo-home:/opt/rustwide/cargo-home:ro,Z" "-v" "/var/lib/crater-agent-workspace/rustup-home:/opt/rustwide/rustup-home:ro,Z" "-e" "SOURCE_DIR=/opt/rustwide/workdir" "-e" "CARGO_TARGET_DIR=/opt/rustwide/target" "-e" "CARGO_INCREMENTAL=0" "-e" "RUST_BACKTRACE=full" "-e" "RUSTFLAGS=--cap-lints=warn" "-e" "RUSTDOCFLAGS=--cap-lints=warn" "-e" "CARGO_HOME=/opt/rustwide/cargo-home" "-e" "RUSTUP_HOME=/opt/rustwide/rustup-home" "-w" "/opt/rustwide/workdir" "-m" "1610612736" "--user" "0:0" "--network" "none" "ghcr.io/rust-lang/crates-build-env/linux@sha256:f3a9d4ad9d972b27faf3965f35b62e55ba32bbce8f20bc8fe909558a86702fde" "/opt/rustwide/cargo-home/bin/cargo" "+1.83.0" "build" "--frozen" "--message-format=json", kill_on_drop: false }`
[INFO] [stdout] 23bbb7eb101db6bb60184b9324210f5617f8c8ef07b42959443ba1b253b90a6d
[INFO] running `Command { std: "docker" "start" "-a" "23bbb7eb101db6bb60184b9324210f5617f8c8ef07b42959443ba1b253b90a6d", kill_on_drop: false }`
[INFO] [stderr] warning: unused manifest key: debug
[INFO] [stderr] warning: unused manifest key: package.author
[INFO] [stderr]    Compiling proc-macro2 v1.0.89
[INFO] [stderr]    Compiling unicode-ident v1.0.13
[INFO] [stderr]    Compiling libc v0.2.162
[INFO] [stderr]    Compiling cfg-if v1.0.0
[INFO] [stderr]    Compiling memchr v2.7.4
[INFO] [stderr]    Compiling crossbeam-utils v0.8.20
[INFO] [stderr]    Compiling serde v1.0.215
[INFO] [stderr]    Compiling byteorder v1.5.0
[INFO] [stderr]    Compiling syn v1.0.109
[INFO] [stderr]    Compiling utf8parse v0.2.2
[INFO] [stderr]    Compiling is_terminal_polyfill v1.70.1
[INFO] [stderr]    Compiling adler2 v2.0.0
[INFO] [stderr]    Compiling version_check v0.9.5
[INFO] [stderr]    Compiling radium v0.7.0
[INFO] [stderr]    Compiling gimli v0.31.1
[INFO] [stderr]    Compiling colorchoice v1.0.3
[INFO] [stderr]    Compiling regex-syntax v0.8.5
[INFO] [stderr]    Compiling autocfg v1.4.0
[INFO] [stderr]    Compiling anstyle-parse v0.2.6
[INFO] [stderr]    Compiling once_cell v1.20.2
[INFO] [stderr]    Compiling anstyle v1.0.10
[INFO] [stderr]    Compiling anstyle-query v1.1.2
[INFO] [stderr]    Compiling miniz_oxide v0.8.0
[INFO] [stderr]    Compiling rayon-core v1.12.1
[INFO] [stderr]    Compiling anstream v0.6.18
[INFO] [stderr]    Compiling time-core v0.1.2
[INFO] [stderr]    Compiling parking_lot_core v0.9.10
[INFO] [stderr]    Compiling ahash v0.8.11
[INFO] [stderr]    Compiling failure_derive v0.1.8
[INFO] [stderr]    Compiling rustix v0.38.40
[INFO] [stderr]    Compiling unicode-xid v0.2.6
[INFO] [stderr]    Compiling hashbrown v0.15.1
[INFO] [stderr]    Compiling itoa v1.0.11
[INFO] [stderr]    Compiling serde_json v1.0.132
[INFO] [stderr]    Compiling rustc-demangle v0.1.24
[INFO] [stderr]    Compiling powerfmt v0.2.0
[INFO] [stderr]    Compiling lock_api v0.4.12
[INFO] [stderr]    Compiling tap v1.0.1
[INFO] [stderr]    Compiling num-conv v0.1.0
[INFO] [stderr]    Compiling equivalent v1.0.1
[INFO] [stderr]    Compiling aho-corasick v1.1.3
[INFO] [stderr]    Compiling object v0.36.5
[INFO] [stderr]    Compiling deranged v0.3.11
[INFO] [stderr]    Compiling wyz v0.5.1
[INFO] [stderr]    Compiling time-macros v0.2.18
[INFO] [stderr]    Compiling clap_lex v0.7.2
[INFO] [stderr]    Compiling funty v2.0.0
[INFO] [stderr]    Compiling quote v1.0.37
[INFO] [stderr]    Compiling anyhow v1.0.93
[INFO] [stderr]    Compiling smallvec v1.13.2
[INFO] [stderr]    Compiling getrandom v0.2.15
[INFO] [stderr]    Compiling crossbeam-epoch v0.9.18
[INFO] [stderr]    Compiling indexmap v2.6.0
[INFO] [stderr]    Compiling heck v0.5.0
[INFO] [stderr]    Compiling syn v2.0.87
[INFO] [stderr]    Compiling rand_core v0.6.4
[INFO] [stderr]    Compiling linux-raw-sys v0.4.14
[INFO] [stderr]    Compiling strsim v0.11.1
[INFO] [stderr]    Compiling log v0.4.22
[INFO] [stderr]    Compiling bitflags v2.6.0
[INFO] [stderr]    Compiling crossbeam-deque v0.8.5
[INFO] [stderr]    Compiling scopeguard v1.2.0
[INFO] [stderr]    Compiling ryu v1.0.18
[INFO] [stderr]    Compiling bitvec v1.0.1
[INFO] [stderr]    Compiling clap_builder v4.5.20
[INFO] [stderr]    Compiling crossbeam-channel v0.5.13
[INFO] [stderr]    Compiling crossbeam-queue v0.3.11
[INFO] [stderr]    Compiling base64 v0.13.1
[INFO] [stderr]    Compiling fastrand v2.2.0
[INFO] [stderr]    Compiling either v1.13.0
[INFO] [stderr]    Compiling hashbrown v0.14.5
[INFO] [stderr]    Compiling minimal-lexical v0.2.1
[INFO] [stderr]    Compiling hex v0.4.3
[INFO] [stderr]    Compiling regex-automata v0.4.9
[INFO] [stderr]    Compiling time v0.3.36
[INFO] [stderr]    Compiling humantime v2.1.0
[INFO] [stderr]    Compiling nom v7.1.3
[INFO] [stderr]    Compiling crossbeam v0.8.4
[INFO] [stderr]    Compiling dashmap v6.1.0
[INFO] [stderr]    Compiling rayon v1.10.0
[INFO] [stderr]    Compiling buffered_offset_reader v0.6.0
[INFO] [stderr]    Compiling dotenv v0.15.0
[INFO] [stderr]    Compiling synstructure v0.12.6
[INFO] [stderr]    Compiling addr2line v0.24.2
[INFO] [stderr]    Compiling zerocopy-derive v0.7.35
[INFO] [stderr]    Compiling serde_derive v1.0.215
[INFO] [stderr]    Compiling clap_derive v4.5.18
[INFO] [stderr]    Compiling tempfile v3.14.0
[INFO] [stderr]    Compiling regex v1.11.1
[INFO] [stderr]    Compiling env_filter v0.1.2
[INFO] [stderr]    Compiling env_logger v0.11.5
[INFO] [stderr]    Compiling zerocopy v0.7.35
[INFO] [stderr]    Compiling backtrace v0.3.74
[INFO] [stderr]    Compiling failure v0.1.8
[INFO] [stderr]    Compiling ppv-lite86 v0.2.20
[INFO] [stderr]    Compiling rand_chacha v0.3.1
[INFO] [stderr]    Compiling clap v4.5.20
[INFO] [stderr]    Compiling rand v0.8.5
[INFO] [stderr]    Compiling serde_bytes v0.11.15
[INFO] [stderr]    Compiling uuid v1.11.0
[INFO] [stderr]    Compiling bson v2.13.0
[INFO] [stderr]    Compiling kvs v0.1.0 (/opt/rustwide/workdir)
[INFO] [stdout] warning: field `0` is never read
[INFO] [stdout]  --> src/engines/sled.rs:6:22
[INFO] [stdout]   |
[INFO] [stdout] 6 | pub struct SledStore(Arc<Mutex<SharedSledStore>>);
[INFO] [stdout]   |            --------- ^^^^^^^^^^^^^^^^^^^^^^^^^^^
[INFO] [stdout]   |            |
[INFO] [stdout]   |            field in this struct
[INFO] [stdout]   |
[INFO] [stdout]   = help: consider removing this field
[INFO] [stdout]   = note: `#[warn(dead_code)]` on by default
[INFO] [stdout] 
[INFO] [stdout] 
[INFO] [stdout] warning: variable does not need to be mutable
[INFO] [stdout]   --> src/bin/kvs.rs:19:9
[INFO] [stdout]    |
[INFO] [stdout] 19 |     let mut store = KvStore::open(std::env::current_dir().unwrap().as_path()).unwrap();
[INFO] [stdout]    |         ----^^^^^
[INFO] [stdout]    |         |
[INFO] [stdout]    |         help: remove this `mut`
[INFO] [stdout]    |
[INFO] [stdout]    = note: `#[warn(unused_mut)]` on by default
[INFO] [stdout] 
[INFO] [stdout] 
[INFO] [stderr]     Finished `dev` profile [unoptimized + debuginfo] target(s) in 49.70s
[INFO] running `Command { std: "docker" "inspect" "23bbb7eb101db6bb60184b9324210f5617f8c8ef07b42959443ba1b253b90a6d", kill_on_drop: false }`
[INFO] running `Command { std: "docker" "rm" "-f" "23bbb7eb101db6bb60184b9324210f5617f8c8ef07b42959443ba1b253b90a6d", kill_on_drop: false }`
[INFO] [stdout] 23bbb7eb101db6bb60184b9324210f5617f8c8ef07b42959443ba1b253b90a6d
[INFO] running `Command { std: "docker" "create" "-v" "/var/lib/crater-agent-workspace/builds/worker-7-tc1/target:/opt/rustwide/target:rw,Z" "-v" "/var/lib/crater-agent-workspace/builds/worker-7-tc1/source:/opt/rustwide/workdir:ro,Z" "-v" "/var/lib/crater-agent-workspace/cargo-home:/opt/rustwide/cargo-home:ro,Z" "-v" "/var/lib/crater-agent-workspace/rustup-home:/opt/rustwide/rustup-home:ro,Z" "-e" "SOURCE_DIR=/opt/rustwide/workdir" "-e" "CARGO_TARGET_DIR=/opt/rustwide/target" "-e" "CARGO_INCREMENTAL=0" "-e" "RUST_BACKTRACE=full" "-e" "RUSTFLAGS=--cap-lints=warn" "-e" "RUSTDOCFLAGS=--cap-lints=warn" "-e" "CARGO_HOME=/opt/rustwide/cargo-home" "-e" "RUSTUP_HOME=/opt/rustwide/rustup-home" "-w" "/opt/rustwide/workdir" "-m" "1610612736" "--user" "0:0" "--network" "none" "ghcr.io/rust-lang/crates-build-env/linux@sha256:f3a9d4ad9d972b27faf3965f35b62e55ba32bbce8f20bc8fe909558a86702fde" "/opt/rustwide/cargo-home/bin/cargo" "+1.83.0" "test" "--frozen" "--no-run" "--message-format=json", kill_on_drop: false }`
[INFO] [stdout] 74b0326d812fc95b8bfa464a36ea2bd3044b0b2d02fec4a92feb6cdfbd49c85f
[INFO] running `Command { std: "docker" "start" "-a" "74b0326d812fc95b8bfa464a36ea2bd3044b0b2d02fec4a92feb6cdfbd49c85f", kill_on_drop: false }`
[INFO] [stderr] warning: unused manifest key: debug
[INFO] [stderr] warning: unused manifest key: package.author
[INFO] [stderr]    Compiling regex-syntax v0.8.5
[INFO] [stderr]    Compiling rand_core v0.4.2
[INFO] [stderr]    Compiling autocfg v0.1.8
[INFO] [stderr]    Compiling num-traits v0.2.19
[INFO] [stderr]    Compiling escargot v0.4.0
[INFO] [stderr]    Compiling predicates-core v1.0.8
[INFO] [stderr]    Compiling termtree v0.4.1
[INFO] [stderr]    Compiling difference v2.0.0
[INFO] [stderr]    Compiling lazy_static v1.5.0
[INFO] [stderr]    Compiling normalize-line-endings v0.3.0
[INFO] [stderr]    Compiling same-file v1.0.6
[INFO] [stderr]    Compiling panic-control v0.1.4
[INFO] [stderr]    Compiling walkdir v2.5.0
[INFO] [stderr]    Compiling rand_pcg v0.1.2
[INFO] [stderr]    Compiling rand_chacha v0.1.1
[INFO] [stderr]    Compiling rand v0.6.5
[INFO] [stderr]    Compiling predicates-tree v1.0.11
[INFO] [stderr]    Compiling rand_core v0.3.1
[INFO] [stderr]    Compiling rand_os v0.1.3
[INFO] [stderr]    Compiling rand_jitter v0.1.4
[INFO] [stderr]    Compiling rand_xorshift v0.1.1
[INFO] [stderr]    Compiling rand_isaac v0.1.1
[INFO] [stderr]    Compiling rand_hc v0.1.0
[INFO] [stderr]    Compiling float-cmp v0.8.0
[INFO] [stderr]    Compiling regex-automata v0.4.9
[INFO] [stderr]    Compiling regex v1.11.1
[INFO] [stderr]    Compiling env_filter v0.1.2
[INFO] [stderr]    Compiling predicates v1.0.8
[INFO] [stderr]    Compiling env_logger v0.11.5
[INFO] [stderr]    Compiling kvs v0.1.0 (/opt/rustwide/workdir)
[INFO] [stderr]    Compiling assert_cmd v0.11.1
[INFO] [stdout] warning: field `0` is never read
[INFO] [stdout]  --> src/engines/sled.rs:6:22
[INFO] [stdout]   |
[INFO] [stdout] 6 | pub struct SledStore(Arc<Mutex<SharedSledStore>>);
[INFO] [stdout]   |            --------- ^^^^^^^^^^^^^^^^^^^^^^^^^^^
[INFO] [stdout]   |            |
[INFO] [stdout]   |            field in this struct
[INFO] [stdout]   |
[INFO] [stdout]   = help: consider removing this field
[INFO] [stdout]   = note: `#[warn(dead_code)]` on by default
[INFO] [stdout] 
[INFO] [stdout] 
[INFO] [stdout] warning: field `0` is never read
[INFO] [stdout]  --> src/engines/sled.rs:6:22
[INFO] [stdout]   |
[INFO] [stdout] 6 | pub struct SledStore(Arc<Mutex<SharedSledStore>>);
[INFO] [stdout]   |            --------- ^^^^^^^^^^^^^^^^^^^^^^^^^^^
[INFO] [stdout]   |            |
[INFO] [stdout]   |            field in this struct
[INFO] [stdout]   |
[INFO] [stdout]   = help: consider removing this field
[INFO] [stdout]   = note: `#[warn(dead_code)]` on by default
[INFO] [stdout] 
[INFO] [stdout] 
[INFO] [stdout] warning: variable does not need to be mutable
[INFO] [stdout]   --> src/bin/kvs.rs:19:9
[INFO] [stdout]    |
[INFO] [stdout] 19 |     let mut store = KvStore::open(std::env::current_dir().unwrap().as_path()).unwrap();
[INFO] [stdout]    |         ----^^^^^
[INFO] [stdout]    |         |
[INFO] [stdout]    |         help: remove this `mut`
[INFO] [stdout]    |
[INFO] [stdout]    = note: `#[warn(unused_mut)]` on by default
[INFO] [stdout] 
[INFO] [stdout] 
[INFO] [stdout] warning: variable does not need to be mutable
[INFO] [stdout]   --> src/bin/kvs.rs:19:9
[INFO] [stdout]    |
[INFO] [stdout] 19 |     let mut store = KvStore::open(std::env::current_dir().unwrap().as_path()).unwrap();
[INFO] [stdout]    |         ----^^^^^
[INFO] [stdout]    |         |
[INFO] [stdout]    |         help: remove this `mut`
[INFO] [stdout]    |
[INFO] [stdout]    = note: `#[warn(unused_mut)]` on by default
[INFO] [stdout] 
[INFO] [stdout] 
[INFO] [stderr]     Finished `test` profile [unoptimized + debuginfo] target(s) in 17.36s
[INFO] running `Command { std: "docker" "inspect" "74b0326d812fc95b8bfa464a36ea2bd3044b0b2d02fec4a92feb6cdfbd49c85f", kill_on_drop: false }`
[INFO] running `Command { std: "docker" "rm" "-f" "74b0326d812fc95b8bfa464a36ea2bd3044b0b2d02fec4a92feb6cdfbd49c85f", kill_on_drop: false }`
[INFO] [stdout] 74b0326d812fc95b8bfa464a36ea2bd3044b0b2d02fec4a92feb6cdfbd49c85f
[INFO] running `Command { std: "docker" "create" "-v" "/var/lib/crater-agent-workspace/builds/worker-7-tc1/target:/opt/rustwide/target:rw,Z" "-v" "/var/lib/crater-agent-workspace/builds/worker-7-tc1/source:/opt/rustwide/workdir:ro,Z" "-v" "/var/lib/crater-agent-workspace/cargo-home:/opt/rustwide/cargo-home:ro,Z" "-v" "/var/lib/crater-agent-workspace/rustup-home:/opt/rustwide/rustup-home:ro,Z" "-e" "SOURCE_DIR=/opt/rustwide/workdir" "-e" "CARGO_TARGET_DIR=/opt/rustwide/target" "-e" "CARGO_INCREMENTAL=0" "-e" "RUST_BACKTRACE=full" "-e" "RUSTFLAGS=--cap-lints=warn" "-e" "RUSTDOCFLAGS=--cap-lints=warn" "-e" "CARGO_HOME=/opt/rustwide/cargo-home" "-e" "RUSTUP_HOME=/opt/rustwide/rustup-home" "-w" "/opt/rustwide/workdir" "-m" "1610612736" "--user" "0:0" "--network" "none" "ghcr.io/rust-lang/crates-build-env/linux@sha256:f3a9d4ad9d972b27faf3965f35b62e55ba32bbce8f20bc8fe909558a86702fde" "/opt/rustwide/cargo-home/bin/cargo" "+1.83.0" "test" "--frozen", kill_on_drop: false }`
[INFO] [stdout] 7cdc2426c84a8faaacdbd08264552805f683121246b7fc3726a117fcf06ef7b5
[INFO] running `Command { std: "docker" "start" "-a" "7cdc2426c84a8faaacdbd08264552805f683121246b7fc3726a117fcf06ef7b5", kill_on_drop: false }`
[INFO] [stderr] warning: unused manifest key: debug
[INFO] [stderr] warning: unused manifest key: package.author
[INFO] [stderr] warning: field `0` is never read
[INFO] [stderr]  --> src/engines/sled.rs:6:22
[INFO] [stderr]   |
[INFO] [stderr] 6 | pub struct SledStore(Arc<Mutex<SharedSledStore>>);
[INFO] [stderr]   |            --------- ^^^^^^^^^^^^^^^^^^^^^^^^^^^
[INFO] [stderr]   |            |
[INFO] [stderr]   |            field in this struct
[INFO] [stderr]   |
[INFO] [stderr]   = help: consider removing this field
[INFO] [stderr]   = note: `#[warn(dead_code)]` on by default
[INFO] [stderr] 
[INFO] [stderr] warning: `kvs` (lib) generated 1 warning
[INFO] [stderr] warning: variable does not need to be mutable
[INFO] [stderr]   --> src/bin/kvs.rs:19:9
[INFO] [stderr]    |
[INFO] [stderr] 19 |     let mut store = KvStore::open(std::env::current_dir().unwrap().as_path()).unwrap();
[INFO] [stderr]    |         ----^^^^^
[INFO] [stderr]    |         |
[INFO] [stderr]    |         help: remove this `mut`
[INFO] [stderr]    |
[INFO] [stderr]    = note: `#[warn(unused_mut)]` on by default
[INFO] [stderr] 
[INFO] [stderr] warning: `kvs` (bin "kvs") generated 1 warning (run `cargo fix --bin "kvs"` to apply 1 suggestion)
[INFO] [stderr] warning: `kvs` (lib test) generated 1 warning (1 duplicate)
[INFO] [stderr] warning: `kvs` (bin "kvs" test) generated 1 warning (1 duplicate)
[INFO] [stderr]     Finished `test` profile [unoptimized + debuginfo] target(s) in 0.24s
[INFO] [stderr]      Running unittests src/lib.rs (/opt/rustwide/target/debug/deps/kvs-243768952b17e0a8)
[INFO] [stdout] 
[INFO] [stdout] running 1 test
[INFO] [stdout] test resp::ser::test_enum ... ok
[INFO] [stdout] 
[INFO] [stdout] test result: ok. 1 passed; 0 failed; 0 ignored; 0 measured; 0 filtered out; finished in 0.00s
[INFO] [stdout] 
[INFO] [stderr]      Running unittests src/bin/kvs.rs (/opt/rustwide/target/debug/deps/kvs-accbf44034185569)
[INFO] [stdout] 
[INFO] [stdout] running 0 tests
[INFO] [stdout] 
[INFO] [stdout] test result: ok. 0 passed; 0 failed; 0 ignored; 0 measured; 0 filtered out; finished in 0.00s
[INFO] [stdout] 
[INFO] [stderr]      Running unittests src/bin/kvs-client.rs (/opt/rustwide/target/debug/deps/kvs_client-4e8f0e7e752a063d)
[INFO] [stdout] 
[INFO] [stdout] running 0 tests
[INFO] [stdout] 
[INFO] [stdout] test result: ok. 0 passed; 0 failed; 0 ignored; 0 measured; 0 filtered out; finished in 0.00s
[INFO] [stdout] 
[INFO] [stderr]      Running unittests src/bin/kvs-server.rs (/opt/rustwide/target/debug/deps/kvs_server-c8bd272754db7015)
[INFO] [stdout] 
[INFO] [stdout] running 0 tests
[INFO] [stdout] 
[INFO] [stdout] test result: ok. 0 passed; 0 failed; 0 ignored; 0 measured; 0 filtered out; finished in 0.00s
[INFO] [stdout] 
[INFO] [stderr]      Running tests/cli.rs (/opt/rustwide/target/debug/deps/cli-b36e2fc1ee881299)
[INFO] [stdout] 
[INFO] [stdout] running 11 tests
[INFO] [stderr] [90m[[0m2024-12-14T10:45:47Z [32mINFO [0m kvs_server[90m][0m kvs-server 0.1.0
[INFO] [stderr] [90m[[0m2024-12-14T10:45:47Z [32mINFO [0m kvs_server[90m][0m Listening on: 127.0.0.1:4004
[INFO] [stderr] [90m[[0m2024-12-14T10:45:47Z [32mINFO [0m kvs_server[90m][0m Storage engine: Kvs
[INFO] [stderr] [90m[[0m2024-12-14T10:45:47Z [32mINFO [0m kvs_server[90m][0m kvs-server 0.1.0
[INFO] [stderr] [90m[[0m2024-12-14T10:45:47Z [32mINFO [0m kvs_server[90m][0m Listening on: 127.0.0.1:4005
[INFO] [stderr] [90m[[0m2024-12-14T10:45:47Z [32mINFO [0m kvs_server[90m][0m Storage engine: Sled
[INFO] [stderr] thread 'main' panicked at src/engines/sled.rs:12:9:
[INFO] [stderr] not implemented
[INFO] [stderr] stack backtrace:
[INFO] [stdout] test client_cli_invalid_subcommand ... ok
[INFO] [stderr] [90m[[0m2024-12-14T10:45:47Z [32mINFO [0m kvs_server[90m][0m kvs-server 0.1.0
[INFO] [stderr] [90m[[0m2024-12-14T10:45:47Z [32mINFO [0m kvs_server[90m][0m Listening on: 127.0.0.1:4002
[INFO] [stderr] [90m[[0m2024-12-14T10:45:47Z [32mINFO [0m kvs_server[90m][0m Storage engine: Sled
[INFO] [stderr] thread 'main' panicked at src/engines/sled.rs:12:9:
[INFO] [stderr] not implemented
[INFO] [stderr] stack backtrace:
[INFO] [stdout] test client_cli_no_args ... ok
[INFO] [stderr]    0:     0x5b70c1ea9c2a - std::backtrace_rs::backtrace::libunwind::trace::h5a5b8284f2d0c266
[INFO] [stderr]                                at /rustc/90b35a6239c3d8bdabc530a6a0816f7ff89a0aaf/library/std/src/../../backtrace/src/backtrace/libunwind.rs:116:5
[INFO] [stderr]    1:     0x5b70c1ea9c2a - std::backtrace_rs::backtrace::trace_unsynchronized::h76d4f1c9b0b875e3
[INFO] [stderr]                                at /rustc/90b35a6239c3d8bdabc530a6a0816f7ff89a0aaf/library/std/src/../../backtrace/src/backtrace/mod.rs:66:5
[INFO] [stderr]    2:     0x5b70c1ea9c2a - std::sys::backtrace::_print_fmt::hc4546b8364a537c6
[INFO] [stderr]                                at /rustc/90b35a6239c3d8bdabc530a6a0816f7ff89a0aaf/library/std/src/sys/backtrace.rs:66:9
[INFO] [stderr]    3:     0x5b70c1ea9c2a - <std::sys::backtrace::BacktraceLock::print::DisplayBacktrace as core::fmt::Display>::fmt::h5b6bd5631a6d1f6b
[INFO] [stderr]                                at /rustc/90b35a6239c3d8bdabc530a6a0816f7ff89a0aaf/library/std/src/sys/backtrace.rs:39:26
[INFO] [stderr]    4:     0x5b70c1ece963 - core::fmt::rt::Argument::fmt::h270f6602a2b96f62
[INFO] [stderr]                                at /rustc/90b35a6239c3d8bdabc530a6a0816f7ff89a0aaf/library/core/src/fmt/rt.rs:177:76
[INFO] [stderr]    5:     0x5b70c1ece963 - core::fmt::write::h7550c97b06c86515
[INFO] [stderr]                                at /rustc/90b35a6239c3d8bdabc530a6a0816f7ff89a0aaf/library/core/src/fmt/mod.rs:1186:21
[INFO] [stderr]    6:     0x5b70c1ea6d73 - std::io::Write::write_fmt::h7b09c64fe0be9c84
[INFO] [stderr]                                at /rustc/90b35a6239c3d8bdabc530a6a0816f7ff89a0aaf/library/std/src/io/mod.rs:1839:15
[INFO] [stderr]    7:     0x5b70c1ea9a72 - std::sys::backtrace::BacktraceLock::print::h2395ccd2c84ba3aa
[INFO] [stderr]                                at /rustc/90b35a6239c3d8bdabc530a6a0816f7ff89a0aaf/library/std/src/sys/backtrace.rs:42:9
[INFO] [stderr]    8:     0x5b70c1eaab5c - std::panicking::default_hook::{{closure}}::he19d4c7230e07961
[INFO] [stderr]                                at /rustc/90b35a6239c3d8bdabc530a6a0816f7ff89a0aaf/library/std/src/panicking.rs:268:22
[INFO] [stderr]    9:     0x5b70c1eaa9a2 - std::panicking::default_hook::hf614597d3c67bbdb
[INFO] [stderr]                                at /rustc/90b35a6239c3d8bdabc530a6a0816f7ff89a0aaf/library/std/src/panicking.rs:295:9
[INFO] [stderr]   10:     0x5b70c1eab137 - std::panicking::rust_panic_with_hook::h8942133a8b252070
[INFO] [stderr]                                at /rustc/90b35a6239c3d8bdabc530a6a0816f7ff89a0aaf/library/std/src/panicking.rs:801:13
[INFO] [stderr]   11:     0x5b70c1eaaf96 - std::panicking::begin_panic_handler::{{closure}}::hb5f5963570096b29
[INFO] [stderr]                                at /rustc/90b35a6239c3d8bdabc530a6a0816f7ff89a0aaf/library/std/src/panicking.rs:667:13
[INFO] [stderr]   12:     0x5b70c1eaa109 - std::sys::backtrace::__rust_end_short_backtrace::h6208cedc1922feda
[INFO] [stderr]                                at /rustc/90b35a6239c3d8bdabc530a6a0816f7ff89a0aaf/library/std/src/sys/backtrace.rs:170:18
[INFO] [stderr]   13:     0x5b70c1eaac5c - rust_begin_unwind
[INFO] [stderr]                                at /rustc/90b35a6239c3d8bdabc530a6a0816f7ff89a0aaf/library/std/src/panicking.rs:665:5
[INFO] [stderr]   14:     0x5b70c1c5e8b0 - core::panicking::panic_fmt::h0c3082644d1bf418
[INFO] [stderr]                                at /rustc/90b35a6239c3d8bdabc530a6a0816f7ff89a0aaf/library/core/src/panicking.rs:74:14
[INFO] [stderr]   15:     0x5b70c1c5e93c - core::panicking::panic::h957f98c65a3b3074
[INFO] [stderr]                                at /rustc/90b35a6239c3d8bdabc530a6a0816f7ff89a0aaf/library/core/src/panicking.rs:148:5
[INFO] [stderr]   16:     0x5b70c1cdc7ba - kvs::engines::sled::SledStore::open::h18b449db88181343
[INFO] [stderr]                                at /opt/rustwide/workdir/src/engines/sled.rs:12:9
[INFO] [stderr]   17:     0x5b70c1c7fb8e - kvs_server::run::ha44fc290bad4241b
[INFO] [stderr]                                at /opt/rustwide/workdir/src/bin/kvs-server.rs:103:13
[INFO] [stderr]   18:     0x5b70c1c7e316 - kvs_server::main::h1ee6685150012077
[INFO] [stderr]                                at /opt/rustwide/workdir/src/bin/kvs-server.rs:64:5
[INFO] [stderr]   19:     0x5b70c1c7cab2 - core::ops::function::FnOnce::call_once::h69987193d206ef0a
[INFO] [stderr]                                at /rustc/90b35a6239c3d8bdabc530a6a0816f7ff89a0aaf/library/core/src/ops/function.rs:250:5
[INFO] [stderr]   20:     0x5b70c1c71765 - std::sys::backtrace::__rust_begin_short_backtrace::hf7d9494107271883
[INFO] [stderr]                                at /rustc/90b35a6239c3d8bdabc530a6a0816f7ff89a0aaf/library/std/src/sys/backtrace.rs:154:18
[INFO] [stderr]   21:     0x5b70c1c713c6 - std::rt::lang_start::{{closure}}::hbde9b034d4ffa120
[INFO] [stderr]                                at /rustc/90b35a6239c3d8bdabc530a6a0816f7ff89a0aaf/library/std/src/rt.rs:195:18
[INFO] [stderr]   22:     0x5b70c1e9f9be - core::ops::function::impls::<impl core::ops::function::FnOnce<A> for &F>::call_once::hfdb85f4ee94732d3
[INFO] [stderr]                                at /rustc/90b35a6239c3d8bdabc530a6a0816f7ff89a0aaf/library/core/src/ops/function.rs:284:13
[INFO] [stderr]   23:     0x5b70c1e9f9be - std::panicking::try::do_call::h6e577310f330cbef
[INFO] [stderr]                                at /rustc/90b35a6239c3d8bdabc530a6a0816f7ff89a0aaf/library/std/src/panicking.rs:557:40
[INFO] [stderr]   24:     0x5b70c1e9f9be - std::panicking::try::ha588d438267d2645
[INFO] [stderr]                                at /rustc/90b35a6239c3d8bdabc530a6a0816f7ff89a0aaf/library/std/src/panicking.rs:520:19
[INFO] [stderr]   25:     0x5b70c1e9f9be - std::panic::catch_unwind::h429fda1e025f26d9
[INFO] [stderr]                                at /rustc/90b35a6239c3d8bdabc530a6a0816f7ff89a0aaf/library/std/src/panic.rs:358:14
[INFO] [stderr]   26:     0x5b70c1e9f9be - std::rt::lang_start_internal::{{closure}}::h7b731265e841c4bf
[INFO] [stderr]                                at /rustc/90b35a6239c3d8bdabc530a6a0816f7ff89a0aaf/library/std/src/rt.rs:174:48
[INFO] [stderr]   27:     0x5b70c1e9f9be - std::panicking::try::do_call::hc0f6a675b7ae5a36
[INFO] [stderr]                                at /rustc/90b35a6239c3d8bdabc530a6a0816f7ff89a0aaf/library/std/src/panicking.rs:557:40
[INFO] [stderr]   28:     0x5b70c1e9f9be - std::panicking::try::h4c93b7ff0671f1ff
[INFO] [stderr]                                at /rustc/90b35a6239c3d8bdabc530a6a0816f7ff89a0aaf/library/std/src/panicking.rs:520:19
[INFO] [stderr]   29:     0x5b70c1e9f9be - std::panic::catch_unwind::hcc1e154961d16ce6
[INFO] [stderr]                                at /rustc/90b35a6239c3d8bdabc530a6a0816f7ff89a0aaf/library/std/src/panic.rs:358:14
[INFO] [stderr]   30:     0x5b70c1e9f9be - std::rt::lang_start_internal::h1c66660c99c8424c
[INFO] [stderr]                                at /rustc/90b35a6239c3d8bdabc530a6a0816f7ff89a0aaf/library/std/src/rt.rs:174:20
[INFO] [stderr]   31:     0x5b70c1c7139a - std::rt::lang_start::h978c51e38d5ec642
[INFO] [stderr]                                at /rustc/90b35a6239c3d8bdabc530a6a0816f7ff89a0aaf/library/std/src/rt.rs:194:17
[INFO] [stderr]   32:     0x5b70c1c81ace - main
[INFO] [stderr]   33:     0x732883d50d90 - <unknown>
[INFO] [stderr]   34:     0x732883d50e40 - __libc_start_main
[INFO] [stderr]   35:     0x5b70c1c5f275 - _start
[INFO] [stderr]   36:                0x0 - <unknown>
[INFO] [stderr]    0:     0x6493606d3c2a - std::backtrace_rs::backtrace::libunwind::trace::h5a5b8284f2d0c266
[INFO] [stderr]                                at /rustc/90b35a6239c3d8bdabc530a6a0816f7ff89a0aaf/library/std/src/../../backtrace/src/backtrace/libunwind.rs:116:5
[INFO] [stderr]    1:     0x6493606d3c2a - std::backtrace_rs::backtrace::trace_unsynchronized::h76d4f1c9b0b875e3
[INFO] [stderr]                                at /rustc/90b35a6239c3d8bdabc530a6a0816f7ff89a0aaf/library/std/src/../../backtrace/src/backtrace/mod.rs:66:5
[INFO] [stderr]    2:     0x6493606d3c2a - std::sys::backtrace::_print_fmt::hc4546b8364a537c6
[INFO] [stderr]                                at /rustc/90b35a6239c3d8bdabc530a6a0816f7ff89a0aaf/library/std/src/sys/backtrace.rs:66:9
[INFO] [stderr]    3:     0x6493606d3c2a - <std::sys::backtrace::BacktraceLock::print::DisplayBacktrace as core::fmt::Display>::fmt::h5b6bd5631a6d1f6b
[INFO] [stderr]                                at /rustc/90b35a6239c3d8bdabc530a6a0816f7ff89a0aaf/library/std/src/sys/backtrace.rs:39:26
[INFO] [stderr]    4:     0x6493606f8963 - core::fmt::rt::Argument::fmt::h270f6602a2b96f62
[INFO] [stderr]                                at /rustc/90b35a6239c3d8bdabc530a6a0816f7ff89a0aaf/library/core/src/fmt/rt.rs:177:76
[INFO] [stderr]    5:     0x6493606f8963 - core::fmt::write::h7550c97b06c86515
[INFO] [stderr]                                at /rustc/90b35a6239c3d8bdabc530a6a0816f7ff89a0aaf/library/core/src/fmt/mod.rs:1186:21
[INFO] [stderr]    6:     0x6493606d0d73 - std::io::Write::write_fmt::h7b09c64fe0be9c84
[INFO] [stderr]                                at /rustc/90b35a6239c3d8bdabc530a6a0816f7ff89a0aaf/library/std/src/io/mod.rs:1839:15
[INFO] [stderr]    7:     0x6493606d3a72 - std::sys::backtrace::BacktraceLock::print::h2395ccd2c84ba3aa
[INFO] [stderr]                                at /rustc/90b35a6239c3d8bdabc530a6a0816f7ff89a0aaf/library/std/src/sys/backtrace.rs:42:9
[INFO] [stderr]    8:     0x6493606d4b5c - std::panicking::default_hook::{{closure}}::he19d4c7230e07961
[INFO] [stderr]                                at /rustc/90b35a6239c3d8bdabc530a6a0816f7ff89a0aaf/library/std/src/panicking.rs:268:22
[INFO] [stderr]    9:     0x6493606d49a2 - std::panicking::default_hook::hf614597d3c67bbdb
[INFO] [stderr]                                at /rustc/90b35a6239c3d8bdabc530a6a0816f7ff89a0aaf/library/std/src/panicking.rs:295:9
[INFO] [stderr]   10:     0x6493606d5137 - std::panicking::rust_panic_with_hook::h8942133a8b252070
[INFO] [stderr]                                at /rustc/90b35a6239c3d8bdabc530a6a0816f7ff89a0aaf/library/std/src/panicking.rs:801:13
[INFO] [stderr]   11:     0x6493606d4f96 - std::panicking::begin_panic_handler::{{closure}}::hb5f5963570096b29
[INFO] [stderr]                                at /rustc/90b35a6239c3d8bdabc530a6a0816f7ff89a0aaf/library/std/src/panicking.rs:667:13
[INFO] [stderr]   12:     0x6493606d4109 - std::sys::backtrace::__rust_end_short_backtrace::h6208cedc1922feda
[INFO] [stderr]                                at /rustc/90b35a6239c3d8bdabc530a6a0816f7ff89a0aaf/library/std/src/sys/backtrace.rs:170:18
[INFO] [stderr]   13:     0x6493606d4c5c - rust_begin_unwind
[INFO] [stderr]                                at /rustc/90b35a6239c3d8bdabc530a6a0816f7ff89a0aaf/library/std/src/panicking.rs:665:5
[INFO] [stderr]   14:     0x6493604888b0 - core::panicking::panic_fmt::h0c3082644d1bf418
[INFO] [stderr]                                at /rustc/90b35a6239c3d8bdabc530a6a0816f7ff89a0aaf/library/core/src/panicking.rs:74:14
[INFO] [stderr]   15:     0x64936048893c - core::panicking::panic::h957f98c65a3b3074
[INFO] [stderr]                                at /rustc/90b35a6239c3d8bdabc530a6a0816f7ff89a0aaf/library/core/src/panicking.rs:148:5
[INFO] [stderr]   16:     0x6493605067ba - kvs::engines::sled::SledStore::open::h18b449db88181343
[INFO] [stderr]                                at /opt/rustwide/workdir/src/engines/sled.rs:12:9
[INFO] [stderr]   17:     0x6493604a9b8e - kvs_server::run::ha44fc290bad4241b
[INFO] [stderr]                                at /opt/rustwide/workdir/src/bin/kvs-server.rs:103:13
[INFO] [stderr]   18:     0x6493604a8316 - kvs_server::main::h1ee6685150012077
[INFO] [stderr]                                at /opt/rustwide/workdir/src/bin/kvs-server.rs:64:5
[INFO] [stderr]   19:     0x6493604a6ab2 - core::ops::function::FnOnce::call_once::h69987193d206ef0a
[INFO] [stderr]                                at /rustc/90b35a6239c3d8bdabc530a6a0816f7ff89a0aaf/library/core/src/ops/function.rs:250:5
[INFO] [stderr]   20:     0x64936049b765 - std::sys::backtrace::__rust_begin_short_backtrace::hf7d9494107271883
[INFO] [stderr]                                at /rustc/90b35a6239c3d8bdabc530a6a0816f7ff89a0aaf/library/std/src/sys/backtrace.rs:154:18
[INFO] [stderr]   21:     0x64936049b3c6 - std::rt::lang_start::{{closure}}::hbde9b034d4ffa120
[INFO] [stderr]                                at /rustc/90b35a6239c3d8bdabc530a6a0816f7ff89a0aaf/library/std/src/rt.rs:195:18
[INFO] [stderr]   22:     0x6493606c99be - core::ops::function::impls::<impl core::ops::function::FnOnce<A> for &F>::call_once::hfdb85f4ee94732d3
[INFO] [stderr]                                at /rustc/90b35a6239c3d8bdabc530a6a0816f7ff89a0aaf/library/core/src/ops/function.rs:284:13
[INFO] [stderr]   23:     0x6493606c99be - std::panicking::try::do_call::h6e577310f330cbef
[INFO] [stderr]                                at /rustc/90b35a6239c3d8bdabc530a6a0816f7ff89a0aaf/library/std/src/panicking.rs:557:40
[INFO] [stderr]   24:     0x6493606c99be - std::panicking::try::ha588d438267d2645
[INFO] [stderr]                                at /rustc/90b35a6239c3d8bdabc530a6a0816f7ff89a0aaf/library/std/src/panicking.rs:520:19
[INFO] [stderr]   25:     0x6493606c99be - std::panic::catch_unwind::h429fda1e025f26d9
[INFO] [stderr]                                at /rustc/90b35a6239c3d8bdabc530a6a0816f7ff89a0aaf/library/std/src/panic.rs:358:14
[INFO] [stderr]   26:     0x6493606c99be - std::rt::lang_start_internal::{{closure}}::h7b731265e841c4bf
[INFO] [stderr]                                at /rustc/90b35a6239c3d8bdabc530a6a0816f7ff89a0aaf/library/std/src/rt.rs:174:48
[INFO] [stderr]   27:     0x6493606c99be - std::panicking::try::do_call::hc0f6a675b7ae5a36
[INFO] [stderr]                                at /rustc/90b35a6239c3d8bdabc530a6a0816f7ff89a0aaf/library/std/src/panicking.rs:557:40
[INFO] [stderr]   28:     0x6493606c99be - std::panicking::try::h4c93b7ff0671f1ff
[INFO] [stderr]                                at /rustc/90b35a6239c3d8bdabc530a6a0816f7ff89a0aaf/library/std/src/panicking.rs:520:19
[INFO] [stderr]   29:     0x6493606c99be - std::panic::catch_unwind::hcc1e154961d16ce6
[INFO] [stderr]                                at /rustc/90b35a6239c3d8bdabc530a6a0816f7ff89a0aaf/library/std/src/panic.rs:358:14
[INFO] [stderr]   30:     0x6493606c99be - std::rt::lang_start_internal::h1c66660c99c8424c
[INFO] [stderr]                                at /rustc/90b35a6239c3d8bdabc530a6a0816f7ff89a0aaf/library/std/src/rt.rs:174:20
[INFO] [stderr]   31:     0x64936049b39a - std::rt::lang_start::h978c51e38d5ec642
[INFO] [stderr]                                at /rustc/90b35a6239c3d8bdabc530a6a0816f7ff89a0aaf/library/std/src/rt.rs:194:17
[INFO] [stderr]   32:     0x6493604abace - main
[INFO] [stderr]   33:     0x77163b45fd90 - <unknown>
[INFO] [stderr]   34:     0x77163b45fe40 - __libc_start_main
[INFO] [stderr]   35:     0x649360489275 - _start
[INFO] [stderr]   36:                0x0 - <unknown>
[INFO] [stdout] test client_cli_invalid_rm ... ok
[INFO] [stdout] test client_cli_version ... ok
[INFO] [stdout] test client_cli_invalid_set ... ok
[INFO] [stdout] test client_cli_invalid_get ... ok
[INFO] [stdout] test cli_log_configuration ... ok
[INFO] [stderr] [90m[[0m2024-12-14T10:45:48Z [32mINFO [0m kvs::server[90m][0m connection closed
[INFO] [stderr] [90m[[0m2024-12-14T10:45:48Z [32mINFO [0m kvs::server[90m][0m connection closed
[INFO] [stdout] test cli_access_server_kvs_engine ... FAILED
[INFO] [stdout] test cli_access_server_sled_engine ... FAILED
[INFO] [stdout] test cli_wrong_engine has been running for over 60 seconds
[INFO] [stdout] test server_cli_version has been running for over 60 seconds
[ERROR] error running command: no output for 300 seconds
[INFO] running `Command { std: "docker" "inspect" "7cdc2426c84a8faaacdbd08264552805f683121246b7fc3726a117fcf06ef7b5", kill_on_drop: false }`
[INFO] running `Command { std: "docker" "rm" "-f" "7cdc2426c84a8faaacdbd08264552805f683121246b7fc3726a117fcf06ef7b5", kill_on_drop: false }`
[INFO] [stdout] 7cdc2426c84a8faaacdbd08264552805f683121246b7fc3726a117fcf06ef7b5
