[INFO] cloning repository https://github.com/berzanorg/lambdaworks-stuff
[INFO] running `Command { std: "git" "-c" "credential.helper=" "-c" "credential.helper=/workspace/cargo-home/bin/git-credential-null" "clone" "--bare" "https://github.com/berzanorg/lambdaworks-stuff" "/workspace/cache/git-repos/https%3A%2F%2Fgithub.com%2Fberzanorg%2Flambdaworks-stuff", kill_on_drop: false }`
[INFO] [stderr] Cloning into bare repository '/workspace/cache/git-repos/https%3A%2F%2Fgithub.com%2Fberzanorg%2Flambdaworks-stuff'...
[INFO] running `Command { std: "git" "rev-parse" "HEAD", kill_on_drop: false }`
[INFO] [stdout] c21e7d91f1fa0051aa976ad0cbd3280e91995dce
[INFO] testing berzanorg/lambdaworks-stuff against 1.83.0 for beta-1.84.0-4-retry
[INFO] running `Command { std: "git" "clone" "/workspace/cache/git-repos/https%3A%2F%2Fgithub.com%2Fberzanorg%2Flambdaworks-stuff" "/workspace/builds/worker-5-tc1/source", kill_on_drop: false }`
[INFO] [stderr] Cloning into '/workspace/builds/worker-5-tc1/source'...
[INFO] [stderr] done.
[INFO] validating manifest of git repo https://github.com/berzanorg/lambdaworks-stuff on toolchain 1.83.0
[INFO] running `Command { std: CARGO_HOME="/workspace/cargo-home" RUSTUP_HOME="/workspace/rustup-home" "/workspace/cargo-home/bin/cargo" "+1.83.0" "metadata" "--manifest-path" "Cargo.toml" "--no-deps", kill_on_drop: false }`
[INFO] started tweaking git repo https://github.com/berzanorg/lambdaworks-stuff
[INFO] finished tweaking git repo https://github.com/berzanorg/lambdaworks-stuff
[INFO] tweaked toml for git repo https://github.com/berzanorg/lambdaworks-stuff written to /workspace/builds/worker-5-tc1/source/Cargo.toml
[INFO] crate git repo https://github.com/berzanorg/lambdaworks-stuff already has a lockfile, it will not be regenerated
[INFO] running `Command { std: CARGO_HOME="/workspace/cargo-home" RUSTUP_HOME="/workspace/rustup-home" "/workspace/cargo-home/bin/cargo" "+1.83.0" "fetch" "--manifest-path" "Cargo.toml", kill_on_drop: false }`
[INFO] [stderr]     Updating crates.io index
[INFO] [stderr]  Downloading crates ...
[INFO] [stderr]   Downloaded lambdaworks-math v0.5.0
[INFO] running `Command { std: "docker" "create" "-v" "/var/lib/crater-agent-workspace/builds/worker-5-tc1/target:/opt/rustwide/target:rw,Z" "-v" "/var/lib/crater-agent-workspace/builds/worker-5-tc1/source:/opt/rustwide/workdir:ro,Z" "-v" "/var/lib/crater-agent-workspace/cargo-home:/opt/rustwide/cargo-home:ro,Z" "-v" "/var/lib/crater-agent-workspace/rustup-home:/opt/rustwide/rustup-home:ro,Z" "-e" "SOURCE_DIR=/opt/rustwide/workdir" "-e" "CARGO_TARGET_DIR=/opt/rustwide/target" "-e" "CARGO_HOME=/opt/rustwide/cargo-home" "-e" "RUSTUP_HOME=/opt/rustwide/rustup-home" "-w" "/opt/rustwide/workdir" "-m" "1610612736" "--user" "0:0" "--network" "none" "ghcr.io/rust-lang/crates-build-env/linux@sha256:f3a9d4ad9d972b27faf3965f35b62e55ba32bbce8f20bc8fe909558a86702fde" "/opt/rustwide/cargo-home/bin/cargo" "+1.83.0" "metadata" "--no-deps" "--format-version=1", kill_on_drop: false }`
[INFO] [stdout] 8b0cbb0960c0b749303638b851d5f526926826017f66da1a68c1dab1fa873c38
[INFO] running `Command { std: "docker" "start" "-a" "8b0cbb0960c0b749303638b851d5f526926826017f66da1a68c1dab1fa873c38", kill_on_drop: false }`
[INFO] running `Command { std: "docker" "inspect" "8b0cbb0960c0b749303638b851d5f526926826017f66da1a68c1dab1fa873c38", kill_on_drop: false }`
[INFO] running `Command { std: "docker" "rm" "-f" "8b0cbb0960c0b749303638b851d5f526926826017f66da1a68c1dab1fa873c38", kill_on_drop: false }`
[INFO] [stdout] 8b0cbb0960c0b749303638b851d5f526926826017f66da1a68c1dab1fa873c38
[INFO] running `Command { std: "docker" "create" "-v" "/var/lib/crater-agent-workspace/builds/worker-5-tc1/target:/opt/rustwide/target:rw,Z" "-v" "/var/lib/crater-agent-workspace/builds/worker-5-tc1/source:/opt/rustwide/workdir:ro,Z" "-v" "/var/lib/crater-agent-workspace/cargo-home:/opt/rustwide/cargo-home:ro,Z" "-v" "/var/lib/crater-agent-workspace/rustup-home:/opt/rustwide/rustup-home:ro,Z" "-e" "SOURCE_DIR=/opt/rustwide/workdir" "-e" "CARGO_TARGET_DIR=/opt/rustwide/target" "-e" "CARGO_INCREMENTAL=0" "-e" "RUST_BACKTRACE=full" "-e" "RUSTFLAGS=--cap-lints=warn" "-e" "RUSTDOCFLAGS=--cap-lints=warn" "-e" "CARGO_HOME=/opt/rustwide/cargo-home" "-e" "RUSTUP_HOME=/opt/rustwide/rustup-home" "-w" "/opt/rustwide/workdir" "-m" "1610612736" "--user" "0:0" "--network" "none" "ghcr.io/rust-lang/crates-build-env/linux@sha256:f3a9d4ad9d972b27faf3965f35b62e55ba32bbce8f20bc8fe909558a86702fde" "/opt/rustwide/cargo-home/bin/cargo" "+1.83.0" "build" "--frozen" "--message-format=json", kill_on_drop: false }`
[INFO] [stdout] 00a9c6c464b8883ead665bc599d8166e69576bfb8b6f06ab8cf20e32b4402074
[INFO] running `Command { std: "docker" "start" "-a" "00a9c6c464b8883ead665bc599d8166e69576bfb8b6f06ab8cf20e32b4402074", kill_on_drop: false }`
[INFO] [stderr]    Compiling crossbeam-utils v0.8.19
[INFO] [stderr]    Compiling rayon-core v1.12.1
[INFO] [stderr]    Compiling either v1.10.0
[INFO] [stderr]    Compiling crossbeam-epoch v0.9.18
[INFO] [stderr]    Compiling crossbeam-deque v0.8.5
[INFO] [stderr]    Compiling rayon v1.9.0
[INFO] [stderr]    Compiling lambdaworks-math v0.5.0
[INFO] [stderr]    Compiling lambdaworks-stuff v0.1.0 (/opt/rustwide/workdir)
[INFO] [stdout] warning: unused imports: `curve::BLS12381Curve`, `cyclic_group::IsGroup`, `field::traits::IsPrimeField`, `field_extension::BLS12381PrimeField`, and `traits::IsEllipticCurve`
[INFO] [stdout]  --> src/bls12_381.rs:2:5
[INFO] [stdout]   |
[INFO] [stdout] 2 |     cyclic_group::IsGroup,
[INFO] [stdout]   |     ^^^^^^^^^^^^^^^^^^^^^
[INFO] [stdout] ...
[INFO] [stdout] 5 |             curve::BLS12381Curve, field_extension::BLS12381PrimeField,
[INFO] [stdout]   |             ^^^^^^^^^^^^^^^^^^^^  ^^^^^^^^^^^^^^^^^^^^^^^^^^^^^^^^^^^
[INFO] [stdout] 6 |         },
[INFO] [stdout] 7 |         traits::IsEllipticCurve,
[INFO] [stdout]   |         ^^^^^^^^^^^^^^^^^^^^^^^
[INFO] [stdout] 8 |     },
[INFO] [stdout] 9 |     field::traits::IsPrimeField,
[INFO] [stdout]   |     ^^^^^^^^^^^^^^^^^^^^^^^^^^^
[INFO] [stdout]   |
[INFO] [stdout]   = note: `#[warn(unused_imports)]` on by default
[INFO] [stdout] 
[INFO] [stdout] 
[INFO] [stderr]     Finished `dev` profile [unoptimized + debuginfo] target(s) in 7.12s
[INFO] running `Command { std: "docker" "inspect" "00a9c6c464b8883ead665bc599d8166e69576bfb8b6f06ab8cf20e32b4402074", kill_on_drop: false }`
[INFO] running `Command { std: "docker" "rm" "-f" "00a9c6c464b8883ead665bc599d8166e69576bfb8b6f06ab8cf20e32b4402074", kill_on_drop: false }`
[INFO] [stdout] 00a9c6c464b8883ead665bc599d8166e69576bfb8b6f06ab8cf20e32b4402074
[INFO] running `Command { std: "docker" "create" "-v" "/var/lib/crater-agent-workspace/builds/worker-5-tc1/target:/opt/rustwide/target:rw,Z" "-v" "/var/lib/crater-agent-workspace/builds/worker-5-tc1/source:/opt/rustwide/workdir:ro,Z" "-v" "/var/lib/crater-agent-workspace/cargo-home:/opt/rustwide/cargo-home:ro,Z" "-v" "/var/lib/crater-agent-workspace/rustup-home:/opt/rustwide/rustup-home:ro,Z" "-e" "SOURCE_DIR=/opt/rustwide/workdir" "-e" "CARGO_TARGET_DIR=/opt/rustwide/target" "-e" "CARGO_INCREMENTAL=0" "-e" "RUST_BACKTRACE=full" "-e" "RUSTFLAGS=--cap-lints=warn" "-e" "RUSTDOCFLAGS=--cap-lints=warn" "-e" "CARGO_HOME=/opt/rustwide/cargo-home" "-e" "RUSTUP_HOME=/opt/rustwide/rustup-home" "-w" "/opt/rustwide/workdir" "-m" "1610612736" "--user" "0:0" "--network" "none" "ghcr.io/rust-lang/crates-build-env/linux@sha256:f3a9d4ad9d972b27faf3965f35b62e55ba32bbce8f20bc8fe909558a86702fde" "/opt/rustwide/cargo-home/bin/cargo" "+1.83.0" "test" "--frozen" "--no-run" "--message-format=json", kill_on_drop: false }`
[INFO] [stdout] 285f8780243200bb61372867da5ee6fa5708d5998661bcdcc1d9c8f01e2888b4
[INFO] running `Command { std: "docker" "start" "-a" "285f8780243200bb61372867da5ee6fa5708d5998661bcdcc1d9c8f01e2888b4", kill_on_drop: false }`
[INFO] [stderr]    Compiling lambdaworks-stuff v0.1.0 (/opt/rustwide/workdir)
[INFO] [stdout] warning: unused imports: `curve::BLS12381Curve`, `cyclic_group::IsGroup`, `field::traits::IsPrimeField`, `field_extension::BLS12381PrimeField`, and `traits::IsEllipticCurve`
[INFO] [stdout]  --> src/bls12_381.rs:2:5
[INFO] [stdout]   |
[INFO] [stdout] 2 |     cyclic_group::IsGroup,
[INFO] [stdout]   |     ^^^^^^^^^^^^^^^^^^^^^
[INFO] [stdout] ...
[INFO] [stdout] 5 |             curve::BLS12381Curve, field_extension::BLS12381PrimeField,
[INFO] [stdout]   |             ^^^^^^^^^^^^^^^^^^^^  ^^^^^^^^^^^^^^^^^^^^^^^^^^^^^^^^^^^
[INFO] [stdout] 6 |         },
[INFO] [stdout] 7 |         traits::IsEllipticCurve,
[INFO] [stdout]   |         ^^^^^^^^^^^^^^^^^^^^^^^
[INFO] [stdout] 8 |     },
[INFO] [stdout] 9 |     field::traits::IsPrimeField,
[INFO] [stdout]   |     ^^^^^^^^^^^^^^^^^^^^^^^^^^^
[INFO] [stdout]   |
[INFO] [stdout]   = note: `#[warn(unused_imports)]` on by default
[INFO] [stdout] 
[INFO] [stdout] 
[INFO] [stdout] warning: unused import: `cyclic_group::IsGroup`
[INFO] [stdout]  --> src/bls12_381.rs:2:5
[INFO] [stdout]   |
[INFO] [stdout] 2 |     cyclic_group::IsGroup,
[INFO] [stdout]   |     ^^^^^^^^^^^^^^^^^^^^^
[INFO] [stdout]   |
[INFO] [stdout]   = note: `#[warn(unused_imports)]` on by default
[INFO] [stdout] 
[INFO] [stdout] 
[INFO] [stdout] warning: unused variable: `generator`
[INFO] [stdout]   --> src/bls12_381.rs:16:9
[INFO] [stdout]    |
[INFO] [stdout] 16 |     let generator = BLS12381Curve::generator();
[INFO] [stdout]    |         ^^^^^^^^^ help: if this is intentional, prefix it with an underscore: `_generator`
[INFO] [stdout]    |
[INFO] [stdout]    = note: `#[warn(unused_variables)]` on by default
[INFO] [stdout] 
[INFO] [stdout] 
[INFO] [stderr]     Finished `test` profile [unoptimized + debuginfo] target(s) in 0.70s
[INFO] running `Command { std: "docker" "inspect" "285f8780243200bb61372867da5ee6fa5708d5998661bcdcc1d9c8f01e2888b4", kill_on_drop: false }`
[INFO] running `Command { std: "docker" "rm" "-f" "285f8780243200bb61372867da5ee6fa5708d5998661bcdcc1d9c8f01e2888b4", kill_on_drop: false }`
[INFO] [stdout] 285f8780243200bb61372867da5ee6fa5708d5998661bcdcc1d9c8f01e2888b4
[INFO] running `Command { std: "docker" "create" "-v" "/var/lib/crater-agent-workspace/builds/worker-5-tc1/target:/opt/rustwide/target:rw,Z" "-v" "/var/lib/crater-agent-workspace/builds/worker-5-tc1/source:/opt/rustwide/workdir:ro,Z" "-v" "/var/lib/crater-agent-workspace/cargo-home:/opt/rustwide/cargo-home:ro,Z" "-v" "/var/lib/crater-agent-workspace/rustup-home:/opt/rustwide/rustup-home:ro,Z" "-e" "SOURCE_DIR=/opt/rustwide/workdir" "-e" "CARGO_TARGET_DIR=/opt/rustwide/target" "-e" "CARGO_INCREMENTAL=0" "-e" "RUST_BACKTRACE=full" "-e" "RUSTFLAGS=--cap-lints=warn" "-e" "RUSTDOCFLAGS=--cap-lints=warn" "-e" "CARGO_HOME=/opt/rustwide/cargo-home" "-e" "RUSTUP_HOME=/opt/rustwide/rustup-home" "-w" "/opt/rustwide/workdir" "-m" "1610612736" "--user" "0:0" "--network" "none" "ghcr.io/rust-lang/crates-build-env/linux@sha256:f3a9d4ad9d972b27faf3965f35b62e55ba32bbce8f20bc8fe909558a86702fde" "/opt/rustwide/cargo-home/bin/cargo" "+1.83.0" "test" "--frozen", kill_on_drop: false }`
[INFO] [stdout] 74ed911eeee3d8b6cb70a0bcd1dead6e1ed9cfe8f668d5c249ed1c1e9d5ed19a
[INFO] running `Command { std: "docker" "start" "-a" "74ed911eeee3d8b6cb70a0bcd1dead6e1ed9cfe8f668d5c249ed1c1e9d5ed19a", kill_on_drop: false }`
[INFO] [stderr] warning: unused imports: `curve::BLS12381Curve`, `cyclic_group::IsGroup`, `field::traits::IsPrimeField`, `field_extension::BLS12381PrimeField`, and `traits::IsEllipticCurve`
[INFO] [stderr]  --> src/bls12_381.rs:2:5
[INFO] [stderr]   |
[INFO] [stderr] 2 |     cyclic_group::IsGroup,
[INFO] [stderr]   |     ^^^^^^^^^^^^^^^^^^^^^
[INFO] [stderr] ...
[INFO] [stderr] 5 |             curve::BLS12381Curve, field_extension::BLS12381PrimeField,
[INFO] [stderr]   |             ^^^^^^^^^^^^^^^^^^^^  ^^^^^^^^^^^^^^^^^^^^^^^^^^^^^^^^^^^
[INFO] [stderr] 6 |         },
[INFO] [stderr] 7 |         traits::IsEllipticCurve,
[INFO] [stderr]   |         ^^^^^^^^^^^^^^^^^^^^^^^
[INFO] [stderr] 8 |     },
[INFO] [stderr] 9 |     field::traits::IsPrimeField,
[INFO] [stderr]   |     ^^^^^^^^^^^^^^^^^^^^^^^^^^^
[INFO] [stderr]   |
[INFO] [stderr]   = note: `#[warn(unused_imports)]` on by default
[INFO] [stderr] 
[INFO] [stderr] warning: `lambdaworks-stuff` (lib) generated 1 warning (run `cargo fix --lib -p lambdaworks-stuff` to apply 1 suggestion)
[INFO] [stderr] warning: unused import: `cyclic_group::IsGroup`
[INFO] [stderr]  --> src/bls12_381.rs:2:5
[INFO] [stderr]   |
[INFO] [stderr] 2 |     cyclic_group::IsGroup,
[INFO] [stderr]   |     ^^^^^^^^^^^^^^^^^^^^^
[INFO] [stderr]   |
[INFO] [stderr]   = note: `#[warn(unused_imports)]` on by default
[INFO] [stderr] 
[INFO] [stderr] warning: unused variable: `generator`
[INFO] [stderr]   --> src/bls12_381.rs:16:9
[INFO] [stderr]    |
[INFO] [stderr] 16 |     let generator = BLS12381Curve::generator();
[INFO] [stderr]    |         ^^^^^^^^^ help: if this is intentional, prefix it with an underscore: `_generator`
[INFO] [stderr]    |
[INFO] [stderr]    = note: `#[warn(unused_variables)]` on by default
[INFO] [stderr] 
[INFO] [stderr] warning: `lambdaworks-stuff` (lib test) generated 2 warnings (run `cargo fix --lib -p lambdaworks-stuff --tests` to apply 1 suggestion)
[INFO] [stderr]     Finished `test` profile [unoptimized + debuginfo] target(s) in 0.03s
[INFO] [stderr]      Running unittests src/lib.rs (/opt/rustwide/target/debug/deps/lambdaworks_stuff-5538efe0a715197b)
[INFO] [stdout] 
[INFO] [stdout] running 1 test
[INFO] [stdout] test bls12_381::compute_public_key ... FAILED
[INFO] [stdout] 
[INFO] [stdout] failures:
[INFO] [stdout] 
[INFO] [stdout] ---- bls12_381::compute_public_key stdout ----
[INFO] [stdout] 0x206a00700dcc10a87f7b2dc1691c3743f4324a19b864c02a1cadc98afc912e85e2df7c70cc3c1813fdbd4b2f941eaa2
[INFO] [stdout] thread 'bls12_381::compute_public_key' panicked at src/bls12_381.rs:20:5:
[INFO] [stdout] assertion `left == right` failed
[INFO] [stdout]   left: true
[INFO] [stdout]  right: false
[INFO] [stdout] stack backtrace:
[INFO] [stdout]    0:     0x559f1d66157a - std::backtrace_rs::backtrace::libunwind::trace::h5a5b8284f2d0c266
[INFO] [stdout]                                at /rustc/90b35a6239c3d8bdabc530a6a0816f7ff89a0aaf/library/std/src/../../backtrace/src/backtrace/libunwind.rs:116:5
[INFO] [stdout]    1:     0x559f1d66157a - std::backtrace_rs::backtrace::trace_unsynchronized::h76d4f1c9b0b875e3
[INFO] [stderr] error: test failed, to rerun pass `--lib`
[INFO] [stdout]                                at /rustc/90b35a6239c3d8bdabc530a6a0816f7ff89a0aaf/library/std/src/../../backtrace/src/backtrace/mod.rs:66:5
[INFO] [stdout]    2:     0x559f1d66157a - std::sys::backtrace::_print_fmt::hc4546b8364a537c6
[INFO] [stdout]                                at /rustc/90b35a6239c3d8bdabc530a6a0816f7ff89a0aaf/library/std/src/sys/backtrace.rs:66:9
[INFO] [stdout]    3:     0x559f1d66157a - <std::sys::backtrace::BacktraceLock::print::DisplayBacktrace as core::fmt::Display>::fmt::h5b6bd5631a6d1f6b
[INFO] [stdout]                                at /rustc/90b35a6239c3d8bdabc530a6a0816f7ff89a0aaf/library/std/src/sys/backtrace.rs:39:26
[INFO] [stdout]    4:     0x559f1d686803 - core::fmt::rt::Argument::fmt::h270f6602a2b96f62
[INFO] [stdout]                                at /rustc/90b35a6239c3d8bdabc530a6a0816f7ff89a0aaf/library/core/src/fmt/rt.rs:177:76
[INFO] [stdout]    5:     0x559f1d686803 - core::fmt::write::h7550c97b06c86515
[INFO] [stdout]                                at /rustc/90b35a6239c3d8bdabc530a6a0816f7ff89a0aaf/library/core/src/fmt/mod.rs:1186:21
[INFO] [stdout]    6:     0x559f1d65e743 - std::io::Write::write_fmt::h509ff860e5956e5e
[INFO] [stdout]                                at /rustc/90b35a6239c3d8bdabc530a6a0816f7ff89a0aaf/library/std/src/io/mod.rs:1839:15
[INFO] [stdout]    7:     0x559f1d6613c2 - std::sys::backtrace::BacktraceLock::print::h2395ccd2c84ba3aa
[INFO] [stdout]                                at /rustc/90b35a6239c3d8bdabc530a6a0816f7ff89a0aaf/library/std/src/sys/backtrace.rs:42:9
[INFO] [stdout]    8:     0x559f1d6629da - std::panicking::default_hook::{{closure}}::he19d4c7230e07961
[INFO] [stdout]                                at /rustc/90b35a6239c3d8bdabc530a6a0816f7ff89a0aaf/library/std/src/panicking.rs:268:22
[INFO] [stdout]    9:     0x559f1d6627e4 - std::panicking::default_hook::hf614597d3c67bbdb
[INFO] [stdout]                                at /rustc/90b35a6239c3d8bdabc530a6a0816f7ff89a0aaf/library/std/src/panicking.rs:292:9
[INFO] [stdout]   10:     0x559f1d62bb49 - <alloc::boxed::Box<F,A> as core::ops::function::Fn<Args>>::call::h39b51ce4599c23d1
[INFO] [stdout]                                at /rustc/90b35a6239c3d8bdabc530a6a0816f7ff89a0aaf/library/alloc/src/boxed.rs:2468:9
[INFO] [stdout]   11:     0x559f1d62bb49 - test::test_main::{{closure}}::he977ae839a582784
[INFO] [stdout]                                at /rustc/90b35a6239c3d8bdabc530a6a0816f7ff89a0aaf/library/test/src/lib.rs:133:21
[INFO] [stdout]   12:     0x559f1d663078 - <alloc::boxed::Box<F,A> as core::ops::function::Fn<Args>>::call::h9455091b6b06f9fb
[INFO] [stdout]                                at /rustc/90b35a6239c3d8bdabc530a6a0816f7ff89a0aaf/library/alloc/src/boxed.rs:2468:9
[INFO] [stdout]   13:     0x559f1d663078 - std::panicking::rust_panic_with_hook::h8942133a8b252070
[INFO] [stdout]                                at /rustc/90b35a6239c3d8bdabc530a6a0816f7ff89a0aaf/library/std/src/panicking.rs:809:13
[INFO] [stdout]   14:     0x559f1d662e3a - std::panicking::begin_panic_handler::{{closure}}::hb5f5963570096b29
[INFO] [stdout]                                at /rustc/90b35a6239c3d8bdabc530a6a0816f7ff89a0aaf/library/std/src/panicking.rs:674:13
[INFO] [stdout]   15:     0x559f1d661a59 - std::sys::backtrace::__rust_end_short_backtrace::h6208cedc1922feda
[INFO] [stdout]                                at /rustc/90b35a6239c3d8bdabc530a6a0816f7ff89a0aaf/library/std/src/sys/backtrace.rs:170:18
[INFO] [stdout]   16:     0x559f1d662acc - rust_begin_unwind
[INFO] [stdout]                                at /rustc/90b35a6239c3d8bdabc530a6a0816f7ff89a0aaf/library/std/src/panicking.rs:665:5
[INFO] [stdout]   17:     0x559f1d5f0a60 - core::panicking::panic_fmt::h0c3082644d1bf418
[INFO] [stdout]                                at /rustc/90b35a6239c3d8bdabc530a6a0816f7ff89a0aaf/library/core/src/panicking.rs:74:14
[INFO] [stdout]   18:     0x559f1d5f0d8b - core::panicking::assert_failed_inner::h2ddf1fcc067fa858
[INFO] [stdout]   19:     0x559f1d5f31d0 - core::panicking::assert_failed::h2cf4077c05b559a5
[INFO] [stdout]                                at /rustc/90b35a6239c3d8bdabc530a6a0816f7ff89a0aaf/library/core/src/panicking.rs:367:5
[INFO] [stdout]   20:     0x559f1d5f3830 - lambdaworks_stuff::bls12_381::compute_public_key::h7546afca06fb74c8
[INFO] [stdout]                                at /opt/rustwide/workdir/src/bls12_381.rs:20:5
[INFO] [stdout]   21:     0x559f1d5f3667 - lambdaworks_stuff::bls12_381::compute_public_key::{{closure}}::hb534461c7447d914
[INFO] [stdout]                                at /opt/rustwide/workdir/src/bls12_381.rs:13:24
[INFO] [stdout]   22:     0x559f1d5f2e26 - core::ops::function::FnOnce::call_once::h27669e02e45fa13d
[INFO] [stdout]                                at /rustc/90b35a6239c3d8bdabc530a6a0816f7ff89a0aaf/library/core/src/ops/function.rs:250:5
[INFO] [stdout]   23:     0x559f1d63050b - core::ops::function::FnOnce::call_once::h109cf8051a59b34e
[INFO] [stdout]                                at /rustc/90b35a6239c3d8bdabc530a6a0816f7ff89a0aaf/library/core/src/ops/function.rs:250:5
[INFO] [stdout]   24:     0x559f1d63050b - test::__rust_begin_short_backtrace::hf4fff89d377446ba
[INFO] [stdout]                                at /rustc/90b35a6239c3d8bdabc530a6a0816f7ff89a0aaf/library/test/src/lib.rs:621:18
[INFO] [stdout]   25:     0x559f1d62fd47 - test::run_test_in_process::{{closure}}::h0e39181dd7ee5a43
[INFO] [stdout]                                at /rustc/90b35a6239c3d8bdabc530a6a0816f7ff89a0aaf/library/test/src/lib.rs:644:60
[INFO] [stdout]   26:     0x559f1d62fd47 - <core::panic::unwind_safe::AssertUnwindSafe<F> as core::ops::function::FnOnce<()>>::call_once::hc5a66a30f0bdfd1f
[INFO] [stdout]                                at /rustc/90b35a6239c3d8bdabc530a6a0816f7ff89a0aaf/library/core/src/panic/unwind_safe.rs:272:9
[INFO] [stdout]   27:     0x559f1d62fd47 - std::panicking::try::do_call::h873b7cf639554a5e
[INFO] [stdout]                                at /rustc/90b35a6239c3d8bdabc530a6a0816f7ff89a0aaf/library/std/src/panicking.rs:557:40
[INFO] [stdout]   28:     0x559f1d62fd47 - std::panicking::try::hdb19862fad9c8bd1
[INFO] [stdout]                                at /rustc/90b35a6239c3d8bdabc530a6a0816f7ff89a0aaf/library/std/src/panicking.rs:520:19
[INFO] [stdout]   29:     0x559f1d62fd47 - std::panic::catch_unwind::h281fe732d236d260
[INFO] [stdout]                                at /rustc/90b35a6239c3d8bdabc530a6a0816f7ff89a0aaf/library/std/src/panic.rs:358:14
[INFO] [stdout]   30:     0x559f1d62fd47 - test::run_test_in_process::h949b6df8457ed338
[INFO] [stdout]                                at /rustc/90b35a6239c3d8bdabc530a6a0816f7ff89a0aaf/library/test/src/lib.rs:644:27
[INFO] [stdout]   31:     0x559f1d62fd47 - test::run_test::{{closure}}::h52c556a6d4740e10
[INFO] [stdout]                                at /rustc/90b35a6239c3d8bdabc530a6a0816f7ff89a0aaf/library/test/src/lib.rs:565:43
[INFO] [stdout]   32:     0x559f1d5f5024 - test::run_test::{{closure}}::h4237f6381c45ccb9
[INFO] [stdout]                                at /rustc/90b35a6239c3d8bdabc530a6a0816f7ff89a0aaf/library/test/src/lib.rs:595:41
[INFO] [stdout]   33:     0x559f1d5f5024 - std::sys::backtrace::__rust_begin_short_backtrace::h505c97a579eca628
[INFO] [stdout]                                at /rustc/90b35a6239c3d8bdabc530a6a0816f7ff89a0aaf/library/std/src/sys/backtrace.rs:154:18
[INFO] [stdout]   34:     0x559f1d5f86ee - std::thread::Builder::spawn_unchecked_::{{closure}}::{{closure}}::h9e86b2e2bc107ea3
[INFO] [stdout]                                at /rustc/90b35a6239c3d8bdabc530a6a0816f7ff89a0aaf/library/std/src/thread/mod.rs:538:17
[INFO] [stdout]   35:     0x559f1d5f86ee - <core::panic::unwind_safe::AssertUnwindSafe<F> as core::ops::function::FnOnce<()>>::call_once::h8b06ddb275ff4a25
[INFO] [stdout]                                at /rustc/90b35a6239c3d8bdabc530a6a0816f7ff89a0aaf/library/core/src/panic/unwind_safe.rs:272:9
[INFO] [stdout]   36:     0x559f1d5f86ee - std::panicking::try::do_call::hb26ecd7cd9a9355d
[INFO] [stdout]                                at /rustc/90b35a6239c3d8bdabc530a6a0816f7ff89a0aaf/library/std/src/panicking.rs:557:40
[INFO] [stdout]   37:     0x559f1d5f86ee - std::panicking::try::h8ddeca9d705f9069
[INFO] [stdout]                                at /rustc/90b35a6239c3d8bdabc530a6a0816f7ff89a0aaf/library/std/src/panicking.rs:520:19
[INFO] [stdout]   38:     0x559f1d5f86ee - std::panic::catch_unwind::h49e1c33078844c46
[INFO] [stdout]                                at /rustc/90b35a6239c3d8bdabc530a6a0816f7ff89a0aaf/library/std/src/panic.rs:358:14
[INFO] [stdout]   39:     0x559f1d5f86ee - std::thread::Builder::spawn_unchecked_::{{closure}}::h6073db6ff56ad35d
[INFO] [stdout]                                at /rustc/90b35a6239c3d8bdabc530a6a0816f7ff89a0aaf/library/std/src/thread/mod.rs:537:30
[INFO] [stdout]   40:     0x559f1d5f86ee - core::ops::function::FnOnce::call_once{{vtable.shim}}::h2c5a5f3779c774f1
[INFO] [stdout]                                at /rustc/90b35a6239c3d8bdabc530a6a0816f7ff89a0aaf/library/core/src/ops/function.rs:250:5
[INFO] [stdout]   41:     0x559f1d666dcb - <alloc::boxed::Box<F,A> as core::ops::function::FnOnce<Args>>::call_once::hf75717d9f28faebf
[INFO] [stdout]                                at /rustc/90b35a6239c3d8bdabc530a6a0816f7ff89a0aaf/library/alloc/src/boxed.rs:2454:9
[INFO] [stdout]   42:     0x559f1d666dcb - <alloc::boxed::Box<F,A> as core::ops::function::FnOnce<Args>>::call_once::h7bd883a5f3c5f3c1
[INFO] [stdout]                                at /rustc/90b35a6239c3d8bdabc530a6a0816f7ff89a0aaf/library/alloc/src/boxed.rs:2454:9
[INFO] [stdout]   43:     0x559f1d666dcb - std::sys::pal::unix::thread::Thread::new::thread_start::hcc78f3943333fa94
[INFO] [stdout]                                at /rustc/90b35a6239c3d8bdabc530a6a0816f7ff89a0aaf/library/std/src/sys/pal/unix/thread.rs:105:17
[INFO] [stdout]   44:     0x7c0bfb38eac3 - <unknown>
[INFO] [stdout]   45:     0x7c0bfb41fa04 - clone
[INFO] [stdout]   46:                0x0 - <unknown>
[INFO] [stdout] 
[INFO] [stdout] 
[INFO] [stdout] failures:
[INFO] [stdout]     bls12_381::compute_public_key
[INFO] [stdout] 
[INFO] [stdout] test result: FAILED. 0 passed; 1 failed; 0 ignored; 0 measured; 0 filtered out; finished in 0.02s
[INFO] [stdout] 
[INFO] running `Command { std: "docker" "inspect" "74ed911eeee3d8b6cb70a0bcd1dead6e1ed9cfe8f668d5c249ed1c1e9d5ed19a", kill_on_drop: false }`
[INFO] running `Command { std: "docker" "rm" "-f" "74ed911eeee3d8b6cb70a0bcd1dead6e1ed9cfe8f668d5c249ed1c1e9d5ed19a", kill_on_drop: false }`
[INFO] [stdout] 74ed911eeee3d8b6cb70a0bcd1dead6e1ed9cfe8f668d5c249ed1c1e9d5ed19a
