[INFO] cloning repository https://github.com/beeksiwaais/sinatra
[INFO] running `Command { std: "git" "-c" "credential.helper=" "-c" "credential.helper=/workspace/cargo-home/bin/git-credential-null" "clone" "--bare" "https://github.com/beeksiwaais/sinatra" "/workspace/cache/git-repos/https%3A%2F%2Fgithub.com%2Fbeeksiwaais%2Fsinatra", kill_on_drop: false }`
[INFO] [stderr] Cloning into bare repository '/workspace/cache/git-repos/https%3A%2F%2Fgithub.com%2Fbeeksiwaais%2Fsinatra'...
[INFO] running `Command { std: "git" "rev-parse" "HEAD", kill_on_drop: false }`
[INFO] [stdout] ac6025c5a6b453301802108af7c02b5e7e514ad1
[INFO] testing beeksiwaais/sinatra against beta-2024-12-08 for beta-1.84.0-4-retry
[INFO] running `Command { std: "git" "clone" "/workspace/cache/git-repos/https%3A%2F%2Fgithub.com%2Fbeeksiwaais%2Fsinatra" "/workspace/builds/worker-6-tc2/source", kill_on_drop: false }`
[INFO] [stderr] Cloning into '/workspace/builds/worker-6-tc2/source'...
[INFO] [stderr] done.
[INFO] validating manifest of git repo https://github.com/beeksiwaais/sinatra on toolchain beta-2024-12-08
[INFO] running `Command { std: CARGO_HOME="/workspace/cargo-home" RUSTUP_HOME="/workspace/rustup-home" "/workspace/cargo-home/bin/cargo" "+beta-2024-12-08" "metadata" "--manifest-path" "Cargo.toml" "--no-deps", kill_on_drop: false }`
[INFO] started tweaking git repo https://github.com/beeksiwaais/sinatra
[INFO] finished tweaking git repo https://github.com/beeksiwaais/sinatra
[INFO] tweaked toml for git repo https://github.com/beeksiwaais/sinatra written to /workspace/builds/worker-6-tc2/source/Cargo.toml
[INFO] crate git repo https://github.com/beeksiwaais/sinatra already has a lockfile, it will not be regenerated
[INFO] running `Command { std: CARGO_HOME="/workspace/cargo-home" RUSTUP_HOME="/workspace/rustup-home" "/workspace/cargo-home/bin/cargo" "+beta-2024-12-08" "fetch" "--manifest-path" "Cargo.toml", kill_on_drop: false }`
[INFO] running `Command { std: "docker" "create" "-v" "/var/lib/crater-agent-workspace/builds/worker-6-tc2/target:/opt/rustwide/target:rw,Z" "-v" "/var/lib/crater-agent-workspace/builds/worker-6-tc2/source:/opt/rustwide/workdir:ro,Z" "-v" "/var/lib/crater-agent-workspace/cargo-home:/opt/rustwide/cargo-home:ro,Z" "-v" "/var/lib/crater-agent-workspace/rustup-home:/opt/rustwide/rustup-home:ro,Z" "-e" "SOURCE_DIR=/opt/rustwide/workdir" "-e" "CARGO_TARGET_DIR=/opt/rustwide/target" "-e" "CARGO_HOME=/opt/rustwide/cargo-home" "-e" "RUSTUP_HOME=/opt/rustwide/rustup-home" "-w" "/opt/rustwide/workdir" "-m" "1610612736" "--user" "0:0" "--network" "none" "ghcr.io/rust-lang/crates-build-env/linux@sha256:f3a9d4ad9d972b27faf3965f35b62e55ba32bbce8f20bc8fe909558a86702fde" "/opt/rustwide/cargo-home/bin/cargo" "+beta-2024-12-08" "metadata" "--no-deps" "--format-version=1", kill_on_drop: false }`
[INFO] [stdout] 833e3e032ff858480f3805e746ef860555f639778bad1964bac3542172099566
[INFO] running `Command { std: "docker" "start" "-a" "833e3e032ff858480f3805e746ef860555f639778bad1964bac3542172099566", kill_on_drop: false }`
[INFO] running `Command { std: "docker" "inspect" "833e3e032ff858480f3805e746ef860555f639778bad1964bac3542172099566", kill_on_drop: false }`
[INFO] running `Command { std: "docker" "rm" "-f" "833e3e032ff858480f3805e746ef860555f639778bad1964bac3542172099566", kill_on_drop: false }`
[INFO] [stdout] 833e3e032ff858480f3805e746ef860555f639778bad1964bac3542172099566
[INFO] running `Command { std: "docker" "create" "-v" "/var/lib/crater-agent-workspace/builds/worker-6-tc2/target:/opt/rustwide/target:rw,Z" "-v" "/var/lib/crater-agent-workspace/builds/worker-6-tc2/source:/opt/rustwide/workdir:ro,Z" "-v" "/var/lib/crater-agent-workspace/cargo-home:/opt/rustwide/cargo-home:ro,Z" "-v" "/var/lib/crater-agent-workspace/rustup-home:/opt/rustwide/rustup-home:ro,Z" "-e" "SOURCE_DIR=/opt/rustwide/workdir" "-e" "CARGO_TARGET_DIR=/opt/rustwide/target" "-e" "CARGO_INCREMENTAL=0" "-e" "RUST_BACKTRACE=full" "-e" "RUSTFLAGS=--cap-lints=warn" "-e" "RUSTDOCFLAGS=--cap-lints=warn" "-e" "CARGO_HOME=/opt/rustwide/cargo-home" "-e" "RUSTUP_HOME=/opt/rustwide/rustup-home" "-w" "/opt/rustwide/workdir" "-m" "1610612736" "--user" "0:0" "--network" "none" "ghcr.io/rust-lang/crates-build-env/linux@sha256:f3a9d4ad9d972b27faf3965f35b62e55ba32bbce8f20bc8fe909558a86702fde" "/opt/rustwide/cargo-home/bin/cargo" "+beta-2024-12-08" "build" "--frozen" "--message-format=json", kill_on_drop: false }`
[INFO] [stdout] b2ca1ad988a94cb7cfe9187dc8858603c74092db10ed5cff0c6f4efcceb31e82
[INFO] running `Command { std: "docker" "start" "-a" "b2ca1ad988a94cb7cfe9187dc8858603c74092db10ed5cff0c6f4efcceb31e82", kill_on_drop: false }`
[INFO] [stderr]    Compiling proc-macro2 v1.0.81
[INFO] [stderr]    Compiling unicode-ident v1.0.12
[INFO] [stderr]    Compiling libc v0.2.159
[INFO] [stderr]    Compiling cfg-if v1.0.0
[INFO] [stderr]    Compiling autocfg v1.2.0
[INFO] [stderr]    Compiling pin-project-lite v0.2.14
[INFO] [stderr]    Compiling memchr v2.7.2
[INFO] [stderr]    Compiling futures-core v0.3.30
[INFO] [stderr]    Compiling futures-sink v0.3.30
[INFO] [stderr]    Compiling itoa v1.0.11
[INFO] [stderr]    Compiling once_cell v1.19.0
[INFO] [stderr]    Compiling bytes v1.7.2
[INFO] [stderr]    Compiling log v0.4.21
[INFO] [stderr]    Compiling smallvec v1.13.2
[INFO] [stderr]    Compiling futures-task v0.3.30
[INFO] [stderr]    Compiling parking_lot_core v0.9.9
[INFO] [stderr]    Compiling futures-channel v0.3.30
[INFO] [stderr]    Compiling futures-io v0.3.30
[INFO] [stderr]    Compiling pin-utils v0.1.0
[INFO] [stderr]    Compiling glob v0.3.1
[INFO] [stderr]    Compiling fnv v1.0.7
[INFO] [stderr]    Compiling scopeguard v1.2.0
[INFO] [stderr]    Compiling rustversion v1.0.15
[INFO] [stderr]    Compiling minimal-lexical v0.2.1
[INFO] [stderr]    Compiling lazy_static v1.4.0
[INFO] [stderr]    Compiling regex-syntax v0.8.3
[INFO] [stderr]    Compiling libloading v0.8.3
[INFO] [stderr]    Compiling either v1.11.0
[INFO] [stderr]    Compiling tracing-core v0.1.32
[INFO] [stderr]    Compiling bindgen v0.69.4
[INFO] [stderr]    Compiling rustc-hash v1.1.0
[INFO] [stderr]    Compiling httparse v1.8.0
[INFO] [stderr]    Compiling serde v1.0.198
[INFO] [stderr]    Compiling clang-sys v1.7.0
[INFO] [stderr]    Compiling lazycell v1.3.0
[INFO] [stderr]    Compiling slab v0.4.9
[INFO] [stderr]    Compiling lock_api v0.4.11
[INFO] [stderr]    Compiling itertools v0.12.1
[INFO] [stderr]    Compiling bitflags v2.5.0
[INFO] [stderr]    Compiling shlex v1.3.0
[INFO] [stderr]    Compiling http v1.1.0
[INFO] [stderr]    Compiling cc v1.0.94
[INFO] [stderr]    Compiling quote v1.0.36
[INFO] [stderr]    Compiling hashbrown v0.14.3
[INFO] [stderr]    Compiling pkg-config v0.3.30
[INFO] [stderr]    Compiling syn v2.0.59
[INFO] [stderr]    Compiling tracing v0.1.40
[INFO] [stderr]    Compiling nom v7.1.3
[INFO] [stderr]    Compiling equivalent v1.0.1
[INFO] [stderr]    Compiling multer v3.0.0
[INFO] [stderr]    Compiling ryu v1.0.17
[INFO] [stderr]    Compiling percent-encoding v2.3.1
[INFO] [stderr]    Compiling num_cpus v1.16.0
[INFO] [stderr]    Compiling socket2 v0.5.6
[INFO] [stderr]    Compiling mio v0.8.11
[INFO] [stderr]    Compiling signal-hook-registry v1.4.1
[INFO] [stderr]    Compiling axum-core v0.4.3
[INFO] [stderr]    Compiling regex-automata v0.4.6
[INFO] [stderr]    Compiling parking_lot v0.12.1
[INFO] [stderr]    Compiling indexmap v2.2.6
[INFO] [stderr]    Compiling mime v0.3.17
[INFO] [stderr]    Compiling tower-service v0.3.2
[INFO] [stderr]    Compiling httpdate v1.0.3
[INFO] [stderr]    Compiling serde_json v1.0.116
[INFO] [stderr]    Compiling tower-layer v0.3.2
[INFO] [stderr]    Compiling axum v0.7.5
[INFO] [stderr]    Compiling http-body v1.0.0
[INFO] [stderr]    Compiling form_urlencoded v1.2.1
[INFO] [stderr]    Compiling aho-corasick v1.1.3
[INFO] [stderr]    Compiling encoding_rs v0.8.34
[INFO] [stderr]    Compiling http-body-util v0.1.1
[INFO] [stderr]    Compiling overload v0.1.1
[INFO] [stderr]    Compiling spin v0.9.8
[INFO] [stderr]    Compiling ffmpeg-next v7.0.0
[INFO] [stderr]    Compiling sync_wrapper v0.1.2
[INFO] [stderr]    Compiling nu-ansi-term v0.46.0
[INFO] [stderr]    Compiling tracing-log v0.2.0
[INFO] [stderr]    Compiling thread_local v1.1.8
[INFO] [stderr]    Compiling sharded-slab v0.1.7
[INFO] [stderr]    Compiling sync_wrapper v1.0.1
[INFO] [stderr]    Compiling matchit v0.7.3
[INFO] [stderr]    Compiling dotenv v0.15.0
[INFO] [stderr]    Compiling cexpr v0.6.0
[INFO] [stderr]    Compiling tracing-subscriber v0.3.18
[INFO] [stderr]    Compiling regex v1.10.4
[INFO] [stderr]    Compiling futures-macro v0.3.30
[INFO] [stderr]    Compiling tokio-macros v2.2.0
[INFO] [stderr]    Compiling serde_derive v1.0.198
[INFO] [stderr]    Compiling pin-project-internal v1.1.5
[INFO] [stderr]    Compiling async-trait v0.1.80
[INFO] [stderr]    Compiling tokio v1.37.0
[INFO] [stderr]    Compiling futures-util v0.3.30
[INFO] [stderr]    Compiling pin-project v1.1.5
[INFO] [stderr]    Compiling ffmpeg-sys-next v7.0.0
[INFO] [stderr]    Compiling futures-executor v0.3.30
[INFO] [stderr]    Compiling futures v0.3.30
[INFO] [stderr]    Compiling tokio-util v0.7.10
[INFO] [stderr]    Compiling tower v0.4.13
[INFO] [stderr]    Compiling serde_urlencoded v0.7.1
[INFO] [stderr]    Compiling serde_path_to_error v0.1.16
[INFO] [stderr]    Compiling h2 v0.4.4
[INFO] [stderr]    Compiling hyper v1.3.1
[INFO] [stderr]    Compiling hyper-util v0.1.3
[INFO] [stderr]    Compiling sinatra v2024.1.0 (/opt/rustwide/workdir)
[INFO] [stdout] warning: unused variable: `upload_dir`
[INFO] [stdout]   --> src/main.rs:48:9
[INFO] [stdout]    |
[INFO] [stdout] 48 |     let upload_dir = match env::var("UPLOAD_DIR") {
[INFO] [stdout]    |         ^^^^^^^^^^ help: if this is intentional, prefix it with an underscore: `_upload_dir`
[INFO] [stdout]    |
[INFO] [stdout]    = note: `#[warn(unused_variables)]` on by default
[INFO] [stdout] 
[INFO] [stdout] 
[INFO] [stdout] warning: fields `uri`, `audio_track_id`, and `no_video` are never read
[INFO] [stdout]   --> src/main.rs:77:9
[INFO] [stdout]    |
[INFO] [stdout] 76 | struct MediaStreamRequest {
[INFO] [stdout]    |        ------------------ fields in this struct
[INFO] [stdout] 77 |     pub uri: String,
[INFO] [stdout]    |         ^^^
[INFO] [stdout] 78 |     pub audio_track_id: u8,
[INFO] [stdout]    |         ^^^^^^^^^^^^^^
[INFO] [stdout] 79 |     pub no_video: bool,
[INFO] [stdout]    |         ^^^^^^^^
[INFO] [stdout]    |
[INFO] [stdout]    = note: `MediaStreamRequest` has a derived impl for the trait `Debug`, but this is intentionally ignored during dead code analysis
[INFO] [stdout]    = note: `#[warn(dead_code)]` on by default
[INFO] [stdout] 
[INFO] [stdout] 
[INFO] [stdout] warning: fields `video_streams` and `audio_streams` are never read
[INFO] [stdout]   --> src/av/av.rs:15:9
[INFO] [stdout]    |
[INFO] [stdout] 13 | pub(crate) struct AV<'a> {
[INFO] [stdout]    |                   -- fields in this struct
[INFO] [stdout] 14 |     pub path: &'a Path,
[INFO] [stdout] 15 |     pub video_streams: Vec<VideoStream>,
[INFO] [stdout]    |         ^^^^^^^^^^^^^
[INFO] [stdout] 16 |     pub audio_streams: Vec<AudioStream>,
[INFO] [stdout]    |         ^^^^^^^^^^^^^
[INFO] [stdout]    |
[INFO] [stdout]    = note: `AV` has a derived impl for the trait `Debug`, but this is intentionally ignored during dead code analysis
[INFO] [stdout] 
[INFO] [stdout] 
[INFO] [stdout] warning: fields `codec`, `profile`, and `bit_rate` are never read
[INFO] [stdout]  --> src/av/audio_stream.rs:6:5
[INFO] [stdout]   |
[INFO] [stdout] 5 | pub(crate) struct AudioStream {
[INFO] [stdout]   |                   ----------- fields in this struct
[INFO] [stdout] 6 |     codec: String,
[INFO] [stdout]   |     ^^^^^
[INFO] [stdout] 7 |     profile: String,
[INFO] [stdout]   |     ^^^^^^^
[INFO] [stdout] 8 |     bit_rate: String,
[INFO] [stdout]   |     ^^^^^^^^
[INFO] [stdout]   |
[INFO] [stdout]   = note: `AudioStream` has a derived impl for the trait `Debug`, but this is intentionally ignored during dead code analysis
[INFO] [stdout] 
[INFO] [stdout] 
[INFO] [stdout] warning: multiple fields are never read
[INFO] [stdout]   --> src/av/video_stream.rs:7:5
[INFO] [stdout]    |
[INFO] [stdout] 6  | pub(crate) struct VideoStream {
[INFO] [stdout]    |                   ----------- fields in this struct
[INFO] [stdout] 7  |     codec: String,
[INFO] [stdout]    |     ^^^^^
[INFO] [stdout] 8  |     profile: String,
[INFO] [stdout]    |     ^^^^^^^
[INFO] [stdout] 9  |     pix_fmt: String,
[INFO] [stdout]    |     ^^^^^^^
[INFO] [stdout] 10 |     color_space: String,
[INFO] [stdout]    |     ^^^^^^^^^^^
[INFO] [stdout] 11 |     frame_rate: String,
[INFO] [stdout]    |     ^^^^^^^^^^
[INFO] [stdout] 12 |     bit_rate: String,
[INFO] [stdout]    |     ^^^^^^^^
[INFO] [stdout] 13 |     width: u16,
[INFO] [stdout]    |     ^^^^^
[INFO] [stdout] 14 |     height: u16,
[INFO] [stdout]    |     ^^^^^^
[INFO] [stdout] 15 |     aspect_ratio: String,
[INFO] [stdout]    |     ^^^^^^^^^^^^
[INFO] [stdout] 16 |     is_horizontal: bool,
[INFO] [stdout]    |     ^^^^^^^^^^^^^
[INFO] [stdout]    |
[INFO] [stdout]    = note: `VideoStream` has a derived impl for the trait `Debug`, but this is intentionally ignored during dead code analysis
[INFO] [stdout] 
[INFO] [stdout] 
[INFO] [stdout] warning: unused `Result` that must be used
[INFO] [stdout]   --> src/queue.rs:35:13
[INFO] [stdout]    |
[INFO] [stdout] 35 |             create_hls_playlist(&segments).await;
[INFO] [stdout]    |             ^^^^^^^^^^^^^^^^^^^^^^^^^^^^^^^^^^^^
[INFO] [stdout]    |
[INFO] [stdout]    = note: this `Result` may be an `Err` variant, which should be handled
[INFO] [stdout]    = note: `#[warn(unused_must_use)]` on by default
[INFO] [stdout] help: use `let _ = ...` to ignore the resulting value
[INFO] [stdout]    |
[INFO] [stdout] 35 |             let _ = create_hls_playlist(&segments).await;
[INFO] [stdout]    |             +++++++
[INFO] [stdout] 
[INFO] [stdout] 
[INFO] [stderr]     Finished `dev` profile [unoptimized + debuginfo] target(s) in 54.27s
[INFO] running `Command { std: "docker" "inspect" "b2ca1ad988a94cb7cfe9187dc8858603c74092db10ed5cff0c6f4efcceb31e82", kill_on_drop: false }`
[INFO] running `Command { std: "docker" "rm" "-f" "b2ca1ad988a94cb7cfe9187dc8858603c74092db10ed5cff0c6f4efcceb31e82", kill_on_drop: false }`
[INFO] [stdout] b2ca1ad988a94cb7cfe9187dc8858603c74092db10ed5cff0c6f4efcceb31e82
[INFO] running `Command { std: "docker" "create" "-v" "/var/lib/crater-agent-workspace/builds/worker-6-tc2/target:/opt/rustwide/target:rw,Z" "-v" "/var/lib/crater-agent-workspace/builds/worker-6-tc2/source:/opt/rustwide/workdir:ro,Z" "-v" "/var/lib/crater-agent-workspace/cargo-home:/opt/rustwide/cargo-home:ro,Z" "-v" "/var/lib/crater-agent-workspace/rustup-home:/opt/rustwide/rustup-home:ro,Z" "-e" "SOURCE_DIR=/opt/rustwide/workdir" "-e" "CARGO_TARGET_DIR=/opt/rustwide/target" "-e" "CARGO_INCREMENTAL=0" "-e" "RUST_BACKTRACE=full" "-e" "RUSTFLAGS=--cap-lints=warn" "-e" "RUSTDOCFLAGS=--cap-lints=warn" "-e" "CARGO_HOME=/opt/rustwide/cargo-home" "-e" "RUSTUP_HOME=/opt/rustwide/rustup-home" "-w" "/opt/rustwide/workdir" "-m" "1610612736" "--user" "0:0" "--network" "none" "ghcr.io/rust-lang/crates-build-env/linux@sha256:f3a9d4ad9d972b27faf3965f35b62e55ba32bbce8f20bc8fe909558a86702fde" "/opt/rustwide/cargo-home/bin/cargo" "+beta-2024-12-08" "test" "--frozen" "--no-run" "--message-format=json", kill_on_drop: false }`
[INFO] [stdout] 591ac13361bb58a9384204a8822940375453478c7af756c8fe604def158dd2a6
[INFO] running `Command { std: "docker" "start" "-a" "591ac13361bb58a9384204a8822940375453478c7af756c8fe604def158dd2a6", kill_on_drop: false }`
[INFO] [stderr]    Compiling bitflags v2.5.0
[INFO] [stderr]    Compiling predicates-core v1.0.6
[INFO] [stderr]    Compiling rustix v0.38.37
[INFO] [stderr]    Compiling linux-raw-sys v0.4.14
[INFO] [stderr]    Compiling termtree v0.4.1
[INFO] [stderr]    Compiling anstyle v1.0.7
[INFO] [stderr]    Compiling mockall_derive v0.12.1
[INFO] [stderr]    Compiling downcast v0.11.0
[INFO] [stderr]    Compiling fragile v2.0.0
[INFO] [stderr]    Compiling fastrand v2.1.1
[INFO] [stderr]    Compiling bindgen v0.69.4
[INFO] [stderr]    Compiling predicates-tree v1.0.9
[INFO] [stderr]    Compiling predicates v3.1.0
[INFO] [stderr]    Compiling tempfile v3.13.0
[INFO] [stderr]    Compiling mockall v0.12.1
[INFO] [stderr]    Compiling ffmpeg-sys-next v7.0.0
[INFO] [stderr]    Compiling ffmpeg-next v7.0.0
[INFO] [stderr]    Compiling sinatra v2024.1.0 (/opt/rustwide/workdir)
[INFO] [stdout] warning: unused import: `super::*`
[INFO] [stdout]   --> src/queue.rs:82:9
[INFO] [stdout]    |
[INFO] [stdout] 82 |     use super::*;
[INFO] [stdout]    |         ^^^^^^^^
[INFO] [stdout]    |
[INFO] [stdout]    = note: `#[warn(unused_imports)]` on by default
[INFO] [stdout] 
[INFO] [stdout] 
[INFO] [stdout] warning: unused import: `tokio::test`
[INFO] [stdout]   --> src/queue.rs:83:9
[INFO] [stdout]    |
[INFO] [stdout] 83 |     use tokio::test;
[INFO] [stdout]    |         ^^^^^^^^^^^
[INFO] [stdout] 
[INFO] [stdout] 
[INFO] [stdout] warning: unused imports: `mock` and `predicate::*`
[INFO] [stdout]   --> src/queue.rs:84:19
[INFO] [stdout]    |
[INFO] [stdout] 84 |     use mockall::{predicate::*, mock};
[INFO] [stdout]    |                   ^^^^^^^^^^^^  ^^^^
[INFO] [stdout] 
[INFO] [stdout] 
[INFO] [stdout] warning: unused imports: `automock` and `predicate::*`
[INFO] [stdout]   --> src/av/av.rs:10:15
[INFO] [stdout]    |
[INFO] [stdout] 10 | use mockall::{predicate::*, automock};
[INFO] [stdout]    |               ^^^^^^^^^^^^  ^^^^^^^^
[INFO] [stdout] 
[INFO] [stdout] 
[INFO] [stdout] warning: unused import: `serde_json::Value`
[INFO] [stdout]   --> src/av/stream.rs:46:13
[INFO] [stdout]    |
[INFO] [stdout] 46 |         use serde_json::Value;
[INFO] [stdout]    |             ^^^^^^^^^^^^^^^^^
[INFO] [stdout] 
[INFO] [stdout] 
[INFO] [stdout] warning: unused variable: `upload_dir`
[INFO] [stdout]   --> src/main.rs:48:9
[INFO] [stdout]    |
[INFO] [stdout] 48 |     let upload_dir = match env::var("UPLOAD_DIR") {
[INFO] [stdout]    |         ^^^^^^^^^^ help: if this is intentional, prefix it with an underscore: `_upload_dir`
[INFO] [stdout]    |
[INFO] [stdout]    = note: `#[warn(unused_variables)]` on by default
[INFO] [stdout] 
[INFO] [stdout] 
[INFO] [stdout] warning: fields `uri`, `audio_track_id`, and `no_video` are never read
[INFO] [stdout]   --> src/main.rs:77:9
[INFO] [stdout]    |
[INFO] [stdout] 76 | struct MediaStreamRequest {
[INFO] [stdout]    |        ------------------ fields in this struct
[INFO] [stdout] 77 |     pub uri: String,
[INFO] [stdout]    |         ^^^
[INFO] [stdout] 78 |     pub audio_track_id: u8,
[INFO] [stdout]    |         ^^^^^^^^^^^^^^
[INFO] [stdout] 79 |     pub no_video: bool,
[INFO] [stdout]    |         ^^^^^^^^
[INFO] [stdout]    |
[INFO] [stdout]    = note: `MediaStreamRequest` has a derived impl for the trait `Debug`, but this is intentionally ignored during dead code analysis
[INFO] [stdout]    = note: `#[warn(dead_code)]` on by default
[INFO] [stdout] 
[INFO] [stdout] 
[INFO] [stdout] warning: fields `video_streams` and `audio_streams` are never read
[INFO] [stdout]   --> src/av/av.rs:15:9
[INFO] [stdout]    |
[INFO] [stdout] 13 | pub(crate) struct AV<'a> {
[INFO] [stdout]    |                   -- fields in this struct
[INFO] [stdout] 14 |     pub path: &'a Path,
[INFO] [stdout] 15 |     pub video_streams: Vec<VideoStream>,
[INFO] [stdout]    |         ^^^^^^^^^^^^^
[INFO] [stdout] 16 |     pub audio_streams: Vec<AudioStream>,
[INFO] [stdout]    |         ^^^^^^^^^^^^^
[INFO] [stdout]    |
[INFO] [stdout]    = note: `AV` has a derived impl for the trait `Debug`, but this is intentionally ignored during dead code analysis
[INFO] [stdout] 
[INFO] [stdout] 
[INFO] [stdout] warning: fields `codec`, `profile`, and `bit_rate` are never read
[INFO] [stdout]  --> src/av/audio_stream.rs:6:5
[INFO] [stdout]   |
[INFO] [stdout] 5 | pub(crate) struct AudioStream {
[INFO] [stdout]   |                   ----------- fields in this struct
[INFO] [stdout] 6 |     codec: String,
[INFO] [stdout]   |     ^^^^^
[INFO] [stdout] 7 |     profile: String,
[INFO] [stdout]   |     ^^^^^^^
[INFO] [stdout] 8 |     bit_rate: String,
[INFO] [stdout]   |     ^^^^^^^^
[INFO] [stdout]   |
[INFO] [stdout]   = note: `AudioStream` has a derived impl for the trait `Debug`, but this is intentionally ignored during dead code analysis
[INFO] [stdout] 
[INFO] [stdout] 
[INFO] [stdout] warning: multiple fields are never read
[INFO] [stdout]   --> src/av/video_stream.rs:7:5
[INFO] [stdout]    |
[INFO] [stdout] 6  | pub(crate) struct VideoStream {
[INFO] [stdout]    |                   ----------- fields in this struct
[INFO] [stdout] 7  |     codec: String,
[INFO] [stdout]    |     ^^^^^
[INFO] [stdout] 8  |     profile: String,
[INFO] [stdout]    |     ^^^^^^^
[INFO] [stdout] 9  |     pix_fmt: String,
[INFO] [stdout]    |     ^^^^^^^
[INFO] [stdout] 10 |     color_space: String,
[INFO] [stdout]    |     ^^^^^^^^^^^
[INFO] [stdout] 11 |     frame_rate: String,
[INFO] [stdout]    |     ^^^^^^^^^^
[INFO] [stdout] 12 |     bit_rate: String,
[INFO] [stdout]    |     ^^^^^^^^
[INFO] [stdout] 13 |     width: u16,
[INFO] [stdout]    |     ^^^^^
[INFO] [stdout] 14 |     height: u16,
[INFO] [stdout]    |     ^^^^^^
[INFO] [stdout] 15 |     aspect_ratio: String,
[INFO] [stdout]    |     ^^^^^^^^^^^^
[INFO] [stdout] 16 |     is_horizontal: bool,
[INFO] [stdout]    |     ^^^^^^^^^^^^^
[INFO] [stdout]    |
[INFO] [stdout]    = note: `VideoStream` has a derived impl for the trait `Debug`, but this is intentionally ignored during dead code analysis
[INFO] [stdout] 
[INFO] [stdout] 
[INFO] [stdout] warning: unused `Result` that must be used
[INFO] [stdout]   --> src/queue.rs:35:13
[INFO] [stdout]    |
[INFO] [stdout] 35 |             create_hls_playlist(&segments).await;
[INFO] [stdout]    |             ^^^^^^^^^^^^^^^^^^^^^^^^^^^^^^^^^^^^
[INFO] [stdout]    |
[INFO] [stdout]    = note: this `Result` may be an `Err` variant, which should be handled
[INFO] [stdout]    = note: `#[warn(unused_must_use)]` on by default
[INFO] [stdout] help: use `let _ = ...` to ignore the resulting value
[INFO] [stdout]    |
[INFO] [stdout] 35 |             let _ = create_hls_playlist(&segments).await;
[INFO] [stdout]    |             +++++++
[INFO] [stdout] 
[INFO] [stdout] 
[INFO] [stderr]     Finished `test` profile [unoptimized + debuginfo] target(s) in 24.85s
[INFO] running `Command { std: "docker" "inspect" "591ac13361bb58a9384204a8822940375453478c7af756c8fe604def158dd2a6", kill_on_drop: false }`
[INFO] running `Command { std: "docker" "rm" "-f" "591ac13361bb58a9384204a8822940375453478c7af756c8fe604def158dd2a6", kill_on_drop: false }`
[INFO] [stdout] 591ac13361bb58a9384204a8822940375453478c7af756c8fe604def158dd2a6
[INFO] running `Command { std: "docker" "create" "-v" "/var/lib/crater-agent-workspace/builds/worker-6-tc2/target:/opt/rustwide/target:rw,Z" "-v" "/var/lib/crater-agent-workspace/builds/worker-6-tc2/source:/opt/rustwide/workdir:ro,Z" "-v" "/var/lib/crater-agent-workspace/cargo-home:/opt/rustwide/cargo-home:ro,Z" "-v" "/var/lib/crater-agent-workspace/rustup-home:/opt/rustwide/rustup-home:ro,Z" "-e" "SOURCE_DIR=/opt/rustwide/workdir" "-e" "CARGO_TARGET_DIR=/opt/rustwide/target" "-e" "CARGO_INCREMENTAL=0" "-e" "RUST_BACKTRACE=full" "-e" "RUSTFLAGS=--cap-lints=warn" "-e" "RUSTDOCFLAGS=--cap-lints=warn" "-e" "CARGO_HOME=/opt/rustwide/cargo-home" "-e" "RUSTUP_HOME=/opt/rustwide/rustup-home" "-w" "/opt/rustwide/workdir" "-m" "1610612736" "--user" "0:0" "--network" "none" "ghcr.io/rust-lang/crates-build-env/linux@sha256:f3a9d4ad9d972b27faf3965f35b62e55ba32bbce8f20bc8fe909558a86702fde" "/opt/rustwide/cargo-home/bin/cargo" "+beta-2024-12-08" "test" "--frozen", kill_on_drop: false }`
[INFO] [stdout] 8d12c8f8a4d1307f2cad36f7cbad1c203fc36890715908368bd3bedf3a9a0f2e
[INFO] running `Command { std: "docker" "start" "-a" "8d12c8f8a4d1307f2cad36f7cbad1c203fc36890715908368bd3bedf3a9a0f2e", kill_on_drop: false }`
[INFO] [stderr] warning: unused import: `super::*`
[INFO] [stderr]   --> src/queue.rs:82:9
[INFO] [stderr]    |
[INFO] [stderr] 82 |     use super::*;
[INFO] [stderr]    |         ^^^^^^^^
[INFO] [stderr]    |
[INFO] [stderr]    = note: `#[warn(unused_imports)]` on by default
[INFO] [stderr] 
[INFO] [stderr] warning: unused import: `tokio::test`
[INFO] [stderr]   --> src/queue.rs:83:9
[INFO] [stderr]    |
[INFO] [stderr] 83 |     use tokio::test;
[INFO] [stderr]    |         ^^^^^^^^^^^
[INFO] [stderr] 
[INFO] [stderr] warning: unused imports: `mock` and `predicate::*`
[INFO] [stderr]   --> src/queue.rs:84:19
[INFO] [stderr]    |
[INFO] [stderr] 84 |     use mockall::{predicate::*, mock};
[INFO] [stderr]    |                   ^^^^^^^^^^^^  ^^^^
[INFO] [stderr] 
[INFO] [stderr] warning: unused imports: `automock` and `predicate::*`
[INFO] [stderr]   --> src/av/av.rs:10:15
[INFO] [stderr]    |
[INFO] [stderr] 10 | use mockall::{predicate::*, automock};
[INFO] [stderr]    |               ^^^^^^^^^^^^  ^^^^^^^^
[INFO] [stderr] 
[INFO] [stderr] warning: unused import: `serde_json::Value`
[INFO] [stderr]   --> src/av/stream.rs:46:13
[INFO] [stderr]    |
[INFO] [stderr] 46 |         use serde_json::Value;
[INFO] [stderr]    |             ^^^^^^^^^^^^^^^^^
[INFO] [stderr] 
[INFO] [stderr] warning: unused variable: `upload_dir`
[INFO] [stderr]   --> src/main.rs:48:9
[INFO] [stderr]    |
[INFO] [stderr] 48 |     let upload_dir = match env::var("UPLOAD_DIR") {
[INFO] [stderr]    |         ^^^^^^^^^^ help: if this is intentional, prefix it with an underscore: `_upload_dir`
[INFO] [stderr]    |
[INFO] [stderr]    = note: `#[warn(unused_variables)]` on by default
[INFO] [stderr] 
[INFO] [stderr] warning: fields `uri`, `audio_track_id`, and `no_video` are never read
[INFO] [stderr]   --> src/main.rs:77:9
[INFO] [stderr]    |
[INFO] [stderr] 76 | struct MediaStreamRequest {
[INFO] [stderr]    |        ------------------ fields in this struct
[INFO] [stderr] 77 |     pub uri: String,
[INFO] [stderr]    |         ^^^
[INFO] [stderr] 78 |     pub audio_track_id: u8,
[INFO] [stderr]    |         ^^^^^^^^^^^^^^
[INFO] [stderr] 79 |     pub no_video: bool,
[INFO] [stderr]    |         ^^^^^^^^
[INFO] [stderr]    |
[INFO] [stderr]    = note: `MediaStreamRequest` has a derived impl for the trait `Debug`, but this is intentionally ignored during dead code analysis
[INFO] [stderr]    = note: `#[warn(dead_code)]` on by default
[INFO] [stderr] 
[INFO] [stderr] warning: fields `video_streams` and `audio_streams` are never read
[INFO] [stderr]   --> src/av/av.rs:15:9
[INFO] [stderr]    |
[INFO] [stderr] 13 | pub(crate) struct AV<'a> {
[INFO] [stderr]    |                   -- fields in this struct
[INFO] [stderr] 14 |     pub path: &'a Path,
[INFO] [stderr] 15 |     pub video_streams: Vec<VideoStream>,
[INFO] [stderr]    |         ^^^^^^^^^^^^^
[INFO] [stderr] 16 |     pub audio_streams: Vec<AudioStream>,
[INFO] [stderr]    |         ^^^^^^^^^^^^^
[INFO] [stderr]    |
[INFO] [stderr]    = note: `AV` has a derived impl for the trait `Debug`, but this is intentionally ignored during dead code analysis
[INFO] [stderr] 
[INFO] [stderr] warning: fields `codec`, `profile`, and `bit_rate` are never read
[INFO] [stderr]  --> src/av/audio_stream.rs:6:5
[INFO] [stderr]   |
[INFO] [stderr] 5 | pub(crate) struct AudioStream {
[INFO] [stderr]   |                   ----------- fields in this struct
[INFO] [stderr] 6 |     codec: String,
[INFO] [stderr]   |     ^^^^^
[INFO] [stderr] 7 |     profile: String,
[INFO] [stderr]   |     ^^^^^^^
[INFO] [stderr] 8 |     bit_rate: String,
[INFO] [stderr]   |     ^^^^^^^^
[INFO] [stderr]   |
[INFO] [stderr]   = note: `AudioStream` has a derived impl for the trait `Debug`, but this is intentionally ignored during dead code analysis
[INFO] [stderr] 
[INFO] [stderr] warning: multiple fields are never read
[INFO] [stderr]   --> src/av/video_stream.rs:7:5
[INFO] [stderr]    |
[INFO] [stderr] 6  | pub(crate) struct VideoStream {
[INFO] [stderr]    |                   ----------- fields in this struct
[INFO] [stderr] 7  |     codec: String,
[INFO] [stderr]    |     ^^^^^
[INFO] [stderr] 8  |     profile: String,
[INFO] [stderr]    |     ^^^^^^^
[INFO] [stderr] 9  |     pix_fmt: String,
[INFO] [stderr]    |     ^^^^^^^
[INFO] [stderr] 10 |     color_space: String,
[INFO] [stderr]    |     ^^^^^^^^^^^
[INFO] [stderr] 11 |     frame_rate: String,
[INFO] [stderr]    |     ^^^^^^^^^^
[INFO] [stderr] 12 |     bit_rate: String,
[INFO] [stderr]    |     ^^^^^^^^
[INFO] [stderr] 13 |     width: u16,
[INFO] [stderr]    |     ^^^^^
[INFO] [stderr] 14 |     height: u16,
[INFO] [stderr]    |     ^^^^^^
[INFO] [stderr] 15 |     aspect_ratio: String,
[INFO] [stderr]    |     ^^^^^^^^^^^^
[INFO] [stderr] 16 |     is_horizontal: bool,
[INFO] [stderr]    |     ^^^^^^^^^^^^^
[INFO] [stderr]    |
[INFO] [stderr]    = note: `VideoStream` has a derived impl for the trait `Debug`, but this is intentionally ignored during dead code analysis
[INFO] [stderr] 
[INFO] [stderr] warning: unused `Result` that must be used
[INFO] [stderr]   --> src/queue.rs:35:13
[INFO] [stderr]    |
[INFO] [stderr] 35 |             create_hls_playlist(&segments).await;
[INFO] [stderr]    |             ^^^^^^^^^^^^^^^^^^^^^^^^^^^^^^^^^^^^
[INFO] [stderr]    |
[INFO] [stderr]    = note: this `Result` may be an `Err` variant, which should be handled
[INFO] [stderr]    = note: `#[warn(unused_must_use)]` on by default
[INFO] [stderr] help: use `let _ = ...` to ignore the resulting value
[INFO] [stderr]    |
[INFO] [stderr] 35 |             let _ = create_hls_playlist(&segments).await;
[INFO] [stderr]    |             +++++++
[INFO] [stderr] 
[INFO] [stderr] warning: `sinatra` (bin "sinatra" test) generated 11 warnings (run `cargo fix --bin "sinatra" --tests` to apply 5 suggestions)
[INFO] [stderr]     Finished `test` profile [unoptimized + debuginfo] target(s) in 0.17s
[INFO] [stderr]      Running unittests src/main.rs (/opt/rustwide/target/debug/deps/sinatra-8466d2242bca8dec)
[INFO] [stdout] 
[INFO] [stdout] running 7 tests
[INFO] [stdout] test tests::test_invalid_path_with_root ... ok
[INFO] [stdout] test tests::test_invalid_path_with_parent ... ok
[INFO] [stdout] test tests::test_valid_path ... ok
[INFO] [stdout] test tests::test_invalid_path_with_multiple_components ... ok
[INFO] [stdout] test tests::test_stream_to_file ... ok
[INFO] [stdout] test tests::test_stream_to_file_error ... ok
[INFO] [stdout] test av::stream::test_valid_path ... FAILED
[INFO] [stdout] 
[INFO] [stdout] failures:
[INFO] [stdout] 
[INFO] [stdout] ---- av::stream::test_valid_path stdout ----
[INFO] [stdout] thread 'av::stream::test_valid_path' panicked at src/av/stream.rs:22:23:
[INFO] [stdout] called `Result::unwrap()` on an `Err` value: Os { code: 2, kind: NotFound, message: "No such file or directory" }
[INFO] [stdout] stack backtrace:
[INFO] [stdout]    0:     0x569e1d5614fa - std::backtrace_rs::backtrace::libunwind::trace::h8810477743020387
[INFO] [stdout]                                at /rustc/202008a1b8de96d2e5b6bc02d379db03a877d34d/library/std/src/../../backtrace/src/backtrace/libunwind.rs:116:5
[INFO] [stdout]    1:     0x569e1d5614fa - std::backtrace_rs::backtrace::trace_unsynchronized::h3aa55355dd6c54a6
[INFO] [stdout]                                at /rustc/202008a1b8de96d2e5b6bc02d379db03a877d34d/library/std/src/../../backtrace/src/backtrace/mod.rs:66:5
[INFO] [stdout]    2:     0x569e1d5614fa - std::sys::backtrace::_print_fmt::h8588b0f62410823f
[INFO] [stdout]                                at /rustc/202008a1b8de96d2e5b6bc02d379db03a877d34d/library/std/src/sys/backtrace.rs:66:9
[INFO] [stderr] error: test failed, to rerun pass `--bin sinatra`
[INFO] [stdout]    3:     0x569e1d5614fa - <std::sys::backtrace::BacktraceLock::print::DisplayBacktrace as core::fmt::Display>::fmt::h98c26ac25ffe89bb
[INFO] [stdout]                                at /rustc/202008a1b8de96d2e5b6bc02d379db03a877d34d/library/std/src/sys/backtrace.rs:39:26
[INFO] [stdout]    4:     0x569e1d588013 - core::fmt::rt::Argument::fmt::hf95377f4aebd453b
[INFO] [stdout]                                at /rustc/202008a1b8de96d2e5b6bc02d379db03a877d34d/library/core/src/fmt/rt.rs:177:76
[INFO] [stdout]    5:     0x569e1d588013 - core::fmt::write::h0dd5f6e2238c7982
[INFO] [stdout]                                at /rustc/202008a1b8de96d2e5b6bc02d379db03a877d34d/library/core/src/fmt/mod.rs:1189:21
[INFO] [stdout]    6:     0x569e1d55e333 - std::io::Write::write_fmt::h03bb0ca26e6faf8c
[INFO] [stdout]                                at /rustc/202008a1b8de96d2e5b6bc02d379db03a877d34d/library/std/src/io/mod.rs:1884:15
[INFO] [stdout]    7:     0x569e1d561342 - std::sys::backtrace::BacktraceLock::print::h5c19c1c038ee186d
[INFO] [stdout]                                at /rustc/202008a1b8de96d2e5b6bc02d379db03a877d34d/library/std/src/sys/backtrace.rs:42:9
[INFO] [stdout]    8:     0x569e1d56297d - std::panicking::default_hook::{{closure}}::h77172f079a1fcb13
[INFO] [stdout]                                at /rustc/202008a1b8de96d2e5b6bc02d379db03a877d34d/library/std/src/panicking.rs:268:22
[INFO] [stdout]    9:     0x569e1d562787 - std::panicking::default_hook::he5f8e3b203ccddba
[INFO] [stdout]                                at /rustc/202008a1b8de96d2e5b6bc02d379db03a877d34d/library/std/src/panicking.rs:292:9
[INFO] [stdout]   10:     0x569e1d443117 - <alloc::boxed::Box<F,A> as core::ops::function::Fn<Args>>::call::h7a3c7b4a1ae77f2f
[INFO] [stdout]                                at /rustc/202008a1b8de96d2e5b6bc02d379db03a877d34d/library/alloc/src/boxed.rs:1986:9
[INFO] [stdout]   11:     0x569e1d443117 - test::test_main::{{closure}}::hf0d3b69ae9b353d1
[INFO] [stdout]                                at /rustc/202008a1b8de96d2e5b6bc02d379db03a877d34d/library/test/src/lib.rs:134:21
[INFO] [stdout]   12:     0x569e1d563028 - <alloc::boxed::Box<F,A> as core::ops::function::Fn<Args>>::call::h6332e82e7b189abd
[INFO] [stdout]                                at /rustc/202008a1b8de96d2e5b6bc02d379db03a877d34d/library/alloc/src/boxed.rs:1986:9
[INFO] [stdout]   13:     0x569e1d563028 - std::panicking::rust_panic_with_hook::h53863d4e9018df39
[INFO] [stdout]                                at /rustc/202008a1b8de96d2e5b6bc02d379db03a877d34d/library/std/src/panicking.rs:809:13
[INFO] [stdout]   14:     0x569e1d562dea - std::panicking::begin_panic_handler::{{closure}}::h67280e6fa0757873
[INFO] [stdout]                                at /rustc/202008a1b8de96d2e5b6bc02d379db03a877d34d/library/std/src/panicking.rs:674:13
[INFO] [stdout]   15:     0x569e1d5619d9 - std::sys::backtrace::__rust_end_short_backtrace::h1dac3f54d6fbbeb2
[INFO] [stdout]                                at /rustc/202008a1b8de96d2e5b6bc02d379db03a877d34d/library/std/src/sys/backtrace.rs:170:18
[INFO] [stdout]   16:     0x569e1d562a7c - rust_begin_unwind
[INFO] [stdout]                                at /rustc/202008a1b8de96d2e5b6bc02d379db03a877d34d/library/std/src/panicking.rs:665:5
[INFO] [stdout]   17:     0x569e1d3ecc60 - core::panicking::panic_fmt::h6792bd1b2bf01041
[INFO] [stdout]                                at /rustc/202008a1b8de96d2e5b6bc02d379db03a877d34d/library/core/src/panicking.rs:76:14
[INFO] [stdout]   18:     0x569e1d3ed106 - core::result::unwrap_failed::h05e0602ed34287c5
[INFO] [stdout]                                at /rustc/202008a1b8de96d2e5b6bc02d379db03a877d34d/library/core/src/result.rs:1699:5
[INFO] [stdout]   19:     0x569e1d408e7c - core::result::Result<T,E>::unwrap::h740477d7f7adf115
[INFO] [stdout]                                at /rustc/202008a1b8de96d2e5b6bc02d379db03a877d34d/library/core/src/result.rs:1104:23
[INFO] [stdout]   20:     0x569e1d408e7c - sinatra::av::stream::get_streams::h534896faae8f6933
[INFO] [stdout]                                at /opt/rustwide/workdir/src/av/stream.rs:22:17
[INFO] [stdout]   21:     0x569e1d4093b1 - sinatra::av::stream::test_valid_path::h8d0e925b83625e64
[INFO] [stdout]                                at /opt/rustwide/workdir/src/av/stream.rs:50:23
[INFO] [stdout]   22:     0x569e1d409367 - sinatra::av::stream::test_valid_path::{{closure}}::h3b15bd2e4e9f34b5
[INFO] [stdout]                                at /opt/rustwide/workdir/src/av/stream.rs:44:25
[INFO] [stdout]   23:     0x569e1d3eddd6 - core::ops::function::FnOnce::call_once::h7ac18a97ead4bb52
[INFO] [stdout]                                at /rustc/202008a1b8de96d2e5b6bc02d379db03a877d34d/library/core/src/ops/function.rs:250:5
[INFO] [stdout]   24:     0x569e1d447c3b - core::ops::function::FnOnce::call_once::h871bf86719ec9aa4
[INFO] [stdout]                                at /rustc/202008a1b8de96d2e5b6bc02d379db03a877d34d/library/core/src/ops/function.rs:250:5
[INFO] [stdout]   25:     0x569e1d447c3b - test::__rust_begin_short_backtrace::h2167df1e2b7d76fd
[INFO] [stdout]                                at /rustc/202008a1b8de96d2e5b6bc02d379db03a877d34d/library/test/src/lib.rs:632:18
[INFO] [stdout]   26:     0x569e1d447628 - test::run_test_in_process::{{closure}}::h15d92f75a3adfb79
[INFO] [stdout]                                at /rustc/202008a1b8de96d2e5b6bc02d379db03a877d34d/library/test/src/lib.rs:655:60
[INFO] [stdout]   27:     0x569e1d447628 - <core::panic::unwind_safe::AssertUnwindSafe<F> as core::ops::function::FnOnce<()>>::call_once::hb6c8955835a8dbbb
[INFO] [stdout]                                at /rustc/202008a1b8de96d2e5b6bc02d379db03a877d34d/library/core/src/panic/unwind_safe.rs:272:9
[INFO] [stdout]   28:     0x569e1d447628 - std::panicking::try::do_call::hc79d0fc888a0bd30
[INFO] [stdout]                                at /rustc/202008a1b8de96d2e5b6bc02d379db03a877d34d/library/std/src/panicking.rs:557:40
[INFO] [stdout]   29:     0x569e1d447628 - std::panicking::try::hb8a7878e3a8589d6
[INFO] [stdout]                                at /rustc/202008a1b8de96d2e5b6bc02d379db03a877d34d/library/std/src/panicking.rs:520:19
[INFO] [stdout]   30:     0x569e1d447628 - std::panic::catch_unwind::hb8e4600ff0ff5cfa
[INFO] [stdout]                                at /rustc/202008a1b8de96d2e5b6bc02d379db03a877d34d/library/std/src/panic.rs:358:14
[INFO] [stdout]   31:     0x569e1d447628 - test::run_test_in_process::hc2900b0b18688dd6
[INFO] [stdout]                                at /rustc/202008a1b8de96d2e5b6bc02d379db03a877d34d/library/test/src/lib.rs:655:27
[INFO] [stdout]   32:     0x569e1d447628 - test::run_test::{{closure}}::hac2a9cb07be3d48d
[INFO] [stdout]                                at /rustc/202008a1b8de96d2e5b6bc02d379db03a877d34d/library/test/src/lib.rs:576:43
[INFO] [stdout]   33:     0x569e1d40b0ca - test::run_test::{{closure}}::h4a5b729e66a38cd8
[INFO] [stdout]                                at /rustc/202008a1b8de96d2e5b6bc02d379db03a877d34d/library/test/src/lib.rs:606:41
[INFO] [stdout]   34:     0x569e1d40b0ca - std::sys::backtrace::__rust_begin_short_backtrace::h0496fb742492f573
[INFO] [stdout]                                at /rustc/202008a1b8de96d2e5b6bc02d379db03a877d34d/library/std/src/sys/backtrace.rs:154:18
[INFO] [stdout]   35:     0x569e1d40ea44 - std::thread::Builder::spawn_unchecked_::{{closure}}::{{closure}}::hbb6d257c550a54bd
[INFO] [stdout]                                at /rustc/202008a1b8de96d2e5b6bc02d379db03a877d34d/library/std/src/thread/mod.rs:561:17
[INFO] [stdout]   36:     0x569e1d40ea44 - <core::panic::unwind_safe::AssertUnwindSafe<F> as core::ops::function::FnOnce<()>>::call_once::h46696fe4a6832328
[INFO] [stdout]                                at /rustc/202008a1b8de96d2e5b6bc02d379db03a877d34d/library/core/src/panic/unwind_safe.rs:272:9
[INFO] [stdout]   37:     0x569e1d40ea44 - std::panicking::try::do_call::h2625a51b667bfb64
[INFO] [stdout]                                at /rustc/202008a1b8de96d2e5b6bc02d379db03a877d34d/library/std/src/panicking.rs:557:40
[INFO] [stdout]   38:     0x569e1d40ea44 - std::panicking::try::hb956a59a1973aa4c
[INFO] [stdout]                                at /rustc/202008a1b8de96d2e5b6bc02d379db03a877d34d/library/std/src/panicking.rs:520:19
[INFO] [stdout]   39:     0x569e1d40ea44 - std::panic::catch_unwind::h64f3b9d1067ef6a0
[INFO] [stdout]                                at /rustc/202008a1b8de96d2e5b6bc02d379db03a877d34d/library/std/src/panic.rs:358:14
[INFO] [stdout]   40:     0x569e1d40ea44 - std::thread::Builder::spawn_unchecked_::{{closure}}::h42b2841295b6c0b2
[INFO] [stdout]                                at /rustc/202008a1b8de96d2e5b6bc02d379db03a877d34d/library/std/src/thread/mod.rs:559:30
[INFO] [stdout]   41:     0x569e1d40ea44 - core::ops::function::FnOnce::call_once{{vtable.shim}}::h6127de71b8124639
[INFO] [stdout]                                at /rustc/202008a1b8de96d2e5b6bc02d379db03a877d34d/library/core/src/ops/function.rs:250:5
[INFO] [stdout]   42:     0x569e1d567d7b - <alloc::boxed::Box<F,A> as core::ops::function::FnOnce<Args>>::call_once::h42f0ba71002a1b2c
[INFO] [stdout]                                at /rustc/202008a1b8de96d2e5b6bc02d379db03a877d34d/library/alloc/src/boxed.rs:1972:9
[INFO] [stdout]   43:     0x569e1d567d7b - <alloc::boxed::Box<F,A> as core::ops::function::FnOnce<Args>>::call_once::had9e47d7a3dcecb8
[INFO] [stdout]                                at /rustc/202008a1b8de96d2e5b6bc02d379db03a877d34d/library/alloc/src/boxed.rs:1972:9
[INFO] [stdout]   44:     0x569e1d567d7b - std::sys::pal::unix::thread::Thread::new::thread_start::h48cf765408f6f5f2
[INFO] [stdout]                                at /rustc/202008a1b8de96d2e5b6bc02d379db03a877d34d/library/std/src/sys/pal/unix/thread.rs:105:17
[INFO] [stdout]   45:     0x77c2392deac3 - <unknown>
[INFO] [stdout]   46:     0x77c23936fa04 - clone
[INFO] [stdout]   47:                0x0 - <unknown>
[INFO] [stdout] 
[INFO] [stdout] 
[INFO] [stdout] failures:
[INFO] [stdout]     av::stream::test_valid_path
[INFO] [stdout] 
[INFO] [stdout] test result: FAILED. 6 passed; 1 failed; 0 ignored; 0 measured; 0 filtered out; finished in 0.10s
[INFO] [stdout] 
[INFO] running `Command { std: "docker" "inspect" "8d12c8f8a4d1307f2cad36f7cbad1c203fc36890715908368bd3bedf3a9a0f2e", kill_on_drop: false }`
[INFO] running `Command { std: "docker" "rm" "-f" "8d12c8f8a4d1307f2cad36f7cbad1c203fc36890715908368bd3bedf3a9a0f2e", kill_on_drop: false }`
[INFO] [stdout] 8d12c8f8a4d1307f2cad36f7cbad1c203fc36890715908368bd3bedf3a9a0f2e
