[INFO] cloning repository https://github.com/bearcove/merde_json
[INFO] running `Command { std: "git" "-c" "credential.helper=" "-c" "credential.helper=/workspace/cargo-home/bin/git-credential-null" "clone" "--bare" "https://github.com/bearcove/merde_json" "/workspace/cache/git-repos/https%3A%2F%2Fgithub.com%2Fbearcove%2Fmerde_json", kill_on_drop: false }`
[INFO] [stderr] Cloning into bare repository '/workspace/cache/git-repos/https%3A%2F%2Fgithub.com%2Fbearcove%2Fmerde_json'...
[INFO] running `Command { std: "git" "rev-parse" "HEAD", kill_on_drop: false }`
[INFO] [stdout] f0c44797233f828cb11f3657f714cb05dc6bc1be
[INFO] testing bearcove/merde_json against 1.83.0 for beta-1.84.0-4-retry
[INFO] running `Command { std: "git" "clone" "/workspace/cache/git-repos/https%3A%2F%2Fgithub.com%2Fbearcove%2Fmerde_json" "/workspace/builds/worker-7-tc1/source", kill_on_drop: false }`
[INFO] [stderr] Cloning into '/workspace/builds/worker-7-tc1/source'...
[INFO] [stderr] done.
[INFO] validating manifest of git repo https://github.com/bearcove/merde_json on toolchain 1.83.0
[INFO] running `Command { std: CARGO_HOME="/workspace/cargo-home" RUSTUP_HOME="/workspace/rustup-home" "/workspace/cargo-home/bin/cargo" "+1.83.0" "metadata" "--manifest-path" "Cargo.toml" "--no-deps", kill_on_drop: false }`
[INFO] removed /workspace/builds/worker-7-tc1/source/rust-toolchain.toml
[INFO] started tweaking git repo https://github.com/bearcove/merde_json
[INFO] finished tweaking git repo https://github.com/bearcove/merde_json
[INFO] tweaked toml for git repo https://github.com/bearcove/merde_json written to /workspace/builds/worker-7-tc1/source/Cargo.toml
[INFO] crate git repo https://github.com/bearcove/merde_json already has a lockfile, it will not be regenerated
[INFO] running `Command { std: CARGO_HOME="/workspace/cargo-home" RUSTUP_HOME="/workspace/rustup-home" "/workspace/cargo-home/bin/cargo" "+1.83.0" "fetch" "--manifest-path" "Cargo.toml", kill_on_drop: false }`
[INFO] [stderr]     Updating crates.io index
[INFO] [stderr]  Downloading crates ...
[INFO] [stderr]   Downloaded target-triple v0.1.3
[INFO] [stderr]   Downloaded trybuild v1.0.101
[INFO] [stderr]   Downloaded compact_bytes v0.1.3
[INFO] [stderr]   Downloaded insta v1.40.0
[INFO] running `Command { std: "docker" "create" "-v" "/var/lib/crater-agent-workspace/builds/worker-7-tc1/target:/opt/rustwide/target:rw,Z" "-v" "/var/lib/crater-agent-workspace/builds/worker-7-tc1/source:/opt/rustwide/workdir:ro,Z" "-v" "/var/lib/crater-agent-workspace/cargo-home:/opt/rustwide/cargo-home:ro,Z" "-v" "/var/lib/crater-agent-workspace/rustup-home:/opt/rustwide/rustup-home:ro,Z" "-e" "SOURCE_DIR=/opt/rustwide/workdir" "-e" "CARGO_TARGET_DIR=/opt/rustwide/target" "-e" "CARGO_HOME=/opt/rustwide/cargo-home" "-e" "RUSTUP_HOME=/opt/rustwide/rustup-home" "-w" "/opt/rustwide/workdir" "-m" "1610612736" "--user" "0:0" "--network" "none" "ghcr.io/rust-lang/crates-build-env/linux@sha256:f3a9d4ad9d972b27faf3965f35b62e55ba32bbce8f20bc8fe909558a86702fde" "/opt/rustwide/cargo-home/bin/cargo" "+1.83.0" "metadata" "--no-deps" "--format-version=1", kill_on_drop: false }`
[INFO] [stdout] bab6e5f241f2504bd6805acf76481325fbc52406ef19796e747048fc2e455457
[INFO] running `Command { std: "docker" "start" "-a" "bab6e5f241f2504bd6805acf76481325fbc52406ef19796e747048fc2e455457", kill_on_drop: false }`
[INFO] running `Command { std: "docker" "inspect" "bab6e5f241f2504bd6805acf76481325fbc52406ef19796e747048fc2e455457", kill_on_drop: false }`
[INFO] running `Command { std: "docker" "rm" "-f" "bab6e5f241f2504bd6805acf76481325fbc52406ef19796e747048fc2e455457", kill_on_drop: false }`
[INFO] [stdout] bab6e5f241f2504bd6805acf76481325fbc52406ef19796e747048fc2e455457
[INFO] running `Command { std: "docker" "create" "-v" "/var/lib/crater-agent-workspace/builds/worker-7-tc1/target:/opt/rustwide/target:rw,Z" "-v" "/var/lib/crater-agent-workspace/builds/worker-7-tc1/source:/opt/rustwide/workdir:ro,Z" "-v" "/var/lib/crater-agent-workspace/cargo-home:/opt/rustwide/cargo-home:ro,Z" "-v" "/var/lib/crater-agent-workspace/rustup-home:/opt/rustwide/rustup-home:ro,Z" "-e" "SOURCE_DIR=/opt/rustwide/workdir" "-e" "CARGO_TARGET_DIR=/opt/rustwide/target" "-e" "CARGO_INCREMENTAL=0" "-e" "RUST_BACKTRACE=full" "-e" "RUSTFLAGS=--cap-lints=warn" "-e" "RUSTDOCFLAGS=--cap-lints=warn" "-e" "CARGO_HOME=/opt/rustwide/cargo-home" "-e" "RUSTUP_HOME=/opt/rustwide/rustup-home" "-w" "/opt/rustwide/workdir" "-m" "1610612736" "--user" "0:0" "--network" "none" "ghcr.io/rust-lang/crates-build-env/linux@sha256:f3a9d4ad9d972b27faf3965f35b62e55ba32bbce8f20bc8fe909558a86702fde" "/opt/rustwide/cargo-home/bin/cargo" "+1.83.0" "build" "--frozen" "--message-format=json", kill_on_drop: false }`
[INFO] [stdout] 0123aab2af0166aa8aad24586d8c428293b87b30a7228248cb82ab80241ae038
[INFO] running `Command { std: "docker" "start" "-a" "0123aab2af0166aa8aad24586d8c428293b87b30a7228248cb82ab80241ae038", kill_on_drop: false }`
[INFO] [stderr]    Compiling autocfg v1.3.0
[INFO] [stderr]    Compiling static_assertions v1.1.0
[INFO] [stderr]    Compiling rustversion v1.0.17
[INFO] [stderr]    Compiling serde v1.0.210
[INFO] [stderr]    Compiling itoa v1.0.11
[INFO] [stderr]    Compiling version_check v0.9.5
[INFO] [stderr]    Compiling ryu v1.0.18
[INFO] [stderr]    Compiling zerocopy v0.7.35
[INFO] [stderr]    Compiling once_cell v1.20.0
[INFO] [stderr]    Compiling allocator-api2 v0.2.18
[INFO] [stderr]    Compiling paste v1.0.15
[INFO] [stderr]    Compiling arraydeque v0.5.1
[INFO] [stderr]    Compiling byteorder v1.5.0
[INFO] [stderr]    Compiling lexical-util v0.8.5
[INFO] [stderr]    Compiling num-traits v0.2.19
[INFO] [stderr]    Compiling ahash v0.8.11
[INFO] [stderr]    Compiling hashbrown v0.14.5
[INFO] [stderr]    Compiling castaway v0.2.3
[INFO] [stderr]    Compiling compact_str v0.8.0
[INFO] [stderr]    Compiling lexical-parse-integer v0.8.6
[INFO] [stderr]    Compiling ordered-float v4.3.0
[INFO] [stderr]    Compiling rmp v0.8.14
[INFO] [stderr]    Compiling hashlink v0.8.4
[INFO] [stderr]    Compiling lexical-parse-float v0.8.5
[INFO] [stderr]    Compiling yaml-rust2 v0.8.1
[INFO] [stderr]    Compiling compact_bytes v0.1.3
[INFO] [stderr]    Compiling merde_core v10.0.0 (/opt/rustwide/workdir/merde_core)
[INFO] [stderr]    Compiling merde v10.0.0 (/opt/rustwide/workdir/merde)
[INFO] [stderr]    Compiling merde_loggingserializer v8.0.0 (/opt/rustwide/workdir/merde_loggingserializer)
[INFO] [stderr]    Compiling merde_msgpack v10.0.0 (/opt/rustwide/workdir/merde_msgpack)
[INFO] [stderr]    Compiling merde_json v10.0.0 (/opt/rustwide/workdir/merde_json)
[INFO] [stderr]    Compiling merde_yaml v10.0.0 (/opt/rustwide/workdir/merde_yaml)
[INFO] [stderr]     Finished `dev` profile [unoptimized + debuginfo] target(s) in 9.28s
[INFO] running `Command { std: "docker" "inspect" "0123aab2af0166aa8aad24586d8c428293b87b30a7228248cb82ab80241ae038", kill_on_drop: false }`
[INFO] running `Command { std: "docker" "rm" "-f" "0123aab2af0166aa8aad24586d8c428293b87b30a7228248cb82ab80241ae038", kill_on_drop: false }`
[INFO] [stdout] 0123aab2af0166aa8aad24586d8c428293b87b30a7228248cb82ab80241ae038
[INFO] running `Command { std: "docker" "create" "-v" "/var/lib/crater-agent-workspace/builds/worker-7-tc1/target:/opt/rustwide/target:rw,Z" "-v" "/var/lib/crater-agent-workspace/builds/worker-7-tc1/source:/opt/rustwide/workdir:ro,Z" "-v" "/var/lib/crater-agent-workspace/cargo-home:/opt/rustwide/cargo-home:ro,Z" "-v" "/var/lib/crater-agent-workspace/rustup-home:/opt/rustwide/rustup-home:ro,Z" "-e" "SOURCE_DIR=/opt/rustwide/workdir" "-e" "CARGO_TARGET_DIR=/opt/rustwide/target" "-e" "CARGO_INCREMENTAL=0" "-e" "RUST_BACKTRACE=full" "-e" "RUSTFLAGS=--cap-lints=warn" "-e" "RUSTDOCFLAGS=--cap-lints=warn" "-e" "CARGO_HOME=/opt/rustwide/cargo-home" "-e" "RUSTUP_HOME=/opt/rustwide/rustup-home" "-w" "/opt/rustwide/workdir" "-m" "1610612736" "--user" "0:0" "--network" "none" "ghcr.io/rust-lang/crates-build-env/linux@sha256:f3a9d4ad9d972b27faf3965f35b62e55ba32bbce8f20bc8fe909558a86702fde" "/opt/rustwide/cargo-home/bin/cargo" "+1.83.0" "test" "--frozen" "--no-run" "--message-format=json", kill_on_drop: false }`
[INFO] [stdout] f613724e7b389ef5725f3bdd00bca4ab0a5b7615dd9ed0dc53805779dabb2e21
[INFO] running `Command { std: "docker" "start" "-a" "f613724e7b389ef5725f3bdd00bca4ab0a5b7615dd9ed0dc53805779dabb2e21", kill_on_drop: false }`
[INFO] [stderr]    Compiling proc-macro2 v1.0.86
[INFO] [stderr]    Compiling unicode-ident v1.0.12
[INFO] [stderr]    Compiling equivalent v1.0.1
[INFO] [stderr]    Compiling hashbrown v0.15.0
[INFO] [stderr]    Compiling libc v0.2.159
[INFO] [stderr]    Compiling serde_spanned v0.6.8
[INFO] [stderr]    Compiling toml_datetime v0.6.8
[INFO] [stderr]    Compiling winnow v0.6.20
[INFO] [stderr]    Compiling serde_json v1.0.132
[INFO] [stderr]    Compiling target-triple v0.1.3
[INFO] [stderr]    Compiling memchr v2.7.4
[INFO] [stderr]    Compiling powerfmt v0.2.0
[INFO] [stderr]    Compiling num-conv v0.1.0
[INFO] [stderr]    Compiling time-core v0.1.2
[INFO] [stderr]    Compiling lazy_static v1.5.0
[INFO] [stderr]    Compiling termcolor v1.4.1
[INFO] [stderr]    Compiling glob v0.3.1
[INFO] [stderr]    Compiling similar v2.6.0
[INFO] [stderr]    Compiling linked-hash-map v0.5.6
[INFO] [stderr]    Compiling merde_json v10.0.0 (/opt/rustwide/workdir/merde_json)
[INFO] [stderr]    Compiling merde_yaml v10.0.0 (/opt/rustwide/workdir/merde_yaml)
[INFO] [stderr]    Compiling deranged v0.3.11
[INFO] [stderr]    Compiling time-macros v0.2.18
[INFO] [stderr]    Compiling merde_msgpack v10.0.0 (/opt/rustwide/workdir/merde_msgpack)
[INFO] [stderr]    Compiling merde_loggingserializer v8.0.0 (/opt/rustwide/workdir/merde_loggingserializer)
[INFO] [stderr]    Compiling merde v10.0.0 (/opt/rustwide/workdir/merde)
[INFO] [stderr]    Compiling indexmap v2.6.0
[INFO] [stderr]    Compiling console v0.15.8
[INFO] [stderr]    Compiling time v0.3.36
[INFO] [stderr]    Compiling quote v1.0.36
[INFO] [stderr]    Compiling insta v1.40.0
[INFO] [stderr]    Compiling syn v2.0.72
[INFO] [stderr]    Compiling toml_edit v0.22.22
[INFO] [stderr]    Compiling toml v0.8.19
[INFO] [stderr]    Compiling serde_derive v1.0.210
[INFO] [stderr]    Compiling trybuild v1.0.101
[INFO] [stderr]    Compiling merde_core v10.0.0 (/opt/rustwide/workdir/merde_core)
[INFO] [stderr]     Finished `test` profile [unoptimized + debuginfo] target(s) in 21.79s
[INFO] running `Command { std: "docker" "inspect" "f613724e7b389ef5725f3bdd00bca4ab0a5b7615dd9ed0dc53805779dabb2e21", kill_on_drop: false }`
[INFO] running `Command { std: "docker" "rm" "-f" "f613724e7b389ef5725f3bdd00bca4ab0a5b7615dd9ed0dc53805779dabb2e21", kill_on_drop: false }`
[INFO] [stdout] f613724e7b389ef5725f3bdd00bca4ab0a5b7615dd9ed0dc53805779dabb2e21
[INFO] running `Command { std: "docker" "create" "-v" "/var/lib/crater-agent-workspace/builds/worker-7-tc1/target:/opt/rustwide/target:rw,Z" "-v" "/var/lib/crater-agent-workspace/builds/worker-7-tc1/source:/opt/rustwide/workdir:ro,Z" "-v" "/var/lib/crater-agent-workspace/cargo-home:/opt/rustwide/cargo-home:ro,Z" "-v" "/var/lib/crater-agent-workspace/rustup-home:/opt/rustwide/rustup-home:ro,Z" "-e" "SOURCE_DIR=/opt/rustwide/workdir" "-e" "CARGO_TARGET_DIR=/opt/rustwide/target" "-e" "CARGO_INCREMENTAL=0" "-e" "RUST_BACKTRACE=full" "-e" "RUSTFLAGS=--cap-lints=warn" "-e" "RUSTDOCFLAGS=--cap-lints=warn" "-e" "CARGO_HOME=/opt/rustwide/cargo-home" "-e" "RUSTUP_HOME=/opt/rustwide/rustup-home" "-w" "/opt/rustwide/workdir" "-m" "1610612736" "--user" "0:0" "--network" "none" "ghcr.io/rust-lang/crates-build-env/linux@sha256:f3a9d4ad9d972b27faf3965f35b62e55ba32bbce8f20bc8fe909558a86702fde" "/opt/rustwide/cargo-home/bin/cargo" "+1.83.0" "test" "--frozen", kill_on_drop: false }`
[INFO] [stdout] e55ed2fa8d98c98c1e4bc24dd0713b3f6e3463acfbf0f85cbbe2ba520dda8eb5
[INFO] running `Command { std: "docker" "start" "-a" "e55ed2fa8d98c98c1e4bc24dd0713b3f6e3463acfbf0f85cbbe2ba520dda8eb5", kill_on_drop: false }`
[INFO] [stderr]     Finished `test` profile [unoptimized + debuginfo] target(s) in 0.09s
[INFO] [stderr]      Running unittests src/lib.rs (/opt/rustwide/target/debug/deps/merde-7b819229eda596c4)
[INFO] [stderr]      Running unittests src/lib.rs (/opt/rustwide/target/debug/deps/merde_core-958164c050a1e261)
[INFO] [stdout] 
[INFO] [stdout] running 0 tests
[INFO] [stdout] 
[INFO] [stdout] test result: ok. 0 passed; 0 failed; 0 ignored; 0 measured; 0 filtered out; finished in 0.00s
[INFO] [stdout] 
[INFO] [stdout] 
[INFO] [stdout] running 6 tests
[INFO] [stdout] test cowstr::tests::test_partialeq_with_str ... ok
[INFO] [stdout] test deserialize::tests::test_fieldslot_with_assign ... ok
[INFO] [stdout] test deserialize::tests::test_fieldslot_no_assign ... ok
[INFO] [stdout] test deserialize::tests::test_fieldslot_with_assign_mismatched_type - should panic ... ok
[INFO] [stdout] test serialize::tests::test_serialize ... ok
[INFO] [stderr]    Compiling rustversion v1.0.17
[INFO] [stderr]    Compiling autocfg v1.3.0
[INFO] [stderr]    Compiling serde v1.0.210
[INFO] [stderr]    Compiling libc v0.2.159
[INFO] [stderr]     Checking static_assertions v1.1.0
[INFO] [stderr]     Checking ryu v1.0.18
[INFO] [stderr]    Compiling time-core v0.1.2
[INFO] [stderr]     Checking cfg-if v1.0.0
[INFO] [stderr]     Checking lazy_static v1.5.0
[INFO] [stderr]    Compiling num-conv v0.1.0
[INFO] [stderr]     Checking itoa v1.0.11
[INFO] [stderr]     Checking powerfmt v0.2.0
[INFO] [stderr]     Checking linked-hash-map v0.5.6
[INFO] [stderr]     Checking similar v2.6.0
[INFO] [stderr]    Compiling time-macros v0.2.18
[INFO] [stderr]     Checking deranged v0.3.11
[INFO] [stderr]    Compiling num-traits v0.2.19
[INFO] [stderr]     Checking time v0.3.36
[INFO] [stderr]     Checking castaway v0.2.3
[INFO] [stderr]     Checking console v0.15.8
[INFO] [stderr]     Checking compact_str v0.8.0
[INFO] [stderr]     Checking insta v1.40.0
[INFO] [stderr]     Checking ordered-float v4.3.0
[INFO] [stderr]     Checking compact_bytes v0.1.3
[INFO] [stderr]     Checking merde_core v10.0.0 (/opt/rustwide/workdir/merde_core)
[INFO] [stderr]     Checking merde_core-tests v0.0.0 (/opt/rustwide/target/tests/trybuild/merde_core)
[INFO] [stderr]     Finished `dev` profile [unoptimized + debuginfo] target(s) in 7.75s
[INFO] [stderr] 
[INFO] [stderr] 
[INFO] [stderr] test tests/ui/static-borrow-lifetime.rs ... ok
[INFO] [stderr] test tests/ui/static-s-lifetime.rs ... ok
[INFO] [stdout] test deserialize::tests::ui ... ok
[INFO] [stderr] test tests/ui/subtyping.rs ... ok
[INFO] [stdout] 
[INFO] [stderr] 
[INFO] [stdout] test result: ok. 6 passed; 0 failed; 0 ignored; 0 measured; 0 filtered out; finished in 8.20s
[INFO] [stderr] 
[INFO] [stdout] 
[INFO] [stderr]      Running unittests src/lib.rs (/opt/rustwide/target/debug/deps/merde_json-86872eec0a13eef4)
[INFO] [stdout] 
[INFO] [stdout] running 2 tests
[INFO] [stdout] test deserialize::tests::test_cowify ... ok
[INFO] [stdout] test deserialize::tests::test_deserialize ... ok
[INFO] [stdout] 
[INFO] [stdout] test result: ok. 2 passed; 0 failed; 0 ignored; 0 measured; 0 filtered out; finished in 0.00s
[INFO] [stdout] 
[INFO] [stderr]      Running unittests src/lib.rs (/opt/rustwide/target/debug/deps/merde_loggingserializer-ad96418eac525fa5)
[INFO] [stdout] 
[INFO] [stdout] running 0 tests
[INFO] [stdout] 
[INFO] [stdout] test result: ok. 0 passed; 0 failed; 0 ignored; 0 measured; 0 filtered out; finished in 0.00s
[INFO] [stdout] 
[INFO] [stderr]      Running unittests src/lib.rs (/opt/rustwide/target/debug/deps/merde_msgpack-5e002077359507d1)
[INFO] [stdout] 
[INFO] [stdout] running 1 test
[INFO] [stdout] test tests::test_deserialize ... ok
[INFO] [stdout] 
[INFO] [stdout] test result: ok. 1 passed; 0 failed; 0 ignored; 0 measured; 0 filtered out; finished in 0.00s
[INFO] [stdout] 
[INFO] [stderr]      Running unittests src/lib.rs (/opt/rustwide/target/debug/deps/merde_yaml-acbb2f583efed290)
[INFO] [stdout] 
[INFO] [stdout] running 0 tests
[INFO] [stdout] 
[INFO] [stdout] test result: ok. 0 passed; 0 failed; 0 ignored; 0 measured; 0 filtered out; finished in 0.00s
[INFO] [stdout] 
[INFO] [stderr]    Doc-tests merde
[INFO] [stdout] 
[INFO] [stdout] running 22 tests
[INFO] [stdout] test merde/src/../README.md - (line 31) ... ignored
[INFO] [stdout] test merde/src/../README.md - (line 428) ... ignored
[INFO] [stdout] test merde/src/../README.md - (line 83) ... ignored
[INFO] [stdout] test merde/src/../README.md - (line 98) ... ignored
[INFO] [stdout] test merde/src/../README.md - (line 384) ... FAILED
[INFO] [stdout] test merde/src/../README.md - (line 230) ... FAILED
[INFO] [stdout] test merde/src/../README.md - (line 322) ... FAILED
[INFO] [stdout] test merde/src/../README.md - (line 309) ... FAILED
[INFO] [stdout] test merde/src/../README.md - (line 163) ... FAILED
[INFO] [stdout] test merde/src/../README.md - (line 182) ... FAILED
[INFO] [stdout] test merde/src/../README.md - (line 447) ... FAILED
[INFO] [stdout] test merde/src/lib.rs - derive (line 644) ... ok
[INFO] [stdout] test merde/src/../README.md - (line 52) ... FAILED
[INFO] [stdout] test merde/src/lib.rs - derive (line 678) ... FAILED
[INFO] [stdout] test merde/src/../README.md - (line 341) - compile fail ... ok
[INFO] [stdout] test merde/src/../README.md - (line 259) - compile fail ... ok
[INFO] [stdout] test merde/src/lib.rs - derive (line 661) ... ok
[INFO] [stdout] test merde/src/../README.md - (line 531) ... ok
[INFO] [stdout] test merde/src/../README.md - (line 135) ... ok
[INFO] [stdout] test merde/src/../README.md - (line 119) ... ok
[INFO] [stdout] test merde/src/lib.rs - derive (line 693) ... ok
[INFO] [stdout] test merde/src/../README.md - (line 495) ... ok
[INFO] [stdout] 
[INFO] [stdout] failures:
[INFO] [stdout] 
[INFO] [stdout] ---- merde/src/../README.md - (line 384) stdout ----
[INFO] [stdout] error[E0433]: failed to resolve: could not find `json` in `merde`
[INFO] [stdout]   --> merde/src/../README.md:407:35
[INFO] [stdout]    |
[INFO] [stdout] 26 |     let message: Message = merde::json::from_str(&s).unwrap();
[INFO] [stdout]    |                                   ^^^^ could not find `json` in `merde`
[INFO] [stdout]    |
[INFO] [stdout] note: found an item that was configured out
[INFO] [stdout]   --> /opt/rustwide/workdir/merde/src/lib.rs:6:23
[INFO] [stdout]    |
[INFO] [stdout] 6  | pub use merde_json as json;
[INFO] [stdout]    |                       ^^^^
[INFO] [stdout] note: the item is gated behind the `json` feature
[INFO] [stdout]   --> /opt/rustwide/workdir/merde/src/lib.rs:5:7
[INFO] [stdout]    |
[INFO] [stdout] 5  | #[cfg(feature = "json")]
[INFO] [stdout]    |       ^^^^^^^^^^^^^^^^
[INFO] [stdout] 
[INFO] [stdout] error: aborting due to 1 previous error
[INFO] [stdout] 
[INFO] [stdout] For more information about this error, try `rustc --explain E0433`.
[INFO] [stdout] Couldn't compile the test.
[INFO] [stdout] ---- merde/src/../README.md - (line 230) stdout ----
[INFO] [stdout] error[E0433]: failed to resolve: could not find `json` in `merde`
[INFO] [stdout]   --> merde/src/../README.md:251:42
[INFO] [stdout]    |
[INFO] [stdout] 24 | let emergencies: Vec<Emergency> = merde::json::from_str(input).unwrap();
[INFO] [stdout]    |                                          ^^^^ could not find `json` in `merde`
[INFO] [stdout]    |
[INFO] [stdout] note: found an item that was configured out
[INFO] [stdout]   --> /opt/rustwide/workdir/merde/src/lib.rs:6:23
[INFO] [stdout]    |
[INFO] [stdout] 6  | pub use merde_json as json;
[INFO] [stdout]    |                       ^^^^
[INFO] [stdout] note: the item is gated behind the `json` feature
[INFO] [stdout]   --> /opt/rustwide/workdir/merde/src/lib.rs:5:7
[INFO] [stdout]    |
[INFO] [stdout] 5  | #[cfg(feature = "json")]
[INFO] [stdout]    |       ^^^^^^^^^^^^^^^^
[INFO] [stdout] 
[INFO] [stdout] error: aborting due to 1 previous error
[INFO] [stdout] 
[INFO] [stdout] For more information about this error, try `rustc --explain E0433`.
[INFO] [stdout] Couldn't compile the test.
[INFO] [stdout] ---- merde/src/../README.md - (line 322) stdout ----
[INFO] [stdout] error[E0433]: failed to resolve: could not find `json` in `merde`
[INFO] [stdout]   --> merde/src/../README.md:330:33
[INFO] [stdout]    |
[INFO] [stdout] 11 | let v: Vec<CowStr<'_>> = merde::json::from_str(input).unwrap();
[INFO] [stdout]    |                                 ^^^^ could not find `json` in `merde`
[INFO] [stdout]    |
[INFO] [stdout] note: found an item that was configured out
[INFO] [stdout]   --> /opt/rustwide/workdir/merde/src/lib.rs:6:23
[INFO] [stdout]    |
[INFO] [stdout] 6  | pub use merde_json as json;
[INFO] [stdout]    |                       ^^^^
[INFO] [stdout] note: the item is gated behind the `json` feature
[INFO] [stdout]   --> /opt/rustwide/workdir/merde/src/lib.rs:5:7
[INFO] [stdout]    |
[INFO] [stdout] 5  | #[cfg(feature = "json")]
[INFO] [stdout]    |       ^^^^^^^^^^^^^^^^
[INFO] [stdout] 
[INFO] [stdout] error: aborting due to 1 previous error
[INFO] [stdout] 
[INFO] [stdout] For more information about this error, try `rustc --explain E0433`.
[INFO] [stdout] Couldn't compile the test.
[INFO] [stdout] ---- merde/src/../README.md - (line 309) stdout ----
[INFO] [stdout] error[E0433]: failed to resolve: could not find `json` in `merde`
[INFO] [stdout]   --> merde/src/../README.md:317:33
[INFO] [stdout]    |
[INFO] [stdout] 11 | let v: Vec<CowStr<'_>> = merde::json::from_str(input).unwrap();
[INFO] [stdout]    |                                 ^^^^ could not find `json` in `merde`
[INFO] [stdout]    |
[INFO] [stdout] note: found an item that was configured out
[INFO] [stdout]   --> /opt/rustwide/workdir/merde/src/lib.rs:6:23
[INFO] [stdout]    |
[INFO] [stdout] 6  | pub use merde_json as json;
[INFO] [stdout]    |                       ^^^^
[INFO] [stdout] note: the item is gated behind the `json` feature
[INFO] [stdout]   --> /opt/rustwide/workdir/merde/src/lib.rs:5:7
[INFO] [stdout]    |
[INFO] [stdout] 5  | #[cfg(feature = "json")]
[INFO] [stdout]    |       ^^^^^^^^^^^^^^^^
[INFO] [stdout] 
[INFO] [stdout] error: aborting due to 1 previous error
[INFO] [stdout] 
[INFO] [stdout] For more information about this error, try `rustc --explain E0433`.
[INFO] [stdout] Couldn't compile the test.
[INFO] [stdout] ---- merde/src/../README.md - (line 163) stdout ----
[INFO] [stdout] error[E0433]: failed to resolve: could not find `json` in `merde`
[INFO] [stdout]   --> merde/src/../README.md:176:36
[INFO] [stdout]    |
[INFO] [stdout] 16 | let wrapper: Vec<Wrapper> = merde::json::from_str(input).unwrap();
[INFO] [stdout]    |                                    ^^^^ could not find `json` in `merde`
[INFO] [stdout]    |
[INFO] [stdout] note: found an item that was configured out
[INFO] [stdout]   --> /opt/rustwide/workdir/merde/src/lib.rs:6:23
[INFO] [stdout]    |
[INFO] [stdout] 6  | pub use merde_json as json;
[INFO] [stdout]    |                       ^^^^
[INFO] [stdout] note: the item is gated behind the `json` feature
[INFO] [stdout]   --> /opt/rustwide/workdir/merde/src/lib.rs:5:7
[INFO] [stdout]    |
[INFO] [stdout] 5  | #[cfg(feature = "json")]
[INFO] [stdout]    |       ^^^^^^^^^^^^^^^^
[INFO] [stdout] 
[INFO] [stdout] error: aborting due to 1 previous error
[INFO] [stdout] 
[INFO] [stdout] For more information about this error, try `rustc --explain E0433`.
[INFO] [stdout] Couldn't compile the test.
[INFO] [stdout] ---- merde/src/../README.md - (line 182) stdout ----
[INFO] [stdout] error[E0433]: failed to resolve: could not find `json` in `merde`
[INFO] [stdout]   --> merde/src/../README.md:225:31
[INFO] [stdout]    |
[INFO] [stdout] 46 | let event: TestEvent = merde::json::from_str(input).unwrap();
[INFO] [stdout]    |                               ^^^^ could not find `json` in `merde`
[INFO] [stdout]    |
[INFO] [stdout] note: found an item that was configured out
[INFO] [stdout]   --> /opt/rustwide/workdir/merde/src/lib.rs:6:23
[INFO] [stdout]    |
[INFO] [stdout] 6  | pub use merde_json as json;
[INFO] [stdout]    |                       ^^^^
[INFO] [stdout] note: the item is gated behind the `json` feature
[INFO] [stdout]   --> /opt/rustwide/workdir/merde/src/lib.rs:5:7
[INFO] [stdout]    |
[INFO] [stdout] 5  | #[cfg(feature = "json")]
[INFO] [stdout]    |       ^^^^^^^^^^^^^^^^
[INFO] [stdout] 
[INFO] [stdout] error: aborting due to 1 previous error
[INFO] [stdout] 
[INFO] [stdout] For more information about this error, try `rustc --explain E0433`.
[INFO] [stdout] Couldn't compile the test.
[INFO] [stdout] ---- merde/src/../README.md - (line 447) stdout ----
[INFO] [stdout] error[E0432]: unresolved import `merde::time::OffsetDateTime`
[INFO] [stdout]   --> merde/src/../README.md:450:28
[INFO] [stdout]    |
[INFO] [stdout] 6  | use merde::time::{Rfc3339, OffsetDateTime};
[INFO] [stdout]    |                            ^^^^^^^^^^^^^^ no `OffsetDateTime` in `time`
[INFO] [stdout]    |
[INFO] [stdout] note: found an item that was configured out
[INFO] [stdout]   --> /opt/rustwide/workdir/merde_core/src/time.rs:64:15
[INFO] [stdout]    |
[INFO] [stdout] 64 | pub use time::OffsetDateTime;
[INFO] [stdout]    |               ^^^^^^^^^^^^^^
[INFO] [stdout] note: the item is gated behind the `time` feature
[INFO] [stdout]   --> /opt/rustwide/workdir/merde_core/src/time.rs:63:7
[INFO] [stdout]    |
[INFO] [stdout] 63 | #[cfg(feature = "time")]
[INFO] [stdout]    |       ^^^^^^^^^^^^^^^^
[INFO] [stdout] 
[INFO] [stdout] error[E0433]: failed to resolve: could not find `json` in `merde`
[INFO] [stdout]   --> merde/src/../README.md:469:29
[INFO] [stdout]    |
[INFO] [stdout] 25 | let person: Person = merde::json::from_str(input).unwrap();
[INFO] [stdout]    |                             ^^^^ could not find `json` in `merde`
[INFO] [stdout]    |
[INFO] [stdout] note: found an item that was configured out
[INFO] [stdout]   --> /opt/rustwide/workdir/merde/src/lib.rs:6:23
[INFO] [stdout]    |
[INFO] [stdout] 6  | pub use merde_json as json;
[INFO] [stdout]    |                       ^^^^
[INFO] [stdout] note: the item is gated behind the `json` feature
[INFO] [stdout]   --> /opt/rustwide/workdir/merde/src/lib.rs:5:7
[INFO] [stdout]    |
[INFO] [stdout] 5  | #[cfg(feature = "json")]
[INFO] [stdout]    |       ^^^^^^^^^^^^^^^^
[INFO] [stdout] 
[INFO] [stdout] error: aborting due to 2 previous errors
[INFO] [stdout] 
[INFO] [stdout] Some errors have detailed explanations: E0432, E0433.
[INFO] [stdout] For more information about an error, try `rustc --explain E0432`.
[INFO] [stdout] Couldn't compile the test.
[INFO] [stdout] ---- merde/src/../README.md - (line 52) stdout ----
[INFO] [stdout] error[E0433]: failed to resolve: could not find `json` in `merde`
[INFO] [stdout]   --> merde/src/../README.md:67:25
[INFO] [stdout]    |
[INFO] [stdout] 18 | let serialized = merde::json::to_string(&point).unwrap();
[INFO] [stdout]    |                         ^^^^ could not find `json` in `merde`
[INFO] [stdout]    |
[INFO] [stdout] note: found an item that was configured out
[INFO] [stdout]   --> /opt/rustwide/workdir/merde/src/lib.rs:6:23
[INFO] [stdout]    |
[INFO] [stdout] 6  | pub use merde_json as json;
[INFO] [stdout]    |                       ^^^^
[INFO] [stdout] note: the item is gated behind the `json` feature
[INFO] [stdout]   --> /opt/rustwide/workdir/merde/src/lib.rs:5:7
[INFO] [stdout]    |
[INFO] [stdout] 5  | #[cfg(feature = "json")]
[INFO] [stdout]    |       ^^^^^^^^^^^^^^^^
[INFO] [stdout] 
[INFO] [stdout] error[E0433]: failed to resolve: could not find `json` in `merde`
[INFO] [stdout]   --> merde/src/../README.md:70:34
[INFO] [stdout]    |
[INFO] [stdout] 21 | let deserialized: Point = merde::json::from_str(&serialized).unwrap();
[INFO] [stdout]    |                                  ^^^^ could not find `json` in `merde`
[INFO] [stdout]    |
[INFO] [stdout] note: found an item that was configured out
[INFO] [stdout]   --> /opt/rustwide/workdir/merde/src/lib.rs:6:23
[INFO] [stdout]    |
[INFO] [stdout] 6  | pub use merde_json as json;
[INFO] [stdout]    |                       ^^^^
[INFO] [stdout] note: the item is gated behind the `json` feature
[INFO] [stdout]   --> /opt/rustwide/workdir/merde/src/lib.rs:5:7
[INFO] [stdout]    |
[INFO] [stdout] 5  | #[cfg(feature = "json")]
[INFO] [stdout]    |       ^^^^^^^^^^^^^^^^
[INFO] [stdout] 
[INFO] [stdout] error: aborting due to 2 previous errors
[INFO] [stdout] 
[INFO] [stdout] For more information about this error, try `rustc --explain E0433`.
[INFO] [stdout] Couldn't compile the test.
[INFO] [stdout] ---- merde/src/lib.rs - derive (line 678) stdout ----
[INFO] [stdout] error[E0433]: failed to resolve: could not find `json` in `merde`
[INFO] [stdout]   --> merde/src/lib.rs:687:10
[INFO] [stdout]    |
[INFO] [stdout] 12 |   merde::json::to_string(&MyStruct("foobar".into())).unwrap(),
[INFO] [stdout]    |          ^^^^ could not find `json` in `merde`
[INFO] [stdout]    |
[INFO] [stdout] note: found an item that was configured out
[INFO] [stdout]   --> /opt/rustwide/workdir/merde/src/lib.rs:6:23
[INFO] [stdout]    |
[INFO] [stdout] 6  | pub use merde_json as json;
[INFO] [stdout]    |                       ^^^^
[INFO] [stdout] note: the item is gated behind the `json` feature
[INFO] [stdout]   --> /opt/rustwide/workdir/merde/src/lib.rs:5:7
[INFO] [stdout]    |
[INFO] [stdout] 5  | #[cfg(feature = "json")]
[INFO] [stdout]    |       ^^^^^^^^^^^^^^^^
[INFO] [stdout] 
[INFO] [stdout] error: aborting due to 1 previous error
[INFO] [stdout] 
[INFO] [stdout] For more information about this error, try `rustc --explain E0433`.
[INFO] [stdout] Couldn't compile the test.
[INFO] [stdout] 
[INFO] [stdout] failures:
[INFO] [stdout]     merde/src/../README.md - (line 163)
[INFO] [stdout]     merde/src/../README.md - (line 182)
[INFO] [stdout]     merde/src/../README.md - (line 230)
[INFO] [stdout]     merde/src/../README.md - (line 309)
[INFO] [stdout]     merde/src/../README.md - (line 322)
[INFO] [stdout]     merde/src/../README.md - (line 384)
[INFO] [stdout]     merde/src/../README.md - (line 447)
[INFO] [stdout]     merde/src/../README.md - (line 52)
[INFO] [stdout]     merde/src/lib.rs - derive (line 678)
[INFO] [stdout] 
[INFO] [stdout] test result: FAILED. 9 passed; 9 failed; 4 ignored; 0 measured; 0 filtered out; finished in 0.91s
[INFO] [stdout] 
[INFO] [stderr] error: doctest failed, to rerun pass `-p merde --doc`
[INFO] running `Command { std: "docker" "inspect" "e55ed2fa8d98c98c1e4bc24dd0713b3f6e3463acfbf0f85cbbe2ba520dda8eb5", kill_on_drop: false }`
[INFO] running `Command { std: "docker" "rm" "-f" "e55ed2fa8d98c98c1e4bc24dd0713b3f6e3463acfbf0f85cbbe2ba520dda8eb5", kill_on_drop: false }`
[INFO] [stdout] e55ed2fa8d98c98c1e4bc24dd0713b3f6e3463acfbf0f85cbbe2ba520dda8eb5
