[INFO] cloning repository https://github.com/balibots/medi-bot
[INFO] running `Command { std: "git" "-c" "credential.helper=" "-c" "credential.helper=/workspace/cargo-home/bin/git-credential-null" "clone" "--bare" "https://github.com/balibots/medi-bot" "/workspace/cache/git-repos/https%3A%2F%2Fgithub.com%2Fbalibots%2Fmedi-bot", kill_on_drop: false }`
[INFO] [stderr] Cloning into bare repository '/workspace/cache/git-repos/https%3A%2F%2Fgithub.com%2Fbalibots%2Fmedi-bot'...
[INFO] running `Command { std: "git" "rev-parse" "HEAD", kill_on_drop: false }`
[INFO] [stdout] f577512e2cb7642c7ffb1027084a55a896e75cfb
[INFO] testing balibots/medi-bot against 1.83.0 for beta-1.84.0-4-retry
[INFO] running `Command { std: "git" "clone" "/workspace/cache/git-repos/https%3A%2F%2Fgithub.com%2Fbalibots%2Fmedi-bot" "/workspace/builds/worker-6-tc1/source", kill_on_drop: false }`
[INFO] [stderr] Cloning into '/workspace/builds/worker-6-tc1/source'...
[INFO] [stderr] done.
[INFO] validating manifest of git repo https://github.com/balibots/medi-bot on toolchain 1.83.0
[INFO] running `Command { std: CARGO_HOME="/workspace/cargo-home" RUSTUP_HOME="/workspace/rustup-home" "/workspace/cargo-home/bin/cargo" "+1.83.0" "metadata" "--manifest-path" "Cargo.toml" "--no-deps", kill_on_drop: false }`
[INFO] started tweaking git repo https://github.com/balibots/medi-bot
[INFO] finished tweaking git repo https://github.com/balibots/medi-bot
[INFO] tweaked toml for git repo https://github.com/balibots/medi-bot written to /workspace/builds/worker-6-tc1/source/Cargo.toml
[INFO] crate git repo https://github.com/balibots/medi-bot already has a lockfile, it will not be regenerated
[INFO] running `Command { std: CARGO_HOME="/workspace/cargo-home" RUSTUP_HOME="/workspace/rustup-home" "/workspace/cargo-home/bin/cargo" "+1.83.0" "fetch" "--manifest-path" "Cargo.toml", kill_on_drop: false }`
[INFO] [stderr]     Updating crates.io index
[INFO] [stderr]  Downloading crates ...
[INFO] [stderr]   Downloaded redis-macros-derive v0.4.2
[INFO] [stderr]   Downloaded deadpool-redis v0.17.2
[INFO] [stderr]   Downloaded redis-macros v0.4.2
[INFO] [stderr]   Downloaded redis v0.26.1
[INFO] [stderr]   Downloaded redis v0.27.5
[INFO] running `Command { std: "docker" "create" "-v" "/var/lib/crater-agent-workspace/builds/worker-6-tc1/target:/opt/rustwide/target:rw,Z" "-v" "/var/lib/crater-agent-workspace/builds/worker-6-tc1/source:/opt/rustwide/workdir:ro,Z" "-v" "/var/lib/crater-agent-workspace/cargo-home:/opt/rustwide/cargo-home:ro,Z" "-v" "/var/lib/crater-agent-workspace/rustup-home:/opt/rustwide/rustup-home:ro,Z" "-e" "SOURCE_DIR=/opt/rustwide/workdir" "-e" "CARGO_TARGET_DIR=/opt/rustwide/target" "-e" "CARGO_HOME=/opt/rustwide/cargo-home" "-e" "RUSTUP_HOME=/opt/rustwide/rustup-home" "-w" "/opt/rustwide/workdir" "-m" "1610612736" "--user" "0:0" "--network" "none" "ghcr.io/rust-lang/crates-build-env/linux@sha256:f3a9d4ad9d972b27faf3965f35b62e55ba32bbce8f20bc8fe909558a86702fde" "/opt/rustwide/cargo-home/bin/cargo" "+1.83.0" "metadata" "--no-deps" "--format-version=1", kill_on_drop: false }`
[INFO] [stdout] 2427328b94cb92238841e28dfdcb48a5a91c6446ff8962675b0cf7f7a1ad93af
[INFO] running `Command { std: "docker" "start" "-a" "2427328b94cb92238841e28dfdcb48a5a91c6446ff8962675b0cf7f7a1ad93af", kill_on_drop: false }`
[INFO] running `Command { std: "docker" "inspect" "2427328b94cb92238841e28dfdcb48a5a91c6446ff8962675b0cf7f7a1ad93af", kill_on_drop: false }`
[INFO] running `Command { std: "docker" "rm" "-f" "2427328b94cb92238841e28dfdcb48a5a91c6446ff8962675b0cf7f7a1ad93af", kill_on_drop: false }`
[INFO] [stdout] 2427328b94cb92238841e28dfdcb48a5a91c6446ff8962675b0cf7f7a1ad93af
[INFO] running `Command { std: "docker" "create" "-v" "/var/lib/crater-agent-workspace/builds/worker-6-tc1/target:/opt/rustwide/target:rw,Z" "-v" "/var/lib/crater-agent-workspace/builds/worker-6-tc1/source:/opt/rustwide/workdir:ro,Z" "-v" "/var/lib/crater-agent-workspace/cargo-home:/opt/rustwide/cargo-home:ro,Z" "-v" "/var/lib/crater-agent-workspace/rustup-home:/opt/rustwide/rustup-home:ro,Z" "-e" "SOURCE_DIR=/opt/rustwide/workdir" "-e" "CARGO_TARGET_DIR=/opt/rustwide/target" "-e" "CARGO_INCREMENTAL=0" "-e" "RUST_BACKTRACE=full" "-e" "RUSTFLAGS=--cap-lints=warn" "-e" "RUSTDOCFLAGS=--cap-lints=warn" "-e" "CARGO_HOME=/opt/rustwide/cargo-home" "-e" "RUSTUP_HOME=/opt/rustwide/rustup-home" "-w" "/opt/rustwide/workdir" "-m" "1610612736" "--user" "0:0" "--network" "none" "ghcr.io/rust-lang/crates-build-env/linux@sha256:f3a9d4ad9d972b27faf3965f35b62e55ba32bbce8f20bc8fe909558a86702fde" "/opt/rustwide/cargo-home/bin/cargo" "+1.83.0" "build" "--frozen" "--message-format=json", kill_on_drop: false }`
[INFO] [stdout] 3dec6244101c40749fbac67c670bb1c5d35fae45fae8b3c3b39e9c441f2938ee
[INFO] running `Command { std: "docker" "start" "-a" "3dec6244101c40749fbac67c670bb1c5d35fae45fae8b3c3b39e9c441f2938ee", kill_on_drop: false }`
[INFO] [stderr]    Compiling proc-macro2 v1.0.88
[INFO] [stderr]    Compiling unicode-ident v1.0.13
[INFO] [stderr]    Compiling libc v0.2.161
[INFO] [stderr]    Compiling autocfg v1.4.0
[INFO] [stderr]    Compiling pin-project-lite v0.2.14
[INFO] [stderr]    Compiling memchr v2.7.4
[INFO] [stderr]    Compiling bytes v1.7.2
[INFO] [stderr]    Compiling futures-core v0.3.31
[INFO] [stderr]    Compiling futures-sink v0.3.31
[INFO] [stderr]    Compiling itoa v1.0.11
[INFO] [stderr]    Compiling serde v1.0.214
[INFO] [stderr]    Compiling futures-io v0.3.31
[INFO] [stderr]    Compiling fnv v1.0.7
[INFO] [stderr]    Compiling futures-task v0.3.31
[INFO] [stderr]    Compiling pin-utils v0.1.0
[INFO] [stderr]    Compiling shlex v1.3.0
[INFO] [stderr]    Compiling vcpkg v0.2.15
[INFO] [stderr]    Compiling syn v1.0.109
[INFO] [stderr]    Compiling pkg-config v0.3.31
[INFO] [stderr]    Compiling tinyvec_macros v0.1.1
[INFO] [stderr]    Compiling once_cell v1.20.2
[INFO] [stderr]    Compiling tinyvec v1.8.0
[INFO] [stderr]    Compiling futures-channel v0.3.31
[INFO] [stderr]    Compiling cfg-if v1.0.0
[INFO] [stderr]    Compiling percent-encoding v2.3.1
[INFO] [stderr]    Compiling ryu v1.0.18
[INFO] [stderr]    Compiling cc v1.1.31
[INFO] [stderr]    Compiling unicode-bidi v0.3.17
[INFO] [stderr]    Compiling form_urlencoded v1.2.1
[INFO] [stderr]    Compiling log v0.4.22
[INFO] [stderr]    Compiling openssl v0.10.68
[INFO] [stderr]    Compiling foreign-types-shared v0.1.1
[INFO] [stderr]    Compiling version_check v0.9.5
[INFO] [stderr]    Compiling tracing-core v0.1.32
[INFO] [stderr]    Compiling slab v0.4.9
[INFO] [stderr]    Compiling num-traits v0.2.19
[INFO] [stderr]    Compiling foreign-types v0.3.2
[INFO] [stderr]    Compiling strsim v0.10.0
[INFO] [stderr]    Compiling equivalent v1.0.1
[INFO] [stderr]    Compiling hashbrown v0.15.0
[INFO] [stderr]    Compiling http v0.2.12
[INFO] [stderr]    Compiling bitflags v2.6.0
[INFO] [stderr]    Compiling ident_case v1.0.1
[INFO] [stderr]    Compiling native-tls v0.2.12
[INFO] [stderr]    Compiling httparse v1.9.5
[INFO] [stderr]    Compiling tracing v0.1.40
[INFO] [stderr]    Compiling openssl-probe v0.1.5
[INFO] [stderr]    Compiling mio v1.0.2
[INFO] [stderr]    Compiling quote v1.0.37
[INFO] [stderr]    Compiling socket2 v0.5.7
[INFO] [stderr]    Compiling signal-hook-registry v1.4.2
[INFO] [stderr]    Compiling unicode-normalization v0.1.24
[INFO] [stderr]    Compiling try-lock v0.2.5
[INFO] [stderr]    Compiling unicase v2.8.0
[INFO] [stderr]    Compiling serde_json v1.0.132
[INFO] [stderr]    Compiling want v0.3.1
[INFO] [stderr]    Compiling proc-macro-error-attr v1.0.4
[INFO] [stderr]    Compiling syn v2.0.82
[INFO] [stderr]    Compiling num-integer v0.1.46
[INFO] [stderr]    Compiling erasable v1.2.1
[INFO] [stderr]    Compiling mime_guess v2.0.5
[INFO] [stderr]    Compiling indexmap v2.6.0
[INFO] [stderr]    Compiling tower-service v0.3.3
[INFO] [stderr]    Compiling httpdate v1.0.3
[INFO] [stderr]    Compiling proc-macro-error v1.0.4
[INFO] [stderr]    Compiling aho-corasick v1.1.3
[INFO] [stderr]    Compiling idna v0.5.0
[INFO] [stderr]    Compiling http-body v0.4.6
[INFO] [stderr]    Compiling num-bigint v0.4.6
[INFO] [stderr]    Compiling thiserror v1.0.64
[INFO] [stderr]    Compiling scopeguard v1.2.0
[INFO] [stderr]    Compiling mime v0.3.17
[INFO] [stderr]    Compiling arc-swap v1.7.1
[INFO] [stderr]    Compiling base64 v0.21.7
[INFO] [stderr]    Compiling regex-syntax v0.8.5
[INFO] [stderr]    Compiling rustls-pemfile v1.0.4
[INFO] [stderr]    Compiling include_dir_macros v0.7.4
[INFO] [stderr]    Compiling num_cpus v1.16.0
[INFO] [stderr]    Compiling getrandom v0.2.15
[INFO] [stderr]    Compiling encoding_rs v0.8.34
[INFO] [stderr]    Compiling ipnet v2.10.1
[INFO] [stderr]    Compiling openssl-sys v0.9.104
[INFO] [stderr]    Compiling either v1.13.0
[INFO] [stderr]    Compiling sync_wrapper v0.1.2
[INFO] [stderr]    Compiling convert_case v0.4.0
[INFO] [stderr]    Compiling uuid v1.11.0
[INFO] [stderr]    Compiling rc-box v1.2.0
[INFO] [stderr]    Compiling itertools v0.10.5
[INFO] [stderr]    Compiling chrono v0.4.38
[INFO] [stderr]    Compiling include_dir v0.7.4
[INFO] [stderr]    Compiling is-terminal v0.4.13
[INFO] [stderr]    Compiling humantime v2.1.0
[INFO] [stderr]    Compiling sha1_smol v1.0.1
[INFO] [stderr]    Compiling termcolor v1.4.1
[INFO] [stderr]    Compiling bitflags v1.3.2
[INFO] [stderr]    Compiling takecell v0.1.1
[INFO] [stderr]    Compiling heck v0.4.1
[INFO] [stderr]    Compiling take_mut v0.2.2
[INFO] [stderr]    Compiling dotenv v0.15.0
[INFO] [stderr]    Compiling regex-automata v0.4.8
[INFO] [stderr]    Compiling darling_core v0.13.4
[INFO] [stderr]    Compiling tokio-macros v2.4.0
[INFO] [stderr]    Compiling futures-macro v0.3.31
[INFO] [stderr]    Compiling serde_derive v1.0.214
[INFO] [stderr]    Compiling openssl-macros v0.1.1
[INFO] [stderr]    Compiling async-trait v0.1.83
[INFO] [stderr]    Compiling pin-project-internal v1.1.6
[INFO] [stderr]    Compiling thiserror-impl v1.0.64
[INFO] [stderr]    Compiling derive_more v0.99.18
[INFO] [stderr]    Compiling redis-macros-derive v0.4.2
[INFO] [stderr]    Compiling regex v1.11.0
[INFO] [stderr]    Compiling aquamarine v0.5.0
[INFO] [stderr]    Compiling teloxide-macros v0.8.0
[INFO] [stderr]    Compiling tokio v1.40.0
[INFO] [stderr]    Compiling futures-util v0.3.31
[INFO] [stderr]    Compiling env_logger v0.10.2
[INFO] [stderr]    Compiling darling_macro v0.13.4
[INFO] [stderr]    Compiling pretty_env_logger v0.5.0
[INFO] [stderr]    Compiling pin-project v1.1.6
[INFO] [stderr]    Compiling darling v0.13.4
[INFO] [stderr]    Compiling serde_with_macros v1.5.2
[INFO] [stderr]    Compiling futures-executor v0.3.31
[INFO] [stderr]    Compiling futures v0.3.31
[INFO] [stderr]    Compiling dptree v0.3.0
[INFO] [stderr]    Compiling tokio-util v0.7.12
[INFO] [stderr]    Compiling tokio-native-tls v0.3.1
[INFO] [stderr]    Compiling deadpool-runtime v0.1.4
[INFO] [stderr]    Compiling tokio-stream v0.1.16
[INFO] [stderr]    Compiling deadpool v0.12.1
[INFO] [stderr]    Compiling url v2.5.2
[INFO] [stderr]    Compiling serde_urlencoded v0.7.1
[INFO] [stderr]    Compiling serde_with v1.14.0
[INFO] [stderr]    Compiling h2 v0.3.26
[INFO] [stderr]    Compiling combine v4.6.7
[INFO] [stderr]    Compiling hyper v0.14.31
[INFO] [stderr]    Compiling redis v0.26.1
[INFO] [stderr]    Compiling redis v0.27.5
[INFO] [stderr]    Compiling hyper-tls v0.5.0
[INFO] [stderr]    Compiling reqwest v0.11.27
[INFO] [stderr]    Compiling teloxide-core v0.10.1
[INFO] [stderr]    Compiling deadpool-redis v0.17.2
[INFO] [stderr]    Compiling redis-macros v0.4.2
[INFO] [stderr]    Compiling teloxide v0.13.0
[INFO] [stderr]    Compiling medibot v0.1.0 (/opt/rustwide/workdir)
[INFO] [stdout] warning: function `start_add_medication` is never used
[INFO] [stdout]   --> src/add_medication.rs:10:14
[INFO] [stdout]    |
[INFO] [stdout] 10 | pub async fn start_add_medication(bot: Bot, dialogue: MyDialogue, msg: Message) -> HandlerResult {
[INFO] [stdout]    |              ^^^^^^^^^^^^^^^^^^^^
[INFO] [stdout]    |
[INFO] [stdout]    = note: `#[warn(dead_code)]` on by default
[INFO] [stdout] 
[INFO] [stdout] 
[INFO] [stdout] warning: associated items `new` and `get_hours` are never used
[INFO] [stdout]   --> src/frequency.rs:10:12
[INFO] [stdout]    |
[INFO] [stdout] 9  | impl Frequency {
[INFO] [stdout]    | -------------- associated items in this implementation
[INFO] [stdout] 10 |     pub fn new(hours: usize) -> Frequency {
[INFO] [stdout]    |            ^^^
[INFO] [stdout] ...
[INFO] [stdout] 17 |     pub fn get_hours(&self) -> usize {
[INFO] [stdout]    |            ^^^^^^^^^
[INFO] [stdout] 
[INFO] [stdout] 
[INFO] [stdout] warning: associated function `get_by_id_and_name` is never used
[INFO] [stdout]   --> src/medication.rs:63:8
[INFO] [stdout]    |
[INFO] [stdout] 18 | impl Medication {
[INFO] [stdout]    | --------------- associated function in this implementation
[INFO] [stdout] ...
[INFO] [stdout] 63 |     fn get_by_id_and_name(
[INFO] [stdout]    |        ^^^^^^^^^^^^^^^^^^
[INFO] [stdout] 
[INFO] [stdout] 
[INFO] [stderr]     Finished `dev` profile [unoptimized + debuginfo] target(s) in 1m 31s
[INFO] running `Command { std: "docker" "inspect" "3dec6244101c40749fbac67c670bb1c5d35fae45fae8b3c3b39e9c441f2938ee", kill_on_drop: false }`
[INFO] running `Command { std: "docker" "rm" "-f" "3dec6244101c40749fbac67c670bb1c5d35fae45fae8b3c3b39e9c441f2938ee", kill_on_drop: false }`
[INFO] [stdout] 3dec6244101c40749fbac67c670bb1c5d35fae45fae8b3c3b39e9c441f2938ee
[INFO] running `Command { std: "docker" "create" "-v" "/var/lib/crater-agent-workspace/builds/worker-6-tc1/target:/opt/rustwide/target:rw,Z" "-v" "/var/lib/crater-agent-workspace/builds/worker-6-tc1/source:/opt/rustwide/workdir:ro,Z" "-v" "/var/lib/crater-agent-workspace/cargo-home:/opt/rustwide/cargo-home:ro,Z" "-v" "/var/lib/crater-agent-workspace/rustup-home:/opt/rustwide/rustup-home:ro,Z" "-e" "SOURCE_DIR=/opt/rustwide/workdir" "-e" "CARGO_TARGET_DIR=/opt/rustwide/target" "-e" "CARGO_INCREMENTAL=0" "-e" "RUST_BACKTRACE=full" "-e" "RUSTFLAGS=--cap-lints=warn" "-e" "RUSTDOCFLAGS=--cap-lints=warn" "-e" "CARGO_HOME=/opt/rustwide/cargo-home" "-e" "RUSTUP_HOME=/opt/rustwide/rustup-home" "-w" "/opt/rustwide/workdir" "-m" "1610612736" "--user" "0:0" "--network" "none" "ghcr.io/rust-lang/crates-build-env/linux@sha256:f3a9d4ad9d972b27faf3965f35b62e55ba32bbce8f20bc8fe909558a86702fde" "/opt/rustwide/cargo-home/bin/cargo" "+1.83.0" "test" "--frozen" "--no-run" "--message-format=json", kill_on_drop: false }`
[INFO] [stdout] 41c88155deec931f31dbf9d177038db39cd4330c5423af8673bb5f8241f08969
[INFO] running `Command { std: "docker" "start" "-a" "41c88155deec931f31dbf9d177038db39cd4330c5423af8673bb5f8241f08969", kill_on_drop: false }`
[INFO] [stderr]    Compiling medibot v0.1.0 (/opt/rustwide/workdir)
[INFO] [stdout] warning: function `start_add_medication` is never used
[INFO] [stdout]   --> src/add_medication.rs:10:14
[INFO] [stdout]    |
[INFO] [stdout] 10 | pub async fn start_add_medication(bot: Bot, dialogue: MyDialogue, msg: Message) -> HandlerResult {
[INFO] [stdout]    |              ^^^^^^^^^^^^^^^^^^^^
[INFO] [stdout]    |
[INFO] [stdout]    = note: `#[warn(dead_code)]` on by default
[INFO] [stdout] 
[INFO] [stdout] 
[INFO] [stdout] warning: method `get_hours` is never used
[INFO] [stdout]   --> src/frequency.rs:17:12
[INFO] [stdout]    |
[INFO] [stdout] 9  | impl Frequency {
[INFO] [stdout]    | -------------- method in this implementation
[INFO] [stdout] ...
[INFO] [stdout] 17 |     pub fn get_hours(&self) -> usize {
[INFO] [stdout]    |            ^^^^^^^^^
[INFO] [stdout] 
[INFO] [stdout] 
[INFO] [stderr]     Finished `test` profile [unoptimized + debuginfo] target(s) in 3.83s
[INFO] running `Command { std: "docker" "inspect" "41c88155deec931f31dbf9d177038db39cd4330c5423af8673bb5f8241f08969", kill_on_drop: false }`
[INFO] running `Command { std: "docker" "rm" "-f" "41c88155deec931f31dbf9d177038db39cd4330c5423af8673bb5f8241f08969", kill_on_drop: false }`
[INFO] [stdout] 41c88155deec931f31dbf9d177038db39cd4330c5423af8673bb5f8241f08969
[INFO] running `Command { std: "docker" "create" "-v" "/var/lib/crater-agent-workspace/builds/worker-6-tc1/target:/opt/rustwide/target:rw,Z" "-v" "/var/lib/crater-agent-workspace/builds/worker-6-tc1/source:/opt/rustwide/workdir:ro,Z" "-v" "/var/lib/crater-agent-workspace/cargo-home:/opt/rustwide/cargo-home:ro,Z" "-v" "/var/lib/crater-agent-workspace/rustup-home:/opt/rustwide/rustup-home:ro,Z" "-e" "SOURCE_DIR=/opt/rustwide/workdir" "-e" "CARGO_TARGET_DIR=/opt/rustwide/target" "-e" "CARGO_INCREMENTAL=0" "-e" "RUST_BACKTRACE=full" "-e" "RUSTFLAGS=--cap-lints=warn" "-e" "RUSTDOCFLAGS=--cap-lints=warn" "-e" "CARGO_HOME=/opt/rustwide/cargo-home" "-e" "RUSTUP_HOME=/opt/rustwide/rustup-home" "-w" "/opt/rustwide/workdir" "-m" "1610612736" "--user" "0:0" "--network" "none" "ghcr.io/rust-lang/crates-build-env/linux@sha256:f3a9d4ad9d972b27faf3965f35b62e55ba32bbce8f20bc8fe909558a86702fde" "/opt/rustwide/cargo-home/bin/cargo" "+1.83.0" "test" "--frozen", kill_on_drop: false }`
[INFO] [stdout] c833d52ce69e905f261f25f7ac8bb4178147722f5b12d2be73527c816d752e62
[INFO] running `Command { std: "docker" "start" "-a" "c833d52ce69e905f261f25f7ac8bb4178147722f5b12d2be73527c816d752e62", kill_on_drop: false }`
[INFO] [stderr] warning: function `start_add_medication` is never used
[INFO] [stderr]   --> src/add_medication.rs:10:14
[INFO] [stderr]    |
[INFO] [stderr] 10 | pub async fn start_add_medication(bot: Bot, dialogue: MyDialogue, msg: Message) -> HandlerResult {
[INFO] [stderr]    |              ^^^^^^^^^^^^^^^^^^^^
[INFO] [stderr]    |
[INFO] [stderr]    = note: `#[warn(dead_code)]` on by default
[INFO] [stderr] 
[INFO] [stderr] warning: method `get_hours` is never used
[INFO] [stderr]   --> src/frequency.rs:17:12
[INFO] [stderr]    |
[INFO] [stderr] 9  | impl Frequency {
[INFO] [stderr]    | -------------- method in this implementation
[INFO] [stderr] ...
[INFO] [stderr] 17 |     pub fn get_hours(&self) -> usize {
[INFO] [stderr]    |            ^^^^^^^^^
[INFO] [stderr] 
[INFO] [stderr] warning: `medibot` (bin "medibot" test) generated 2 warnings
[INFO] [stderr]     Finished `test` profile [unoptimized + debuginfo] target(s) in 0.22s
[INFO] [stderr]      Running unittests src/lib.rs (/opt/rustwide/target/debug/deps/medibot-47cfc65798e32df3)
[INFO] [stdout] 
[INFO] [stdout] running 0 tests
[INFO] [stdout] 
[INFO] [stdout] test result: ok. 0 passed; 0 failed; 0 ignored; 0 measured; 0 filtered out; finished in 0.00s
[INFO] [stdout] 
[INFO] [stderr]      Running unittests src/main.rs (/opt/rustwide/target/debug/deps/medibot-ce39abe16fdef40b)
[INFO] [stdout] 
[INFO] [stdout] running 5 tests
[INFO] [stdout] test frequency::tests::test_parse_frequency_times ... ok
[INFO] [stdout] test frequency::tests::test_parse_frequency_malformed ... ok
[INFO] [stdout] test frequency::tests::test_parse_frequency_every_day ... ok
[INFO] [stdout] test frequency::tests::test_parse_frequency_every ... ok
[INFO] [stdout] test medication::tests::test_create_save_medication ... FAILED
[INFO] [stdout] 
[INFO] [stdout] failures:
[INFO] [stdout] 
[INFO] [stdout] ---- medication::tests::test_create_save_medication stdout ----
[INFO] [stdout] thread 'medication::tests::test_create_save_medication' panicked at src/medication.rs:96:14:
[INFO] [stdout] Could not get a Redis connection: Connection refused (os error 111)
[INFO] [stdout] stack backtrace:
[INFO] [stdout]    0:     0x5aec6e7413ea - std::backtrace_rs::backtrace::libunwind::trace::h5a5b8284f2d0c266
[INFO] [stdout]                                at /rustc/90b35a6239c3d8bdabc530a6a0816f7ff89a0aaf/library/std/src/../../backtrace/src/backtrace/libunwind.rs:116:5
[INFO] [stdout]    1:     0x5aec6e7413ea - std::backtrace_rs::backtrace::trace_unsynchronized::h76d4f1c9b0b875e3
[INFO] [stdout]                                at /rustc/90b35a6239c3d8bdabc530a6a0816f7ff89a0aaf/library/std/src/../../backtrace/src/backtrace/mod.rs:66:5
[INFO] [stdout]    2:     0x5aec6e7413ea - std::sys::backtrace::_print_fmt::hc4546b8364a537c6
[INFO] [stdout]                                at /rustc/90b35a6239c3d8bdabc530a6a0816f7ff89a0aaf/library/std/src/sys/backtrace.rs:66:9
[INFO] [stdout]    3:     0x5aec6e7413ea - <std::sys::backtrace::BacktraceLock::print::DisplayBacktrace as core::fmt::Display>::fmt::h5b6bd5631a6d1f6b
[INFO] [stdout]                                at /rustc/90b35a6239c3d8bdabc530a6a0816f7ff89a0aaf/library/std/src/sys/backtrace.rs:39:26
[INFO] [stdout]    4:     0x5aec6e7699e3 - core::fmt::rt::Argument::fmt::h270f6602a2b96f62
[INFO] [stdout]                                at /rustc/90b35a6239c3d8bdabc530a6a0816f7ff89a0aaf/library/core/src/fmt/rt.rs:177:76
[INFO] [stdout]    5:     0x5aec6e7699e3 - core::fmt::write::h7550c97b06c86515
[INFO] [stdout]                                at /rustc/90b35a6239c3d8bdabc530a6a0816f7ff89a0aaf/library/core/src/fmt/mod.rs:1186:21
[INFO] [stdout]    6:     0x5aec6e73d8c3 - std::io::Write::write_fmt::h509ff860e5956e5e
[INFO] [stdout]                                at /rustc/90b35a6239c3d8bdabc530a6a0816f7ff89a0aaf/library/std/src/io/mod.rs:1839:15
[INFO] [stdout]    7:     0x5aec6e741232 - std::sys::backtrace::BacktraceLock::print::h2395ccd2c84ba3aa
[INFO] [stdout]                                at /rustc/90b35a6239c3d8bdabc530a6a0816f7ff89a0aaf/library/std/src/sys/backtrace.rs:42:9
[INFO] [stdout]    8:     0x5aec6e74284a - std::panicking::default_hook::{{closure}}::he19d4c7230e07961
[INFO] [stdout]                                at /rustc/90b35a6239c3d8bdabc530a6a0816f7ff89a0aaf/library/std/src/panicking.rs:268:22
[INFO] [stdout]    9:     0x5aec6e742654 - std::panicking::default_hook::hf614597d3c67bbdb
[INFO] [stdout]                                at /rustc/90b35a6239c3d8bdabc530a6a0816f7ff89a0aaf/library/std/src/panicking.rs:292:9
[INFO] [stdout]   10:     0x5aec6e5d9109 - <alloc::boxed::Box<F,A> as core::ops::function::Fn<Args>>::call::h39b51ce4599c23d1
[INFO] [stdout]                                at /rustc/90b35a6239c3d8bdabc530a6a0816f7ff89a0aaf/library/alloc/src/boxed.rs:2468:9
[INFO] [stdout]   11:     0x5aec6e5d9109 - test::test_main::{{closure}}::he977ae839a582784
[INFO] [stdout]                                at /rustc/90b35a6239c3d8bdabc530a6a0816f7ff89a0aaf/library/test/src/lib.rs:133:21
[INFO] [stdout]   12:     0x5aec6e742ee8 - <alloc::boxed::Box<F,A> as core::ops::function::Fn<Args>>::call::h9455091b6b06f9fb
[INFO] [stdout]                                at /rustc/90b35a6239c3d8bdabc530a6a0816f7ff89a0aaf/library/alloc/src/boxed.rs:2468:9
[INFO] [stdout]   13:     0x5aec6e742ee8 - std::panicking::rust_panic_with_hook::h8942133a8b252070
[INFO] [stdout]                                at /rustc/90b35a6239c3d8bdabc530a6a0816f7ff89a0aaf/library/std/src/panicking.rs:809:13
[INFO] [stdout]   14:     0x5aec6e742caa - std::panicking::begin_panic_handler::{{closure}}::hb5f5963570096b29
[INFO] [stdout]                                at /rustc/90b35a6239c3d8bdabc530a6a0816f7ff89a0aaf/library/std/src/panicking.rs:674:13
[INFO] [stdout]   15:     0x5aec6e7418c9 - std::sys::backtrace::__rust_end_short_backtrace::h6208cedc1922feda
[INFO] [stdout]                                at /rustc/90b35a6239c3d8bdabc530a6a0816f7ff89a0aaf/library/std/src/sys/backtrace.rs:170:18
[INFO] [stdout]   16:     0x5aec6e74293c - rust_begin_unwind
[INFO] [stdout]                                at /rustc/90b35a6239c3d8bdabc530a6a0816f7ff89a0aaf/library/std/src/panicking.rs:665:5
[INFO] [stdout]   17:     0x5aec6e58d130 - core::panicking::panic_fmt::h0c3082644d1bf418
[INFO] [stdout]                                at /rustc/90b35a6239c3d8bdabc530a6a0816f7ff89a0aaf/library/core/src/panicking.rs:74:14
[INFO] [stdout]   18:     0x5aec6e58d5b6 - core::result::unwrap_failed::hd20b4aa073bda1e2
[INFO] [stdout]                                at /rustc/90b35a6239c3d8bdabc530a6a0816f7ff89a0aaf/library/core/src/result.rs:1700:5
[INFO] [stdout]   19:     0x5aec6e598740 - core::result::Result<T,E>::expect::hef687a54b12a975c
[INFO] [stdout]                                at /rustc/90b35a6239c3d8bdabc530a6a0816f7ff89a0aaf/library/core/src/result.rs:1061:23
[INFO] [stdout]   20:     0x5aec6e59b4db - medibot::medication::tests::create_redis_connection::hde93ee5786d626b8
[INFO] [stdout]                                at /opt/rustwide/workdir/src/medication.rs:94:36
[INFO] [stdout]   21:     0x5aec6e59ba0e - medibot::medication::tests::test_create_save_medication::hc44c88d8cca1d666
[INFO] [stdout]                                at /opt/rustwide/workdir/src/medication.rs:117:45
[INFO] [stdout]   22:     0x5aec6e59b857 - medibot::medication::tests::test_create_save_medication::{{closure}}::h0b88b9b23dfded89
[INFO] [stdout]                                at /opt/rustwide/workdir/src/medication.rs:108:37
[INFO] [stdout]   23:     0x5aec6e59cb26 - core::ops::function::FnOnce::call_once::he38c20be7c14f25e
[INFO] [stdout]                                at /rustc/90b35a6239c3d8bdabc530a6a0816f7ff89a0aaf/library/core/src/ops/function.rs:250:5
[INFO] [stdout]   24:     0x5aec6e5ddacb - core::ops::function::FnOnce::call_once::h109cf8051a59b34e
[INFO] [stdout]                                at /rustc/90b35a6239c3d8bdabc530a6a0816f7ff89a0aaf/library/core/src/ops/function.rs:250:5
[INFO] [stdout]   25:     0x5aec6e5ddacb - test::__rust_begin_short_backtrace::hf4fff89d377446ba
[INFO] [stdout]                                at /rustc/90b35a6239c3d8bdabc530a6a0816f7ff89a0aaf/library/test/src/lib.rs:621:18
[INFO] [stdout]   26:     0x5aec6e5dd307 - test::run_test_in_process::{{closure}}::h0e39181dd7ee5a43
[INFO] [stdout]                                at /rustc/90b35a6239c3d8bdabc530a6a0816f7ff89a0aaf/library/test/src/lib.rs:644:60
[INFO] [stdout]   27:     0x5aec6e5dd307 - <core::panic::unwind_safe::AssertUnwindSafe<F> as core::ops::function::FnOnce<()>>::call_once::hc5a66a30f0bdfd1f
[INFO] [stdout]                                at /rustc/90b35a6239c3d8bdabc530a6a0816f7ff89a0aaf/library/core/src/panic/unwind_safe.rs:272:9
[INFO] [stdout]   28:     0x5aec6e5dd307 - std::panicking::try::do_call::h873b7cf639554a5e
[INFO] [stdout]                                at /rustc/90b35a6239c3d8bdabc530a6a0816f7ff89a0aaf/library/std/src/panicking.rs:557:40
[INFO] [stdout]   29:     0x5aec6e5dd307 - std::panicking::try::hdb19862fad9c8bd1
[INFO] [stdout]                                at /rustc/90b35a6239c3d8bdabc530a6a0816f7ff89a0aaf/library/std/src/panicking.rs:520:19
[INFO] [stdout]   30:     0x5aec6e5dd307 - std::panic::catch_unwind::h281fe732d236d260
[INFO] [stdout]                                at /rustc/90b35a6239c3d8bdabc530a6a0816f7ff89a0aaf/library/std/src/panic.rs:358:14
[INFO] [stdout]   31:     0x5aec6e5dd307 - test::run_test_in_process::h949b6df8457ed338
[INFO] [stdout]                                at /rustc/90b35a6239c3d8bdabc530a6a0816f7ff89a0aaf/library/test/src/lib.rs:644:27
[INFO] [stdout]   32:     0x5aec6e5dd307 - test::run_test::{{closure}}::h52c556a6d4740e10
[INFO] [stdout]                                at /rustc/90b35a6239c3d8bdabc530a6a0816f7ff89a0aaf/library/test/src/lib.rs:565:43
[INFO] [stdout]   33:     0x5aec6e5a25e4 - test::run_test::{{closure}}::h4237f6381c45ccb9
[INFO] [stdout]                                at /rustc/90b35a6239c3d8bdabc530a6a0816f7ff89a0aaf/library/test/src/lib.rs:595:41
[INFO] [stdout]   34:     0x5aec6e5a25e4 - std::sys::backtrace::__rust_begin_short_backtrace::h505c97a579eca628
[INFO] [stdout]                                at /rustc/90b35a6239c3d8bdabc530a6a0816f7ff89a0aaf/library/std/src/sys/backtrace.rs:154:18
[INFO] [stdout]   35:     0x5aec6e5a5cae - std::thread::Builder::spawn_unchecked_::{{closure}}::{{closure}}::h9e86b2e2bc107ea3
[INFO] [stdout]                                at /rustc/90b35a6239c3d8bdabc530a6a0816f7ff89a0aaf/library/std/src/thread/mod.rs:538:17
[INFO] [stdout]   36:     0x5aec6e5a5cae - <core::panic::unwind_safe::AssertUnwindSafe<F> as core::ops::function::FnOnce<()>>::call_once::h8b06ddb275ff4a25
[INFO] [stdout]                                at /rustc/90b35a6239c3d8bdabc530a6a0816f7ff89a0aaf/library/core/src/panic/unwind_safe.rs:272:9
[INFO] [stdout]   37:     0x5aec6e5a5cae - std::panicking::try::do_call::hb26ecd7cd9a9355d
[INFO] [stdout]                                at /rustc/90b35a6239c3d8bdabc530a6a0816f7ff89a0aaf/library/std/src/panicking.rs:557:40
[INFO] [stdout]   38:     0x5aec6e5a5cae - std::panicking::try::h8ddeca9d705f9069
[INFO] [stdout]                                at /rustc/90b35a6239c3d8bdabc530a6a0816f7ff89a0aaf/library/std/src/panicking.rs:520:19
[INFO] [stdout]   39:     0x5aec6e5a5cae - std::panic::catch_unwind::h49e1c33078844c46
[INFO] [stdout]                                at /rustc/90b35a6239c3d8bdabc530a6a0816f7ff89a0aaf/library/std/src/panic.rs:358:14
[INFO] [stdout]   40:     0x5aec6e5a5cae - std::thread::Builder::spawn_unchecked_::{{closure}}::h6073db6ff56ad35d
[INFO] [stdout]                                at /rustc/90b35a6239c3d8bdabc530a6a0816f7ff89a0aaf/library/std/src/thread/mod.rs:537:30
[INFO] [stdout]   41:     0x5aec6e5a5cae - core::ops::function::FnOnce::call_once{{vtable.shim}}::h2c5a5f3779c774f1
[INFO] [stdout]                                at /rustc/90b35a6239c3d8bdabc530a6a0816f7ff89a0aaf/library/core/src/ops/function.rs:250:5
[INFO] [stdout]   42:     0x5aec6e746d1b - <alloc::boxed::Box<F,A> as core::ops::function::FnOnce<Args>>::call_once::hf75717d9f28faebf
[INFO] [stdout]                                at /rustc/90b35a6239c3d8bdabc530a6a0816f7ff89a0aaf/library/alloc/src/boxed.rs:2454:9
[INFO] [stdout]   43:     0x5aec6e746d1b - <alloc::boxed::Box<F,A> as core::ops::function::FnOnce<Args>>::call_once::h7bd883a5f3c5f3c1
[INFO] [stdout]                                at /rustc/90b35a6239c3d8bdabc530a6a0816f7ff89a0aaf/library/alloc/src/boxed.rs:2454:9
[INFO] [stdout]   44:     0x5aec6e746d1b - std::sys::pal::unix::thread::Thread::new::thread_start::hcc78f3943333fa94
[INFO] [stdout]                                at /rustc/90b35a6239c3d8bdabc530a6a0816f7ff89a0aaf/library/std/src/sys/pal/unix/thread.rs:105:17
[INFO] [stdout]   45:     0x79a915212ac3 - <unknown>
[INFO] [stdout]   46:     0x79a9152a3a04 - clone
[INFO] [stdout]   47:                0x0 - <unknown>
[INFO] [stdout] 
[INFO] [stdout] 
[INFO] [stdout] failures:
[INFO] [stdout]     medication::tests::test_create_save_medication
[INFO] [stdout] 
[INFO] [stdout] test result: FAILED. 4 passed; 1 failed; 0 ignored; 0 measured; 0 filtered out; finished in 0.12s
[INFO] [stdout] 
[INFO] [stderr] error: test failed, to rerun pass `--bin medibot`
[INFO] running `Command { std: "docker" "inspect" "c833d52ce69e905f261f25f7ac8bb4178147722f5b12d2be73527c816d752e62", kill_on_drop: false }`
[INFO] running `Command { std: "docker" "rm" "-f" "c833d52ce69e905f261f25f7ac8bb4178147722f5b12d2be73527c816d752e62", kill_on_drop: false }`
[INFO] [stdout] c833d52ce69e905f261f25f7ac8bb4178147722f5b12d2be73527c816d752e62
