[INFO] cloning repository https://github.com/back4444/advent-of-code
[INFO] running `Command { std: "git" "-c" "credential.helper=" "-c" "credential.helper=/workspace/cargo-home/bin/git-credential-null" "clone" "--bare" "https://github.com/back4444/advent-of-code" "/workspace/cache/git-repos/https%3A%2F%2Fgithub.com%2Fback4444%2Fadvent-of-code", kill_on_drop: false }`
[INFO] [stderr] Cloning into bare repository '/workspace/cache/git-repos/https%3A%2F%2Fgithub.com%2Fback4444%2Fadvent-of-code'...
[INFO] running `Command { std: "git" "rev-parse" "HEAD", kill_on_drop: false }`
[INFO] [stdout] f210e9fa6c83b4e96d1c6d7691c72ebbd5e0b16e
[INFO] testing back4444/advent-of-code against 1.83.0 for beta-1.84.0-4-retry
[INFO] running `Command { std: "git" "clone" "/workspace/cache/git-repos/https%3A%2F%2Fgithub.com%2Fback4444%2Fadvent-of-code" "/workspace/builds/worker-2-tc1/source", kill_on_drop: false }`
[INFO] [stderr] Cloning into '/workspace/builds/worker-2-tc1/source'...
[INFO] [stderr] done.
[INFO] validating manifest of git repo https://github.com/back4444/advent-of-code on toolchain 1.83.0
[INFO] running `Command { std: CARGO_HOME="/workspace/cargo-home" RUSTUP_HOME="/workspace/rustup-home" "/workspace/cargo-home/bin/cargo" "+1.83.0" "metadata" "--manifest-path" "Cargo.toml" "--no-deps", kill_on_drop: false }`
[INFO] started tweaking git repo https://github.com/back4444/advent-of-code
[INFO] finished tweaking git repo https://github.com/back4444/advent-of-code
[INFO] tweaked toml for git repo https://github.com/back4444/advent-of-code written to /workspace/builds/worker-2-tc1/source/Cargo.toml
[INFO] crate git repo https://github.com/back4444/advent-of-code already has a lockfile, it will not be regenerated
[INFO] running `Command { std: CARGO_HOME="/workspace/cargo-home" RUSTUP_HOME="/workspace/rustup-home" "/workspace/cargo-home/bin/cargo" "+1.83.0" "fetch" "--manifest-path" "Cargo.toml", kill_on_drop: false }`
[INFO] [stderr]  Downloading crates ...
[INFO] [stderr]   Downloaded futures-io v0.2.1
[INFO] [stderr]   Downloaded futures-core v0.2.1
[INFO] running `Command { std: "docker" "create" "-v" "/var/lib/crater-agent-workspace/builds/worker-2-tc1/target:/opt/rustwide/target:rw,Z" "-v" "/var/lib/crater-agent-workspace/builds/worker-2-tc1/source:/opt/rustwide/workdir:ro,Z" "-v" "/var/lib/crater-agent-workspace/cargo-home:/opt/rustwide/cargo-home:ro,Z" "-v" "/var/lib/crater-agent-workspace/rustup-home:/opt/rustwide/rustup-home:ro,Z" "-e" "SOURCE_DIR=/opt/rustwide/workdir" "-e" "CARGO_TARGET_DIR=/opt/rustwide/target" "-e" "CARGO_HOME=/opt/rustwide/cargo-home" "-e" "RUSTUP_HOME=/opt/rustwide/rustup-home" "-w" "/opt/rustwide/workdir" "-m" "1610612736" "--user" "0:0" "--network" "none" "ghcr.io/rust-lang/crates-build-env/linux@sha256:f3a9d4ad9d972b27faf3965f35b62e55ba32bbce8f20bc8fe909558a86702fde" "/opt/rustwide/cargo-home/bin/cargo" "+1.83.0" "metadata" "--no-deps" "--format-version=1", kill_on_drop: false }`
[INFO] [stdout] 832140ed2714af5a6e0693c528923dd4580df73a3c99827dd8c67c208c80061d
[INFO] running `Command { std: "docker" "start" "-a" "832140ed2714af5a6e0693c528923dd4580df73a3c99827dd8c67c208c80061d", kill_on_drop: false }`
[INFO] running `Command { std: "docker" "inspect" "832140ed2714af5a6e0693c528923dd4580df73a3c99827dd8c67c208c80061d", kill_on_drop: false }`
[INFO] running `Command { std: "docker" "rm" "-f" "832140ed2714af5a6e0693c528923dd4580df73a3c99827dd8c67c208c80061d", kill_on_drop: false }`
[INFO] [stdout] 832140ed2714af5a6e0693c528923dd4580df73a3c99827dd8c67c208c80061d
[INFO] running `Command { std: "docker" "create" "-v" "/var/lib/crater-agent-workspace/builds/worker-2-tc1/target:/opt/rustwide/target:rw,Z" "-v" "/var/lib/crater-agent-workspace/builds/worker-2-tc1/source:/opt/rustwide/workdir:ro,Z" "-v" "/var/lib/crater-agent-workspace/cargo-home:/opt/rustwide/cargo-home:ro,Z" "-v" "/var/lib/crater-agent-workspace/rustup-home:/opt/rustwide/rustup-home:ro,Z" "-e" "SOURCE_DIR=/opt/rustwide/workdir" "-e" "CARGO_TARGET_DIR=/opt/rustwide/target" "-e" "CARGO_INCREMENTAL=0" "-e" "RUST_BACKTRACE=full" "-e" "RUSTFLAGS=--cap-lints=warn" "-e" "RUSTDOCFLAGS=--cap-lints=warn" "-e" "CARGO_HOME=/opt/rustwide/cargo-home" "-e" "RUSTUP_HOME=/opt/rustwide/rustup-home" "-w" "/opt/rustwide/workdir" "-m" "1610612736" "--user" "0:0" "--network" "none" "ghcr.io/rust-lang/crates-build-env/linux@sha256:f3a9d4ad9d972b27faf3965f35b62e55ba32bbce8f20bc8fe909558a86702fde" "/opt/rustwide/cargo-home/bin/cargo" "+1.83.0" "build" "--frozen" "--message-format=json", kill_on_drop: false }`
[INFO] [stdout] 08fc6fc3dafd5075b58464d1977b4fe2a6f916c95a34257c614ce1db97836061
[INFO] running `Command { std: "docker" "start" "-a" "08fc6fc3dafd5075b58464d1977b4fe2a6f916c95a34257c614ce1db97836061", kill_on_drop: false }`
[INFO] [stderr] warning: output filename collision.
[INFO] [stderr] The bin target `part-1` in package `day-02 v0.1.0 (/opt/rustwide/workdir/day-02)` has the same output filename as the bin target `part-1` in package `day-01 v0.1.0 (/opt/rustwide/workdir/day-01)`.
[INFO] [stderr] Colliding filename is: /opt/rustwide/target/debug/part-1
[INFO] [stderr] The targets should have unique names.
[INFO] [stderr] Consider changing their names to be unique or compiling them separately.
[INFO] [stderr] This may become a hard error in the future; see <https://github.com/rust-lang/cargo/issues/6313>.
[INFO] [stderr] warning: output filename collision.
[INFO] [stderr] The bin target `part-1` in package `day-02 v0.1.0 (/opt/rustwide/workdir/day-02)` has the same output filename as the bin target `part-1` in package `day-01 v0.1.0 (/opt/rustwide/workdir/day-01)`.
[INFO] [stderr] Colliding filename is: /opt/rustwide/target/debug/part-1.dwp
[INFO] [stderr] The targets should have unique names.
[INFO] [stderr] Consider changing their names to be unique or compiling them separately.
[INFO] [stderr] This may become a hard error in the future; see <https://github.com/rust-lang/cargo/issues/6313>.
[INFO] [stderr] warning: output filename collision.
[INFO] [stderr] The bin target `part-2` in package `day-02 v0.1.0 (/opt/rustwide/workdir/day-02)` has the same output filename as the bin target `part-2` in package `day-01 v0.1.0 (/opt/rustwide/workdir/day-01)`.
[INFO] [stderr] Colliding filename is: /opt/rustwide/target/debug/part-2
[INFO] [stderr] The targets should have unique names.
[INFO] [stderr] Consider changing their names to be unique or compiling them separately.
[INFO] [stderr] This may become a hard error in the future; see <https://github.com/rust-lang/cargo/issues/6313>.
[INFO] [stderr] warning: output filename collision.
[INFO] [stderr] The bin target `part-2` in package `day-02 v0.1.0 (/opt/rustwide/workdir/day-02)` has the same output filename as the bin target `part-2` in package `day-01 v0.1.0 (/opt/rustwide/workdir/day-01)`.
[INFO] [stderr] Colliding filename is: /opt/rustwide/target/debug/part-2.dwp
[INFO] [stderr] The targets should have unique names.
[INFO] [stderr] Consider changing their names to be unique or compiling them separately.
[INFO] [stderr] This may become a hard error in the future; see <https://github.com/rust-lang/cargo/issues/6313>.
[INFO] [stderr] warning: output filename collision.
[INFO] [stderr] The bin target `part-1` in package `day-03 v0.1.0 (/opt/rustwide/workdir/day-03)` has the same output filename as the bin target `part-1` in package `day-02 v0.1.0 (/opt/rustwide/workdir/day-02)`.
[INFO] [stderr] Colliding filename is: /opt/rustwide/target/debug/part-1
[INFO] [stderr] The targets should have unique names.
[INFO] [stderr] Consider changing their names to be unique or compiling them separately.
[INFO] [stderr] This may become a hard error in the future; see <https://github.com/rust-lang/cargo/issues/6313>.
[INFO] [stderr] warning: output filename collision.
[INFO] [stderr] The bin target `part-1` in package `day-03 v0.1.0 (/opt/rustwide/workdir/day-03)` has the same output filename as the bin target `part-1` in package `day-02 v0.1.0 (/opt/rustwide/workdir/day-02)`.
[INFO] [stderr] Colliding filename is: /opt/rustwide/target/debug/part-1.dwp
[INFO] [stderr] The targets should have unique names.
[INFO] [stderr] Consider changing their names to be unique or compiling them separately.
[INFO] [stderr] This may become a hard error in the future; see <https://github.com/rust-lang/cargo/issues/6313>.
[INFO] [stderr] warning: output filename collision.
[INFO] [stderr] The bin target `part-2` in package `day-03 v0.1.0 (/opt/rustwide/workdir/day-03)` has the same output filename as the bin target `part-2` in package `day-02 v0.1.0 (/opt/rustwide/workdir/day-02)`.
[INFO] [stderr] Colliding filename is: /opt/rustwide/target/debug/part-2
[INFO] [stderr] The targets should have unique names.
[INFO] [stderr] Consider changing their names to be unique or compiling them separately.
[INFO] [stderr] This may become a hard error in the future; see <https://github.com/rust-lang/cargo/issues/6313>.
[INFO] [stderr] warning: output filename collision.
[INFO] [stderr] The bin target `part-2` in package `day-03 v0.1.0 (/opt/rustwide/workdir/day-03)` has the same output filename as the bin target `part-2` in package `day-02 v0.1.0 (/opt/rustwide/workdir/day-02)`.
[INFO] [stderr] Colliding filename is: /opt/rustwide/target/debug/part-2.dwp
[INFO] [stderr] The targets should have unique names.
[INFO] [stderr] Consider changing their names to be unique or compiling them separately.
[INFO] [stderr] This may become a hard error in the future; see <https://github.com/rust-lang/cargo/issues/6313>.
[INFO] [stderr] warning: output filename collision.
[INFO] [stderr] The bin target `part-1` in package `day-04 v0.1.0 (/opt/rustwide/workdir/day-04)` has the same output filename as the bin target `part-1` in package `day-03 v0.1.0 (/opt/rustwide/workdir/day-03)`.
[INFO] [stderr] Colliding filename is: /opt/rustwide/target/debug/part-1
[INFO] [stderr] The targets should have unique names.
[INFO] [stderr] Consider changing their names to be unique or compiling them separately.
[INFO] [stderr] This may become a hard error in the future; see <https://github.com/rust-lang/cargo/issues/6313>.
[INFO] [stderr] warning: output filename collision.
[INFO] [stderr] The bin target `part-1` in package `day-04 v0.1.0 (/opt/rustwide/workdir/day-04)` has the same output filename as the bin target `part-1` in package `day-03 v0.1.0 (/opt/rustwide/workdir/day-03)`.
[INFO] [stderr] Colliding filename is: /opt/rustwide/target/debug/part-1.dwp
[INFO] [stderr] The targets should have unique names.
[INFO] [stderr] Consider changing their names to be unique or compiling them separately.
[INFO] [stderr] This may become a hard error in the future; see <https://github.com/rust-lang/cargo/issues/6313>.
[INFO] [stderr] warning: output filename collision.
[INFO] [stderr] The bin target `part-2` in package `day-04 v0.1.0 (/opt/rustwide/workdir/day-04)` has the same output filename as the bin target `part-2` in package `day-03 v0.1.0 (/opt/rustwide/workdir/day-03)`.
[INFO] [stderr] Colliding filename is: /opt/rustwide/target/debug/part-2
[INFO] [stderr] The targets should have unique names.
[INFO] [stderr] Consider changing their names to be unique or compiling them separately.
[INFO] [stderr] This may become a hard error in the future; see <https://github.com/rust-lang/cargo/issues/6313>.
[INFO] [stderr] warning: output filename collision.
[INFO] [stderr] The bin target `part-2` in package `day-04 v0.1.0 (/opt/rustwide/workdir/day-04)` has the same output filename as the bin target `part-2` in package `day-03 v0.1.0 (/opt/rustwide/workdir/day-03)`.
[INFO] [stderr] Colliding filename is: /opt/rustwide/target/debug/part-2.dwp
[INFO] [stderr] The targets should have unique names.
[INFO] [stderr] Consider changing their names to be unique or compiling them separately.
[INFO] [stderr] This may become a hard error in the future; see <https://github.com/rust-lang/cargo/issues/6313>.
[INFO] [stderr] warning: output filename collision.
[INFO] [stderr] The bin target `part-1` in package `day-05 v0.1.0 (/opt/rustwide/workdir/day-05)` has the same output filename as the bin target `part-1` in package `day-04 v0.1.0 (/opt/rustwide/workdir/day-04)`.
[INFO] [stderr] Colliding filename is: /opt/rustwide/target/debug/part-1
[INFO] [stderr] The targets should have unique names.
[INFO] [stderr] Consider changing their names to be unique or compiling them separately.
[INFO] [stderr] This may become a hard error in the future; see <https://github.com/rust-lang/cargo/issues/6313>.
[INFO] [stderr] warning: output filename collision.
[INFO] [stderr] The bin target `part-1` in package `day-05 v0.1.0 (/opt/rustwide/workdir/day-05)` has the same output filename as the bin target `part-1` in package `day-04 v0.1.0 (/opt/rustwide/workdir/day-04)`.
[INFO] [stderr] Colliding filename is: /opt/rustwide/target/debug/part-1.dwp
[INFO] [stderr] The targets should have unique names.
[INFO] [stderr] Consider changing their names to be unique or compiling them separately.
[INFO] [stderr] This may become a hard error in the future; see <https://github.com/rust-lang/cargo/issues/6313>.
[INFO] [stderr] warning: output filename collision.
[INFO] [stderr] The bin target `part-2` in package `day-05 v0.1.0 (/opt/rustwide/workdir/day-05)` has the same output filename as the bin target `part-2` in package `day-04 v0.1.0 (/opt/rustwide/workdir/day-04)`.
[INFO] [stderr] Colliding filename is: /opt/rustwide/target/debug/part-2
[INFO] [stderr] The targets should have unique names.
[INFO] [stderr] Consider changing their names to be unique or compiling them separately.
[INFO] [stderr] This may become a hard error in the future; see <https://github.com/rust-lang/cargo/issues/6313>.
[INFO] [stderr] warning: output filename collision.
[INFO] [stderr] The bin target `part-2` in package `day-05 v0.1.0 (/opt/rustwide/workdir/day-05)` has the same output filename as the bin target `part-2` in package `day-04 v0.1.0 (/opt/rustwide/workdir/day-04)`.
[INFO] [stderr] Colliding filename is: /opt/rustwide/target/debug/part-2.dwp
[INFO] [stderr] The targets should have unique names.
[INFO] [stderr] Consider changing their names to be unique or compiling them separately.
[INFO] [stderr] This may become a hard error in the future; see <https://github.com/rust-lang/cargo/issues/6313>.
[INFO] [stderr] warning: output filename collision.
[INFO] [stderr] The bin target `part-1` in package `day-06 v0.1.0 (/opt/rustwide/workdir/day-06)` has the same output filename as the bin target `part-1` in package `day-05 v0.1.0 (/opt/rustwide/workdir/day-05)`.
[INFO] [stderr] Colliding filename is: /opt/rustwide/target/debug/part-1
[INFO] [stderr] The targets should have unique names.
[INFO] [stderr] Consider changing their names to be unique or compiling them separately.
[INFO] [stderr] This may become a hard error in the future; see <https://github.com/rust-lang/cargo/issues/6313>.
[INFO] [stderr] warning: output filename collision.
[INFO] [stderr] The bin target `part-1` in package `day-06 v0.1.0 (/opt/rustwide/workdir/day-06)` has the same output filename as the bin target `part-1` in package `day-05 v0.1.0 (/opt/rustwide/workdir/day-05)`.
[INFO] [stderr] Colliding filename is: /opt/rustwide/target/debug/part-1.dwp
[INFO] [stderr] The targets should have unique names.
[INFO] [stderr] Consider changing their names to be unique or compiling them separately.
[INFO] [stderr] This may become a hard error in the future; see <https://github.com/rust-lang/cargo/issues/6313>.
[INFO] [stderr] warning: output filename collision.
[INFO] [stderr] The bin target `part-2` in package `day-06 v0.1.0 (/opt/rustwide/workdir/day-06)` has the same output filename as the bin target `part-2` in package `day-05 v0.1.0 (/opt/rustwide/workdir/day-05)`.
[INFO] [stderr] Colliding filename is: /opt/rustwide/target/debug/part-2
[INFO] [stderr] The targets should have unique names.
[INFO] [stderr] Consider changing their names to be unique or compiling them separately.
[INFO] [stderr] This may become a hard error in the future; see <https://github.com/rust-lang/cargo/issues/6313>.
[INFO] [stderr] warning: output filename collision.
[INFO] [stderr] The bin target `part-2` in package `day-06 v0.1.0 (/opt/rustwide/workdir/day-06)` has the same output filename as the bin target `part-2` in package `day-05 v0.1.0 (/opt/rustwide/workdir/day-05)`.
[INFO] [stderr] Colliding filename is: /opt/rustwide/target/debug/part-2.dwp
[INFO] [stderr] The targets should have unique names.
[INFO] [stderr] Consider changing their names to be unique or compiling them separately.
[INFO] [stderr] This may become a hard error in the future; see <https://github.com/rust-lang/cargo/issues/6313>.
[INFO] [stderr] warning: output filename collision.
[INFO] [stderr] The bin target `part-1` in package `day-07 v0.1.0 (/opt/rustwide/workdir/day-07)` has the same output filename as the bin target `part-1` in package `day-06 v0.1.0 (/opt/rustwide/workdir/day-06)`.
[INFO] [stderr] Colliding filename is: /opt/rustwide/target/debug/part-1
[INFO] [stderr] The targets should have unique names.
[INFO] [stderr] Consider changing their names to be unique or compiling them separately.
[INFO] [stderr] This may become a hard error in the future; see <https://github.com/rust-lang/cargo/issues/6313>.
[INFO] [stderr] warning: output filename collision.
[INFO] [stderr] The bin target `part-1` in package `day-07 v0.1.0 (/opt/rustwide/workdir/day-07)` has the same output filename as the bin target `part-1` in package `day-06 v0.1.0 (/opt/rustwide/workdir/day-06)`.
[INFO] [stderr] Colliding filename is: /opt/rustwide/target/debug/part-1.dwp
[INFO] [stderr] The targets should have unique names.
[INFO] [stderr] Consider changing their names to be unique or compiling them separately.
[INFO] [stderr] This may become a hard error in the future; see <https://github.com/rust-lang/cargo/issues/6313>.
[INFO] [stderr] warning: output filename collision.
[INFO] [stderr] The bin target `part-2` in package `day-07 v0.1.0 (/opt/rustwide/workdir/day-07)` has the same output filename as the bin target `part-2` in package `day-06 v0.1.0 (/opt/rustwide/workdir/day-06)`.
[INFO] [stderr] Colliding filename is: /opt/rustwide/target/debug/part-2
[INFO] [stderr] The targets should have unique names.
[INFO] [stderr] Consider changing their names to be unique or compiling them separately.
[INFO] [stderr] This may become a hard error in the future; see <https://github.com/rust-lang/cargo/issues/6313>.
[INFO] [stderr] warning: output filename collision.
[INFO] [stderr] The bin target `part-2` in package `day-07 v0.1.0 (/opt/rustwide/workdir/day-07)` has the same output filename as the bin target `part-2` in package `day-06 v0.1.0 (/opt/rustwide/workdir/day-06)`.
[INFO] [stderr] Colliding filename is: /opt/rustwide/target/debug/part-2.dwp
[INFO] [stderr] The targets should have unique names.
[INFO] [stderr] Consider changing their names to be unique or compiling them separately.
[INFO] [stderr] This may become a hard error in the future; see <https://github.com/rust-lang/cargo/issues/6313>.
[INFO] [stderr] warning: output filename collision.
[INFO] [stderr] The bin target `part-1` in package `day-08 v0.1.0 (/opt/rustwide/workdir/day-08)` has the same output filename as the bin target `part-1` in package `day-07 v0.1.0 (/opt/rustwide/workdir/day-07)`.
[INFO] [stderr] Colliding filename is: /opt/rustwide/target/debug/part-1
[INFO] [stderr] The targets should have unique names.
[INFO] [stderr] Consider changing their names to be unique or compiling them separately.
[INFO] [stderr] This may become a hard error in the future; see <https://github.com/rust-lang/cargo/issues/6313>.
[INFO] [stderr] warning: output filename collision.
[INFO] [stderr] The bin target `part-1` in package `day-08 v0.1.0 (/opt/rustwide/workdir/day-08)` has the same output filename as the bin target `part-1` in package `day-07 v0.1.0 (/opt/rustwide/workdir/day-07)`.
[INFO] [stderr] Colliding filename is: /opt/rustwide/target/debug/part-1.dwp
[INFO] [stderr] The targets should have unique names.
[INFO] [stderr] Consider changing their names to be unique or compiling them separately.
[INFO] [stderr] This may become a hard error in the future; see <https://github.com/rust-lang/cargo/issues/6313>.
[INFO] [stderr] warning: output filename collision.
[INFO] [stderr] The bin target `part-2` in package `day-08 v0.1.0 (/opt/rustwide/workdir/day-08)` has the same output filename as the bin target `part-2` in package `day-07 v0.1.0 (/opt/rustwide/workdir/day-07)`.
[INFO] [stderr] Colliding filename is: /opt/rustwide/target/debug/part-2
[INFO] [stderr] The targets should have unique names.
[INFO] [stderr] Consider changing their names to be unique or compiling them separately.
[INFO] [stderr] This may become a hard error in the future; see <https://github.com/rust-lang/cargo/issues/6313>.
[INFO] [stderr] warning: output filename collision.
[INFO] [stderr] The bin target `part-2` in package `day-08 v0.1.0 (/opt/rustwide/workdir/day-08)` has the same output filename as the bin target `part-2` in package `day-07 v0.1.0 (/opt/rustwide/workdir/day-07)`.
[INFO] [stderr] Colliding filename is: /opt/rustwide/target/debug/part-2.dwp
[INFO] [stderr] The targets should have unique names.
[INFO] [stderr] Consider changing their names to be unique or compiling them separately.
[INFO] [stderr] This may become a hard error in the future; see <https://github.com/rust-lang/cargo/issues/6313>.
[INFO] [stderr] warning: output filename collision.
[INFO] [stderr] The bin target `part-1` in package `day-09 v0.1.0 (/opt/rustwide/workdir/day-09)` has the same output filename as the bin target `part-1` in package `day-08 v0.1.0 (/opt/rustwide/workdir/day-08)`.
[INFO] [stderr] Colliding filename is: /opt/rustwide/target/debug/part-1
[INFO] [stderr] The targets should have unique names.
[INFO] [stderr] Consider changing their names to be unique or compiling them separately.
[INFO] [stderr] This may become a hard error in the future; see <https://github.com/rust-lang/cargo/issues/6313>.
[INFO] [stderr] warning: output filename collision.
[INFO] [stderr] The bin target `part-1` in package `day-09 v0.1.0 (/opt/rustwide/workdir/day-09)` has the same output filename as the bin target `part-1` in package `day-08 v0.1.0 (/opt/rustwide/workdir/day-08)`.
[INFO] [stderr] Colliding filename is: /opt/rustwide/target/debug/part-1.dwp
[INFO] [stderr] The targets should have unique names.
[INFO] [stderr] Consider changing their names to be unique or compiling them separately.
[INFO] [stderr] This may become a hard error in the future; see <https://github.com/rust-lang/cargo/issues/6313>.
[INFO] [stderr] warning: output filename collision.
[INFO] [stderr] The bin target `part-2` in package `day-09 v0.1.0 (/opt/rustwide/workdir/day-09)` has the same output filename as the bin target `part-2` in package `day-08 v0.1.0 (/opt/rustwide/workdir/day-08)`.
[INFO] [stderr] Colliding filename is: /opt/rustwide/target/debug/part-2
[INFO] [stderr] The targets should have unique names.
[INFO] [stderr] Consider changing their names to be unique or compiling them separately.
[INFO] [stderr] This may become a hard error in the future; see <https://github.com/rust-lang/cargo/issues/6313>.
[INFO] [stderr] warning: output filename collision.
[INFO] [stderr] The bin target `part-2` in package `day-09 v0.1.0 (/opt/rustwide/workdir/day-09)` has the same output filename as the bin target `part-2` in package `day-08 v0.1.0 (/opt/rustwide/workdir/day-08)`.
[INFO] [stderr] Colliding filename is: /opt/rustwide/target/debug/part-2.dwp
[INFO] [stderr] The targets should have unique names.
[INFO] [stderr] Consider changing their names to be unique or compiling them separately.
[INFO] [stderr] This may become a hard error in the future; see <https://github.com/rust-lang/cargo/issues/6313>.
[INFO] [stderr] warning: output filename collision.
[INFO] [stderr] The bin target `part-1` in package `day-10 v0.1.0 (/opt/rustwide/workdir/day-10)` has the same output filename as the bin target `part-1` in package `day-09 v0.1.0 (/opt/rustwide/workdir/day-09)`.
[INFO] [stderr] Colliding filename is: /opt/rustwide/target/debug/part-1
[INFO] [stderr] The targets should have unique names.
[INFO] [stderr] Consider changing their names to be unique or compiling them separately.
[INFO] [stderr] This may become a hard error in the future; see <https://github.com/rust-lang/cargo/issues/6313>.
[INFO] [stderr] warning: output filename collision.
[INFO] [stderr] The bin target `part-1` in package `day-10 v0.1.0 (/opt/rustwide/workdir/day-10)` has the same output filename as the bin target `part-1` in package `day-09 v0.1.0 (/opt/rustwide/workdir/day-09)`.
[INFO] [stderr] Colliding filename is: /opt/rustwide/target/debug/part-1.dwp
[INFO] [stderr] The targets should have unique names.
[INFO] [stderr] Consider changing their names to be unique or compiling them separately.
[INFO] [stderr] This may become a hard error in the future; see <https://github.com/rust-lang/cargo/issues/6313>.
[INFO] [stderr] warning: output filename collision.
[INFO] [stderr] The bin target `part-2` in package `day-10 v0.1.0 (/opt/rustwide/workdir/day-10)` has the same output filename as the bin target `part-2` in package `day-09 v0.1.0 (/opt/rustwide/workdir/day-09)`.
[INFO] [stderr] Colliding filename is: /opt/rustwide/target/debug/part-2
[INFO] [stderr] The targets should have unique names.
[INFO] [stderr] Consider changing their names to be unique or compiling them separately.
[INFO] [stderr] This may become a hard error in the future; see <https://github.com/rust-lang/cargo/issues/6313>.
[INFO] [stderr] warning: output filename collision.
[INFO] [stderr] The bin target `part-2` in package `day-10 v0.1.0 (/opt/rustwide/workdir/day-10)` has the same output filename as the bin target `part-2` in package `day-09 v0.1.0 (/opt/rustwide/workdir/day-09)`.
[INFO] [stderr] Colliding filename is: /opt/rustwide/target/debug/part-2.dwp
[INFO] [stderr] The targets should have unique names.
[INFO] [stderr] Consider changing their names to be unique or compiling them separately.
[INFO] [stderr] This may become a hard error in the future; see <https://github.com/rust-lang/cargo/issues/6313>.
[INFO] [stderr] warning: output filename collision.
[INFO] [stderr] The bin target `part-1` in package `day-11 v0.1.0 (/opt/rustwide/workdir/day-11)` has the same output filename as the bin target `part-1` in package `day-10 v0.1.0 (/opt/rustwide/workdir/day-10)`.
[INFO] [stderr] Colliding filename is: /opt/rustwide/target/debug/part-1
[INFO] [stderr] The targets should have unique names.
[INFO] [stderr] Consider changing their names to be unique or compiling them separately.
[INFO] [stderr] This may become a hard error in the future; see <https://github.com/rust-lang/cargo/issues/6313>.
[INFO] [stderr] warning: output filename collision.
[INFO] [stderr] The bin target `part-1` in package `day-11 v0.1.0 (/opt/rustwide/workdir/day-11)` has the same output filename as the bin target `part-1` in package `day-10 v0.1.0 (/opt/rustwide/workdir/day-10)`.
[INFO] [stderr] Colliding filename is: /opt/rustwide/target/debug/part-1.dwp
[INFO] [stderr] The targets should have unique names.
[INFO] [stderr] Consider changing their names to be unique or compiling them separately.
[INFO] [stderr] This may become a hard error in the future; see <https://github.com/rust-lang/cargo/issues/6313>.
[INFO] [stderr] warning: output filename collision.
[INFO] [stderr] The bin target `part-2` in package `day-11 v0.1.0 (/opt/rustwide/workdir/day-11)` has the same output filename as the bin target `part-2` in package `day-10 v0.1.0 (/opt/rustwide/workdir/day-10)`.
[INFO] [stderr] Colliding filename is: /opt/rustwide/target/debug/part-2
[INFO] [stderr] The targets should have unique names.
[INFO] [stderr] Consider changing their names to be unique or compiling them separately.
[INFO] [stderr] This may become a hard error in the future; see <https://github.com/rust-lang/cargo/issues/6313>.
[INFO] [stderr] warning: output filename collision.
[INFO] [stderr] The bin target `part-2` in package `day-11 v0.1.0 (/opt/rustwide/workdir/day-11)` has the same output filename as the bin target `part-2` in package `day-10 v0.1.0 (/opt/rustwide/workdir/day-10)`.
[INFO] [stderr] Colliding filename is: /opt/rustwide/target/debug/part-2.dwp
[INFO] [stderr] The targets should have unique names.
[INFO] [stderr] Consider changing their names to be unique or compiling them separately.
[INFO] [stderr] This may become a hard error in the future; see <https://github.com/rust-lang/cargo/issues/6313>.
[INFO] [stderr] warning: output filename collision.
[INFO] [stderr] The bin target `part-1` in package `day-12 v0.1.0 (/opt/rustwide/workdir/day-12)` has the same output filename as the bin target `part-1` in package `day-11 v0.1.0 (/opt/rustwide/workdir/day-11)`.
[INFO] [stderr] Colliding filename is: /opt/rustwide/target/debug/part-1
[INFO] [stderr] The targets should have unique names.
[INFO] [stderr] Consider changing their names to be unique or compiling them separately.
[INFO] [stderr] This may become a hard error in the future; see <https://github.com/rust-lang/cargo/issues/6313>.
[INFO] [stderr] warning: output filename collision.
[INFO] [stderr] The bin target `part-1` in package `day-12 v0.1.0 (/opt/rustwide/workdir/day-12)` has the same output filename as the bin target `part-1` in package `day-11 v0.1.0 (/opt/rustwide/workdir/day-11)`.
[INFO] [stderr] Colliding filename is: /opt/rustwide/target/debug/part-1.dwp
[INFO] [stderr] The targets should have unique names.
[INFO] [stderr] Consider changing their names to be unique or compiling them separately.
[INFO] [stderr] This may become a hard error in the future; see <https://github.com/rust-lang/cargo/issues/6313>.
[INFO] [stderr] warning: output filename collision.
[INFO] [stderr] The bin target `part-2` in package `day-12 v0.1.0 (/opt/rustwide/workdir/day-12)` has the same output filename as the bin target `part-2` in package `day-11 v0.1.0 (/opt/rustwide/workdir/day-11)`.
[INFO] [stderr] Colliding filename is: /opt/rustwide/target/debug/part-2
[INFO] [stderr] The targets should have unique names.
[INFO] [stderr] Consider changing their names to be unique or compiling them separately.
[INFO] [stderr] This may become a hard error in the future; see <https://github.com/rust-lang/cargo/issues/6313>.
[INFO] [stderr] warning: output filename collision.
[INFO] [stderr] The bin target `part-2` in package `day-12 v0.1.0 (/opt/rustwide/workdir/day-12)` has the same output filename as the bin target `part-2` in package `day-11 v0.1.0 (/opt/rustwide/workdir/day-11)`.
[INFO] [stderr] Colliding filename is: /opt/rustwide/target/debug/part-2.dwp
[INFO] [stderr] The targets should have unique names.
[INFO] [stderr] Consider changing their names to be unique or compiling them separately.
[INFO] [stderr] This may become a hard error in the future; see <https://github.com/rust-lang/cargo/issues/6313>.
[INFO] [stderr] warning: output filename collision.
[INFO] [stderr] The bin target `part-1` in package `day-13 v0.1.0 (/opt/rustwide/workdir/day-13)` has the same output filename as the bin target `part-1` in package `day-12 v0.1.0 (/opt/rustwide/workdir/day-12)`.
[INFO] [stderr] Colliding filename is: /opt/rustwide/target/debug/part-1
[INFO] [stderr] The targets should have unique names.
[INFO] [stderr] Consider changing their names to be unique or compiling them separately.
[INFO] [stderr] This may become a hard error in the future; see <https://github.com/rust-lang/cargo/issues/6313>.
[INFO] [stderr] warning: output filename collision.
[INFO] [stderr] The bin target `part-1` in package `day-13 v0.1.0 (/opt/rustwide/workdir/day-13)` has the same output filename as the bin target `part-1` in package `day-12 v0.1.0 (/opt/rustwide/workdir/day-12)`.
[INFO] [stderr] Colliding filename is: /opt/rustwide/target/debug/part-1.dwp
[INFO] [stderr] The targets should have unique names.
[INFO] [stderr] Consider changing their names to be unique or compiling them separately.
[INFO] [stderr] This may become a hard error in the future; see <https://github.com/rust-lang/cargo/issues/6313>.
[INFO] [stderr] warning: output filename collision.
[INFO] [stderr] The bin target `part-2` in package `day-13 v0.1.0 (/opt/rustwide/workdir/day-13)` has the same output filename as the bin target `part-2` in package `day-12 v0.1.0 (/opt/rustwide/workdir/day-12)`.
[INFO] [stderr] Colliding filename is: /opt/rustwide/target/debug/part-2
[INFO] [stderr] The targets should have unique names.
[INFO] [stderr] Consider changing their names to be unique or compiling them separately.
[INFO] [stderr] This may become a hard error in the future; see <https://github.com/rust-lang/cargo/issues/6313>.
[INFO] [stderr] warning: output filename collision.
[INFO] [stderr] The bin target `part-2` in package `day-13 v0.1.0 (/opt/rustwide/workdir/day-13)` has the same output filename as the bin target `part-2` in package `day-12 v0.1.0 (/opt/rustwide/workdir/day-12)`.
[INFO] [stderr] Colliding filename is: /opt/rustwide/target/debug/part-2.dwp
[INFO] [stderr] The targets should have unique names.
[INFO] [stderr] Consider changing their names to be unique or compiling them separately.
[INFO] [stderr] This may become a hard error in the future; see <https://github.com/rust-lang/cargo/issues/6313>.
[INFO] [stderr]    Compiling lib v0.1.0 (/opt/rustwide/workdir/lib)
[INFO] [stderr]    Compiling proc-macro2 v1.0.92
[INFO] [stderr]    Compiling unicode-ident v1.0.14
[INFO] [stderr]    Compiling libc v0.2.167
[INFO] [stderr]    Compiling stable_deref_trait v1.2.0
[INFO] [stderr]    Compiling itoa v1.0.14
[INFO] [stderr]    Compiling shlex v1.3.0
[INFO] [stderr]    Compiling litemap v0.7.4
[INFO] [stderr]    Compiling bytes v1.9.0
[INFO] [stderr]    Compiling writeable v0.5.5
[INFO] [stderr]    Compiling pin-project-lite v0.2.15
[INFO] [stderr]    Compiling once_cell v1.20.2
[INFO] [stderr]    Compiling autocfg v1.4.0
[INFO] [stderr]    Compiling smallvec v1.13.2
[INFO] [stderr]    Compiling pkg-config v0.3.31
[INFO] [stderr]    Compiling vcpkg v0.2.15
[INFO] [stderr]    Compiling cc v1.2.2
[INFO] [stderr]    Compiling futures-core v0.3.31
[INFO] [stderr]    Compiling futures-sink v0.3.31
[INFO] [stderr]    Compiling icu_locid_transform_data v1.5.0
[INFO] [stderr]    Compiling fnv v1.0.7
[INFO] [stderr]    Compiling icu_properties_data v1.5.0
[INFO] [stderr]    Compiling memchr v2.7.4
[INFO] [stderr]    Compiling utf16_iter v1.0.5
[INFO] [stderr]    Compiling icu_normalizer_data v1.5.0
[INFO] [stderr]    Compiling utf8_iter v1.0.4
[INFO] [stderr]    Compiling write16 v1.0.0
[INFO] [stderr]    Compiling tracing-core v0.1.33
[INFO] [stderr]    Compiling httparse v1.9.5
[INFO] [stderr]    Compiling serde v1.0.215
[INFO] [stderr]    Compiling futures-task v0.3.31
[INFO] [stderr]    Compiling percent-encoding v2.3.1
[INFO] [stderr]    Compiling foreign-types-shared v0.1.1
[INFO] [stderr]    Compiling cfg-if v1.0.0
[INFO] [stderr]    Compiling equivalent v1.0.1
[INFO] [stderr]    Compiling hashbrown v0.15.2
[INFO] [stderr]    Compiling futures-io v0.3.31
[INFO] [stderr]    Compiling openssl v0.10.68
[INFO] [stderr]    Compiling pin-utils v0.1.0
[INFO] [stderr]    Compiling slab v0.4.9
[INFO] [stderr]    Compiling http v1.1.0
[INFO] [stderr]    Compiling tracing v0.1.41
[INFO] [stderr]    Compiling foreign-types v0.3.2
[INFO] [stderr]    Compiling try-lock v0.2.5
[INFO] [stderr]    Compiling native-tls v0.2.12
[INFO] [stderr]    Compiling bitflags v2.6.0
[INFO] [stderr]    Compiling num-conv v0.1.0
[INFO] [stderr]    Compiling time-core v0.1.2
[INFO] [stderr]    Compiling powerfmt v0.2.0
[INFO] [stderr]    Compiling version_check v0.9.5
[INFO] [stderr]    Compiling log v0.4.22
[INFO] [stderr]    Compiling atomic-waker v1.1.2
[INFO] [stderr]    Compiling time-macros v0.2.18
[INFO] [stderr]    Compiling want v0.3.1
[INFO] [stderr]    Compiling form_urlencoded v1.2.1
[INFO] [stderr]    Compiling deranged v0.3.11
[INFO] [stderr]    Compiling futures-channel v0.3.31
[INFO] [stderr]    Compiling futures-util v0.3.31
[INFO] [stderr]    Compiling serde_json v1.0.133
[INFO] [stderr]    Compiling ryu v1.0.18
[INFO] [stderr]    Compiling openssl-probe v0.1.5
[INFO] [stderr]    Compiling cookie v0.18.1
[INFO] [stderr]    Compiling utf8parse v0.2.2
[INFO] [stderr]    Compiling quote v1.0.37
[INFO] [stderr]    Compiling anstyle-parse v0.2.6
[INFO] [stderr]    Compiling indexmap v2.7.0
[INFO] [stderr]    Compiling anstyle-query v1.1.2
[INFO] [stderr]    Compiling psl-types v2.0.11
[INFO] [stderr]    Compiling is_terminal_polyfill v1.70.1
[INFO] [stderr]    Compiling mio v1.0.3
[INFO] [stderr]    Compiling socket2 v0.5.8
[INFO] [stderr]    Compiling tower-service v0.3.3
[INFO] [stderr]    Compiling colorchoice v1.0.3
[INFO] [stderr]    Compiling litrs v0.4.1
[INFO] [stderr]    Compiling anstyle v1.0.10
[INFO] [stderr]    Compiling day-06 v0.1.0 (/opt/rustwide/workdir/day-06)
[INFO] [stderr]    Compiling heck v0.5.0
[INFO] [stderr]    Compiling rustls-pki-types v1.10.0
[INFO] [stderr]    Compiling syn v2.0.90
[INFO] [stderr]    Compiling anstream v0.6.18
[INFO] [stderr]    Compiling strsim v0.11.1
[INFO] [stderr]    Compiling clap_lex v0.7.3
[INFO] [stderr]    Compiling either v1.13.0
[INFO] [stderr]    Compiling tokio v1.41.1
[INFO] [stderr]    Compiling http-body v1.0.1
[INFO] [stderr]    Compiling futures-core v0.2.1
[INFO] [stderr]    Compiling clap_builder v4.5.21
[INFO] [stderr]    Compiling document-features v0.2.10
[INFO] [stderr]    Compiling rustls-pemfile v2.2.0
[INFO] [stderr]    Compiling iovec v0.1.4
[INFO] [stderr]    Compiling encoding_rs v0.8.35
[INFO] [stderr]    Compiling sync_wrapper v1.0.2
[INFO] [stderr]    Compiling day-05 v0.1.0 (/opt/rustwide/workdir/day-05)
[INFO] [stderr]    Compiling day-11 v0.1.0 (/opt/rustwide/workdir/day-11)
[INFO] [stderr]    Compiling day-08 v0.1.0 (/opt/rustwide/workdir/day-08)
[INFO] [stderr]    Compiling day-01 v0.1.0 (/opt/rustwide/workdir/day-01)
[INFO] [stderr]    Compiling day-10 v0.1.0 (/opt/rustwide/workdir/day-10)
[INFO] [stderr]    Compiling day-13 v0.1.0 (/opt/rustwide/workdir/day-13)
[INFO] [stderr]    Compiling day-07 v0.1.0 (/opt/rustwide/workdir/day-07)
[INFO] [stderr]    Compiling day-03 v0.1.0 (/opt/rustwide/workdir/day-03)
[INFO] [stderr]    Compiling day-12 v0.1.0 (/opt/rustwide/workdir/day-12)
[INFO] [stderr]    Compiling day-02 v0.1.0 (/opt/rustwide/workdir/day-02)
[INFO] [stderr]    Compiling day-04 v0.1.0 (/opt/rustwide/workdir/day-04)
[INFO] [stderr]    Compiling openssl-sys v0.9.104
[INFO] [stderr]    Compiling mime v0.3.17
[INFO] [stderr]    Compiling base64 v0.22.1
[INFO] [stderr]    Compiling ipnet v2.10.1
[INFO] [stderr]    Compiling futures-io v0.2.1
[INFO] [stderr]    Compiling dotenv v0.15.0
[INFO] [stderr]    Compiling time v0.3.36
[INFO] [stderr]    Compiling day-09 v0.1.0 (/opt/rustwide/workdir/day-09)
[INFO] [stderr]    Compiling http-body-util v0.1.2
[INFO] [stderr]    Compiling serde_urlencoded v0.7.1
[INFO] [stderr]    Compiling tokio-util v0.7.12
[INFO] [stderr]    Compiling h2 v0.4.7
[INFO] [stderr]    Compiling synstructure v0.13.1
[INFO] [stderr]    Compiling zerofrom-derive v0.1.5
[INFO] [stderr]    Compiling yoke-derive v0.7.5
[INFO] [stderr]    Compiling zerovec-derive v0.10.3
[INFO] [stderr]    Compiling displaydoc v0.2.5
[INFO] [stderr]    Compiling icu_provider_macros v1.5.0
[INFO] [stderr]    Compiling openssl-macros v0.1.1
[INFO] [stderr]    Compiling serde_derive v1.0.215
[INFO] [stderr]    Compiling clap_derive v4.5.18
[INFO] [stderr]    Compiling zerofrom v0.1.5
[INFO] [stderr]    Compiling yoke v0.7.5
[INFO] [stderr]    Compiling zerovec v0.10.4
[INFO] [stderr]    Compiling hyper v1.5.1
[INFO] [stderr]    Compiling clap v4.5.21
[INFO] [stderr]    Compiling tinystr v0.7.6
[INFO] [stderr]    Compiling icu_collections v1.5.0
[INFO] [stderr]    Compiling icu_locid v1.5.0
[INFO] [stderr]    Compiling hyper-util v0.1.10
[INFO] [stderr]    Compiling icu_provider v1.5.0
[INFO] [stderr]    Compiling icu_locid_transform v1.5.0
[INFO] [stderr]    Compiling tokio-native-tls v0.3.1
[INFO] [stderr]    Compiling hyper-tls v0.6.0
[INFO] [stderr]    Compiling icu_properties v1.5.1
[INFO] [stderr]    Compiling icu_normalizer v1.5.0
[INFO] [stderr]    Compiling idna_adapter v1.2.0
[INFO] [stderr]    Compiling idna v1.0.3
[INFO] [stderr]    Compiling publicsuffix v2.3.0
[INFO] [stderr]    Compiling url v2.5.4
[INFO] [stderr]    Compiling cookie_store v0.21.1
[INFO] [stderr]    Compiling reqwest v0.12.9
[INFO] [stderr]    Compiling cli v0.1.0 (/opt/rustwide/workdir/cli)
[INFO] [stderr]     Finished `dev` profile [unoptimized + debuginfo] target(s) in 56.21s
[INFO] running `Command { std: "docker" "inspect" "08fc6fc3dafd5075b58464d1977b4fe2a6f916c95a34257c614ce1db97836061", kill_on_drop: false }`
[INFO] running `Command { std: "docker" "rm" "-f" "08fc6fc3dafd5075b58464d1977b4fe2a6f916c95a34257c614ce1db97836061", kill_on_drop: false }`
[INFO] [stdout] 08fc6fc3dafd5075b58464d1977b4fe2a6f916c95a34257c614ce1db97836061
[INFO] running `Command { std: "docker" "create" "-v" "/var/lib/crater-agent-workspace/builds/worker-2-tc1/target:/opt/rustwide/target:rw,Z" "-v" "/var/lib/crater-agent-workspace/builds/worker-2-tc1/source:/opt/rustwide/workdir:ro,Z" "-v" "/var/lib/crater-agent-workspace/cargo-home:/opt/rustwide/cargo-home:ro,Z" "-v" "/var/lib/crater-agent-workspace/rustup-home:/opt/rustwide/rustup-home:ro,Z" "-e" "SOURCE_DIR=/opt/rustwide/workdir" "-e" "CARGO_TARGET_DIR=/opt/rustwide/target" "-e" "CARGO_INCREMENTAL=0" "-e" "RUST_BACKTRACE=full" "-e" "RUSTFLAGS=--cap-lints=warn" "-e" "RUSTDOCFLAGS=--cap-lints=warn" "-e" "CARGO_HOME=/opt/rustwide/cargo-home" "-e" "RUSTUP_HOME=/opt/rustwide/rustup-home" "-w" "/opt/rustwide/workdir" "-m" "1610612736" "--user" "0:0" "--network" "none" "ghcr.io/rust-lang/crates-build-env/linux@sha256:f3a9d4ad9d972b27faf3965f35b62e55ba32bbce8f20bc8fe909558a86702fde" "/opt/rustwide/cargo-home/bin/cargo" "+1.83.0" "test" "--frozen" "--no-run" "--message-format=json", kill_on_drop: false }`
[INFO] [stdout] f25c421f0ee5d53d9c2f12edf5119eb0a761b678749756b7c780bb9ca32fb34a
[INFO] running `Command { std: "docker" "start" "-a" "f25c421f0ee5d53d9c2f12edf5119eb0a761b678749756b7c780bb9ca32fb34a", kill_on_drop: false }`
[INFO] [stderr]    Compiling day-03 v0.1.0 (/opt/rustwide/workdir/day-03)
[INFO] [stderr]    Compiling day-07 v0.1.0 (/opt/rustwide/workdir/day-07)
[INFO] [stderr]    Compiling day-08 v0.1.0 (/opt/rustwide/workdir/day-08)
[INFO] [stderr]    Compiling day-05 v0.1.0 (/opt/rustwide/workdir/day-05)
[INFO] [stderr]    Compiling day-02 v0.1.0 (/opt/rustwide/workdir/day-02)
[INFO] [stderr]    Compiling day-01 v0.1.0 (/opt/rustwide/workdir/day-01)
[INFO] [stderr]    Compiling day-10 v0.1.0 (/opt/rustwide/workdir/day-10)
[INFO] [stderr]    Compiling day-12 v0.1.0 (/opt/rustwide/workdir/day-12)
[INFO] [stderr]    Compiling cli v0.1.0 (/opt/rustwide/workdir/cli)
[INFO] [stderr]    Compiling day-13 v0.1.0 (/opt/rustwide/workdir/day-13)
[INFO] [stderr]    Compiling day-11 v0.1.0 (/opt/rustwide/workdir/day-11)
[INFO] [stderr]    Compiling day-04 v0.1.0 (/opt/rustwide/workdir/day-04)
[INFO] [stderr]    Compiling day-06 v0.1.0 (/opt/rustwide/workdir/day-06)
[INFO] [stderr]    Compiling day-09 v0.1.0 (/opt/rustwide/workdir/day-09)
[INFO] [stderr]    Compiling lib v0.1.0 (/opt/rustwide/workdir/lib)
[INFO] [stderr]     Finished `test` profile [unoptimized + debuginfo] target(s) in 6.84s
[INFO] running `Command { std: "docker" "inspect" "f25c421f0ee5d53d9c2f12edf5119eb0a761b678749756b7c780bb9ca32fb34a", kill_on_drop: false }`
[INFO] running `Command { std: "docker" "rm" "-f" "f25c421f0ee5d53d9c2f12edf5119eb0a761b678749756b7c780bb9ca32fb34a", kill_on_drop: false }`
[INFO] [stdout] f25c421f0ee5d53d9c2f12edf5119eb0a761b678749756b7c780bb9ca32fb34a
[INFO] running `Command { std: "docker" "create" "-v" "/var/lib/crater-agent-workspace/builds/worker-2-tc1/target:/opt/rustwide/target:rw,Z" "-v" "/var/lib/crater-agent-workspace/builds/worker-2-tc1/source:/opt/rustwide/workdir:ro,Z" "-v" "/var/lib/crater-agent-workspace/cargo-home:/opt/rustwide/cargo-home:ro,Z" "-v" "/var/lib/crater-agent-workspace/rustup-home:/opt/rustwide/rustup-home:ro,Z" "-e" "SOURCE_DIR=/opt/rustwide/workdir" "-e" "CARGO_TARGET_DIR=/opt/rustwide/target" "-e" "CARGO_INCREMENTAL=0" "-e" "RUST_BACKTRACE=full" "-e" "RUSTFLAGS=--cap-lints=warn" "-e" "RUSTDOCFLAGS=--cap-lints=warn" "-e" "CARGO_HOME=/opt/rustwide/cargo-home" "-e" "RUSTUP_HOME=/opt/rustwide/rustup-home" "-w" "/opt/rustwide/workdir" "-m" "1610612736" "--user" "0:0" "--network" "none" "ghcr.io/rust-lang/crates-build-env/linux@sha256:f3a9d4ad9d972b27faf3965f35b62e55ba32bbce8f20bc8fe909558a86702fde" "/opt/rustwide/cargo-home/bin/cargo" "+1.83.0" "test" "--frozen", kill_on_drop: false }`
[INFO] [stdout] 8a783531b4367a448bd41e789fd1352401eee667ee61b943c9973b2b7329346a
[INFO] running `Command { std: "docker" "start" "-a" "8a783531b4367a448bd41e789fd1352401eee667ee61b943c9973b2b7329346a", kill_on_drop: false }`
[INFO] [stderr]     Finished `test` profile [unoptimized + debuginfo] target(s) in 0.19s
[INFO] [stdout] 
[INFO] [stderr]      Running unittests src/main.rs (/opt/rustwide/target/debug/deps/cli-ba3552732b30779f)
[INFO] [stdout] running 0 tests
[INFO] [stderr]      Running unittests src/lib.rs (/opt/rustwide/target/debug/deps/day_01-dd85e96178c08fff)
[INFO] [stdout] 
[INFO] [stdout] test result: ok. 0 passed; 0 failed; 0 ignored; 0 measured; 0 filtered out; finished in 0.00s
[INFO] [stdout] 
[INFO] [stdout] 
[INFO] [stdout] running 0 tests
[INFO] [stdout] 
[INFO] [stdout] test result: ok. 0 passed; 0 failed; 0 ignored; 0 measured; 0 filtered out; finished in 0.00s
[INFO] [stdout] 
[INFO] [stdout] 
[INFO] [stderr]      Running unittests src/bin/part-1.rs (/opt/rustwide/target/debug/deps/part_1-5f5d4c15468af5d1)
[INFO] [stdout] running 1 test
[INFO] [stdout] test test::test_part ... ok
[INFO] [stdout] 
[INFO] [stdout] test result: ok. 1 passed; 0 failed; 0 ignored; 0 measured; 0 filtered out; finished in 0.00s
[INFO] [stdout] 
[INFO] [stderr]      Running unittests src/bin/part-2.rs (/opt/rustwide/target/debug/deps/part_2-8e8dd47a5ed145ae)
[INFO] [stdout] 
[INFO] [stdout] running 1 test
[INFO] [stdout] test test::test_part ... ok
[INFO] [stdout] 
[INFO] [stdout] test result: ok. 1 passed; 0 failed; 0 ignored; 0 measured; 0 filtered out; finished in 0.00s
[INFO] [stdout] 
[INFO] [stderr]      Running unittests src/lib.rs (/opt/rustwide/target/debug/deps/day_02-3c252aae521b6db7)
[INFO] [stdout] 
[INFO] [stdout] running 0 tests
[INFO] [stderr]      Running unittests src/bin/part-1.rs (/opt/rustwide/target/debug/deps/part_1-51865ee7d11462f2)
[INFO] [stdout] 
[INFO] [stdout] test result: ok. 0 passed; 0 failed; 0 ignored; 0 measured; 0 filtered out; finished in 0.00s
[INFO] [stdout] 
[INFO] [stdout] 
[INFO] [stdout] running 1 test
[INFO] [stdout] test test::test_part ... ok
[INFO] [stdout] 
[INFO] [stdout] test result: ok. 1 passed; 0 failed; 0 ignored; 0 measured; 0 filtered out; finished in 0.00s
[INFO] [stdout] 
[INFO] [stderr]      Running unittests src/bin/part-2.rs (/opt/rustwide/target/debug/deps/part_2-2a7aafdac1e340e7)
[INFO] [stdout] 
[INFO] [stdout] running 1 test
[INFO] [stdout] test test::test_part ... FAILED
[INFO] [stdout] 
[INFO] [stdout] failures:
[INFO] [stdout] 
[INFO] [stdout] ---- test::test_part stdout ----
[INFO] [stdout] thread 'test::test_part' panicked at day-02/src/bin/part-2.rs:39:9:
[INFO] [stdout] assertion `left == right` failed
[INFO] [stdout]   left: 6
[INFO] [stdout]  right: 4
[INFO] [stdout] stack backtrace:
[INFO] [stdout]    0:     0x63462d51266a - std::backtrace_rs::backtrace::libunwind::trace::h5a5b8284f2d0c266
[INFO] [stdout]                                at /rustc/90b35a6239c3d8bdabc530a6a0816f7ff89a0aaf/library/std/src/../../backtrace/src/backtrace/libunwind.rs:116:5
[INFO] [stdout]    1:     0x63462d51266a - std::backtrace_rs::backtrace::trace_unsynchronized::h76d4f1c9b0b875e3
[INFO] [stdout]                                at /rustc/90b35a6239c3d8bdabc530a6a0816f7ff89a0aaf/library/std/src/../../backtrace/src/backtrace/mod.rs:66:5
[INFO] [stdout]    2:     0x63462d51266a - std::sys::backtrace::_print_fmt::hc4546b8364a537c6
[INFO] [stdout]                                at /rustc/90b35a6239c3d8bdabc530a6a0816f7ff89a0aaf/library/std/src/sys/backtrace.rs:66:9
[INFO] [stdout]    3:     0x63462d51266a - <std::sys::backtrace::BacktraceLock::print::DisplayBacktrace as core::fmt::Display>::fmt::h5b6bd5631a6d1f6b
[INFO] [stdout]                                at /rustc/90b35a6239c3d8bdabc530a6a0816f7ff89a0aaf/library/std/src/sys/backtrace.rs:39:26
[INFO] [stdout]    4:     0x63462d537a83 - core::fmt::rt::Argument::fmt::h270f6602a2b96f62
[INFO] [stdout]                                at /rustc/90b35a6239c3d8bdabc530a6a0816f7ff89a0aaf/library/core/src/fmt/rt.rs:177:76
[INFO] [stdout]    5:     0x63462d537a83 - core::fmt::write::h7550c97b06c86515
[INFO] [stdout]                                at /rustc/90b35a6239c3d8bdabc530a6a0816f7ff89a0aaf/library/core/src/fmt/mod.rs:1186:21
[INFO] [stdout]    6:     0x63462d50f833 - std::io::Write::write_fmt::h509ff860e5956e5e
[INFO] [stdout]                                at /rustc/90b35a6239c3d8bdabc530a6a0816f7ff89a0aaf/library/std/src/io/mod.rs:1839:15
[INFO] [stdout]    7:     0x63462d5124b2 - std::sys::backtrace::BacktraceLock::print::h2395ccd2c84ba3aa
[INFO] [stdout]                                at /rustc/90b35a6239c3d8bdabc530a6a0816f7ff89a0aaf/library/std/src/sys/backtrace.rs:42:9
[INFO] [stdout]    8:     0x63462d513aca - std::panicking::default_hook::{{closure}}::he19d4c7230e07961
[INFO] [stdout]                                at /rustc/90b35a6239c3d8bdabc530a6a0816f7ff89a0aaf/library/std/src/panicking.rs:268:22
[INFO] [stdout]    9:     0x63462d5138d4 - std::panicking::default_hook::hf614597d3c67bbdb
[INFO] [stdout]                                at /rustc/90b35a6239c3d8bdabc530a6a0816f7ff89a0aaf/library/std/src/panicking.rs:292:9
[INFO] [stdout]   10:     0x63462d4da519 - <alloc::boxed::Box<F,A> as core::ops::function::Fn<Args>>::call::h39b51ce4599c23d1
[INFO] [stdout]                                at /rustc/90b35a6239c3d8bdabc530a6a0816f7ff89a0aaf/library/alloc/src/boxed.rs:2468:9
[INFO] [stdout]   11:     0x63462d4da519 - test::test_main::{{closure}}::he977ae839a582784
[INFO] [stdout]                                at /rustc/90b35a6239c3d8bdabc530a6a0816f7ff89a0aaf/library/test/src/lib.rs:133:21
[INFO] [stdout]   12:     0x63462d514168 - <alloc::boxed::Box<F,A> as core::ops::function::Fn<Args>>::call::h9455091b6b06f9fb
[INFO] [stdout]                                at /rustc/90b35a6239c3d8bdabc530a6a0816f7ff89a0aaf/library/alloc/src/boxed.rs:2468:9
[INFO] [stdout]   13:     0x63462d514168 - std::panicking::rust_panic_with_hook::h8942133a8b252070
[INFO] [stdout]                                at /rustc/90b35a6239c3d8bdabc530a6a0816f7ff89a0aaf/library/std/src/panicking.rs:809:13
[INFO] [stdout]   14:     0x63462d513f2a - std::panicking::begin_panic_handler::{{closure}}::hb5f5963570096b29
[INFO] [stdout]                                at /rustc/90b35a6239c3d8bdabc530a6a0816f7ff89a0aaf/library/std/src/panicking.rs:674:13
[INFO] [stdout]   15:     0x63462d512b49 - std::sys::backtrace::__rust_end_short_backtrace::h6208cedc1922feda
[INFO] [stdout]                                at /rustc/90b35a6239c3d8bdabc530a6a0816f7ff89a0aaf/library/std/src/sys/backtrace.rs:170:18
[INFO] [stdout]   16:     0x63462d513bbc - rust_begin_unwind
[INFO] [stdout]                                at /rustc/90b35a6239c3d8bdabc530a6a0816f7ff89a0aaf/library/std/src/panicking.rs:665:5
[INFO] [stdout]   17:     0x63462d49fa60 - core::panicking::panic_fmt::h0c3082644d1bf418
[INFO] [stdout]                                at /rustc/90b35a6239c3d8bdabc530a6a0816f7ff89a0aaf/library/core/src/panicking.rs:74:14
[INFO] [stdout]   18:     0x63462d49fd8b - core::panicking::assert_failed_inner::h2ddf1fcc067fa858
[INFO] [stdout]   19:     0x63462d4a12d2 - core::panicking::assert_failed::hed36b7929de6e24d
[INFO] [stdout]                                at /rustc/90b35a6239c3d8bdabc530a6a0816f7ff89a0aaf/library/core/src/panicking.rs:367:5
[INFO] [stdout]   20:     0x63462d4a2205 - part_2::test::test_part::hb6a8daf8009dde65
[INFO] [stdout]                                at /opt/rustwide/workdir/day-02/src/bin/part-2.rs:39:9
[INFO] [stdout]   21:     0x63462d4a2187 - part_2::test::test_part::{{closure}}::hc8af98b191d4c279
[INFO] [stdout]                                at /opt/rustwide/workdir/day-02/src/bin/part-2.rs:36:19
[INFO] [stdout]   22:     0x63462d4a0e46 - core::ops::function::FnOnce::call_once::h88508ebc0d0dab17
[INFO] [stdout]                                at /rustc/90b35a6239c3d8bdabc530a6a0816f7ff89a0aaf/library/core/src/ops/function.rs:250:5
[INFO] [stdout]   23:     0x63462d4deedb - core::ops::function::FnOnce::call_once::h109cf8051a59b34e
[INFO] [stdout]                                at /rustc/90b35a6239c3d8bdabc530a6a0816f7ff89a0aaf/library/core/src/ops/function.rs:250:5
[INFO] [stdout]   24:     0x63462d4deedb - test::__rust_begin_short_backtrace::hf4fff89d377446ba
[INFO] [stdout]                                at /rustc/90b35a6239c3d8bdabc530a6a0816f7ff89a0aaf/library/test/src/lib.rs:621:18
[INFO] [stdout]   25:     0x63462d4de717 - test::run_test_in_process::{{closure}}::h0e39181dd7ee5a43
[INFO] [stdout]                                at /rustc/90b35a6239c3d8bdabc530a6a0816f7ff89a0aaf/library/test/src/lib.rs:644:60
[INFO] [stdout]   26:     0x63462d4de717 - <core::panic::unwind_safe::AssertUnwindSafe<F> as core::ops::function::FnOnce<()>>::call_once::hc5a66a30f0bdfd1f
[INFO] [stdout]                                at /rustc/90b35a6239c3d8bdabc530a6a0816f7ff89a0aaf/library/core/src/panic/unwind_safe.rs:272:9
[INFO] [stdout]   27:     0x63462d4de717 - std::panicking::try::do_call::h873b7cf639554a5e
[INFO] [stdout]                                at /rustc/90b35a6239c3d8bdabc530a6a0816f7ff89a0aaf/library/std/src/panicking.rs:557:40
[INFO] [stdout]   28:     0x63462d4de717 - std::panicking::try::hdb19862fad9c8bd1
[INFO] [stdout]                                at /rustc/90b35a6239c3d8bdabc530a6a0816f7ff89a0aaf/library/std/src/panicking.rs:520:19
[INFO] [stdout]   29:     0x63462d4de717 - std::panic::catch_unwind::h281fe732d236d260
[INFO] [stdout]                                at /rustc/90b35a6239c3d8bdabc530a6a0816f7ff89a0aaf/library/std/src/panic.rs:358:14
[INFO] [stdout]   30:     0x63462d4de717 - test::run_test_in_process::h949b6df8457ed338
[INFO] [stdout]                                at /rustc/90b35a6239c3d8bdabc530a6a0816f7ff89a0aaf/library/test/src/lib.rs:644:27
[INFO] [stdout]   31:     0x63462d4de717 - test::run_test::{{closure}}::h52c556a6d4740e10
[INFO] [stdout]                                at /rustc/90b35a6239c3d8bdabc530a6a0816f7ff89a0aaf/library/test/src/lib.rs:565:43
[INFO] [stdout]   32:     0x63462d4a39f4 - test::run_test::{{closure}}::h4237f6381c45ccb9
[INFO] [stdout]                                at /rustc/90b35a6239c3d8bdabc530a6a0816f7ff89a0aaf/library/test/src/lib.rs:595:41
[INFO] [stdout]   33:     0x63462d4a39f4 - std::sys::backtrace::__rust_begin_short_backtrace::h505c97a579eca628
[INFO] [stdout]                                at /rustc/90b35a6239c3d8bdabc530a6a0816f7ff89a0aaf/library/std/src/sys/backtrace.rs:154:18
[INFO] [stdout]   34:     0x63462d4a70be - std::thread::Builder::spawn_unchecked_::{{closure}}::{{closure}}::h9e86b2e2bc107ea3
[INFO] [stdout]                                at /rustc/90b35a6239c3d8bdabc530a6a0816f7ff89a0aaf/library/std/src/thread/mod.rs:538:17
[INFO] [stdout]   35:     0x63462d4a70be - <core::panic::unwind_safe::AssertUnwindSafe<F> as core::ops::function::FnOnce<()>>::call_once::h8b06ddb275ff4a25
[INFO] [stdout]                                at /rustc/90b35a6239c3d8bdabc530a6a0816f7ff89a0aaf/library/core/src/panic/unwind_safe.rs:272:9
[INFO] [stdout]   36:     0x63462d4a70be - std::panicking::try::do_call::hb26ecd7cd9a9355d
[INFO] [stdout]                                at /rustc/90b35a6239c3d8bdabc530a6a0816f7ff89a0aaf/library/std/src/panicking.rs:557:40
[INFO] [stdout]   37:     0x63462d4a70be - std::panicking::try::h8ddeca9d705f9069
[INFO] [stdout]                                at /rustc/90b35a6239c3d8bdabc530a6a0816f7ff89a0aaf/library/std/src/panicking.rs:520:19
[INFO] [stdout]   38:     0x63462d4a70be - std::panic::catch_unwind::h49e1c33078844c46
[INFO] [stdout]                                at /rustc/90b35a6239c3d8bdabc530a6a0816f7ff89a0aaf/library/std/src/panic.rs:358:14
[INFO] [stdout]   39:     0x63462d4a70be - std::thread::Builder::spawn_unchecked_::{{closure}}::h6073db6ff56ad35d
[INFO] [stdout]                                at /rustc/90b35a6239c3d8bdabc530a6a0816f7ff89a0aaf/library/std/src/thread/mod.rs:537:30
[INFO] [stdout]   40:     0x63462d4a70be - core::ops::function::FnOnce::call_once{{vtable.shim}}::h2c5a5f3779c774f1
[INFO] [stdout]                                at /rustc/90b35a6239c3d8bdabc530a6a0816f7ff89a0aaf/library/core/src/ops/function.rs:250:5
[INFO] [stdout]   41:     0x63462d517ebb - <alloc::boxed::Box<F,A> as core::ops::function::FnOnce<Args>>::call_once::hf75717d9f28faebf
[INFO] [stdout]                                at /rustc/90b35a6239c3d8bdabc530a6a0816f7ff89a0aaf/library/alloc/src/boxed.rs:2454:9
[INFO] [stdout]   42:     0x63462d517ebb - <alloc::boxed::Box<F,A> as core::ops::function::FnOnce<Args>>::call_once::h7bd883a5f3c5f3c1
[INFO] [stdout]                                at /rustc/90b35a6239c3d8bdabc530a6a0816f7ff89a0aaf/library/alloc/src/boxed.rs:2454:9
[INFO] [stdout]   43:     0x63462d517ebb - std::sys::pal::unix::thread::Thread::new::thread_start::hcc78f3943333fa94
[INFO] [stdout]                                at /rustc/90b35a6239c3d8bdabc530a6a0816f7ff89a0aaf/library/std/src/sys/pal/unix/thread.rs:105:17
[INFO] [stdout]   44:     0x7d2b25b55ac3 - <unknown>
[INFO] [stdout]   45:     0x7d2b25be6a04 - clone
[INFO] [stdout]   46:                0x0 - <unknown>
[INFO] [stdout] 
[INFO] [stdout] 
[INFO] [stderr] error: test failed, to rerun pass `-p day-02 --bin part-2`
[INFO] [stdout] failures:
[INFO] [stdout]     test::test_part
[INFO] [stdout] 
[INFO] [stdout] test result: FAILED. 0 passed; 1 failed; 0 ignored; 0 measured; 0 filtered out; finished in 0.02s
[INFO] [stdout] 
[INFO] running `Command { std: "docker" "inspect" "8a783531b4367a448bd41e789fd1352401eee667ee61b943c9973b2b7329346a", kill_on_drop: false }`
[INFO] running `Command { std: "docker" "rm" "-f" "8a783531b4367a448bd41e789fd1352401eee667ee61b943c9973b2b7329346a", kill_on_drop: false }`
[INFO] [stdout] 8a783531b4367a448bd41e789fd1352401eee667ee61b943c9973b2b7329346a
