[INFO] cloning repository https://github.com/bachm44/cryptcoin
[INFO] running `Command { std: "git" "-c" "credential.helper=" "-c" "credential.helper=/workspace/cargo-home/bin/git-credential-null" "clone" "--bare" "https://github.com/bachm44/cryptcoin" "/workspace/cache/git-repos/https%3A%2F%2Fgithub.com%2Fbachm44%2Fcryptcoin", kill_on_drop: false }`
[INFO] [stderr] Cloning into bare repository '/workspace/cache/git-repos/https%3A%2F%2Fgithub.com%2Fbachm44%2Fcryptcoin'...
[INFO] running `Command { std: "git" "rev-parse" "HEAD", kill_on_drop: false }`
[INFO] [stdout] 238ad6e755d6c4c4617a9fa4263d50ba4ee011ef
[INFO] testing bachm44/cryptcoin against 1.83.0 for beta-1.84.0-4-retry
[INFO] running `Command { std: "git" "clone" "/workspace/cache/git-repos/https%3A%2F%2Fgithub.com%2Fbachm44%2Fcryptcoin" "/workspace/builds/worker-1-tc1/source", kill_on_drop: false }`
[INFO] [stderr] Cloning into '/workspace/builds/worker-1-tc1/source'...
[INFO] [stderr] done.
[INFO] validating manifest of git repo https://github.com/bachm44/cryptcoin on toolchain 1.83.0
[INFO] running `Command { std: CARGO_HOME="/workspace/cargo-home" RUSTUP_HOME="/workspace/rustup-home" "/workspace/cargo-home/bin/cargo" "+1.83.0" "metadata" "--manifest-path" "Cargo.toml" "--no-deps", kill_on_drop: false }`
[INFO] started tweaking git repo https://github.com/bachm44/cryptcoin
[INFO] finished tweaking git repo https://github.com/bachm44/cryptcoin
[INFO] tweaked toml for git repo https://github.com/bachm44/cryptcoin written to /workspace/builds/worker-1-tc1/source/Cargo.toml
[INFO] crate git repo https://github.com/bachm44/cryptcoin already has a lockfile, it will not be regenerated
[INFO] running `Command { std: CARGO_HOME="/workspace/cargo-home" RUSTUP_HOME="/workspace/rustup-home" "/workspace/cargo-home/bin/cargo" "+1.83.0" "fetch" "--manifest-path" "Cargo.toml", kill_on_drop: false }`
[INFO] [stderr]     Updating crates.io index
[INFO] [stderr]  Downloading crates ...
[INFO] [stderr]   Downloaded rsa v0.5.0
[INFO] [stderr]   Downloaded base64-url v1.4.10
[INFO] [stderr]   Downloaded nkeys v0.1.0
[INFO] [stderr]   Downloaded pkcs1 v0.2.4
[INFO] [stderr]   Downloaded nuid v0.3.2
[INFO] [stderr]   Downloaded pem-rfc7468 v0.2.4
[INFO] [stderr]   Downloaded signatory v0.21.0
[INFO] [stderr]   Downloaded nats v0.16.0
[INFO] running `Command { std: "docker" "create" "-v" "/var/lib/crater-agent-workspace/builds/worker-1-tc1/target:/opt/rustwide/target:rw,Z" "-v" "/var/lib/crater-agent-workspace/builds/worker-1-tc1/source:/opt/rustwide/workdir:ro,Z" "-v" "/var/lib/crater-agent-workspace/cargo-home:/opt/rustwide/cargo-home:ro,Z" "-v" "/var/lib/crater-agent-workspace/rustup-home:/opt/rustwide/rustup-home:ro,Z" "-e" "SOURCE_DIR=/opt/rustwide/workdir" "-e" "CARGO_TARGET_DIR=/opt/rustwide/target" "-e" "CARGO_HOME=/opt/rustwide/cargo-home" "-e" "RUSTUP_HOME=/opt/rustwide/rustup-home" "-w" "/opt/rustwide/workdir" "-m" "1610612736" "--user" "0:0" "--network" "none" "ghcr.io/rust-lang/crates-build-env/linux@sha256:f3a9d4ad9d972b27faf3965f35b62e55ba32bbce8f20bc8fe909558a86702fde" "/opt/rustwide/cargo-home/bin/cargo" "+1.83.0" "metadata" "--no-deps" "--format-version=1", kill_on_drop: false }`
[INFO] [stdout] 4fbe9b5e952cfcbd6f4a7b18ae5565ecfdf0876447c1b1221c626029b00b9be5
[INFO] running `Command { std: "docker" "start" "-a" "4fbe9b5e952cfcbd6f4a7b18ae5565ecfdf0876447c1b1221c626029b00b9be5", kill_on_drop: false }`
[INFO] running `Command { std: "docker" "inspect" "4fbe9b5e952cfcbd6f4a7b18ae5565ecfdf0876447c1b1221c626029b00b9be5", kill_on_drop: false }`
[INFO] running `Command { std: "docker" "rm" "-f" "4fbe9b5e952cfcbd6f4a7b18ae5565ecfdf0876447c1b1221c626029b00b9be5", kill_on_drop: false }`
[INFO] [stdout] 4fbe9b5e952cfcbd6f4a7b18ae5565ecfdf0876447c1b1221c626029b00b9be5
[INFO] running `Command { std: "docker" "create" "-v" "/var/lib/crater-agent-workspace/builds/worker-1-tc1/target:/opt/rustwide/target:rw,Z" "-v" "/var/lib/crater-agent-workspace/builds/worker-1-tc1/source:/opt/rustwide/workdir:ro,Z" "-v" "/var/lib/crater-agent-workspace/cargo-home:/opt/rustwide/cargo-home:ro,Z" "-v" "/var/lib/crater-agent-workspace/rustup-home:/opt/rustwide/rustup-home:ro,Z" "-e" "SOURCE_DIR=/opt/rustwide/workdir" "-e" "CARGO_TARGET_DIR=/opt/rustwide/target" "-e" "CARGO_INCREMENTAL=0" "-e" "RUST_BACKTRACE=full" "-e" "RUSTFLAGS=--cap-lints=warn" "-e" "RUSTDOCFLAGS=--cap-lints=warn" "-e" "CARGO_HOME=/opt/rustwide/cargo-home" "-e" "RUSTUP_HOME=/opt/rustwide/rustup-home" "-w" "/opt/rustwide/workdir" "-m" "1610612736" "--user" "0:0" "--network" "none" "ghcr.io/rust-lang/crates-build-env/linux@sha256:f3a9d4ad9d972b27faf3965f35b62e55ba32bbce8f20bc8fe909558a86702fde" "/opt/rustwide/cargo-home/bin/cargo" "+1.83.0" "build" "--frozen" "--message-format=json", kill_on_drop: false }`
[INFO] [stdout] 85f3f1350f22d370a27cfc9d1dbb52e5135bdffe956afc64bdc001558b753492
[INFO] running `Command { std: "docker" "start" "-a" "85f3f1350f22d370a27cfc9d1dbb52e5135bdffe956afc64bdc001558b753492", kill_on_drop: false }`
[INFO] [stderr]    Compiling cfg-if v1.0.0
[INFO] [stderr]    Compiling libc v0.2.112
[INFO] [stderr]    Compiling version_check v0.9.4
[INFO] [stderr]    Compiling proc-macro2 v1.0.36
[INFO] [stderr]    Compiling unicode-xid v0.2.2
[INFO] [stderr]    Compiling syn v1.0.85
[INFO] [stderr]    Compiling autocfg v1.0.1
[INFO] [stderr]    Compiling typenum v1.15.0
[INFO] [stderr]    Compiling spin v0.5.2
[INFO] [stderr]    Compiling libm v0.2.1
[INFO] [stderr]    Compiling memchr v2.4.1
[INFO] [stderr]    Compiling subtle v2.4.1
[INFO] [stderr]    Compiling getrandom v0.1.16
[INFO] [stderr]    Compiling ppv-lite86 v0.2.16
[INFO] [stderr]    Compiling serde_derive v1.0.133
[INFO] [stderr]    Compiling cc v1.0.72
[INFO] [stderr]    Compiling serde v1.0.133
[INFO] [stderr]    Compiling lazy_static v1.4.0
[INFO] [stderr]    Compiling once_cell v1.9.0
[INFO] [stderr]    Compiling byteorder v1.4.3
[INFO] [stderr]    Compiling log v0.4.14
[INFO] [stderr]    Compiling futures-core v0.3.19
[INFO] [stderr]    Compiling ryu v1.0.9
[INFO] [stderr]    Compiling untrusted v0.7.1
[INFO] [stderr]    Compiling cpufeatures v0.2.1
[INFO] [stderr]    Compiling generic-array v0.14.5
[INFO] [stderr]    Compiling tinyvec_macros v0.1.0
[INFO] [stderr]    Compiling signature v1.5.0
[INFO] [stderr]    Compiling num-traits v0.2.14
[INFO] [stderr]    Compiling num-integer v0.1.44
[INFO] [stderr]    Compiling const-oid v0.6.2
[INFO] [stderr]    Compiling smallvec v1.8.0
[INFO] [stderr]    Compiling tinyvec v1.5.1
[INFO] [stderr]    Compiling num-iter v0.1.42
[INFO] [stderr]    Compiling autocfg v0.1.7
[INFO] [stderr]    Compiling matches v0.1.9
[INFO] [stderr]    Compiling opaque-debug v0.3.0
[INFO] [stderr]    Compiling crossbeam-utils v0.8.6
[INFO] [stderr]    Compiling base64ct v1.1.1
[INFO] [stderr]    Compiling regex-syntax v0.6.25
[INFO] [stderr]    Compiling cache-padded v1.2.0
[INFO] [stderr]    Compiling base64 v0.13.0
[INFO] [stderr]    Compiling parking_lot_core v0.8.5
[INFO] [stderr]    Compiling serde_json v1.0.75
[INFO] [stderr]    Compiling lexical-core v0.7.6
[INFO] [stderr]    Compiling concurrent-queue v1.2.2
[INFO] [stderr]    Compiling aho-corasick v0.7.18
[INFO] [stderr]    Compiling num-bigint-dig v0.7.0
[INFO] [stderr]    Compiling pem-rfc7468 v0.2.4
[INFO] [stderr]    Compiling quote v1.0.14
[INFO] [stderr]    Compiling ed25519 v1.3.0
[INFO] [stderr]    Compiling indexmap v1.8.0
[INFO] [stderr]    Compiling nom v5.1.2
[INFO] [stderr]    Compiling instant v0.1.12
[INFO] [stderr]    Compiling arrayvec v0.5.2
[INFO] [stderr]    Compiling futures-io v0.3.19
[INFO] [stderr]    Compiling parking v2.0.0
[INFO] [stderr]    Compiling bitflags v1.3.2
[INFO] [stderr]    Compiling ring v0.16.20
[INFO] [stderr]    Compiling waker-fn v1.1.0
[INFO] [stderr]    Compiling percent-encoding v2.1.0
[INFO] [stderr]    Compiling scopeguard v1.1.0
[INFO] [stderr]    Compiling getrandom v0.2.4
[INFO] [stderr]    Compiling pin-project-lite v0.2.8
[INFO] [stderr]    Compiling linked-hash-map v0.5.4
[INFO] [stderr]    Compiling static_assertions v1.1.0
[INFO] [stderr]    Compiling rand_core v0.6.3
[INFO] [stderr]    Compiling unicode-bidi v0.3.7
[INFO] [stderr]    Compiling fastrand v1.6.0
[INFO] [stderr]    Compiling itoa v1.0.1
[INFO] [stderr]    Compiling rand_core v0.5.1
[INFO] [stderr]    Compiling rand_chacha v0.3.1
[INFO] [stderr]    Compiling rand_chacha v0.2.2
[INFO] [stderr]    Compiling unicode-normalization v0.1.19
[INFO] [stderr]    Compiling event-listener v2.5.1
[INFO] [stderr]    Compiling yaml-rust v0.4.5
[INFO] [stderr]    Compiling num-traits v0.1.43
[INFO] [stderr]    Compiling futures-lite v1.12.0
[INFO] [stderr]    Compiling rand v0.8.4
[INFO] [stderr]    Compiling rand v0.7.3
[INFO] [stderr]    Compiling async-channel v1.6.1
[INFO] [stderr]    Compiling form_urlencoded v1.0.1
[INFO] [stderr]    Compiling lock_api v0.4.5
[INFO] [stderr]    Compiling time v0.1.44
[INFO] [stderr]    Compiling idna v0.2.3
[INFO] [stderr]    Compiling hashbrown v0.11.2
[INFO] [stderr]    Compiling atomic-waker v1.0.0
[INFO] [stderr]    Compiling openssl-probe v0.1.5
[INFO] [stderr]    Compiling data-encoding v2.3.2
[INFO] [stderr]    Compiling serde v0.8.23
[INFO] [stderr]    Compiling digest v0.9.0
[INFO] [stderr]    Compiling crypto-bigint v0.2.11
[INFO] [stderr]    Compiling block-buffer v0.9.0
[INFO] [stderr]    Compiling block-buffer v0.10.0
[INFO] [stderr]    Compiling sha2 v0.9.9
[INFO] [stderr]    Compiling crypto-common v0.1.1
[INFO] [stderr]    Compiling async-task v4.0.3
[INFO] [stderr]    Compiling nuid v0.3.2
[INFO] [stderr]    Compiling url v2.2.2
[INFO] [stderr]    Compiling digest v0.10.1
[INFO] [stderr]    Compiling crossbeam-channel v0.5.2
[INFO] [stderr]    Compiling blocking v1.1.0
[INFO] [stderr]    Compiling parking_lot v0.11.2
[INFO] [stderr]    Compiling base64-url v1.4.10
[INFO] [stderr]    Compiling itoa v0.4.8
[INFO] [stderr]    Compiling json v0.12.4
[INFO] [stderr]    Compiling rust-ini v0.13.0
[INFO] [stderr]    Compiling der v0.4.5
[INFO] [stderr]    Compiling sha2 v0.10.1
[INFO] [stderr]    Compiling md5 v0.7.0
[INFO] [stderr]    Compiling regex v1.5.4
[INFO] [stderr]    Compiling synstructure v0.12.6
[INFO] [stderr]    Compiling serde-hjson v0.9.1
[INFO] [stderr]    Compiling spki v0.4.1
[INFO] [stderr]    Compiling zeroize_derive v1.3.1
[INFO] [stderr]    Compiling zeroize v1.4.3
[INFO] [stderr]    Compiling sct v0.6.1
[INFO] [stderr]    Compiling webpki v0.21.4
[INFO] [stderr]    Compiling curve25519-dalek v3.2.0
[INFO] [stderr]    Compiling subtle-encoding v0.5.1
[INFO] [stderr]    Compiling pkcs1 v0.2.4
[INFO] [stderr]    Compiling rustls v0.19.1
[INFO] [stderr]    Compiling signatory v0.21.0
[INFO] [stderr]    Compiling pkcs8 v0.7.6
[INFO] [stderr]    Compiling ed25519-dalek v1.0.1
[INFO] [stderr]    Compiling nkeys v0.1.0
[INFO] [stderr]    Compiling rsa v0.5.0
[INFO] [stderr]    Compiling rustls-native-certs v0.5.0
[INFO] [stderr]    Compiling chrono v0.4.19
[INFO] [stderr]    Compiling toml v0.5.8
[INFO] [stderr]    Compiling serde_yaml v0.8.23
[INFO] [stderr]    Compiling nats v0.16.0
[INFO] [stderr]    Compiling config v0.11.0
[INFO] [stderr]    Compiling cryptcoin v0.1.0 (/opt/rustwide/workdir)
[INFO] [stderr]     Finished `dev` profile [unoptimized + debuginfo] target(s) in 40.64s
[INFO] [stderr] warning: the following packages contain code that will be rejected by a future version of Rust: nom v5.1.2
[INFO] [stderr] note: to see what the problems were, use the option `--future-incompat-report`, or run `cargo report future-incompatibilities --id 1`
[INFO] running `Command { std: "docker" "inspect" "85f3f1350f22d370a27cfc9d1dbb52e5135bdffe956afc64bdc001558b753492", kill_on_drop: false }`
[INFO] running `Command { std: "docker" "rm" "-f" "85f3f1350f22d370a27cfc9d1dbb52e5135bdffe956afc64bdc001558b753492", kill_on_drop: false }`
[INFO] [stdout] 85f3f1350f22d370a27cfc9d1dbb52e5135bdffe956afc64bdc001558b753492
[INFO] running `Command { std: "docker" "create" "-v" "/var/lib/crater-agent-workspace/builds/worker-1-tc1/target:/opt/rustwide/target:rw,Z" "-v" "/var/lib/crater-agent-workspace/builds/worker-1-tc1/source:/opt/rustwide/workdir:ro,Z" "-v" "/var/lib/crater-agent-workspace/cargo-home:/opt/rustwide/cargo-home:ro,Z" "-v" "/var/lib/crater-agent-workspace/rustup-home:/opt/rustwide/rustup-home:ro,Z" "-e" "SOURCE_DIR=/opt/rustwide/workdir" "-e" "CARGO_TARGET_DIR=/opt/rustwide/target" "-e" "CARGO_INCREMENTAL=0" "-e" "RUST_BACKTRACE=full" "-e" "RUSTFLAGS=--cap-lints=warn" "-e" "RUSTDOCFLAGS=--cap-lints=warn" "-e" "CARGO_HOME=/opt/rustwide/cargo-home" "-e" "RUSTUP_HOME=/opt/rustwide/rustup-home" "-w" "/opt/rustwide/workdir" "-m" "1610612736" "--user" "0:0" "--network" "none" "ghcr.io/rust-lang/crates-build-env/linux@sha256:f3a9d4ad9d972b27faf3965f35b62e55ba32bbce8f20bc8fe909558a86702fde" "/opt/rustwide/cargo-home/bin/cargo" "+1.83.0" "test" "--frozen" "--no-run" "--message-format=json", kill_on_drop: false }`
[INFO] [stdout] 6b118f516e67282ed94586a6aec23f8fe319f90616bb21100effea194c7e41ea
[INFO] running `Command { std: "docker" "start" "-a" "6b118f516e67282ed94586a6aec23f8fe319f90616bb21100effea194c7e41ea", kill_on_drop: false }`
[INFO] [stderr]    Compiling cryptcoin v0.1.0 (/opt/rustwide/workdir)
[INFO] [stderr]     Finished `test` profile [unoptimized + debuginfo] target(s) in 2.95s
[INFO] [stderr] warning: the following packages contain code that will be rejected by a future version of Rust: nom v5.1.2
[INFO] [stderr] note: to see what the problems were, use the option `--future-incompat-report`, or run `cargo report future-incompatibilities --id 1`
[INFO] running `Command { std: "docker" "inspect" "6b118f516e67282ed94586a6aec23f8fe319f90616bb21100effea194c7e41ea", kill_on_drop: false }`
[INFO] running `Command { std: "docker" "rm" "-f" "6b118f516e67282ed94586a6aec23f8fe319f90616bb21100effea194c7e41ea", kill_on_drop: false }`
[INFO] [stdout] 6b118f516e67282ed94586a6aec23f8fe319f90616bb21100effea194c7e41ea
[INFO] running `Command { std: "docker" "create" "-v" "/var/lib/crater-agent-workspace/builds/worker-1-tc1/target:/opt/rustwide/target:rw,Z" "-v" "/var/lib/crater-agent-workspace/builds/worker-1-tc1/source:/opt/rustwide/workdir:ro,Z" "-v" "/var/lib/crater-agent-workspace/cargo-home:/opt/rustwide/cargo-home:ro,Z" "-v" "/var/lib/crater-agent-workspace/rustup-home:/opt/rustwide/rustup-home:ro,Z" "-e" "SOURCE_DIR=/opt/rustwide/workdir" "-e" "CARGO_TARGET_DIR=/opt/rustwide/target" "-e" "CARGO_INCREMENTAL=0" "-e" "RUST_BACKTRACE=full" "-e" "RUSTFLAGS=--cap-lints=warn" "-e" "RUSTDOCFLAGS=--cap-lints=warn" "-e" "CARGO_HOME=/opt/rustwide/cargo-home" "-e" "RUSTUP_HOME=/opt/rustwide/rustup-home" "-w" "/opt/rustwide/workdir" "-m" "1610612736" "--user" "0:0" "--network" "none" "ghcr.io/rust-lang/crates-build-env/linux@sha256:f3a9d4ad9d972b27faf3965f35b62e55ba32bbce8f20bc8fe909558a86702fde" "/opt/rustwide/cargo-home/bin/cargo" "+1.83.0" "test" "--frozen", kill_on_drop: false }`
[INFO] [stdout] cf601762ba0fff146d9f4338f4dab9708a12b7846344025c77e2dae6d2ed5b05
[INFO] running `Command { std: "docker" "start" "-a" "cf601762ba0fff146d9f4338f4dab9708a12b7846344025c77e2dae6d2ed5b05", kill_on_drop: false }`
[INFO] [stderr]     Finished `test` profile [unoptimized + debuginfo] target(s) in 0.22s
[INFO] [stderr] warning: the following packages contain code that will be rejected by a future version of Rust: nom v5.1.2
[INFO] [stderr] note: to see what the problems were, use the option `--future-incompat-report`, or run `cargo report future-incompatibilities --id 1`
[INFO] [stderr]      Running unittests src/lib.rs (/opt/rustwide/target/debug/deps/cryptcoin-a5b2934cd34ea65e)
[INFO] [stderr]      Running unittests src/main.rs (/opt/rustwide/target/debug/deps/cryptcoin-e05648afdeecd62d)
[INFO] [stdout] 
[INFO] [stdout] running 0 tests
[INFO] [stdout] 
[INFO] [stdout] test result: ok. 0 passed; 0 failed; 0 ignored; 0 measured; 0 filtered out; finished in 0.00s
[INFO] [stdout] 
[INFO] [stdout] 
[INFO] [stdout] running 0 tests
[INFO] [stdout] 
[INFO] [stdout] test result: ok. 0 passed; 0 failed; 0 ignored; 0 measured; 0 filtered out; finished in 0.00s
[INFO] [stdout] 
[INFO] [stderr]      Running tests/integration_test.rs (/opt/rustwide/target/debug/deps/integration_test-56ace0fc99dfe159)
[INFO] [stdout] 
[INFO] [stdout] running 3 tests
[INFO] [stdout] test no_sufficient_funds ... FAILED
[INFO] [stdout] test double_spending ... FAILED
[INFO] [stdout] test send_balance ... ok
[INFO] [stdout] 
[INFO] [stdout] failures:
[INFO] [stdout] 
[INFO] [stdout] ---- no_sufficient_funds stdout ----
[INFO] [stdout] Mining
[INFO] [stdout] Mined: 0000b8436df37cab88591c201a8e8c61
[INFO] [stdout] Transfered: 20 coins
[INFO] [stdout] thread 'no_sufficient_funds' panicked at tests/integration_test.rs:37:5:
[INFO] [stdout] assertion `left == right` failed
[INFO] [stdout]   left: -20.0
[INFO] [stdout]  right: 0.0
[INFO] [stdout] stack backtrace:
[INFO] [stdout]    0:     0x65147ab50a2a - std::backtrace_rs::backtrace::libunwind::trace::h5a5b8284f2d0c266
[INFO] [stdout]                                at /rustc/90b35a6239c3d8bdabc530a6a0816f7ff89a0aaf/library/std/src/../../backtrace/src/backtrace/libunwind.rs:116:5
[INFO] [stdout]    1:     0x65147ab50a2a - std::backtrace_rs::backtrace::trace_unsynchronized::h76d4f1c9b0b875e3
[INFO] [stdout]                                at /rustc/90b35a6239c3d8bdabc530a6a0816f7ff89a0aaf/library/std/src/../../backtrace/src/backtrace/mod.rs:66:5
[INFO] [stdout]    2:     0x65147ab50a2a - std::sys::backtrace::_print_fmt::hc4546b8364a537c6
[INFO] [stdout]                                at /rustc/90b35a6239c3d8bdabc530a6a0816f7ff89a0aaf/library/std/src/sys/backtrace.rs:66:9
[INFO] [stdout]    3:     0x65147ab50a2a - <std::sys::backtrace::BacktraceLock::print::DisplayBacktrace as core::fmt::Display>::fmt::h5b6bd5631a6d1f6b
[INFO] [stdout]                                at /rustc/90b35a6239c3d8bdabc530a6a0816f7ff89a0aaf/library/std/src/sys/backtrace.rs:39:26
[INFO] [stdout]    4:     0x65147ab769a3 - core::fmt::rt::Argument::fmt::h270f6602a2b96f62
[INFO] [stdout]                                at /rustc/90b35a6239c3d8bdabc530a6a0816f7ff89a0aaf/library/core/src/fmt/rt.rs:177:76
[INFO] [stdout]    5:     0x65147ab769a3 - core::fmt::write::h7550c97b06c86515
[INFO] [stdout]                                at /rustc/90b35a6239c3d8bdabc530a6a0816f7ff89a0aaf/library/core/src/fmt/mod.rs:1186:21
[INFO] [stdout]    6:     0x65147ab4dbf3 - std::io::Write::write_fmt::h509ff860e5956e5e
[INFO] [stdout]                                at /rustc/90b35a6239c3d8bdabc530a6a0816f7ff89a0aaf/library/std/src/io/mod.rs:1839:15
[INFO] [stdout]    7:     0x65147ab50872 - std::sys::backtrace::BacktraceLock::print::h2395ccd2c84ba3aa
[INFO] [stdout]                                at /rustc/90b35a6239c3d8bdabc530a6a0816f7ff89a0aaf/library/std/src/sys/backtrace.rs:42:9
[INFO] [stdout]    8:     0x65147ab51e8a - std::panicking::default_hook::{{closure}}::he19d4c7230e07961
[INFO] [stdout]                                at /rustc/90b35a6239c3d8bdabc530a6a0816f7ff89a0aaf/library/std/src/panicking.rs:268:22
[INFO] [stdout]    9:     0x65147ab51c94 - std::panicking::default_hook::hf614597d3c67bbdb
[INFO] [stdout]                                at /rustc/90b35a6239c3d8bdabc530a6a0816f7ff89a0aaf/library/std/src/panicking.rs:292:9
[INFO] [stdout]   10:     0x65147aa81ee9 - <alloc::boxed::Box<F,A> as core::ops::function::Fn<Args>>::call::h39b51ce4599c23d1
[INFO] [stdout]                                at /rustc/90b35a6239c3d8bdabc530a6a0816f7ff89a0aaf/library/alloc/src/boxed.rs:2468:9
[INFO] [stdout]   11:     0x65147aa81ee9 - test::test_main::{{closure}}::he977ae839a582784
[INFO] [stdout]                                at /rustc/90b35a6239c3d8bdabc530a6a0816f7ff89a0aaf/library/test/src/lib.rs:133:21
[INFO] [stdout]   12:     0x65147ab52528 - <alloc::boxed::Box<F,A> as core::ops::function::Fn<Args>>::call::h9455091b6b06f9fb
[INFO] [stdout]                                at /rustc/90b35a6239c3d8bdabc530a6a0816f7ff89a0aaf/library/alloc/src/boxed.rs:2468:9
[INFO] [stdout]   13:     0x65147ab52528 - std::panicking::rust_panic_with_hook::h8942133a8b252070
[INFO] [stdout]                                at /rustc/90b35a6239c3d8bdabc530a6a0816f7ff89a0aaf/library/std/src/panicking.rs:809:13
[INFO] [stdout]   14:     0x65147ab522ea - std::panicking::begin_panic_handler::{{closure}}::hb5f5963570096b29
[INFO] [stdout]                                at /rustc/90b35a6239c3d8bdabc530a6a0816f7ff89a0aaf/library/std/src/panicking.rs:674:13
[INFO] [stdout]   15:     0x65147ab50f09 - std::sys::backtrace::__rust_end_short_backtrace::h6208cedc1922feda
[INFO] [stdout]                                at /rustc/90b35a6239c3d8bdabc530a6a0816f7ff89a0aaf/library/std/src/sys/backtrace.rs:170:18
[INFO] [stdout]   16:     0x65147ab51f7c - rust_begin_unwind
[INFO] [stdout]                                at /rustc/90b35a6239c3d8bdabc530a6a0816f7ff89a0aaf/library/std/src/panicking.rs:665:5
[INFO] [stdout]   17:     0x65147aa47fe0 - core::panicking::panic_fmt::h0c3082644d1bf418
[INFO] [stdout]                                at /rustc/90b35a6239c3d8bdabc530a6a0816f7ff89a0aaf/library/core/src/panicking.rs:74:14
[INFO] [stdout]   18:     0x65147aa483ab - core::panicking::assert_failed_inner::h2ddf1fcc067fa858
[INFO] [stdout]   19:     0x65147aa48c6b - core::panicking::assert_failed::h6682ed2014d08f03
[INFO] [stdout]                                at /rustc/90b35a6239c3d8bdabc530a6a0816f7ff89a0aaf/library/core/src/panicking.rs:367:5
[INFO] [stdout]   20:     0x65147aa496b7 - integration_test::no_sufficient_funds::h7c51308f7328e335
[INFO] [stdout]                                at /opt/rustwide/workdir/tests/integration_test.rs:37:2
[INFO] [stdout]   21:     0x65147aa493e7 - integration_test::no_sufficient_funds::{{closure}}::h0270622cdd738fca
[INFO] [stdout]                                at /opt/rustwide/workdir/tests/integration_test.rs:27:25
[INFO] [stdout]   22:     0x65147aa48b76 - core::ops::function::FnOnce::call_once::h651011646f240542
[INFO] [stdout]                                at /rustc/90b35a6239c3d8bdabc530a6a0816f7ff89a0aaf/library/core/src/ops/function.rs:250:5
[INFO] [stdout]   23:     0x65147aa868ab - core::ops::function::FnOnce::call_once::h109cf8051a59b34e
[INFO] [stdout]                                at /rustc/90b35a6239c3d8bdabc530a6a0816f7ff89a0aaf/library/core/src/ops/function.rs:250:5
[INFO] [stdout]   24:     0x65147aa868ab - test::__rust_begin_short_backtrace::hf4fff89d377446ba
[INFO] [stdout]                                at /rustc/90b35a6239c3d8bdabc530a6a0816f7ff89a0aaf/library/test/src/lib.rs:621:18
[INFO] [stdout]   25:     0x65147aa860e7 - test::run_test_in_process::{{closure}}::h0e39181dd7ee5a43
[INFO] [stdout]                                at /rustc/90b35a6239c3d8bdabc530a6a0816f7ff89a0aaf/library/test/src/lib.rs:644:60
[INFO] [stdout]   26:     0x65147aa860e7 - <core::panic::unwind_safe::AssertUnwindSafe<F> as core::ops::function::FnOnce<()>>::call_once::hc5a66a30f0bdfd1f
[INFO] [stdout]                                at /rustc/90b35a6239c3d8bdabc530a6a0816f7ff89a0aaf/library/core/src/panic/unwind_safe.rs:272:9
[INFO] [stdout]   27:     0x65147aa860e7 - std::panicking::try::do_call::h873b7cf639554a5e
[INFO] [stdout]                                at /rustc/90b35a6239c3d8bdabc530a6a0816f7ff89a0aaf/library/std/src/panicking.rs:557:40
[INFO] [stdout]   28:     0x65147aa860e7 - std::panicking::try::hdb19862fad9c8bd1
[INFO] [stdout]                                at /rustc/90b35a6239c3d8bdabc530a6a0816f7ff89a0aaf/library/std/src/panicking.rs:520:19
[INFO] [stdout]   29:     0x65147aa860e7 - std::panic::catch_unwind::h281fe732d236d260
[INFO] [stdout]                                at /rustc/90b35a6239c3d8bdabc530a6a0816f7ff89a0aaf/library/std/src/panic.rs:358:14
[INFO] [stdout]   30:     0x65147aa860e7 - test::run_test_in_process::h949b6df8457ed338
[INFO] [stdout]                                at /rustc/90b35a6239c3d8bdabc530a6a0816f7ff89a0aaf/library/test/src/lib.rs:644:27
[INFO] [stdout]   31:     0x65147aa860e7 - test::run_test::{{closure}}::h52c556a6d4740e10
[INFO] [stdout]                                at /rustc/90b35a6239c3d8bdabc530a6a0816f7ff89a0aaf/library/test/src/lib.rs:565:43
[INFO] [stdout]   32:     0x65147aa4b3c4 - test::run_test::{{closure}}::h4237f6381c45ccb9
[INFO] [stdout]                                at /rustc/90b35a6239c3d8bdabc530a6a0816f7ff89a0aaf/library/test/src/lib.rs:595:41
[INFO] [stdout]   33:     0x65147aa4b3c4 - std::sys::backtrace::__rust_begin_short_backtrace::h505c97a579eca628
[INFO] [stdout]                                at /rustc/90b35a6239c3d8bdabc530a6a0816f7ff89a0aaf/library/std/src/sys/backtrace.rs:154:18
[INFO] [stdout]   34:     0x65147aa4ea8e - std::thread::Builder::spawn_unchecked_::{{closure}}::{{closure}}::h9e86b2e2bc107ea3
[INFO] [stdout]                                at /rustc/90b35a6239c3d8bdabc530a6a0816f7ff89a0aaf/library/std/src/thread/mod.rs:538:17
[INFO] [stdout]   35:     0x65147aa4ea8e - <core::panic::unwind_safe::AssertUnwindSafe<F> as core::ops::function::FnOnce<()>>::call_once::h8b06ddb275ff4a25
[INFO] [stdout]                                at /rustc/90b35a6239c3d8bdabc530a6a0816f7ff89a0aaf/library/core/src/panic/unwind_safe.rs:272:9
[INFO] [stdout]   36:     0x65147aa4ea8e - std::panicking::try::do_call::hb26ecd7cd9a9355d
[INFO] [stdout]                                at /rustc/90b35a6239c3d8bdabc530a6a0816f7ff89a0aaf/library/std/src/panicking.rs:557:40
[INFO] [stdout]   37:     0x65147aa4ea8e - std::panicking::try::h8ddeca9d705f9069
[INFO] [stdout]                                at /rustc/90b35a6239c3d8bdabc530a6a0816f7ff89a0aaf/library/std/src/panicking.rs:520:19
[INFO] [stdout]   38:     0x65147aa4ea8e - std::panic::catch_unwind::h49e1c33078844c46
[INFO] [stdout]                                at /rustc/90b35a6239c3d8bdabc530a6a0816f7ff89a0aaf/library/std/src/panic.rs:358:14
[INFO] [stdout]   39:     0x65147aa4ea8e - std::thread::Builder::spawn_unchecked_::{{closure}}::h6073db6ff56ad35d
[INFO] [stdout]                                at /rustc/90b35a6239c3d8bdabc530a6a0816f7ff89a0aaf/library/std/src/thread/mod.rs:537:30
[INFO] [stdout]   40:     0x65147aa4ea8e - core::ops::function::FnOnce::call_once{{vtable.shim}}::h2c5a5f3779c774f1
[INFO] [stdout]                                at /rustc/90b35a6239c3d8bdabc530a6a0816f7ff89a0aaf/library/core/src/ops/function.rs:250:5
[INFO] [stdout]   41:     0x65147ab5627b - <alloc::boxed::Box<F,A> as core::ops::function::FnOnce<Args>>::call_once::hf75717d9f28faebf
[INFO] [stdout]                                at /rustc/90b35a6239c3d8bdabc530a6a0816f7ff89a0aaf/library/alloc/src/boxed.rs:2454:9
[INFO] [stdout]   42:     0x65147ab5627b - <alloc::boxed::Box<F,A> as core::ops::function::FnOnce<Args>>::call_once::h7bd883a5f3c5f3c1
[INFO] [stdout]                                at /rustc/90b35a6239c3d8bdabc530a6a0816f7ff89a0aaf/library/alloc/src/boxed.rs:2454:9
[INFO] [stdout]   43:     0x65147ab5627b - std::sys::pal::unix::thread::Thread::new::thread_start::hcc78f3943333fa94
[INFO] [stdout]                                at /rustc/90b35a6239c3d8bdabc530a6a0816f7ff89a0aaf/library/std/src/sys/pal/unix/thread.rs:105:17
[INFO] [stdout]   44:     0x7715e5615ac3 - <unknown>
[INFO] [stdout]   45:     0x7715e56a6a04 - clone
[INFO] [stdout]   46:                0x0 - <unknown>
[INFO] [stdout] 
[INFO] [stdout] ---- double_spending stdout ----
[INFO] [stdout] Mining
[INFO] [stdout] Mined: 0000282e6f76dd663a1833da245d5386
[INFO] [stdout] Transfered: 10 coins
[INFO] [stdout] Mining
[INFO] [stdout] Mined: 00000e3e02b70e877e7d96264e711cc1
[INFO] [stdout] Transfered: 10 coins
[INFO] [stdout] Mining
[INFO] [stdout] Mined: 0000a84780dcc0e1c4c27df5df349e18
[INFO] [stdout] Transfered: 10 coins
[INFO] [stdout] thread 'double_spending' panicked at tests/integration_test.rs:54:5:
[INFO] [stdout] assertion `left == right` failed
[INFO] [stdout]   left: -10.0
[INFO] [stdout]  right: 0.0
[INFO] [stdout] stack backtrace:
[INFO] [stdout]    0:     0x65147ab50a2a - std::backtrace_rs::backtrace::libunwind::trace::h5a5b8284f2d0c266
[INFO] [stdout]                                at /rustc/90b35a6239c3d8bdabc530a6a0816f7ff89a0aaf/library/std/src/../../backtrace/src/backtrace/libunwind.rs:116:5
[INFO] [stdout]    1:     0x65147ab50a2a - std::backtrace_rs::backtrace::trace_unsynchronized::h76d4f1c9b0b875e3
[INFO] [stdout]                                at /rustc/90b35a6239c3d8bdabc530a6a0816f7ff89a0aaf/library/std/src/../../backtrace/src/backtrace/mod.rs:66:5
[INFO] [stdout]    2:     0x65147ab50a2a - std::sys::backtrace::_print_fmt::hc4546b8364a537c6
[INFO] [stdout]                                at /rustc/90b35a6239c3d8bdabc530a6a0816f7ff89a0aaf/library/std/src/sys/backtrace.rs:66:9
[INFO] [stdout]    3:     0x65147ab50a2a - <std::sys::backtrace::BacktraceLock::print::DisplayBacktrace as core::fmt::Display>::fmt::h5b6bd5631a6d1f6b
[INFO] [stdout]                                at /rustc/90b35a6239c3d8bdabc530a6a0816f7ff89a0aaf/library/std/src/sys/backtrace.rs:39:26
[INFO] [stdout]    4:     0x65147ab769a3 - core::fmt::rt::Argument::fmt::h270f6602a2b96f62
[INFO] [stdout]                                at /rustc/90b35a6239c3d8bdabc530a6a0816f7ff89a0aaf/library/core/src/fmt/rt.rs:177:76
[INFO] [stdout]    5:     0x65147ab769a3 - core::fmt::write::h7550c97b06c86515
[INFO] [stdout]                                at /rustc/90b35a6239c3d8bdabc530a6a0816f7ff89a0aaf/library/core/src/fmt/mod.rs:1186:21
[INFO] [stdout]    6:     0x65147ab4dbf3 - std::io::Write::write_fmt::h509ff860e5956e5e
[INFO] [stdout]                                at /rustc/90b35a6239c3d8bdabc530a6a0816f7ff89a0aaf/library/std/src/io/mod.rs:1839:15
[INFO] [stdout]    7:     0x65147ab50872 - std::sys::backtrace::BacktraceLock::print::h2395ccd2c84ba3aa
[INFO] [stdout]                                at /rustc/90b35a6239c3d8bdabc530a6a0816f7ff89a0aaf/library/std/src/sys/backtrace.rs:42:9
[INFO] [stdout]    8:     0x65147ab51e8a - std::panicking::default_hook::{{closure}}::he19d4c7230e07961
[INFO] [stdout]                                at /rustc/90b35a6239c3d8bdabc530a6a0816f7ff89a0aaf/library/std/src/panicking.rs:268:22
[INFO] [stdout]    9:     0x65147ab51c94 - std::panicking::default_hook::hf614597d3c67bbdb
[INFO] [stdout]                                at /rustc/90b35a6239c3d8bdabc530a6a0816f7ff89a0aaf/library/std/src/panicking.rs:292:9
[INFO] [stdout]   10:     0x65147aa81ee9 - <alloc::boxed::Box<F,A> as core::ops::function::Fn<Args>>::call::h39b51ce4599c23d1
[INFO] [stdout]                                at /rustc/90b35a6239c3d8bdabc530a6a0816f7ff89a0aaf/library/alloc/src/boxed.rs:2468:9
[INFO] [stdout]   11:     0x65147aa81ee9 - test::test_main::{{closure}}::he977ae839a582784
[INFO] [stdout]                                at /rustc/90b35a6239c3d8bdabc530a6a0816f7ff89a0aaf/library/test/src/lib.rs:133:21
[INFO] [stdout]   12:     0x65147ab52528 - <alloc::boxed::Box<F,A> as core::ops::function::Fn<Args>>::call::h9455091b6b06f9fb
[INFO] [stdout]                                at /rustc/90b35a6239c3d8bdabc530a6a0816f7ff89a0aaf/library/alloc/src/boxed.rs:2468:9
[INFO] [stdout]   13:     0x65147ab52528 - std::panicking::rust_panic_with_hook::h8942133a8b252070
[INFO] [stdout]                                at /rustc/90b35a6239c3d8bdabc530a6a0816f7ff89a0aaf/library/std/src/panicking.rs:809:13
[INFO] [stdout]   14:     0x65147ab522ea - std::panicking::begin_panic_handler::{{closure}}::hb5f5963570096b29
[INFO] [stdout]                                at /rustc/90b35a6239c3d8bdabc530a6a0816f7ff89a0aaf/library/std/src/panicking.rs:674:13
[INFO] [stdout]   15:     0x65147ab50f09 - std::sys::backtrace::__rust_end_short_backtrace::h6208cedc1922feda
[INFO] [stdout]                                at /rustc/90b35a6239c3d8bdabc530a6a0816f7ff89a0aaf/library/std/src/sys/backtrace.rs:170:18
[INFO] [stdout]   16:     0x65147ab51f7c - rust_begin_unwind
[INFO] [stdout]                                at /rustc/90b35a6239c3d8bdabc530a6a0816f7ff89a0aaf/library/std/src/panicking.rs:665:5
[INFO] [stdout]   17:     0x65147aa47fe0 - core::panicking::panic_fmt::h0c3082644d1bf418
[INFO] [stdout]                                at /rustc/90b35a6239c3d8bdabc530a6a0816f7ff89a0aaf/library/core/src/panicking.rs:74:14
[INFO] [stdout]   18:     0x65147aa483ab - core::panicking::assert_failed_inner::h2ddf1fcc067fa858
[INFO] [stdout]   19:     0x65147aa48c6b - core::panicking::assert_failed::h6682ed2014d08f03
[INFO] [stdout]                                at /rustc/90b35a6239c3d8bdabc530a6a0816f7ff89a0aaf/library/core/src/panicking.rs:367:5
[INFO] [stdout]   20:     0x65147aa49a1a - integration_test::double_spending::h03366f120ac43719
[INFO] [stdout]                                at /opt/rustwide/workdir/tests/integration_test.rs:54:2
[INFO] [stdout]   21:     0x65147aa497c7 - integration_test::double_spending::{{closure}}::h03fe3cc06c2cc514
[INFO] [stdout]                                at /opt/rustwide/workdir/tests/integration_test.rs:42:21
[INFO] [stdout]   22:     0x65147aa48bb6 - core::ops::function::FnOnce::call_once::h725105209ac816fe
[INFO] [stdout]                                at /rustc/90b35a6239c3d8bdabc530a6a0816f7ff89a0aaf/library/core/src/ops/function.rs:250:5
[INFO] [stdout]   23:     0x65147aa868ab - core::ops::function::FnOnce::call_once::h109cf8051a59b34e
[INFO] [stdout]                                at /rustc/90b35a6239c3d8bdabc530a6a0816f7ff89a0aaf/library/core/src/ops/function.rs:250:5
[INFO] [stdout]   24:     0x65147aa868ab - test::__rust_begin_short_backtrace::hf4fff89d377446ba
[INFO] [stdout]                                at /rustc/90b35a6239c3d8bdabc530a6a0816f7ff89a0aaf/library/test/src/lib.rs:621:18
[INFO] [stdout]   25:     0x65147aa860e7 - test::run_test_in_process::{{closure}}::h0e39181dd7ee5a43
[INFO] [stdout]                                at /rustc/90b35a6239c3d8bdabc530a6a0816f7ff89a0aaf/library/test/src/lib.rs:644:60
[INFO] [stdout]   26:     0x65147aa860e7 - <core::panic::unwind_safe::AssertUnwindSafe<F> as core::ops::function::FnOnce<()>>::call_once::hc5a66a30f0bdfd1f
[INFO] [stdout]                                at /rustc/90b35a6239c3d8bdabc530a6a0816f7ff89a0aaf/library/core/src/panic/unwind_safe.rs:272:9
[INFO] [stdout]   27:     0x65147aa860e7 - std::panicking::try::do_call::h873b7cf639554a5e
[INFO] [stdout]                                at /rustc/90b35a6239c3d8bdabc530a6a0816f7ff89a0aaf/library/std/src/panicking.rs:557:40
[INFO] [stdout]   28:     0x65147aa860e7 - std::panicking::try::hdb19862fad9c8bd1
[INFO] [stdout]                                at /rustc/90b35a6239c3d8bdabc530a6a0816f7ff89a0aaf/library/std/src/panicking.rs:520:19
[INFO] [stdout]   29:     0x65147aa860e7 - std::panic::catch_unwind::h281fe732d236d260
[INFO] [stdout]                                at /rustc/90b35a6239c3d8bdabc530a6a0816f7ff89a0aaf/library/std/src/panic.rs:358:14
[INFO] [stdout]   30:     0x65147aa860e7 - test::run_test_in_process::h949b6df8457ed338
[INFO] [stdout]                                at /rustc/90b35a6239c3d8bdabc530a6a0816f7ff89a0aaf/library/test/src/lib.rs:644:27
[INFO] [stdout]   31:     0x65147aa860e7 - test::run_test::{{closure}}::h52c556a6d4740e10
[INFO] [stdout]                                at /rustc/90b35a6239c3d8bdabc530a6a0816f7ff89a0aaf/library/test/src/lib.rs:565:43
[INFO] [stdout]   32:     0x65147aa4b3c4 - test::run_test::{{closure}}::h4237f6381c45ccb9
[INFO] [stdout]                                at /rustc/90b35a6239c3d8bdabc530a6a0816f7ff89a0aaf/library/test/src/lib.rs:595:41
[INFO] [stdout]   33:     0x65147aa4b3c4 - std::sys::backtrace::__rust_begin_short_backtrace::h505c97a579eca628
[INFO] [stdout]                                at /rustc/90b35a6239c3d8bdabc530a6a0816f7ff89a0aaf/library/std/src/sys/backtrace.rs:154:18
[INFO] [stdout]   34:     0x65147aa4ea8e - std::thread::Builder::spawn_unchecked_::{{closure}}::{{closure}}::h9e86b2e2bc107ea3
[INFO] [stdout]                                at /rustc/90b35a6239c3d8bdabc530a6a0816f7ff89a0aaf/library/std/src/thread/mod.rs:538:17
[INFO] [stdout]   35:     0x65147aa4ea8e - <core::panic::unwind_safe::AssertUnwindSafe<F> as core::ops::function::FnOnce<()>>::call_once::h8b06ddb275ff4a25
[INFO] [stdout]                                at /rustc/90b35a6239c3d8bdabc530a6a0816f7ff89a0aaf/library/core/src/panic/unwind_safe.rs:272:9
[INFO] [stdout]   36:     0x65147aa4ea8e - std::panicking::try::do_call::hb26ecd7cd9a9355d
[INFO] [stdout]                                at /rustc/90b35a6239c3d8bdabc530a6a0816f7ff89a0aaf/library/std/src/panicking.rs:557:40
[INFO] [stdout]   37:     0x65147aa4ea8e - std::panicking::try::h8ddeca9d705f9069
[INFO] [stdout]                                at /rustc/90b35a6239c3d8bdabc530a6a0816f7ff89a0aaf/library/std/src/panicking.rs:520:19
[INFO] [stdout]   38:     0x65147aa4ea8e - std::panic::catch_unwind::h49e1c33078844c46
[INFO] [stdout]                                at /rustc/90b35a6239c3d8bdabc530a6a0816f7ff89a0aaf/library/std/src/panic.rs:358:14
[INFO] [stdout]   39:     0x65147aa4ea8e - std::thread::Builder::spawn_unchecked_::{{closure}}::h6073db6ff56ad35d
[INFO] [stdout]                                at /rustc/90b35a6239c3d8bdabc530a6a0816f7ff89a0aaf/library/std/src/thread/mod.rs:537:30
[INFO] [stdout]   40:     0x65147aa4ea8e - core::ops::function::FnOnce::call_once{{vtable.shim}}::h2c5a5f3779c774f1
[INFO] [stdout]                                at /rustc/90b35a6239c3d8bdabc530a6a0816f7ff89a0aaf/library/core/src/ops/function.rs:250:5
[INFO] [stdout]   41:     0x65147ab5627b - <alloc::boxed::Box<F,A> as core::ops::function::FnOnce<Args>>::call_once::hf75717d9f28faebf
[INFO] [stdout]                                at /rustc/90b35a6239c3d8bdabc530a6a0816f7ff89a0aaf/library/alloc/src/boxed.rs:2454:9
[INFO] [stdout]   42:     0x65147ab5627b - <alloc::boxed::Box<F,A> as core::ops::function::FnOnce<Args>>::call_once::h7bd883a5f3c5f3c1
[INFO] [stdout]                                at /rustc/90b35a6239c3d8bdabc530a6a0816f7ff89a0aaf/library/alloc/src/boxed.rs:2454:9
[INFO] [stdout]   43:     0x65147ab5627b - std::sys::pal::unix::thread::Thread::new::thread_start::hcc78f3943333fa94
[INFO] [stdout]                                at /rustc/90b35a6239c3d8bdabc530a6a0816f7ff89a0aaf/library/std/src/sys/pal/unix/thread.rs:105:17
[INFO] [stdout]   44:     0x7715e5615ac3 - <unknown>
[INFO] [stdout]   45:     0x7715e56a6a04 - clone
[INFO] [stdout]   46:                0x0 - <unknown>
[INFO] [stdout] 
[INFO] [stdout] 
[INFO] [stdout] failures:
[INFO] [stdout]     double_spending
[INFO] [stdout]     no_sufficient_funds
[INFO] [stdout] 
[INFO] [stdout] test result: FAILED. 1 passed; 2 failed; 0 ignored; 0 measured; 0 filtered out; finished in 2.22s
[INFO] [stdout] 
[INFO] [stderr] error: test failed, to rerun pass `--test integration_test`
[INFO] running `Command { std: "docker" "inspect" "cf601762ba0fff146d9f4338f4dab9708a12b7846344025c77e2dae6d2ed5b05", kill_on_drop: false }`
[INFO] running `Command { std: "docker" "rm" "-f" "cf601762ba0fff146d9f4338f4dab9708a12b7846344025c77e2dae6d2ed5b05", kill_on_drop: false }`
[INFO] [stdout] cf601762ba0fff146d9f4338f4dab9708a12b7846344025c77e2dae6d2ed5b05
