[INFO] cloning repository https://github.com/awakecoding/cirup-rs
[INFO] running `Command { std: "git" "-c" "credential.helper=" "-c" "credential.helper=/workspace/cargo-home/bin/git-credential-null" "clone" "--bare" "https://github.com/awakecoding/cirup-rs" "/workspace/cache/git-repos/https%3A%2F%2Fgithub.com%2Fawakecoding%2Fcirup-rs", kill_on_drop: false }`
[INFO] [stderr] Cloning into bare repository '/workspace/cache/git-repos/https%3A%2F%2Fgithub.com%2Fawakecoding%2Fcirup-rs'...
[INFO] running `Command { std: "git" "rev-parse" "HEAD", kill_on_drop: false }`
[INFO] [stdout] 509435fcedeea56a11f699e3c7f2389ad9d50829
[INFO] testing awakecoding/cirup-rs against 1.83.0 for beta-1.84.0-4-retry
[INFO] running `Command { std: "git" "clone" "/workspace/cache/git-repos/https%3A%2F%2Fgithub.com%2Fawakecoding%2Fcirup-rs" "/workspace/builds/worker-4-tc1/source", kill_on_drop: false }`
[INFO] [stderr] Cloning into '/workspace/builds/worker-4-tc1/source'...
[INFO] [stderr] done.
[INFO] validating manifest of git repo https://github.com/awakecoding/cirup-rs on toolchain 1.83.0
[INFO] running `Command { std: CARGO_HOME="/workspace/cargo-home" RUSTUP_HOME="/workspace/rustup-home" "/workspace/cargo-home/bin/cargo" "+1.83.0" "metadata" "--manifest-path" "Cargo.toml" "--no-deps", kill_on_drop: false }`
[INFO] started tweaking git repo https://github.com/awakecoding/cirup-rs
[INFO] finished tweaking git repo https://github.com/awakecoding/cirup-rs
[INFO] tweaked toml for git repo https://github.com/awakecoding/cirup-rs written to /workspace/builds/worker-4-tc1/source/Cargo.toml
[INFO] crate git repo https://github.com/awakecoding/cirup-rs already has a lockfile, it will not be regenerated
[INFO] running `Command { std: CARGO_HOME="/workspace/cargo-home" RUSTUP_HOME="/workspace/rustup-home" "/workspace/cargo-home/bin/cargo" "+1.83.0" "fetch" "--manifest-path" "Cargo.toml", kill_on_drop: false }`
[INFO] [stderr] warning: /workspace/builds/worker-4-tc1/source/cirup_core/Cargo.toml: no edition set: defaulting to the 2015 edition while the latest is 2021
[INFO] [stderr]     Updating crates.io index
[INFO] [stderr]     Updating git repository `https://github.com/awakecoding/treexml-rs.git`
[INFO] [stderr]  Downloading crates ...
[INFO] [stderr]   Downloaded serde-xml-rs v0.3.1
[INFO] [stderr]   Downloaded rusqlite v0.14.0
[INFO] [stderr]   Downloaded libsqlite3-sys v0.9.4
[INFO] [stderr]   Downloaded find_git v1.2.0
[INFO] [stderr]   Downloaded dot_json v0.2.0
[INFO] running `Command { std: "docker" "create" "-v" "/var/lib/crater-agent-workspace/builds/worker-4-tc1/target:/opt/rustwide/target:rw,Z" "-v" "/var/lib/crater-agent-workspace/builds/worker-4-tc1/source:/opt/rustwide/workdir:ro,Z" "-v" "/var/lib/crater-agent-workspace/cargo-home:/opt/rustwide/cargo-home:ro,Z" "-v" "/var/lib/crater-agent-workspace/rustup-home:/opt/rustwide/rustup-home:ro,Z" "-e" "SOURCE_DIR=/opt/rustwide/workdir" "-e" "CARGO_TARGET_DIR=/opt/rustwide/target" "-e" "CARGO_HOME=/opt/rustwide/cargo-home" "-e" "RUSTUP_HOME=/opt/rustwide/rustup-home" "-w" "/opt/rustwide/workdir" "-m" "1610612736" "--user" "0:0" "--network" "none" "ghcr.io/rust-lang/crates-build-env/linux@sha256:f3a9d4ad9d972b27faf3965f35b62e55ba32bbce8f20bc8fe909558a86702fde" "/opt/rustwide/cargo-home/bin/cargo" "+1.83.0" "metadata" "--no-deps" "--format-version=1", kill_on_drop: false }`
[INFO] [stdout] e717d8c38726cfbb28715c852fcba644d39286d5fe33cb6cd95ecd9af31de343
[INFO] running `Command { std: "docker" "start" "-a" "e717d8c38726cfbb28715c852fcba644d39286d5fe33cb6cd95ecd9af31de343", kill_on_drop: false }`
[INFO] running `Command { std: "docker" "inspect" "e717d8c38726cfbb28715c852fcba644d39286d5fe33cb6cd95ecd9af31de343", kill_on_drop: false }`
[INFO] running `Command { std: "docker" "rm" "-f" "e717d8c38726cfbb28715c852fcba644d39286d5fe33cb6cd95ecd9af31de343", kill_on_drop: false }`
[INFO] [stdout] e717d8c38726cfbb28715c852fcba644d39286d5fe33cb6cd95ecd9af31de343
[INFO] running `Command { std: "docker" "create" "-v" "/var/lib/crater-agent-workspace/builds/worker-4-tc1/target:/opt/rustwide/target:rw,Z" "-v" "/var/lib/crater-agent-workspace/builds/worker-4-tc1/source:/opt/rustwide/workdir:ro,Z" "-v" "/var/lib/crater-agent-workspace/cargo-home:/opt/rustwide/cargo-home:ro,Z" "-v" "/var/lib/crater-agent-workspace/rustup-home:/opt/rustwide/rustup-home:ro,Z" "-e" "SOURCE_DIR=/opt/rustwide/workdir" "-e" "CARGO_TARGET_DIR=/opt/rustwide/target" "-e" "CARGO_INCREMENTAL=0" "-e" "RUST_BACKTRACE=full" "-e" "RUSTFLAGS=--cap-lints=warn" "-e" "RUSTDOCFLAGS=--cap-lints=warn" "-e" "CARGO_HOME=/opt/rustwide/cargo-home" "-e" "RUSTUP_HOME=/opt/rustwide/rustup-home" "-w" "/opt/rustwide/workdir" "-m" "1610612736" "--user" "0:0" "--network" "none" "ghcr.io/rust-lang/crates-build-env/linux@sha256:f3a9d4ad9d972b27faf3965f35b62e55ba32bbce8f20bc8fe909558a86702fde" "/opt/rustwide/cargo-home/bin/cargo" "+1.83.0" "build" "--frozen" "--message-format=json", kill_on_drop: false }`
[INFO] [stdout] 3235f5be06199466f1b01df9369c4874e6837cbb310133fa1684f07877ccd943
[INFO] running `Command { std: "docker" "start" "-a" "3235f5be06199466f1b01df9369c4874e6837cbb310133fa1684f07877ccd943", kill_on_drop: false }`
[INFO] [stderr] warning: /opt/rustwide/workdir/cirup_core/Cargo.toml: no edition set: defaulting to the 2015 edition while the latest is 2021
[INFO] [stderr]    Compiling libc v0.2.139
[INFO] [stderr]    Compiling memchr v2.4.1
[INFO] [stderr]    Compiling cc v1.0.72
[INFO] [stderr]    Compiling proc-macro2 v1.0.36
[INFO] [stderr]    Compiling serde v1.0.133
[INFO] [stderr]    Compiling unicode-xid v0.2.2
[INFO] [stderr]    Compiling syn v1.0.84
[INFO] [stderr]    Compiling gimli v0.26.1
[INFO] [stderr]    Compiling rustc-demangle v0.1.21
[INFO] [stderr]    Compiling io-lifetimes v1.0.3
[INFO] [stderr]    Compiling log v0.4.14
[INFO] [stderr]    Compiling hashbrown v0.11.2
[INFO] [stderr]    Compiling miniz_oxide v0.4.4
[INFO] [stderr]    Compiling indexmap v1.7.0
[INFO] [stderr]    Compiling num-traits v0.2.14
[INFO] [stderr]    Compiling pkg-config v0.3.24
[INFO] [stderr]    Compiling failure_derive v0.1.8
[INFO] [stderr]    Compiling ryu v1.0.9
[INFO] [stderr]    Compiling rustix v0.36.6
[INFO] [stderr]    Compiling num-integer v0.1.44
[INFO] [stderr]    Compiling unicode-width v0.1.9
[INFO] [stderr]    Compiling ppv-lite86 v0.2.16
[INFO] [stderr]    Compiling linux-raw-sys v0.1.4
[INFO] [stderr]    Compiling serde_json v1.0.74
[INFO] [stderr]    Compiling regex-automata v0.1.10
[INFO] [stderr]    Compiling xml-rs v0.8.4
[INFO] [stderr]    Compiling regex-syntax v0.6.25
[INFO] [stderr]    Compiling itoa v0.4.8
[INFO] [stderr]    Compiling serde_derive v1.0.133
[INFO] [stderr]    Compiling linked-hash-map v0.5.4
[INFO] [stderr]    Compiling quote v1.0.14
[INFO] [stderr]    Compiling object v0.27.1
[INFO] [stderr]    Compiling backtrace v0.3.63
[INFO] [stderr]    Compiling libsqlite3-sys v0.9.4
[INFO] [stderr]    Compiling csv-core v0.1.10
[INFO] [stderr]    Compiling aho-corasick v0.7.18
[INFO] [stderr]    Compiling itoa v1.0.1
[INFO] [stderr]    Compiling lru-cache v0.1.2
[INFO] [stderr]    Compiling remove_dir_all v0.5.3
[INFO] [stderr]    Compiling encode_unicode v1.0.0
[INFO] [stderr]    Compiling quick-error v1.2.3
[INFO] [stderr]    Compiling textwrap v0.11.0
[INFO] [stderr]    Compiling humantime v1.3.0
[INFO] [stderr]    Compiling ansi_term v0.12.1
[INFO] [stderr]    Compiling termcolor v1.1.2
[INFO] [stderr]    Compiling find_git v1.2.0
[INFO] [stderr]    Compiling yaml-rust v0.3.5
[INFO] [stderr]    Compiling getrandom v0.2.3
[INFO] [stderr]    Compiling dirs-sys-next v0.1.2
[INFO] [stderr]    Compiling time v0.1.43
[INFO] [stderr]    Compiling atty v0.2.14
[INFO] [stderr]    Compiling rand v0.4.6
[INFO] [stderr]    Compiling dirs-next v2.0.0
[INFO] [stderr]    Compiling rand_core v0.6.3
[INFO] [stderr]    Compiling term v0.7.0
[INFO] [stderr]    Compiling chrono v0.4.19
[INFO] [stderr]    Compiling clap v2.34.0
[INFO] [stderr]    Compiling rand_chacha v0.3.1
[INFO] [stderr]    Compiling rand v0.8.4
[INFO] [stderr]    Compiling addr2line v0.17.0
[INFO] [stderr]    Compiling uuid v0.6.5
[INFO] [stderr]    Compiling tempfile v3.2.0
[INFO] [stderr]    Compiling regex v1.5.4
[INFO] [stderr]    Compiling is-terminal v0.4.2
[INFO] [stderr]    Compiling synstructure v0.12.6
[INFO] [stderr]    Compiling error-chain v0.10.0
[INFO] [stderr]    Compiling bstr v0.2.17
[INFO] [stderr]    Compiling toml v0.4.10
[INFO] [stderr]    Compiling serde-xml-rs v0.3.1
[INFO] [stderr]    Compiling csv v1.1.6
[INFO] [stderr]    Compiling env_logger v0.6.2
[INFO] [stderr]    Compiling failure v0.1.8
[INFO] [stderr]    Compiling treexml v0.7.0 (https://github.com/awakecoding/treexml-rs.git?branch=indexmap#f668ac96)
[INFO] [stderr]    Compiling prettytable-rs v0.10.0
[INFO] [stderr]    Compiling dot_json v0.2.0
[INFO] [stderr]    Compiling rusqlite v0.14.0
[INFO] [stderr]    Compiling cirup_core v0.1.0 (/opt/rustwide/workdir/cirup_core)
[INFO] [stdout] warning: variable does not need to be mutable
[INFO] [stdout]   --> cirup_core/src/query.rs:82:17
[INFO] [stdout]    |
[INFO] [stdout] 82 |             let mut column_names = get_statement_column_names(&statement);
[INFO] [stdout]    |                 ----^^^^^^^^^^^^
[INFO] [stdout]    |                 |
[INFO] [stdout]    |                 help: remove this `mut`
[INFO] [stdout]    |
[INFO] [stdout]    = note: `#[warn(unused_mut)]` on by default
[INFO] [stdout] 
[INFO] [stdout] 
[INFO] [stdout] warning: variant `Io` is never constructed
[INFO] [stdout]  --> cirup_core/src/error.rs:7:5
[INFO] [stdout]   |
[INFO] [stdout] 6 | pub enum CirupError {
[INFO] [stdout]   |          ---------- variant in this enum
[INFO] [stdout] 7 |     Io(io::Error),
[INFO] [stdout]   |     ^^
[INFO] [stdout]   |
[INFO] [stdout]   = note: `CirupError` has a derived impl for the trait `Debug`, but this is intentionally ignored during dead code analysis
[INFO] [stdout]   = note: `#[warn(dead_code)]` on by default
[INFO] [stdout] 
[INFO] [stdout] 
[INFO] [stdout] warning: variant `Unknown` is never constructed
[INFO] [stdout]   --> cirup_core/src/file.rs:17:5
[INFO] [stdout]    |
[INFO] [stdout] 16 | pub enum FormatType {
[INFO] [stdout]    |          ---------- variant in this enum
[INFO] [stdout] 17 |     Unknown,
[INFO] [stdout]    |     ^^^^^^^
[INFO] [stdout] 
[INFO] [stdout] 
[INFO] [stdout] warning: function `get_format_type_from_extension` is never used
[INFO] [stdout]   --> cirup_core/src/file.rs:32:8
[INFO] [stdout]    |
[INFO] [stdout] 32 | pub fn get_format_type_from_extension(extension: &str) -> FormatType {
[INFO] [stdout]    |        ^^^^^^^^^^^^^^^^^^^^^^^^^^^^^^
[INFO] [stdout] 
[INFO] [stdout] 
[INFO] [stdout] warning: function `load_resource_str` is never used
[INFO] [stdout]   --> cirup_core/src/file.rs:56:8
[INFO] [stdout]    |
[INFO] [stdout] 56 | pub fn load_resource_str(text: &str, extension: &str) -> Result<Vec<Resource>, Box<dyn Error>> {
[INFO] [stdout]    |        ^^^^^^^^^^^^^^^^^
[INFO] [stdout] 
[INFO] [stdout] 
[INFO] [stdout] warning: function `vfile_id` is never used
[INFO] [stdout]    --> cirup_core/src/file.rs:121:8
[INFO] [stdout]     |
[INFO] [stdout] 121 | pub fn vfile_id() -> String {
[INFO] [stdout]     |        ^^^^^^^^
[INFO] [stdout] 
[INFO] [stdout] 
[INFO] [stdout] warning: unused borrow that must be used
[INFO] [stdout]   --> cirup_core/src/vtab.rs:65:5
[INFO] [stdout]    |
[INFO] [stdout] 65 |     &db.execute_batch(&sql).unwrap();
[INFO] [stdout]    |     ^^^^^^^^^^^^^^^^^^^^^^^^^^^^^^^^ the borrow produces a value
[INFO] [stdout]    |
[INFO] [stdout]    = note: `#[warn(unused_must_use)]` on by default
[INFO] [stdout] help: use `let _ = ...` to ignore the resulting value
[INFO] [stdout]    |
[INFO] [stdout] 65 |     let _ = &db.execute_batch(&sql).unwrap();
[INFO] [stdout]    |     +++++++
[INFO] [stdout] 
[INFO] [stdout] 
[INFO] [stderr]    Compiling cirup_cli v0.1.0 (/opt/rustwide/workdir/cirup_cli)
[INFO] [stderr]     Finished `dev` profile [unoptimized + debuginfo] target(s) in 47.75s
[INFO] running `Command { std: "docker" "inspect" "3235f5be06199466f1b01df9369c4874e6837cbb310133fa1684f07877ccd943", kill_on_drop: false }`
[INFO] running `Command { std: "docker" "rm" "-f" "3235f5be06199466f1b01df9369c4874e6837cbb310133fa1684f07877ccd943", kill_on_drop: false }`
[INFO] [stdout] 3235f5be06199466f1b01df9369c4874e6837cbb310133fa1684f07877ccd943
[INFO] running `Command { std: "docker" "create" "-v" "/var/lib/crater-agent-workspace/builds/worker-4-tc1/target:/opt/rustwide/target:rw,Z" "-v" "/var/lib/crater-agent-workspace/builds/worker-4-tc1/source:/opt/rustwide/workdir:ro,Z" "-v" "/var/lib/crater-agent-workspace/cargo-home:/opt/rustwide/cargo-home:ro,Z" "-v" "/var/lib/crater-agent-workspace/rustup-home:/opt/rustwide/rustup-home:ro,Z" "-e" "SOURCE_DIR=/opt/rustwide/workdir" "-e" "CARGO_TARGET_DIR=/opt/rustwide/target" "-e" "CARGO_INCREMENTAL=0" "-e" "RUST_BACKTRACE=full" "-e" "RUSTFLAGS=--cap-lints=warn" "-e" "RUSTDOCFLAGS=--cap-lints=warn" "-e" "CARGO_HOME=/opt/rustwide/cargo-home" "-e" "RUSTUP_HOME=/opt/rustwide/rustup-home" "-w" "/opt/rustwide/workdir" "-m" "1610612736" "--user" "0:0" "--network" "none" "ghcr.io/rust-lang/crates-build-env/linux@sha256:f3a9d4ad9d972b27faf3965f35b62e55ba32bbce8f20bc8fe909558a86702fde" "/opt/rustwide/cargo-home/bin/cargo" "+1.83.0" "test" "--frozen" "--no-run" "--message-format=json", kill_on_drop: false }`
[INFO] [stdout] 22ee7cbd25f2b8db2f1c6c5efb14b2081efc96e0297755948339c8c70885c280
[INFO] running `Command { std: "docker" "start" "-a" "22ee7cbd25f2b8db2f1c6c5efb14b2081efc96e0297755948339c8c70885c280", kill_on_drop: false }`
[INFO] [stderr] warning: /opt/rustwide/workdir/cirup_core/Cargo.toml: no edition set: defaulting to the 2015 edition while the latest is 2021
[INFO] [stderr]    Compiling cirup_core v0.1.0 (/opt/rustwide/workdir/cirup_core)
[INFO] [stderr]    Compiling cirup_cli v0.1.0 (/opt/rustwide/workdir/cirup_cli)
[INFO] [stdout] warning: variable does not need to be mutable
[INFO] [stdout]   --> cirup_core/src/query.rs:82:17
[INFO] [stdout]    |
[INFO] [stdout] 82 |             let mut column_names = get_statement_column_names(&statement);
[INFO] [stdout]    |                 ----^^^^^^^^^^^^
[INFO] [stdout]    |                 |
[INFO] [stdout]    |                 help: remove this `mut`
[INFO] [stdout]    |
[INFO] [stdout]    = note: `#[warn(unused_mut)]` on by default
[INFO] [stdout] 
[INFO] [stdout] 
[INFO] [stdout] warning: variant `Io` is never constructed
[INFO] [stdout]  --> cirup_core/src/error.rs:7:5
[INFO] [stdout]   |
[INFO] [stdout] 6 | pub enum CirupError {
[INFO] [stdout]   |          ---------- variant in this enum
[INFO] [stdout] 7 |     Io(io::Error),
[INFO] [stdout]   |     ^^
[INFO] [stdout]   |
[INFO] [stdout]   = note: `CirupError` has a derived impl for the trait `Debug`, but this is intentionally ignored during dead code analysis
[INFO] [stdout]   = note: `#[warn(dead_code)]` on by default
[INFO] [stdout] 
[INFO] [stdout] 
[INFO] [stdout] warning: variant `Unknown` is never constructed
[INFO] [stdout]   --> cirup_core/src/file.rs:17:5
[INFO] [stdout]    |
[INFO] [stdout] 16 | pub enum FormatType {
[INFO] [stdout]    |          ---------- variant in this enum
[INFO] [stdout] 17 |     Unknown,
[INFO] [stdout]    |     ^^^^^^^
[INFO] [stdout] 
[INFO] [stdout] 
[INFO] [stdout] warning: function `get_format_type_from_extension` is never used
[INFO] [stdout]   --> cirup_core/src/file.rs:32:8
[INFO] [stdout]    |
[INFO] [stdout] 32 | pub fn get_format_type_from_extension(extension: &str) -> FormatType {
[INFO] [stdout]    |        ^^^^^^^^^^^^^^^^^^^^^^^^^^^^^^
[INFO] [stdout] 
[INFO] [stdout] 
[INFO] [stdout] warning: function `load_resource_str` is never used
[INFO] [stdout]   --> cirup_core/src/file.rs:56:8
[INFO] [stdout]    |
[INFO] [stdout] 56 | pub fn load_resource_str(text: &str, extension: &str) -> Result<Vec<Resource>, Box<dyn Error>> {
[INFO] [stdout]    |        ^^^^^^^^^^^^^^^^^
[INFO] [stdout] 
[INFO] [stdout] 
[INFO] [stdout] warning: function `vfile_id` is never used
[INFO] [stdout]    --> cirup_core/src/file.rs:121:8
[INFO] [stdout]     |
[INFO] [stdout] 121 | pub fn vfile_id() -> String {
[INFO] [stdout]     |        ^^^^^^^^
[INFO] [stdout] 
[INFO] [stdout] 
[INFO] [stdout] warning: unused borrow that must be used
[INFO] [stdout]   --> cirup_core/src/vtab.rs:65:5
[INFO] [stdout]    |
[INFO] [stdout] 65 |     &db.execute_batch(&sql).unwrap();
[INFO] [stdout]    |     ^^^^^^^^^^^^^^^^^^^^^^^^^^^^^^^^ the borrow produces a value
[INFO] [stdout]    |
[INFO] [stdout]    = note: `#[warn(unused_must_use)]` on by default
[INFO] [stdout] help: use `let _ = ...` to ignore the resulting value
[INFO] [stdout]    |
[INFO] [stdout] 65 |     let _ = &db.execute_batch(&sql).unwrap();
[INFO] [stdout]    |     +++++++
[INFO] [stdout] 
[INFO] [stdout] 
[INFO] [stdout] warning: variable does not need to be mutable
[INFO] [stdout]   --> cirup_core/src/query.rs:82:17
[INFO] [stdout]    |
[INFO] [stdout] 82 |             let mut column_names = get_statement_column_names(&statement);
[INFO] [stdout]    |                 ----^^^^^^^^^^^^
[INFO] [stdout]    |                 |
[INFO] [stdout]    |                 help: remove this `mut`
[INFO] [stdout]    |
[INFO] [stdout]    = note: `#[warn(unused_mut)]` on by default
[INFO] [stdout] 
[INFO] [stdout] 
[INFO] [stdout] warning: variant `Io` is never constructed
[INFO] [stdout]  --> cirup_core/src/error.rs:7:5
[INFO] [stdout]   |
[INFO] [stdout] 6 | pub enum CirupError {
[INFO] [stdout]   |          ---------- variant in this enum
[INFO] [stdout] 7 |     Io(io::Error),
[INFO] [stdout]   |     ^^
[INFO] [stdout]   |
[INFO] [stdout]   = note: `CirupError` has a derived impl for the trait `Debug`, but this is intentionally ignored during dead code analysis
[INFO] [stdout]   = note: `#[warn(dead_code)]` on by default
[INFO] [stdout] 
[INFO] [stdout] 
[INFO] [stdout] warning: variant `Unknown` is never constructed
[INFO] [stdout]   --> cirup_core/src/file.rs:17:5
[INFO] [stdout]    |
[INFO] [stdout] 16 | pub enum FormatType {
[INFO] [stdout]    |          ---------- variant in this enum
[INFO] [stdout] 17 |     Unknown,
[INFO] [stdout]    |     ^^^^^^^
[INFO] [stdout] 
[INFO] [stdout] 
[INFO] [stdout] warning: function `get_format_type_from_extension` is never used
[INFO] [stdout]   --> cirup_core/src/file.rs:32:8
[INFO] [stdout]    |
[INFO] [stdout] 32 | pub fn get_format_type_from_extension(extension: &str) -> FormatType {
[INFO] [stdout]    |        ^^^^^^^^^^^^^^^^^^^^^^^^^^^^^^
[INFO] [stdout] 
[INFO] [stdout] 
[INFO] [stdout] warning: function `vfile_id` is never used
[INFO] [stdout]    --> cirup_core/src/file.rs:121:8
[INFO] [stdout]     |
[INFO] [stdout] 121 | pub fn vfile_id() -> String {
[INFO] [stdout]     |        ^^^^^^^^
[INFO] [stdout] 
[INFO] [stdout] 
[INFO] [stdout] warning: unused borrow that must be used
[INFO] [stdout]   --> cirup_core/src/vtab.rs:65:5
[INFO] [stdout]    |
[INFO] [stdout] 65 |     &db.execute_batch(&sql).unwrap();
[INFO] [stdout]    |     ^^^^^^^^^^^^^^^^^^^^^^^^^^^^^^^^ the borrow produces a value
[INFO] [stdout]    |
[INFO] [stdout]    = note: `#[warn(unused_must_use)]` on by default
[INFO] [stdout] help: use `let _ = ...` to ignore the resulting value
[INFO] [stdout]    |
[INFO] [stdout] 65 |     let _ = &db.execute_batch(&sql).unwrap();
[INFO] [stdout]    |     +++++++
[INFO] [stdout] 
[INFO] [stdout] 
[INFO] [stderr]     Finished `test` profile [unoptimized + debuginfo] target(s) in 3.50s
[INFO] running `Command { std: "docker" "inspect" "22ee7cbd25f2b8db2f1c6c5efb14b2081efc96e0297755948339c8c70885c280", kill_on_drop: false }`
[INFO] running `Command { std: "docker" "rm" "-f" "22ee7cbd25f2b8db2f1c6c5efb14b2081efc96e0297755948339c8c70885c280", kill_on_drop: false }`
[INFO] [stdout] 22ee7cbd25f2b8db2f1c6c5efb14b2081efc96e0297755948339c8c70885c280
[INFO] running `Command { std: "docker" "create" "-v" "/var/lib/crater-agent-workspace/builds/worker-4-tc1/target:/opt/rustwide/target:rw,Z" "-v" "/var/lib/crater-agent-workspace/builds/worker-4-tc1/source:/opt/rustwide/workdir:ro,Z" "-v" "/var/lib/crater-agent-workspace/cargo-home:/opt/rustwide/cargo-home:ro,Z" "-v" "/var/lib/crater-agent-workspace/rustup-home:/opt/rustwide/rustup-home:ro,Z" "-e" "SOURCE_DIR=/opt/rustwide/workdir" "-e" "CARGO_TARGET_DIR=/opt/rustwide/target" "-e" "CARGO_INCREMENTAL=0" "-e" "RUST_BACKTRACE=full" "-e" "RUSTFLAGS=--cap-lints=warn" "-e" "RUSTDOCFLAGS=--cap-lints=warn" "-e" "CARGO_HOME=/opt/rustwide/cargo-home" "-e" "RUSTUP_HOME=/opt/rustwide/rustup-home" "-w" "/opt/rustwide/workdir" "-m" "1610612736" "--user" "0:0" "--network" "none" "ghcr.io/rust-lang/crates-build-env/linux@sha256:f3a9d4ad9d972b27faf3965f35b62e55ba32bbce8f20bc8fe909558a86702fde" "/opt/rustwide/cargo-home/bin/cargo" "+1.83.0" "test" "--frozen", kill_on_drop: false }`
[INFO] [stdout] 574e812f77c069238d6388fdea59c996441549ae2ffcbe1ce1e490c14a9776eb
[INFO] running `Command { std: "docker" "start" "-a" "574e812f77c069238d6388fdea59c996441549ae2ffcbe1ce1e490c14a9776eb", kill_on_drop: false }`
[INFO] [stderr] warning: /opt/rustwide/workdir/cirup_core/Cargo.toml: no edition set: defaulting to the 2015 edition while the latest is 2021
[INFO] [stderr] warning: variable does not need to be mutable
[INFO] [stderr]   --> cirup_core/src/query.rs:82:17
[INFO] [stderr]    |
[INFO] [stderr] 82 |             let mut column_names = get_statement_column_names(&statement);
[INFO] [stderr]    |                 ----^^^^^^^^^^^^
[INFO] [stderr]    |                 |
[INFO] [stderr]    |                 help: remove this `mut`
[INFO] [stderr]    |
[INFO] [stderr]    = note: `#[warn(unused_mut)]` on by default
[INFO] [stderr] 
[INFO] [stderr] warning: variant `Io` is never constructed
[INFO] [stderr]  --> cirup_core/src/error.rs:7:5
[INFO] [stderr]   |
[INFO] [stderr] 6 | pub enum CirupError {
[INFO] [stderr]   |          ---------- variant in this enum
[INFO] [stderr] 7 |     Io(io::Error),
[INFO] [stderr]   |     ^^
[INFO] [stderr]   |
[INFO] [stderr]   = note: `CirupError` has a derived impl for the trait `Debug`, but this is intentionally ignored during dead code analysis
[INFO] [stderr]   = note: `#[warn(dead_code)]` on by default
[INFO] [stderr] 
[INFO] [stderr] warning: variant `Unknown` is never constructed
[INFO] [stderr]   --> cirup_core/src/file.rs:17:5
[INFO] [stderr]    |
[INFO] [stderr] 16 | pub enum FormatType {
[INFO] [stderr]    |          ---------- variant in this enum
[INFO] [stderr] 17 |     Unknown,
[INFO] [stderr]    |     ^^^^^^^
[INFO] [stderr] 
[INFO] [stderr] warning: function `get_format_type_from_extension` is never used
[INFO] [stderr]   --> cirup_core/src/file.rs:32:8
[INFO] [stderr]    |
[INFO] [stderr] 32 | pub fn get_format_type_from_extension(extension: &str) -> FormatType {
[INFO] [stderr]    |        ^^^^^^^^^^^^^^^^^^^^^^^^^^^^^^
[INFO] [stderr] 
[INFO] [stderr] warning: function `load_resource_str` is never used
[INFO] [stderr]   --> cirup_core/src/file.rs:56:8
[INFO] [stderr]    |
[INFO] [stderr] 56 | pub fn load_resource_str(text: &str, extension: &str) -> Result<Vec<Resource>, Box<dyn Error>> {
[INFO] [stderr]    |        ^^^^^^^^^^^^^^^^^
[INFO] [stderr] 
[INFO] [stderr] warning: function `vfile_id` is never used
[INFO] [stderr]    --> cirup_core/src/file.rs:121:8
[INFO] [stderr]     |
[INFO] [stderr] 121 | pub fn vfile_id() -> String {
[INFO] [stderr]     |        ^^^^^^^^
[INFO] [stderr] 
[INFO] [stderr] warning: unused borrow that must be used
[INFO] [stderr]   --> cirup_core/src/vtab.rs:65:5
[INFO] [stderr]    |
[INFO] [stderr] 65 |     &db.execute_batch(&sql).unwrap();
[INFO] [stderr]    |     ^^^^^^^^^^^^^^^^^^^^^^^^^^^^^^^^ the borrow produces a value
[INFO] [stderr]    |
[INFO] [stderr]    = note: `#[warn(unused_must_use)]` on by default
[INFO] [stderr] help: use `let _ = ...` to ignore the resulting value
[INFO] [stderr]    |
[INFO] [stderr] 65 |     let _ = &db.execute_batch(&sql).unwrap();
[INFO] [stderr]    |     +++++++
[INFO] [stderr] 
[INFO] [stderr] warning: `cirup_core` (lib) generated 7 warnings (run `cargo fix --lib -p cirup_core` to apply 1 suggestion)
[INFO] [stderr] warning: `cirup_core` (lib test) generated 6 warnings (6 duplicates)
[INFO] [stderr]     Finished `test` profile [unoptimized + debuginfo] target(s) in 0.12s
[INFO] [stderr]      Running unittests src/main.rs (/opt/rustwide/target/debug/deps/cirup-ed5b7a6a62439d06)
[INFO] [stdout] 
[INFO] [stdout] running 0 tests
[INFO] [stdout] 
[INFO] [stdout] test result: ok. 0 passed; 0 failed; 0 ignored; 0 measured; 0 filtered out; finished in 0.00s
[INFO] [stdout] 
[INFO] [stderr]      Running unittests src/lib.rs (/opt/rustwide/target/debug/deps/cirup_core-746e5bdd16356963)
[INFO] [stdout] 
[INFO] [stdout] running 20 tests
[INFO] [stdout] test file::test_vfile ... ok
[INFO] [stdout] test json::test_json_parse ... ok
[INFO] [stdout] test query::test_query_diff_with_base ... ok
[INFO] [stdout] test restext::test_restext_write ... ok
[INFO] [stdout] test resx::test_resx_write ... ok
[INFO] [stdout] test revision::revision_range_append_to_file_name_test ... ok
[INFO] [stdout] test resx::test_resx_parse ... ok
[INFO] [stdout] test query::test_query ... ok
[INFO] [stdout] test config::config_write ... ok
[INFO] [stdout] test revision::revision_range_to_string_test ... ok
[INFO] [stdout] test revision::revision_range_from_string_test ... ok
[INFO] [stdout] test revision::revision_range_extract_from_file_name_test ... ok
[INFO] [stdout] test json::test_json_write ... ok
[INFO] [stdout] test vcs::iso_formatted_date_test ... ok
[INFO] [stdout] test vcs::test_status_conflicts ... ok
[INFO] [stdout] test shell::shell_status ... ok
[INFO] [stdout] test restext::test_restext_parse ... ok
[INFO] [stdout] test query::test_query_subtract ... ok
[INFO] [stdout] test config::config_read ... FAILED
[INFO] [stdout] test shell::find_svn ... FAILED
[INFO] [stdout] 
[INFO] [stdout] failures:
[INFO] [stdout] 
[INFO] [stdout] ---- config::config_read stdout ----
[INFO] [stdout] thread 'config::config_read' panicked at cirup_core/src/config.rs:52:80:
[INFO] [stdout] called `Result::unwrap()` on an `Err` value: Error { inner: ErrorInner { kind: Custom, line: None, col: 0, message: "missing field `sync`", key: [] } }
[INFO] [stdout] stack backtrace:
[INFO] [stdout]    0:     0x63da14adabda - std::backtrace_rs::backtrace::libunwind::trace::h5a5b8284f2d0c266
[INFO] [stdout]                                at /rustc/90b35a6239c3d8bdabc530a6a0816f7ff89a0aaf/library/std/src/../../backtrace/src/backtrace/libunwind.rs:116:5
[INFO] [stdout]    1:     0x63da14adabda - std::backtrace_rs::backtrace::trace_unsynchronized::h76d4f1c9b0b875e3
[INFO] [stdout]                                at /rustc/90b35a6239c3d8bdabc530a6a0816f7ff89a0aaf/library/std/src/../../backtrace/src/backtrace/mod.rs:66:5
[INFO] [stdout]    2:     0x63da14adabda - std::sys::backtrace::_print_fmt::hc4546b8364a537c6
[INFO] [stdout]                                at /rustc/90b35a6239c3d8bdabc530a6a0816f7ff89a0aaf/library/std/src/sys/backtrace.rs:66:9
[INFO] [stdout]    3:     0x63da14adabda - <std::sys::backtrace::BacktraceLock::print::DisplayBacktrace as core::fmt::Display>::fmt::h5b6bd5631a6d1f6b
[INFO] [stdout]                                at /rustc/90b35a6239c3d8bdabc530a6a0816f7ff89a0aaf/library/std/src/sys/backtrace.rs:39:26
[INFO] [stdout]    4:     0x63da14b014b3 - core::fmt::rt::Argument::fmt::h270f6602a2b96f62
[INFO] [stdout]                                at /rustc/90b35a6239c3d8bdabc530a6a0816f7ff89a0aaf/library/core/src/fmt/rt.rs:177:76
[INFO] [stdout]    5:     0x63da14b014b3 - core::fmt::write::h7550c97b06c86515
[INFO] [stdout]                                at /rustc/90b35a6239c3d8bdabc530a6a0816f7ff89a0aaf/library/core/src/fmt/mod.rs:1186:21
[INFO] [stdout]    6:     0x63da14ad77a3 - std::io::Write::write_fmt::h509ff860e5956e5e
[INFO] [stdout]                                at /rustc/90b35a6239c3d8bdabc530a6a0816f7ff89a0aaf/library/std/src/io/mod.rs:1839:15
[INFO] [stdout]    7:     0x63da14adaa22 - std::sys::backtrace::BacktraceLock::print::h2395ccd2c84ba3aa
[INFO] [stdout]                                at /rustc/90b35a6239c3d8bdabc530a6a0816f7ff89a0aaf/library/std/src/sys/backtrace.rs:42:9
[INFO] [stdout]    8:     0x63da14adc03a - std::panicking::default_hook::{{closure}}::he19d4c7230e07961
[INFO] [stdout]                                at /rustc/90b35a6239c3d8bdabc530a6a0816f7ff89a0aaf/library/std/src/panicking.rs:268:22
[INFO] [stdout]    9:     0x63da14adbe44 - std::panicking::default_hook::hf614597d3c67bbdb
[INFO] [stdout]                                at /rustc/90b35a6239c3d8bdabc530a6a0816f7ff89a0aaf/library/std/src/panicking.rs:292:9
[INFO] [stdout]   10:     0x63da146a8739 - <alloc::boxed::Box<F,A> as core::ops::function::Fn<Args>>::call::h39b51ce4599c23d1
[INFO] [stdout]                                at /rustc/90b35a6239c3d8bdabc530a6a0816f7ff89a0aaf/library/alloc/src/boxed.rs:2468:9
[INFO] [stdout]   11:     0x63da146a8739 - test::test_main::{{closure}}::he977ae839a582784
[INFO] [stdout]                                at /rustc/90b35a6239c3d8bdabc530a6a0816f7ff89a0aaf/library/test/src/lib.rs:133:21
[INFO] [stdout]   12:     0x63da14adc6d8 - <alloc::boxed::Box<F,A> as core::ops::function::Fn<Args>>::call::h9455091b6b06f9fb
[INFO] [stdout]                                at /rustc/90b35a6239c3d8bdabc530a6a0816f7ff89a0aaf/library/alloc/src/boxed.rs:2468:9
[INFO] [stdout]   13:     0x63da14adc6d8 - std::panicking::rust_panic_with_hook::h8942133a8b252070
[INFO] [stdout]                                at /rustc/90b35a6239c3d8bdabc530a6a0816f7ff89a0aaf/library/std/src/panicking.rs:809:13
[INFO] [stdout]   14:     0x63da14adc49a - std::panicking::begin_panic_handler::{{closure}}::hb5f5963570096b29
[INFO] [stderr] error: test failed, to rerun pass `-p cirup_core --lib`
[INFO] [stdout]                                at /rustc/90b35a6239c3d8bdabc530a6a0816f7ff89a0aaf/library/std/src/panicking.rs:674:13
[INFO] [stdout]   15:     0x63da14adb0b9 - std::sys::backtrace::__rust_end_short_backtrace::h6208cedc1922feda
[INFO] [stdout]                                at /rustc/90b35a6239c3d8bdabc530a6a0816f7ff89a0aaf/library/std/src/sys/backtrace.rs:170:18
[INFO] [stdout]   16:     0x63da14adc12c - rust_begin_unwind
[INFO] [stdout]                                at /rustc/90b35a6239c3d8bdabc530a6a0816f7ff89a0aaf/library/std/src/panicking.rs:665:5
[INFO] [stdout]   17:     0x63da146142b0 - core::panicking::panic_fmt::h0c3082644d1bf418
[INFO] [stdout]                                at /rustc/90b35a6239c3d8bdabc530a6a0816f7ff89a0aaf/library/core/src/panicking.rs:74:14
[INFO] [stdout]   18:     0x63da14614736 - core::result::unwrap_failed::hd20b4aa073bda1e2
[INFO] [stdout]                                at /rustc/90b35a6239c3d8bdabc530a6a0816f7ff89a0aaf/library/core/src/result.rs:1700:5
[INFO] [stdout]   19:     0x63da14668732 - core::result::Result<T,E>::unwrap::h67909bce1fb236f4
[INFO] [stdout]                                at /rustc/90b35a6239c3d8bdabc530a6a0816f7ff89a0aaf/library/core/src/result.rs:1104:23
[INFO] [stdout]   20:     0x63da14668732 - cirup_core::config::config_read::hf9317ddd1f90de21
[INFO] [stdout]                                at /opt/rustwide/workdir/cirup_core/src/config.rs:52:18
[INFO] [stdout]   21:     0x63da14668687 - cirup_core::config::config_read::{{closure}}::h706f3cd85435daac
[INFO] [stdout]                                at /opt/rustwide/workdir/cirup_core/src/config.rs:51:17
[INFO] [stdout]   22:     0x63da1462bfb6 - core::ops::function::FnOnce::call_once::h2e1a527ed340b6ad
[INFO] [stdout]                                at /rustc/90b35a6239c3d8bdabc530a6a0816f7ff89a0aaf/library/core/src/ops/function.rs:250:5
[INFO] [stdout]   23:     0x63da146ad0fb - core::ops::function::FnOnce::call_once::h109cf8051a59b34e
[INFO] [stdout]                                at /rustc/90b35a6239c3d8bdabc530a6a0816f7ff89a0aaf/library/core/src/ops/function.rs:250:5
[INFO] [stdout]   24:     0x63da146ad0fb - test::__rust_begin_short_backtrace::hf4fff89d377446ba
[INFO] [stdout]                                at /rustc/90b35a6239c3d8bdabc530a6a0816f7ff89a0aaf/library/test/src/lib.rs:621:18
[INFO] [stdout]   25:     0x63da146ac937 - test::run_test_in_process::{{closure}}::h0e39181dd7ee5a43
[INFO] [stdout]                                at /rustc/90b35a6239c3d8bdabc530a6a0816f7ff89a0aaf/library/test/src/lib.rs:644:60
[INFO] [stdout]   26:     0x63da146ac937 - <core::panic::unwind_safe::AssertUnwindSafe<F> as core::ops::function::FnOnce<()>>::call_once::hc5a66a30f0bdfd1f
[INFO] [stdout]                                at /rustc/90b35a6239c3d8bdabc530a6a0816f7ff89a0aaf/library/core/src/panic/unwind_safe.rs:272:9
[INFO] [stdout]   27:     0x63da146ac937 - std::panicking::try::do_call::h873b7cf639554a5e
[INFO] [stdout]                                at /rustc/90b35a6239c3d8bdabc530a6a0816f7ff89a0aaf/library/std/src/panicking.rs:557:40
[INFO] [stdout]   28:     0x63da146ac937 - std::panicking::try::hdb19862fad9c8bd1
[INFO] [stdout]                                at /rustc/90b35a6239c3d8bdabc530a6a0816f7ff89a0aaf/library/std/src/panicking.rs:520:19
[INFO] [stdout]   29:     0x63da146ac937 - std::panic::catch_unwind::h281fe732d236d260
[INFO] [stdout]                                at /rustc/90b35a6239c3d8bdabc530a6a0816f7ff89a0aaf/library/std/src/panic.rs:358:14
[INFO] [stdout]   30:     0x63da146ac937 - test::run_test_in_process::h949b6df8457ed338
[INFO] [stdout]                                at /rustc/90b35a6239c3d8bdabc530a6a0816f7ff89a0aaf/library/test/src/lib.rs:644:27
[INFO] [stdout]   31:     0x63da146ac937 - test::run_test::{{closure}}::h52c556a6d4740e10
[INFO] [stdout]                                at /rustc/90b35a6239c3d8bdabc530a6a0816f7ff89a0aaf/library/test/src/lib.rs:565:43
[INFO] [stdout]   32:     0x63da14671c14 - test::run_test::{{closure}}::h4237f6381c45ccb9
[INFO] [stdout]                                at /rustc/90b35a6239c3d8bdabc530a6a0816f7ff89a0aaf/library/test/src/lib.rs:595:41
[INFO] [stdout]   33:     0x63da14671c14 - std::sys::backtrace::__rust_begin_short_backtrace::h505c97a579eca628
[INFO] [stdout]                                at /rustc/90b35a6239c3d8bdabc530a6a0816f7ff89a0aaf/library/std/src/sys/backtrace.rs:154:18
[INFO] [stdout]   34:     0x63da146752de - std::thread::Builder::spawn_unchecked_::{{closure}}::{{closure}}::h9e86b2e2bc107ea3
[INFO] [stdout]                                at /rustc/90b35a6239c3d8bdabc530a6a0816f7ff89a0aaf/library/std/src/thread/mod.rs:538:17
[INFO] [stdout]   35:     0x63da146752de - <core::panic::unwind_safe::AssertUnwindSafe<F> as core::ops::function::FnOnce<()>>::call_once::h8b06ddb275ff4a25
[INFO] [stdout]                                at /rustc/90b35a6239c3d8bdabc530a6a0816f7ff89a0aaf/library/core/src/panic/unwind_safe.rs:272:9
[INFO] [stdout]   36:     0x63da146752de - std::panicking::try::do_call::hb26ecd7cd9a9355d
[INFO] [stdout]                                at /rustc/90b35a6239c3d8bdabc530a6a0816f7ff89a0aaf/library/std/src/panicking.rs:557:40
[INFO] [stdout]   37:     0x63da146752de - std::panicking::try::h8ddeca9d705f9069
[INFO] [stdout]                                at /rustc/90b35a6239c3d8bdabc530a6a0816f7ff89a0aaf/library/std/src/panicking.rs:520:19
[INFO] [stdout]   38:     0x63da146752de - std::panic::catch_unwind::h49e1c33078844c46
[INFO] [stdout]                                at /rustc/90b35a6239c3d8bdabc530a6a0816f7ff89a0aaf/library/std/src/panic.rs:358:14
[INFO] [stdout]   39:     0x63da146752de - std::thread::Builder::spawn_unchecked_::{{closure}}::h6073db6ff56ad35d
[INFO] [stdout]                                at /rustc/90b35a6239c3d8bdabc530a6a0816f7ff89a0aaf/library/std/src/thread/mod.rs:537:30
[INFO] [stdout]   40:     0x63da146752de - core::ops::function::FnOnce::call_once{{vtable.shim}}::h2c5a5f3779c774f1
[INFO] [stdout]                                at /rustc/90b35a6239c3d8bdabc530a6a0816f7ff89a0aaf/library/core/src/ops/function.rs:250:5
[INFO] [stdout]   41:     0x63da14ae060b - <alloc::boxed::Box<F,A> as core::ops::function::FnOnce<Args>>::call_once::hf75717d9f28faebf
[INFO] [stdout]                                at /rustc/90b35a6239c3d8bdabc530a6a0816f7ff89a0aaf/library/alloc/src/boxed.rs:2454:9
[INFO] [stdout]   42:     0x63da14ae060b - <alloc::boxed::Box<F,A> as core::ops::function::FnOnce<Args>>::call_once::h7bd883a5f3c5f3c1
[INFO] [stdout]                                at /rustc/90b35a6239c3d8bdabc530a6a0816f7ff89a0aaf/library/alloc/src/boxed.rs:2454:9
[INFO] [stdout]   43:     0x63da14ae060b - std::sys::pal::unix::thread::Thread::new::thread_start::hcc78f3943333fa94
[INFO] [stdout]                                at /rustc/90b35a6239c3d8bdabc530a6a0816f7ff89a0aaf/library/std/src/sys/pal/unix/thread.rs:105:17
[INFO] [stdout]   44:     0x719147833ac3 - <unknown>
[INFO] [stdout]   45:     0x7191478c4a04 - clone
[INFO] [stdout]   46:                0x0 - <unknown>
[INFO] [stdout] 
[INFO] [stdout] ---- shell::find_svn stdout ----
[INFO] [stdout] thread 'shell::find_svn' panicked at cirup_core/src/shell.rs:58:14:
[INFO] [stdout] should have had at least one line of text when running `which svn`
[INFO] [stdout] stack backtrace:
[INFO] [stdout]    0:     0x63da14adabda - std::backtrace_rs::backtrace::libunwind::trace::h5a5b8284f2d0c266
[INFO] [stdout]                                at /rustc/90b35a6239c3d8bdabc530a6a0816f7ff89a0aaf/library/std/src/../../backtrace/src/backtrace/libunwind.rs:116:5
[INFO] [stdout]    1:     0x63da14adabda - std::backtrace_rs::backtrace::trace_unsynchronized::h76d4f1c9b0b875e3
[INFO] [stdout]                                at /rustc/90b35a6239c3d8bdabc530a6a0816f7ff89a0aaf/library/std/src/../../backtrace/src/backtrace/mod.rs:66:5
[INFO] [stdout]    2:     0x63da14adabda - std::sys::backtrace::_print_fmt::hc4546b8364a537c6
[INFO] [stdout]                                at /rustc/90b35a6239c3d8bdabc530a6a0816f7ff89a0aaf/library/std/src/sys/backtrace.rs:66:9
[INFO] [stdout]    3:     0x63da14adabda - <std::sys::backtrace::BacktraceLock::print::DisplayBacktrace as core::fmt::Display>::fmt::h5b6bd5631a6d1f6b
[INFO] [stdout]                                at /rustc/90b35a6239c3d8bdabc530a6a0816f7ff89a0aaf/library/std/src/sys/backtrace.rs:39:26
[INFO] [stdout]    4:     0x63da14b014b3 - core::fmt::rt::Argument::fmt::h270f6602a2b96f62
[INFO] [stdout]                                at /rustc/90b35a6239c3d8bdabc530a6a0816f7ff89a0aaf/library/core/src/fmt/rt.rs:177:76
[INFO] [stdout]    5:     0x63da14b014b3 - core::fmt::write::h7550c97b06c86515
[INFO] [stdout]                                at /rustc/90b35a6239c3d8bdabc530a6a0816f7ff89a0aaf/library/core/src/fmt/mod.rs:1186:21
[INFO] [stdout]    6:     0x63da14ad77a3 - std::io::Write::write_fmt::h509ff860e5956e5e
[INFO] [stdout]                                at /rustc/90b35a6239c3d8bdabc530a6a0816f7ff89a0aaf/library/std/src/io/mod.rs:1839:15
[INFO] [stdout]    7:     0x63da14adaa22 - std::sys::backtrace::BacktraceLock::print::h2395ccd2c84ba3aa
[INFO] [stdout]                                at /rustc/90b35a6239c3d8bdabc530a6a0816f7ff89a0aaf/library/std/src/sys/backtrace.rs:42:9
[INFO] [stdout]    8:     0x63da14adc03a - std::panicking::default_hook::{{closure}}::he19d4c7230e07961
[INFO] [stdout]                                at /rustc/90b35a6239c3d8bdabc530a6a0816f7ff89a0aaf/library/std/src/panicking.rs:268:22
[INFO] [stdout]    9:     0x63da14adbe44 - std::panicking::default_hook::hf614597d3c67bbdb
[INFO] [stdout]                                at /rustc/90b35a6239c3d8bdabc530a6a0816f7ff89a0aaf/library/std/src/panicking.rs:292:9
[INFO] [stdout]   10:     0x63da146a8739 - <alloc::boxed::Box<F,A> as core::ops::function::Fn<Args>>::call::h39b51ce4599c23d1
[INFO] [stdout]                                at /rustc/90b35a6239c3d8bdabc530a6a0816f7ff89a0aaf/library/alloc/src/boxed.rs:2468:9
[INFO] [stdout]   11:     0x63da146a8739 - test::test_main::{{closure}}::he977ae839a582784
[INFO] [stdout]                                at /rustc/90b35a6239c3d8bdabc530a6a0816f7ff89a0aaf/library/test/src/lib.rs:133:21
[INFO] [stdout]   12:     0x63da14adc6d8 - <alloc::boxed::Box<F,A> as core::ops::function::Fn<Args>>::call::h9455091b6b06f9fb
[INFO] [stdout]                                at /rustc/90b35a6239c3d8bdabc530a6a0816f7ff89a0aaf/library/alloc/src/boxed.rs:2468:9
[INFO] [stdout]   13:     0x63da14adc6d8 - std::panicking::rust_panic_with_hook::h8942133a8b252070
[INFO] [stdout]                                at /rustc/90b35a6239c3d8bdabc530a6a0816f7ff89a0aaf/library/std/src/panicking.rs:809:13
[INFO] [stdout]   14:     0x63da14adc49a - std::panicking::begin_panic_handler::{{closure}}::hb5f5963570096b29
[INFO] [stdout]                                at /rustc/90b35a6239c3d8bdabc530a6a0816f7ff89a0aaf/library/std/src/panicking.rs:674:13
[INFO] [stdout]   15:     0x63da14adb0b9 - std::sys::backtrace::__rust_end_short_backtrace::h6208cedc1922feda
[INFO] [stdout]                                at /rustc/90b35a6239c3d8bdabc530a6a0816f7ff89a0aaf/library/std/src/sys/backtrace.rs:170:18
[INFO] [stdout]   16:     0x63da14adc12c - rust_begin_unwind
[INFO] [stdout]                                at /rustc/90b35a6239c3d8bdabc530a6a0816f7ff89a0aaf/library/std/src/panicking.rs:665:5
[INFO] [stdout]   17:     0x63da146142b0 - core::panicking::panic_fmt::h0c3082644d1bf418
[INFO] [stdout]                                at /rustc/90b35a6239c3d8bdabc530a6a0816f7ff89a0aaf/library/core/src/panicking.rs:74:14
[INFO] [stdout]   18:     0x63da1461428b - core::panicking::panic_display::h735d9af8bded520c
[INFO] [stdout]                                at /rustc/90b35a6239c3d8bdabc530a6a0816f7ff89a0aaf/library/core/src/panicking.rs:264:5
[INFO] [stdout]   19:     0x63da1461428b - core::option::expect_failed::h95d2432053ef5ebb
[INFO] [stdout]                                at /rustc/90b35a6239c3d8bdabc530a6a0816f7ff89a0aaf/library/core/src/option.rs:2021:5
[INFO] [stdout]   20:     0x63da146b6f37 - core::option::Option<T>::expect::h8155f3650d053434
[INFO] [stdout]                                at /rustc/90b35a6239c3d8bdabc530a6a0816f7ff89a0aaf/library/core/src/option.rs:933:21
[INFO] [stdout]   21:     0x63da14655c65 - cirup_core::shell::find_binary::hb600a4d8260fc6fe
[INFO] [stdout]                                at /opt/rustwide/workdir/cirup_core/src/shell.rs:50:19
[INFO] [stdout]   22:     0x63da146589ae - cirup_core::shell::find_svn::ha1123e9e786d73b8
[INFO] [stdout]                                at /opt/rustwide/workdir/cirup_core/src/shell.rs:89:15
[INFO] [stdout]   23:     0x63da14658977 - cirup_core::shell::find_svn::{{closure}}::he39a5e4af5065e3d
[INFO] [stdout]                                at /opt/rustwide/workdir/cirup_core/src/shell.rs:87:14
[INFO] [stdout]   24:     0x63da1462be96 - core::ops::function::FnOnce::call_once::h0194216f73d1416d
[INFO] [stdout]                                at /rustc/90b35a6239c3d8bdabc530a6a0816f7ff89a0aaf/library/core/src/ops/function.rs:250:5
[INFO] [stdout]   25:     0x63da146ad0fb - core::ops::function::FnOnce::call_once::h109cf8051a59b34e
[INFO] [stdout]                                at /rustc/90b35a6239c3d8bdabc530a6a0816f7ff89a0aaf/library/core/src/ops/function.rs:250:5
[INFO] [stdout]   26:     0x63da146ad0fb - test::__rust_begin_short_backtrace::hf4fff89d377446ba
[INFO] [stdout]                                at /rustc/90b35a6239c3d8bdabc530a6a0816f7ff89a0aaf/library/test/src/lib.rs:621:18
[INFO] [stdout]   27:     0x63da146ac937 - test::run_test_in_process::{{closure}}::h0e39181dd7ee5a43
[INFO] [stdout]                                at /rustc/90b35a6239c3d8bdabc530a6a0816f7ff89a0aaf/library/test/src/lib.rs:644:60
[INFO] [stdout]   28:     0x63da146ac937 - <core::panic::unwind_safe::AssertUnwindSafe<F> as core::ops::function::FnOnce<()>>::call_once::hc5a66a30f0bdfd1f
[INFO] [stdout]                                at /rustc/90b35a6239c3d8bdabc530a6a0816f7ff89a0aaf/library/core/src/panic/unwind_safe.rs:272:9
[INFO] [stdout]   29:     0x63da146ac937 - std::panicking::try::do_call::h873b7cf639554a5e
[INFO] [stdout]                                at /rustc/90b35a6239c3d8bdabc530a6a0816f7ff89a0aaf/library/std/src/panicking.rs:557:40
[INFO] [stdout]   30:     0x63da146ac937 - std::panicking::try::hdb19862fad9c8bd1
[INFO] [stdout]                                at /rustc/90b35a6239c3d8bdabc530a6a0816f7ff89a0aaf/library/std/src/panicking.rs:520:19
[INFO] [stdout]   31:     0x63da146ac937 - std::panic::catch_unwind::h281fe732d236d260
[INFO] [stdout]                                at /rustc/90b35a6239c3d8bdabc530a6a0816f7ff89a0aaf/library/std/src/panic.rs:358:14
[INFO] [stdout]   32:     0x63da146ac937 - test::run_test_in_process::h949b6df8457ed338
[INFO] [stdout]                                at /rustc/90b35a6239c3d8bdabc530a6a0816f7ff89a0aaf/library/test/src/lib.rs:644:27
[INFO] [stdout]   33:     0x63da146ac937 - test::run_test::{{closure}}::h52c556a6d4740e10
[INFO] [stdout]                                at /rustc/90b35a6239c3d8bdabc530a6a0816f7ff89a0aaf/library/test/src/lib.rs:565:43
[INFO] [stdout]   34:     0x63da14671c14 - test::run_test::{{closure}}::h4237f6381c45ccb9
[INFO] [stdout]                                at /rustc/90b35a6239c3d8bdabc530a6a0816f7ff89a0aaf/library/test/src/lib.rs:595:41
[INFO] [stdout]   35:     0x63da14671c14 - std::sys::backtrace::__rust_begin_short_backtrace::h505c97a579eca628
[INFO] [stdout]                                at /rustc/90b35a6239c3d8bdabc530a6a0816f7ff89a0aaf/library/std/src/sys/backtrace.rs:154:18
[INFO] [stdout]   36:     0x63da146752de - std::thread::Builder::spawn_unchecked_::{{closure}}::{{closure}}::h9e86b2e2bc107ea3
[INFO] [stdout]                                at /rustc/90b35a6239c3d8bdabc530a6a0816f7ff89a0aaf/library/std/src/thread/mod.rs:538:17
[INFO] [stdout]   37:     0x63da146752de - <core::panic::unwind_safe::AssertUnwindSafe<F> as core::ops::function::FnOnce<()>>::call_once::h8b06ddb275ff4a25
[INFO] [stdout]                                at /rustc/90b35a6239c3d8bdabc530a6a0816f7ff89a0aaf/library/core/src/panic/unwind_safe.rs:272:9
[INFO] [stdout]   38:     0x63da146752de - std::panicking::try::do_call::hb26ecd7cd9a9355d
[INFO] [stdout]                                at /rustc/90b35a6239c3d8bdabc530a6a0816f7ff89a0aaf/library/std/src/panicking.rs:557:40
[INFO] [stdout]   39:     0x63da146752de - std::panicking::try::h8ddeca9d705f9069
[INFO] [stdout]                                at /rustc/90b35a6239c3d8bdabc530a6a0816f7ff89a0aaf/library/std/src/panicking.rs:520:19
[INFO] [stdout]   40:     0x63da146752de - std::panic::catch_unwind::h49e1c33078844c46
[INFO] [stdout]                                at /rustc/90b35a6239c3d8bdabc530a6a0816f7ff89a0aaf/library/std/src/panic.rs:358:14
[INFO] [stdout]   41:     0x63da146752de - std::thread::Builder::spawn_unchecked_::{{closure}}::h6073db6ff56ad35d
[INFO] [stdout]                                at /rustc/90b35a6239c3d8bdabc530a6a0816f7ff89a0aaf/library/std/src/thread/mod.rs:537:30
[INFO] [stdout]   42:     0x63da146752de - core::ops::function::FnOnce::call_once{{vtable.shim}}::h2c5a5f3779c774f1
[INFO] [stdout]                                at /rustc/90b35a6239c3d8bdabc530a6a0816f7ff89a0aaf/library/core/src/ops/function.rs:250:5
[INFO] [stdout]   43:     0x63da14ae060b - <alloc::boxed::Box<F,A> as core::ops::function::FnOnce<Args>>::call_once::hf75717d9f28faebf
[INFO] [stdout]                                at /rustc/90b35a6239c3d8bdabc530a6a0816f7ff89a0aaf/library/alloc/src/boxed.rs:2454:9
[INFO] [stdout]   44:     0x63da14ae060b - <alloc::boxed::Box<F,A> as core::ops::function::FnOnce<Args>>::call_once::h7bd883a5f3c5f3c1
[INFO] [stdout]                                at /rustc/90b35a6239c3d8bdabc530a6a0816f7ff89a0aaf/library/alloc/src/boxed.rs:2454:9
[INFO] [stdout]   45:     0x63da14ae060b - std::sys::pal::unix::thread::Thread::new::thread_start::hcc78f3943333fa94
[INFO] [stdout]                                at /rustc/90b35a6239c3d8bdabc530a6a0816f7ff89a0aaf/library/std/src/sys/pal/unix/thread.rs:105:17
[INFO] [stdout]   46:     0x719147833ac3 - <unknown>
[INFO] [stdout]   47:     0x7191478c4a04 - clone
[INFO] [stdout]   48:                0x0 - <unknown>
[INFO] [stdout] 
[INFO] [stdout] 
[INFO] [stdout] failures:
[INFO] [stdout]     config::config_read
[INFO] [stdout]     shell::find_svn
[INFO] [stdout] 
[INFO] [stdout] test result: FAILED. 18 passed; 2 failed; 0 ignored; 0 measured; 0 filtered out; finished in 0.11s
[INFO] [stdout] 
[INFO] running `Command { std: "docker" "inspect" "574e812f77c069238d6388fdea59c996441549ae2ffcbe1ce1e490c14a9776eb", kill_on_drop: false }`
[INFO] running `Command { std: "docker" "rm" "-f" "574e812f77c069238d6388fdea59c996441549ae2ffcbe1ce1e490c14a9776eb", kill_on_drop: false }`
[INFO] [stdout] 574e812f77c069238d6388fdea59c996441549ae2ffcbe1ce1e490c14a9776eb
