[INFO] cloning repository https://github.com/avl/bin_packing_2d
[INFO] running `Command { std: "git" "-c" "credential.helper=" "-c" "credential.helper=/workspace/cargo-home/bin/git-credential-null" "clone" "--bare" "https://github.com/avl/bin_packing_2d" "/workspace/cache/git-repos/https%3A%2F%2Fgithub.com%2Favl%2Fbin_packing_2d", kill_on_drop: false }`
[INFO] [stderr] Cloning into bare repository '/workspace/cache/git-repos/https%3A%2F%2Fgithub.com%2Favl%2Fbin_packing_2d'...
[INFO] running `Command { std: "git" "rev-parse" "HEAD", kill_on_drop: false }`
[INFO] [stdout] 8565a086d3401f06dc061010e70aa3d6a311cb7d
[INFO] testing avl/bin_packing_2d against 1.83.0 for beta-1.84.0-4-retry
[INFO] running `Command { std: "git" "clone" "/workspace/cache/git-repos/https%3A%2F%2Fgithub.com%2Favl%2Fbin_packing_2d" "/workspace/builds/worker-0-tc1/source", kill_on_drop: false }`
[INFO] [stderr] Cloning into '/workspace/builds/worker-0-tc1/source'...
[INFO] [stderr] done.
[INFO] validating manifest of git repo https://github.com/avl/bin_packing_2d on toolchain 1.83.0
[INFO] running `Command { std: CARGO_HOME="/workspace/cargo-home" RUSTUP_HOME="/workspace/rustup-home" "/workspace/cargo-home/bin/cargo" "+1.83.0" "metadata" "--manifest-path" "Cargo.toml" "--no-deps", kill_on_drop: false }`
[INFO] started tweaking git repo https://github.com/avl/bin_packing_2d
[INFO] finished tweaking git repo https://github.com/avl/bin_packing_2d
[INFO] tweaked toml for git repo https://github.com/avl/bin_packing_2d written to /workspace/builds/worker-0-tc1/source/Cargo.toml
[INFO] crate git repo https://github.com/avl/bin_packing_2d already has a lockfile, it will not be regenerated
[INFO] running `Command { std: CARGO_HOME="/workspace/cargo-home" RUSTUP_HOME="/workspace/rustup-home" "/workspace/cargo-home/bin/cargo" "+1.83.0" "fetch" "--manifest-path" "Cargo.toml", kill_on_drop: false }`
[INFO] running `Command { std: "docker" "create" "-v" "/var/lib/crater-agent-workspace/builds/worker-0-tc1/target:/opt/rustwide/target:rw,Z" "-v" "/var/lib/crater-agent-workspace/builds/worker-0-tc1/source:/opt/rustwide/workdir:ro,Z" "-v" "/var/lib/crater-agent-workspace/cargo-home:/opt/rustwide/cargo-home:ro,Z" "-v" "/var/lib/crater-agent-workspace/rustup-home:/opt/rustwide/rustup-home:ro,Z" "-e" "SOURCE_DIR=/opt/rustwide/workdir" "-e" "CARGO_TARGET_DIR=/opt/rustwide/target" "-e" "CARGO_HOME=/opt/rustwide/cargo-home" "-e" "RUSTUP_HOME=/opt/rustwide/rustup-home" "-w" "/opt/rustwide/workdir" "-m" "1610612736" "--user" "0:0" "--network" "none" "ghcr.io/rust-lang/crates-build-env/linux@sha256:f3a9d4ad9d972b27faf3965f35b62e55ba32bbce8f20bc8fe909558a86702fde" "/opt/rustwide/cargo-home/bin/cargo" "+1.83.0" "metadata" "--no-deps" "--format-version=1", kill_on_drop: false }`
[INFO] [stdout] 524198c61fb3b21a86523f3cfae9d847925015dc1eb536b70867276f82de85a2
[INFO] running `Command { std: "docker" "start" "-a" "524198c61fb3b21a86523f3cfae9d847925015dc1eb536b70867276f82de85a2", kill_on_drop: false }`
[INFO] running `Command { std: "docker" "inspect" "524198c61fb3b21a86523f3cfae9d847925015dc1eb536b70867276f82de85a2", kill_on_drop: false }`
[INFO] running `Command { std: "docker" "rm" "-f" "524198c61fb3b21a86523f3cfae9d847925015dc1eb536b70867276f82de85a2", kill_on_drop: false }`
[INFO] [stdout] 524198c61fb3b21a86523f3cfae9d847925015dc1eb536b70867276f82de85a2
[INFO] running `Command { std: "docker" "create" "-v" "/var/lib/crater-agent-workspace/builds/worker-0-tc1/target:/opt/rustwide/target:rw,Z" "-v" "/var/lib/crater-agent-workspace/builds/worker-0-tc1/source:/opt/rustwide/workdir:ro,Z" "-v" "/var/lib/crater-agent-workspace/cargo-home:/opt/rustwide/cargo-home:ro,Z" "-v" "/var/lib/crater-agent-workspace/rustup-home:/opt/rustwide/rustup-home:ro,Z" "-e" "SOURCE_DIR=/opt/rustwide/workdir" "-e" "CARGO_TARGET_DIR=/opt/rustwide/target" "-e" "CARGO_INCREMENTAL=0" "-e" "RUST_BACKTRACE=full" "-e" "RUSTFLAGS=--cap-lints=warn" "-e" "RUSTDOCFLAGS=--cap-lints=warn" "-e" "CARGO_HOME=/opt/rustwide/cargo-home" "-e" "RUSTUP_HOME=/opt/rustwide/rustup-home" "-w" "/opt/rustwide/workdir" "-m" "1610612736" "--user" "0:0" "--network" "none" "ghcr.io/rust-lang/crates-build-env/linux@sha256:f3a9d4ad9d972b27faf3965f35b62e55ba32bbce8f20bc8fe909558a86702fde" "/opt/rustwide/cargo-home/bin/cargo" "+1.83.0" "build" "--frozen" "--message-format=json", kill_on_drop: false }`
[INFO] [stdout] 8da04596ab0453e36d3dc9d1dafd2c55fa769ed6d4ce0c5a5a35bd77d9bcf744
[INFO] running `Command { std: "docker" "start" "-a" "8da04596ab0453e36d3dc9d1dafd2c55fa769ed6d4ce0c5a5a35bd77d9bcf744", kill_on_drop: false }`
[INFO] [stderr]    Compiling bit-vec v0.8.0
[INFO] [stderr]    Compiling bin_packing_2d v0.1.0 (/opt/rustwide/workdir)
[INFO] [stderr]     Finished `dev` profile [unoptimized + debuginfo] target(s) in 0.57s
[INFO] running `Command { std: "docker" "inspect" "8da04596ab0453e36d3dc9d1dafd2c55fa769ed6d4ce0c5a5a35bd77d9bcf744", kill_on_drop: false }`
[INFO] running `Command { std: "docker" "rm" "-f" "8da04596ab0453e36d3dc9d1dafd2c55fa769ed6d4ce0c5a5a35bd77d9bcf744", kill_on_drop: false }`
[INFO] [stdout] 8da04596ab0453e36d3dc9d1dafd2c55fa769ed6d4ce0c5a5a35bd77d9bcf744
[INFO] running `Command { std: "docker" "create" "-v" "/var/lib/crater-agent-workspace/builds/worker-0-tc1/target:/opt/rustwide/target:rw,Z" "-v" "/var/lib/crater-agent-workspace/builds/worker-0-tc1/source:/opt/rustwide/workdir:ro,Z" "-v" "/var/lib/crater-agent-workspace/cargo-home:/opt/rustwide/cargo-home:ro,Z" "-v" "/var/lib/crater-agent-workspace/rustup-home:/opt/rustwide/rustup-home:ro,Z" "-e" "SOURCE_DIR=/opt/rustwide/workdir" "-e" "CARGO_TARGET_DIR=/opt/rustwide/target" "-e" "CARGO_INCREMENTAL=0" "-e" "RUST_BACKTRACE=full" "-e" "RUSTFLAGS=--cap-lints=warn" "-e" "RUSTDOCFLAGS=--cap-lints=warn" "-e" "CARGO_HOME=/opt/rustwide/cargo-home" "-e" "RUSTUP_HOME=/opt/rustwide/rustup-home" "-w" "/opt/rustwide/workdir" "-m" "1610612736" "--user" "0:0" "--network" "none" "ghcr.io/rust-lang/crates-build-env/linux@sha256:f3a9d4ad9d972b27faf3965f35b62e55ba32bbce8f20bc8fe909558a86702fde" "/opt/rustwide/cargo-home/bin/cargo" "+1.83.0" "test" "--frozen" "--no-run" "--message-format=json", kill_on_drop: false }`
[INFO] [stdout] afc8648f66d0767cc5672f1d85ed610b535f745a2a23e42d3cc8356ff72609a4
[INFO] running `Command { std: "docker" "start" "-a" "afc8648f66d0767cc5672f1d85ed610b535f745a2a23e42d3cc8356ff72609a4", kill_on_drop: false }`
[INFO] [stderr]    Compiling bin_packing_2d v0.1.0 (/opt/rustwide/workdir)
[INFO] [stderr]     Finished `test` profile [unoptimized + debuginfo] target(s) in 0.68s
[INFO] running `Command { std: "docker" "inspect" "afc8648f66d0767cc5672f1d85ed610b535f745a2a23e42d3cc8356ff72609a4", kill_on_drop: false }`
[INFO] running `Command { std: "docker" "rm" "-f" "afc8648f66d0767cc5672f1d85ed610b535f745a2a23e42d3cc8356ff72609a4", kill_on_drop: false }`
[INFO] [stdout] afc8648f66d0767cc5672f1d85ed610b535f745a2a23e42d3cc8356ff72609a4
[INFO] running `Command { std: "docker" "create" "-v" "/var/lib/crater-agent-workspace/builds/worker-0-tc1/target:/opt/rustwide/target:rw,Z" "-v" "/var/lib/crater-agent-workspace/builds/worker-0-tc1/source:/opt/rustwide/workdir:ro,Z" "-v" "/var/lib/crater-agent-workspace/cargo-home:/opt/rustwide/cargo-home:ro,Z" "-v" "/var/lib/crater-agent-workspace/rustup-home:/opt/rustwide/rustup-home:ro,Z" "-e" "SOURCE_DIR=/opt/rustwide/workdir" "-e" "CARGO_TARGET_DIR=/opt/rustwide/target" "-e" "CARGO_INCREMENTAL=0" "-e" "RUST_BACKTRACE=full" "-e" "RUSTFLAGS=--cap-lints=warn" "-e" "RUSTDOCFLAGS=--cap-lints=warn" "-e" "CARGO_HOME=/opt/rustwide/cargo-home" "-e" "RUSTUP_HOME=/opt/rustwide/rustup-home" "-w" "/opt/rustwide/workdir" "-m" "1610612736" "--user" "0:0" "--network" "none" "ghcr.io/rust-lang/crates-build-env/linux@sha256:f3a9d4ad9d972b27faf3965f35b62e55ba32bbce8f20bc8fe909558a86702fde" "/opt/rustwide/cargo-home/bin/cargo" "+1.83.0" "test" "--frozen", kill_on_drop: false }`
[INFO] [stdout] 8ffcae992c830eaf4e05ed5bbf56905118376dcc89d844ff687d46407dcd6c9f
[INFO] running `Command { std: "docker" "start" "-a" "8ffcae992c830eaf4e05ed5bbf56905118376dcc89d844ff687d46407dcd6c9f", kill_on_drop: false }`
[INFO] [stderr]     Finished `test` profile [unoptimized + debuginfo] target(s) in 0.01s
[INFO] [stderr]      Running unittests src/lib.rs (/opt/rustwide/target/debug/deps/bin_packing_2d-fc84e6224d324d46)
[INFO] [stdout] 
[INFO] [stdout] running 2 tests
[INFO] [stdout] test tests::test_hole ... ok
[INFO] [stdout] test tests::it_works ... ok
[INFO] [stdout] 
[INFO] [stdout] test result: ok. 2 passed; 0 failed; 0 ignored; 0 measured; 0 filtered out; finished in 0.00s
[INFO] [stdout] 
[INFO] [stderr]    Doc-tests bin_packing_2d
[INFO] [stdout] 
[INFO] [stdout] running 1 test
[INFO] [stdout] test src/lib.rs - (line 7) ... FAILED
[INFO] [stdout] 
[INFO] [stdout] failures:
[INFO] [stdout] 
[INFO] [stdout] ---- src/lib.rs - (line 7) stdout ----
[INFO] [stdout] error[E0063]: missing field `allow_rotate` in initializer of `Item<_>`
[INFO] [stdout]  --> src/lib.rs:12:5
[INFO] [stdout]   |
[INFO] [stdout] 8 |     Item {
[INFO] [stdout]   |     ^^^^ missing `allow_rotate`
[INFO] [stdout] 
[INFO] [stdout] error[E0063]: missing field `allow_rotate` in initializer of `Item<_>`
[INFO] [stdout]   --> src/lib.rs:17:5
[INFO] [stdout]    |
[INFO] [stdout] 13 |     Item {
[INFO] [stdout]    |     ^^^^ missing `allow_rotate`
[INFO] [stdout] 
[INFO] [stdout] error[E0063]: missing field `allow_rotate` in initializer of `Item<_>`
[INFO] [stdout]   --> src/lib.rs:22:5
[INFO] [stdout]    |
[INFO] [stdout] 18 |     Item {
[INFO] [stdout]    |     ^^^^ missing `allow_rotate`
[INFO] [stdout] 
[INFO] [stdout] error[E0063]: missing field `allow_rotate` in initializer of `Item<_>`
[INFO] [stdout]   --> src/lib.rs:27:5
[INFO] [stdout]    |
[INFO] [stdout] 23 |     Item {
[INFO] [stdout]    |     ^^^^ missing `allow_rotate`
[INFO] [stdout] 
[INFO] [stdout] error[E0061]: this method takes 2 arguments but 1 argument was supplied
[INFO] [stdout]    --> src/lib.rs:35:25
[INFO] [stdout]     |
[INFO] [stdout] 31  | let all_fit: bool = bin.place_all(items.into_iter()); // Pack all the items
[INFO] [stdout]     |                         ^^^^^^^^^------------------- argument #2 is missing
[INFO] [stdout]     |
[INFO] [stdout] note: method defined here
[INFO] [stdout]    --> /opt/rustwide/workdir/src/lib.rs:480:12
[INFO] [stdout]     |
[INFO] [stdout] 480 |     pub fn place_all(&mut self, input: impl Iterator<Item=Item<I>>, mut cancel: impl FnMut() -> bool) -> bool {
[INFO] [stdout]     |            ^^^^^^^^^
[INFO] [stdout] help: provide the argument
[INFO] [stdout]     |
[INFO] [stdout] 31  | let all_fit: bool = bin.place_all(items.into_iter(), /* cancel */); // Pack all the items
[INFO] [stdout]     |                                  ~~~~~~~~~~~~~~~~~~~~~~~~~~~~~~~~~
[INFO] [stdout] 
[INFO] [stdout] error: aborting due to 5 previous errors
[INFO] [stdout] 
[INFO] [stdout] Some errors have detailed explanations: E0061, E0063.
[INFO] [stdout] For more information about an error, try `rustc --explain E0061`.
[INFO] [stdout] Couldn't compile the test.
[INFO] [stdout] 
[INFO] [stdout] failures:
[INFO] [stdout]     src/lib.rs - (line 7)
[INFO] [stdout] 
[INFO] [stdout] test result: FAILED. 0 passed; 1 failed; 0 ignored; 0 measured; 0 filtered out; finished in 0.08s
[INFO] [stdout] 
[INFO] [stderr] error: doctest failed, to rerun pass `--doc`
[INFO] running `Command { std: "docker" "inspect" "8ffcae992c830eaf4e05ed5bbf56905118376dcc89d844ff687d46407dcd6c9f", kill_on_drop: false }`
[INFO] running `Command { std: "docker" "rm" "-f" "8ffcae992c830eaf4e05ed5bbf56905118376dcc89d844ff687d46407dcd6c9f", kill_on_drop: false }`
[INFO] [stdout] 8ffcae992c830eaf4e05ed5bbf56905118376dcc89d844ff687d46407dcd6c9f
