[INFO] cloning repository https://github.com/avj2352/rust_digital_garden
[INFO] running `Command { std: "git" "-c" "credential.helper=" "-c" "credential.helper=/workspace/cargo-home/bin/git-credential-null" "clone" "--bare" "https://github.com/avj2352/rust_digital_garden" "/workspace/cache/git-repos/https%3A%2F%2Fgithub.com%2Favj2352%2Frust_digital_garden", kill_on_drop: false }`
[INFO] [stderr] Cloning into bare repository '/workspace/cache/git-repos/https%3A%2F%2Fgithub.com%2Favj2352%2Frust_digital_garden'...
[INFO] running `Command { std: "git" "rev-parse" "HEAD", kill_on_drop: false }`
[INFO] [stdout] 29eb899a1be3fa6af45f4a45008808bb427c65bf
[INFO] testing avj2352/rust_digital_garden against 1.83.0 for beta-1.84.0-4-retry
[INFO] running `Command { std: "git" "clone" "/workspace/cache/git-repos/https%3A%2F%2Fgithub.com%2Favj2352%2Frust_digital_garden" "/workspace/builds/worker-3-tc1/source", kill_on_drop: false }`
[INFO] [stderr] Cloning into '/workspace/builds/worker-3-tc1/source'...
[INFO] [stderr] done.
[INFO] validating manifest of git repo https://github.com/avj2352/rust_digital_garden on toolchain 1.83.0
[INFO] running `Command { std: CARGO_HOME="/workspace/cargo-home" RUSTUP_HOME="/workspace/rustup-home" "/workspace/cargo-home/bin/cargo" "+1.83.0" "metadata" "--manifest-path" "Cargo.toml" "--no-deps", kill_on_drop: false }`
[INFO] started tweaking git repo https://github.com/avj2352/rust_digital_garden
[INFO] finished tweaking git repo https://github.com/avj2352/rust_digital_garden
[INFO] tweaked toml for git repo https://github.com/avj2352/rust_digital_garden written to /workspace/builds/worker-3-tc1/source/Cargo.toml
[INFO] crate git repo https://github.com/avj2352/rust_digital_garden already has a lockfile, it will not be regenerated
[INFO] running `Command { std: CARGO_HOME="/workspace/cargo-home" RUSTUP_HOME="/workspace/rustup-home" "/workspace/cargo-home/bin/cargo" "+1.83.0" "fetch" "--manifest-path" "Cargo.toml", kill_on_drop: false }`
[INFO] [stderr]     Updating crates.io index
[INFO] [stderr]  Downloading crates ...
[INFO] [stderr]   Downloaded assert_fs v1.0.12
[INFO] [stderr]   Downloaded rprompt v1.0.5
[INFO] [stderr]   Downloaded assert_cmd v1.0.8
[INFO] [stderr]   Downloaded predicates v3.0.2
[INFO] running `Command { std: "docker" "create" "-v" "/var/lib/crater-agent-workspace/builds/worker-3-tc1/target:/opt/rustwide/target:rw,Z" "-v" "/var/lib/crater-agent-workspace/builds/worker-3-tc1/source:/opt/rustwide/workdir:ro,Z" "-v" "/var/lib/crater-agent-workspace/cargo-home:/opt/rustwide/cargo-home:ro,Z" "-v" "/var/lib/crater-agent-workspace/rustup-home:/opt/rustwide/rustup-home:ro,Z" "-e" "SOURCE_DIR=/opt/rustwide/workdir" "-e" "CARGO_TARGET_DIR=/opt/rustwide/target" "-e" "CARGO_HOME=/opt/rustwide/cargo-home" "-e" "RUSTUP_HOME=/opt/rustwide/rustup-home" "-w" "/opt/rustwide/workdir" "-m" "1610612736" "--user" "0:0" "--network" "none" "ghcr.io/rust-lang/crates-build-env/linux@sha256:f3a9d4ad9d972b27faf3965f35b62e55ba32bbce8f20bc8fe909558a86702fde" "/opt/rustwide/cargo-home/bin/cargo" "+1.83.0" "metadata" "--no-deps" "--format-version=1", kill_on_drop: false }`
[INFO] [stdout] e0a5240b93d96849658258f62b2b09f18c1056d6be9b3f9db54513d791750d1a
[INFO] running `Command { std: "docker" "start" "-a" "e0a5240b93d96849658258f62b2b09f18c1056d6be9b3f9db54513d791750d1a", kill_on_drop: false }`
[INFO] running `Command { std: "docker" "inspect" "e0a5240b93d96849658258f62b2b09f18c1056d6be9b3f9db54513d791750d1a", kill_on_drop: false }`
[INFO] running `Command { std: "docker" "rm" "-f" "e0a5240b93d96849658258f62b2b09f18c1056d6be9b3f9db54513d791750d1a", kill_on_drop: false }`
[INFO] [stdout] e0a5240b93d96849658258f62b2b09f18c1056d6be9b3f9db54513d791750d1a
[INFO] running `Command { std: "docker" "create" "-v" "/var/lib/crater-agent-workspace/builds/worker-3-tc1/target:/opt/rustwide/target:rw,Z" "-v" "/var/lib/crater-agent-workspace/builds/worker-3-tc1/source:/opt/rustwide/workdir:ro,Z" "-v" "/var/lib/crater-agent-workspace/cargo-home:/opt/rustwide/cargo-home:ro,Z" "-v" "/var/lib/crater-agent-workspace/rustup-home:/opt/rustwide/rustup-home:ro,Z" "-e" "SOURCE_DIR=/opt/rustwide/workdir" "-e" "CARGO_TARGET_DIR=/opt/rustwide/target" "-e" "CARGO_INCREMENTAL=0" "-e" "RUST_BACKTRACE=full" "-e" "RUSTFLAGS=--cap-lints=warn" "-e" "RUSTDOCFLAGS=--cap-lints=warn" "-e" "CARGO_HOME=/opt/rustwide/cargo-home" "-e" "RUSTUP_HOME=/opt/rustwide/rustup-home" "-w" "/opt/rustwide/workdir" "-m" "1610612736" "--user" "0:0" "--network" "none" "ghcr.io/rust-lang/crates-build-env/linux@sha256:f3a9d4ad9d972b27faf3965f35b62e55ba32bbce8f20bc8fe909558a86702fde" "/opt/rustwide/cargo-home/bin/cargo" "+1.83.0" "build" "--frozen" "--message-format=json", kill_on_drop: false }`
[INFO] [stdout] 42fa012257ea5eb911dd789dab9146dc1892a0ac13a07251bba70f51fbc12a22
[INFO] running `Command { std: "docker" "start" "-a" "42fa012257ea5eb911dd789dab9146dc1892a0ac13a07251bba70f51fbc12a22", kill_on_drop: false }`
[INFO] [stderr]    Compiling libc v0.2.141
[INFO] [stderr]    Compiling proc-macro2 v1.0.56
[INFO] [stderr]    Compiling quote v1.0.26
[INFO] [stderr]    Compiling unicode-ident v1.0.8
[INFO] [stderr]    Compiling syn v1.0.109
[INFO] [stderr]    Compiling cfg-if v1.0.0
[INFO] [stderr]    Compiling version_check v0.9.4
[INFO] [stderr]    Compiling once_cell v1.17.1
[INFO] [stderr]    Compiling lazy_static v1.4.0
[INFO] [stderr]    Compiling io-lifetimes v1.0.10
[INFO] [stderr]    Compiling memchr v2.5.0
[INFO] [stderr]    Compiling tracing-core v0.1.30
[INFO] [stderr]    Compiling bitflags v1.3.2
[INFO] [stderr]    Compiling thread_local v1.1.7
[INFO] [stderr]    Compiling sharded-slab v0.1.4
[INFO] [stderr]    Compiling cc v1.0.79
[INFO] [stderr]    Compiling proc-macro-error-attr v1.0.4
[INFO] [stderr]    Compiling proc-macro-error v1.0.4
[INFO] [stderr]    Compiling pin-project-lite v0.2.9
[INFO] [stderr]    Compiling rustix v0.37.8
[INFO] [stderr]    Compiling linux-raw-sys v0.3.1
[INFO] [stderr]    Compiling gimli v0.27.2
[INFO] [stderr]    Compiling tracing-subscriber v0.2.25
[INFO] [stderr]    Compiling eyre v0.6.8
[INFO] [stderr]    Compiling backtrace v0.3.67
[INFO] [stderr]    Compiling unicode-segmentation v1.10.1
[INFO] [stderr]    Compiling adler v1.0.2
[INFO] [stderr]    Compiling unicode-width v0.1.10
[INFO] [stderr]    Compiling textwrap v0.11.0
[INFO] [stderr]    Compiling miniz_oxide v0.6.2
[INFO] [stderr]    Compiling atty v0.2.14
[INFO] [stderr]    Compiling object v0.30.3
[INFO] [stderr]    Compiling heck v0.3.3
[INFO] [stderr]    Compiling ansi_term v0.12.1
[INFO] [stderr]    Compiling strsim v0.8.0
[INFO] [stderr]    Compiling vec_map v0.8.2
[INFO] [stderr]    Compiling fastrand v1.9.0
[INFO] [stderr]    Compiling either v1.8.1
[INFO] [stderr]    Compiling indenter v0.3.3
[INFO] [stderr]    Compiling rustc-demangle v0.1.22
[INFO] [stderr]    Compiling owo-colors v1.3.0
[INFO] [stderr]    Compiling which v4.4.0
[INFO] [stderr]    Compiling addr2line v0.19.0
[INFO] [stderr]    Compiling clap v2.34.0
[INFO] [stderr]    Compiling dirs-sys v0.3.7
[INFO] [stderr]    Compiling deunicode v0.4.3
[INFO] [stderr]    Compiling slug v0.1.4
[INFO] [stderr]    Compiling directories v3.0.2
[INFO] [stderr]    Compiling rprompt v1.0.5
[INFO] [stderr]    Compiling tempfile v3.5.0
[INFO] [stderr]    Compiling edit v0.1.4
[INFO] [stderr]    Compiling tracing-attributes v0.1.23
[INFO] [stderr]    Compiling structopt-derive v0.4.18
[INFO] [stderr]    Compiling tracing v0.1.37
[INFO] [stderr]    Compiling structopt v0.3.26
[INFO] [stderr]    Compiling tracing-error v0.1.2
[INFO] [stderr]    Compiling color-spantrace v0.1.6
[INFO] [stderr]    Compiling color-eyre v0.5.11
[INFO] [stderr]    Compiling digital-garden-steps v0.1.0 (/opt/rustwide/workdir)
[INFO] [stderr]     Finished `dev` profile [unoptimized + debuginfo] target(s) in 46.09s
[INFO] running `Command { std: "docker" "inspect" "42fa012257ea5eb911dd789dab9146dc1892a0ac13a07251bba70f51fbc12a22", kill_on_drop: false }`
[INFO] running `Command { std: "docker" "rm" "-f" "42fa012257ea5eb911dd789dab9146dc1892a0ac13a07251bba70f51fbc12a22", kill_on_drop: false }`
[INFO] [stdout] 42fa012257ea5eb911dd789dab9146dc1892a0ac13a07251bba70f51fbc12a22
[INFO] running `Command { std: "docker" "create" "-v" "/var/lib/crater-agent-workspace/builds/worker-3-tc1/target:/opt/rustwide/target:rw,Z" "-v" "/var/lib/crater-agent-workspace/builds/worker-3-tc1/source:/opt/rustwide/workdir:ro,Z" "-v" "/var/lib/crater-agent-workspace/cargo-home:/opt/rustwide/cargo-home:ro,Z" "-v" "/var/lib/crater-agent-workspace/rustup-home:/opt/rustwide/rustup-home:ro,Z" "-e" "SOURCE_DIR=/opt/rustwide/workdir" "-e" "CARGO_TARGET_DIR=/opt/rustwide/target" "-e" "CARGO_INCREMENTAL=0" "-e" "RUST_BACKTRACE=full" "-e" "RUSTFLAGS=--cap-lints=warn" "-e" "RUSTDOCFLAGS=--cap-lints=warn" "-e" "CARGO_HOME=/opt/rustwide/cargo-home" "-e" "RUSTUP_HOME=/opt/rustwide/rustup-home" "-w" "/opt/rustwide/workdir" "-m" "1610612736" "--user" "0:0" "--network" "none" "ghcr.io/rust-lang/crates-build-env/linux@sha256:f3a9d4ad9d972b27faf3965f35b62e55ba32bbce8f20bc8fe909558a86702fde" "/opt/rustwide/cargo-home/bin/cargo" "+1.83.0" "test" "--frozen" "--no-run" "--message-format=json", kill_on_drop: false }`
[INFO] [stdout] a22e539b6a418ee7ef25abce69a1229c01148e3a3e91780e4f0560178ac08c86
[INFO] running `Command { std: "docker" "start" "-a" "a22e539b6a418ee7ef25abce69a1229c01148e3a3e91780e4f0560178ac08c86", kill_on_drop: false }`
[INFO] [stderr]    Compiling aho-corasick v0.7.20
[INFO] [stderr]    Compiling predicates-core v1.0.6
[INFO] [stderr]    Compiling log v0.4.17
[INFO] [stderr]    Compiling regex-syntax v0.6.29
[INFO] [stderr]    Compiling autocfg v1.1.0
[INFO] [stderr]    Compiling bstr v1.4.0
[INFO] [stderr]    Compiling itertools v0.10.5
[INFO] [stderr]    Compiling doc-comment v0.3.3
[INFO] [stderr]    Compiling difflib v0.4.0
[INFO] [stderr]    Compiling num-traits v0.2.15
[INFO] [stderr]    Compiling fnv v1.0.7
[INFO] [stderr]    Compiling same-file v1.0.6
[INFO] [stderr]    Compiling walkdir v2.3.3
[INFO] [stderr]    Compiling termtree v0.4.1
[INFO] [stderr]    Compiling regex-automata v0.1.10
[INFO] [stderr]    Compiling predicates-tree v1.0.9
[INFO] [stderr]    Compiling anstyle v0.3.5
[INFO] [stderr]    Compiling bstr v0.2.17
[INFO] [stderr]    Compiling wait-timeout v0.2.0
[INFO] [stderr]    Compiling normalize-line-endings v0.3.0
[INFO] [stderr]    Compiling difference v2.0.0
[INFO] [stderr]    Compiling float-cmp v0.8.0
[INFO] [stderr]    Compiling predicates v3.0.2
[INFO] [stderr]    Compiling predicates v2.1.5
[INFO] [stderr]    Compiling assert_cmd v1.0.8
[INFO] [stderr]    Compiling regex v1.7.3
[INFO] [stderr]    Compiling globset v0.4.10
[INFO] [stderr]    Compiling predicates v1.0.8
[INFO] [stderr]    Compiling ignore v0.4.20
[INFO] [stderr]    Compiling globwalk v0.8.1
[INFO] [stderr]    Compiling assert_fs v1.0.12
[INFO] [stderr]    Compiling digital-garden-steps v0.1.0 (/opt/rustwide/workdir)
[INFO] [stderr]     Finished `test` profile [unoptimized + debuginfo] target(s) in 24.38s
[INFO] running `Command { std: "docker" "inspect" "a22e539b6a418ee7ef25abce69a1229c01148e3a3e91780e4f0560178ac08c86", kill_on_drop: false }`
[INFO] running `Command { std: "docker" "rm" "-f" "a22e539b6a418ee7ef25abce69a1229c01148e3a3e91780e4f0560178ac08c86", kill_on_drop: false }`
[INFO] [stdout] a22e539b6a418ee7ef25abce69a1229c01148e3a3e91780e4f0560178ac08c86
[INFO] running `Command { std: "docker" "create" "-v" "/var/lib/crater-agent-workspace/builds/worker-3-tc1/target:/opt/rustwide/target:rw,Z" "-v" "/var/lib/crater-agent-workspace/builds/worker-3-tc1/source:/opt/rustwide/workdir:ro,Z" "-v" "/var/lib/crater-agent-workspace/cargo-home:/opt/rustwide/cargo-home:ro,Z" "-v" "/var/lib/crater-agent-workspace/rustup-home:/opt/rustwide/rustup-home:ro,Z" "-e" "SOURCE_DIR=/opt/rustwide/workdir" "-e" "CARGO_TARGET_DIR=/opt/rustwide/target" "-e" "CARGO_INCREMENTAL=0" "-e" "RUST_BACKTRACE=full" "-e" "RUSTFLAGS=--cap-lints=warn" "-e" "RUSTDOCFLAGS=--cap-lints=warn" "-e" "CARGO_HOME=/opt/rustwide/cargo-home" "-e" "RUSTUP_HOME=/opt/rustwide/rustup-home" "-w" "/opt/rustwide/workdir" "-m" "1610612736" "--user" "0:0" "--network" "none" "ghcr.io/rust-lang/crates-build-env/linux@sha256:f3a9d4ad9d972b27faf3965f35b62e55ba32bbce8f20bc8fe909558a86702fde" "/opt/rustwide/cargo-home/bin/cargo" "+1.83.0" "test" "--frozen", kill_on_drop: false }`
[INFO] [stdout] b86ce29a5e3470bc24ca15839a28d82c5442507a7b816cbe68ad09ab295711e5
[INFO] running `Command { std: "docker" "start" "-a" "b86ce29a5e3470bc24ca15839a28d82c5442507a7b816cbe68ad09ab295711e5", kill_on_drop: false }`
[INFO] [stderr]     Finished `test` profile [unoptimized + debuginfo] target(s) in 0.15s
[INFO] [stderr]      Running unittests src/lib.rs (/opt/rustwide/target/debug/deps/digital_garden-b42eb05da4d3b0de)
[INFO] [stdout] 
[INFO] [stdout] running 0 tests
[INFO] [stdout] 
[INFO] [stdout] test result: ok. 0 passed; 0 failed; 0 ignored; 0 measured; 0 filtered out; finished in 0.00s
[INFO] [stdout] 
[INFO] [stderr]      Running unittests src/main.rs (/opt/rustwide/target/debug/deps/garden-6f9a8feca5765347)
[INFO] [stdout] 
[INFO] [stdout] running 0 tests
[INFO] [stdout] 
[INFO] [stdout] test result: ok. 0 passed; 0 failed; 0 ignored; 0 measured; 0 filtered out; finished in 0.00s
[INFO] [stdout] 
[INFO] [stderr]      Running tests/integration.rs (/opt/rustwide/target/debug/deps/integration-ea421f29a71425cf)
[INFO] [stdout] 
[INFO] [stdout] running 4 tests
[INFO] [stdout] test test_help ... ok
[INFO] [stdout] test test_write_help ... ok
[INFO] [stdout] test test_write_with_written_title ... FAILED
[INFO] [stdout] test test_write_with_title ... FAILED
[INFO] [stdout] 
[INFO] [stdout] failures:
[INFO] [stdout] 
[INFO] [stdout] ---- test_write_with_written_title stdout ----
[INFO] [stdout] thread 'test_write_with_written_title' panicked at /opt/rustwide/cargo-home/registry/src/index.crates.io-6f17d22bba15001f/assert_cmd-1.0.8/src/assert.rs:124:9:
[INFO] [stdout] Unexpected failure.
[INFO] [stdout] code-1
[INFO] [stdout] stderr=```"Error: \n   0: \u{1b}[91mPermission denied (os error 13)\u{1b}[0m\n\nLocation:\n   \u{1b}[35msrc/write.rs\u{1b}[0m:\u{1b}[35m23\u{1b}[0m\n\n  ━━━━━━━━━━━━━━━━━━━━━━━━━━━━━━━━━━ BACKTRACE ━━━━━━━━━━━━━━━━━━━━━━━━━━━━━━━━━━━\n  \u{1b}[96m                              ⋮ 5 frames hidden ⋮                               \u{1b}[0m\n   6: \u{1b}[32m<core::result::Result<T,F> as core::ops::try_trait::FromResidual<core::result::Result<core::convert::Infallible,E>>>::from_residual\u{1b}[0m\u{1b}[90m::h07043f08a1e8216a\u{1b}[0m\n      at \u{1b}[35m/rustc/90b35a6239c3d8bdabc530a6a0816f7ff89a0aaf/library/core/src/result.rs\u{1b}[0m:\u{1b}[35m2010\u{1b}[0m\n   7: \u{1b}[91mdigital_garden::write::write\u{1b}[0m\u{1b}[90m::hdec5477a3cffc622\u{1b}[0m\n      at \u{1b}[35m/opt/rustwide/workdir/src/write.rs\u{1b}[0m:\u{1b}[35m23\u{1b}[0m\n        21 │     // let the user write whatever they want in their favorite editor\n        22 │     // before returning to the cli and finishing up\n  \u{1b}[37m\u{1b}[1m      23\u{1b}[0m \u{1b}[37m\u{1b}[1m>\u{1b}[0m \u{1b}[37m\u{1b}[1m    edit_file(&filepath)?;\u{1b}[0m\n        24 │     // Read the user\'s changes back from the file into a string\n        25 │     let mut contents = String::new();\n   8: \u{1b}[91mgarden::main\u{1b}[0m\u{1b}[90m::hd18e78ef7ce93ed7\u{1b}[0m\n      at \u{1b}[35m/opt/rustwide/workdir/src/main.rs\u{1b}[0m:\u{1b}[35m44\u{1b}[0m\n        42 │     }?;\n        43 │     match opt.cmd {\n  \u{1b}[37m\u{1b}[1m      44\u{1b}[0m \u{1b}[37m\u{1b}[1m>\u{1b}[0m \u{1b}[37m\u{1b}[1m        Command::Write { title } => write(garden_path, title),\u{1b}[0m\n        45 │     }\n        46 │ }\n   9: \u{1b}[32mcore::ops::function::FnOnce::call_once\u{1b}[0m\u{1b}[90m::h67f7e68c14204445\u{1b}[0m\n      at \u{1b}[35m/rustc/90b35a6239c3d8bdabc530a6a0816f7ff89a0aaf/library/core/src/ops/function.rs\u{1b}[0m:\u{1b}[35m250\u{1b}[0m\n  10: \u{1b}[32mstd::sys::backtrace::__rust_begin_short_backtrace\u{1b}[0m\u{1b}[90m::h786d0fa2c6162352\u{1b}[0m\n      at \u{1b}[35m/rustc/90b35a6239c3d8bdabc530a6a0816f7ff89a0aaf/library/std/src/sys/backtrace.rs\u{1b}[0m:\u{1b}[35m154\u{1b}[0m\n  \u{1b}[96m                              ⋮ 14 frames hidden ⋮                              \u{1b}[0m\n\nRun with COLORBT_SHOW_HIDDEN=1 environment variable to disable frame filtering.\n"```
[INFO] [stdout] command=`EDITOR="/opt/rustwide/workdir/tests/fake-editor.sh" GARDEN_PATH="/tmp/.tmpcFbla2" "/opt/rustwide/target/debug/garden" "write"`
[INFO] [stdout] stdin=`"N\n"`
[INFO] [stdout] code=1
[INFO] [stdout] stdout=```""```
[INFO] [stdout] stderr=```"Error: \n   0: \u{1b}[91mPermission denied (os error 13)\u{1b}[0m\n\nLocation:\n   \u{1b}[35msrc/write.rs\u{1b}[0m:\u{1b}[35m23\u{1b}[0m\n\n  ━━━━━━━━━━━━━━━━━━━━━━━━━━━━━━━━━━ BACKTRACE ━━━━━━━━━━━━━━━━━━━━━━━━━━━━━━━━━━━\n  \u{1b}[96m                              ⋮ 5 frames hidden ⋮                               \u{1b}[0m\n   6: \u{1b}[32m<core::result::Result<T,F> as core::ops::try_trait::FromResidual<core::result::Result<core::convert::Infallible,E>>>::from_residual\u{1b}[0m\u{1b}[90m::h07043f08a1e8216a\u{1b}[0m\n      at \u{1b}[35m/rustc/90b35a6239c3d8bdabc530a6a0816f7ff89a0aaf/library/core/src/result.rs\u{1b}[0m:\u{1b}[35m2010\u{1b}[0m\n   7: \u{1b}[91mdigital_garden::write::write\u{1b}[0m\u{1b}[90m::hdec5477a3cffc622\u{1b}[0m\n      at \u{1b}[35m/opt/rustwide/workdir/src/write.rs\u{1b}[0m:\u{1b}[35m23\u{1b}[0m\n        21 │     // let the user write whatever they want in their favorite editor\n        22 │     // before returning to the cli and finishing up\n  \u{1b}[37m\u{1b}[1m      23\u{1b}[0m \u{1b}[37m\u{1b}[1m>\u{1b}[0m \u{1b}[37m\u{1b}[1m    edit_file(&filepath)?;\u{1b}[0m\n        24 │     // Read the user\'s changes back from the file into a string\n        25 │     let mut contents = String::new();\n   8: \u{1b}[91mgarden::main\u{1b}[0m\u{1b}[90m::hd18e78ef7ce93ed7\u{1b}[0m\n      at \u{1b}[35m/opt/rustwide/workdir/src/main.rs\u{1b}[0m:\u{1b}[35m44\u{1b}[0m\n        42 │     }?;\n        43 │     match opt.cmd {\n  \u{1b}[37m\u{1b}[1m      44\u{1b}[0m \u{1b}[37m\u{1b}[1m>\u{1b}[0m \u{1b}[37m\u{1b}[1m        Command::Write { title } => write(garden_path, title),\u{1b}[0m\n        45 │     }\n        46 │ }\n   9: \u{1b}[32mcore::ops::function::FnOnce::call_once\u{1b}[0m\u{1b}[90m::h67f7e68c14204445\u{1b}[0m\n      at \u{1b}[35m/rustc/90b35a6239c3d8bdabc530a6a0816f7ff89a0aaf/library/core/src/ops/function.rs\u{1b}[0m:\u{1b}[35m250\u{1b}[0m\n  10: \u{1b}[32mstd::sys::backtrace::__rust_begin_short_backtrace\u{1b}[0m\u{1b}[90m::h786d0fa2c6162352\u{1b}[0m\n      at \u{1b}[35m/rustc/90b35a6239c3d8bdabc530a6a0816f7ff89a0aaf/library/std/src/sys/backtrace.rs\u{1b}[0m:\u{1b}[35m154\u{1b}[0m\n  \u{1b}[96m                              ⋮ 14 frames hidden ⋮                              \u{1b}[0m\n\nRun with COLORBT_SHOW_HIDDEN=1 environment variable to disable frame filtering.\n"```
[INFO] [stdout] 
[INFO] [stdout] stack backtrace:
[INFO] [stdout]    0:     0x59c6f0b86e8a - std::backtrace_rs::backtrace::libunwind::trace::h5a5b8284f2d0c266
[INFO] [stdout]                                at /rustc/90b35a6239c3d8bdabc530a6a0816f7ff89a0aaf/library/std/src/../../backtrace/src/backtrace/libunwind.rs:116:5
[INFO] [stdout]    1:     0x59c6f0b86e8a - std::backtrace_rs::backtrace::trace_unsynchronized::h76d4f1c9b0b875e3
[INFO] [stdout]                                at /rustc/90b35a6239c3d8bdabc530a6a0816f7ff89a0aaf/library/std/src/../../backtrace/src/backtrace/mod.rs:66:5
[INFO] [stdout]    2:     0x59c6f0b86e8a - std::sys::backtrace::_print_fmt::hc4546b8364a537c6
[INFO] [stdout]                                at /rustc/90b35a6239c3d8bdabc530a6a0816f7ff89a0aaf/library/std/src/sys/backtrace.rs:66:9
[INFO] [stdout]    3:     0x59c6f0b86e8a - <std::sys::backtrace::BacktraceLock::print::DisplayBacktrace as core::fmt::Display>::fmt::h5b6bd5631a6d1f6b
[INFO] [stdout]                                at /rustc/90b35a6239c3d8bdabc530a6a0816f7ff89a0aaf/library/std/src/sys/backtrace.rs:39:26
[INFO] [stdout]    4:     0x59c6f0bade13 - core::fmt::rt::Argument::fmt::h270f6602a2b96f62
[INFO] [stdout]                                at /rustc/90b35a6239c3d8bdabc530a6a0816f7ff89a0aaf/library/core/src/fmt/rt.rs:177:76
[INFO] [stdout]    5:     0x59c6f0bade13 - core::fmt::write::h7550c97b06c86515
[INFO] [stdout]                                at /rustc/90b35a6239c3d8bdabc530a6a0816f7ff89a0aaf/library/core/src/fmt/mod.rs:1186:21
[INFO] [stdout]    6:     0x59c6f0b83983 - std::io::Write::write_fmt::h509ff860e5956e5e
[INFO] [stdout]                                at /rustc/90b35a6239c3d8bdabc530a6a0816f7ff89a0aaf/library/std/src/io/mod.rs:1839:15
[INFO] [stdout]    7:     0x59c6f0b86cd2 - std::sys::backtrace::BacktraceLock::print::h2395ccd2c84ba3aa
[INFO] [stdout]                                at /rustc/90b35a6239c3d8bdabc530a6a0816f7ff89a0aaf/library/std/src/sys/backtrace.rs:42:9
[INFO] [stdout]    8:     0x59c6f0b8836a - std::panicking::default_hook::{{closure}}::he19d4c7230e07961
[INFO] [stdout]                                at /rustc/90b35a6239c3d8bdabc530a6a0816f7ff89a0aaf/library/std/src/panicking.rs:268:22
[INFO] [stdout]    9:     0x59c6f0b88174 - std::panicking::default_hook::hf614597d3c67bbdb
[INFO] [stdout]                                at /rustc/90b35a6239c3d8bdabc530a6a0816f7ff89a0aaf/library/std/src/panicking.rs:292:9
[INFO] [stdout]   10:     0x59c6f0ae8439 - <alloc::boxed::Box<F,A> as core::ops::function::Fn<Args>>::call::h39b51ce4599c23d1
[INFO] [stdout]                                at /rustc/90b35a6239c3d8bdabc530a6a0816f7ff89a0aaf/library/alloc/src/boxed.rs:2468:9
[INFO] [stdout]   11:     0x59c6f0ae8439 - test::test_main::{{closure}}::he977ae839a582784
[INFO] [stdout]                                at /rustc/90b35a6239c3d8bdabc530a6a0816f7ff89a0aaf/library/test/src/lib.rs:133:21
[INFO] [stdout]   12:     0x59c6f0b88a08 - <alloc::boxed::Box<F,A> as core::ops::function::Fn<Args>>::call::h9455091b6b06f9fb
[INFO] [stdout]                                at /rustc/90b35a6239c3d8bdabc530a6a0816f7ff89a0aaf/library/alloc/src/boxed.rs:2468:9
[INFO] [stdout]   13:     0x59c6f0b88a08 - std::panicking::rust_panic_with_hook::h8942133a8b252070
[INFO] [stdout]                                at /rustc/90b35a6239c3d8bdabc530a6a0816f7ff89a0aaf/library/std/src/panicking.rs:809:13
[INFO] [stdout]   14:     0x59c6f0b887ca - std::panicking::begin_panic_handler::{{closure}}::hb5f5963570096b29
[INFO] [stdout]                                at /rustc/90b35a6239c3d8bdabc530a6a0816f7ff89a0aaf/library/std/src/panicking.rs:674:13
[INFO] [stdout]   15:     0x59c6f0b87369 - std::sys::backtrace::__rust_end_short_backtrace::h6208cedc1922feda
[INFO] [stdout]                                at /rustc/90b35a6239c3d8bdabc530a6a0816f7ff89a0aaf/library/std/src/sys/backtrace.rs:170:18
[INFO] [stdout]   16:     0x59c6f0b8845c - rust_begin_unwind
[INFO] [stdout]                                at /rustc/90b35a6239c3d8bdabc530a6a0816f7ff89a0aaf/library/std/src/panicking.rs:665:5
[INFO] [stdout]   17:     0x59c6f0aaabb0 - core::panicking::panic_fmt::h0c3082644d1bf418
[INFO] [stdout]                                at /rustc/90b35a6239c3d8bdabc530a6a0816f7ff89a0aaf/library/core/src/panicking.rs:74:14
[INFO] [stdout]   18:     0x59c6f0b0b6a3 - core::panicking::panic_display::h642cded9959f786e
[INFO] [stdout]                                at /rustc/90b35a6239c3d8bdabc530a6a0816f7ff89a0aaf/library/core/src/panicking.rs:264:5
[INFO] [stdout]   19:     0x59c6f0b0ddce - assert_cmd::assert::AssertError::panic::h3d78f270aa69d6b5
[INFO] [stdout]                                at /opt/rustwide/cargo-home/registry/src/index.crates.io-6f17d22bba15001f/assert_cmd-1.0.8/src/assert.rs:124:9
[INFO] [stdout]   20:     0x59c6f0b08840 - core::ops::function::FnOnce::call_once::h31409444256637b6
[INFO] [stdout]                                at /rustc/90b35a6239c3d8bdabc530a6a0816f7ff89a0aaf/library/core/src/ops/function.rs:250:5
[INFO] [stdout]   21:     0x59c6f0b0b00f - core::result::Result<T,E>::unwrap_or_else::hd2d38e96c3a9019f
[INFO] [stdout]                                at /rustc/90b35a6239c3d8bdabc530a6a0816f7ff89a0aaf/library/core/src/result.rs:1458:23
[INFO] [stdout]   22:     0x59c6f0b0e8c1 - assert_cmd::assert::Assert::success::he19fc4b350600ae9
[INFO] [stdout]                                at /opt/rustwide/cargo-home/registry/src/index.crates.io-6f17d22bba15001f/assert_cmd-1.0.8/src/assert.rs:249:9
[INFO] [stdout]   23:     0x59c6f0ab0034 - integration::test_write_with_written_title::h64eb1ce4672ef5b6
[INFO] [stdout]                                at /opt/rustwide/workdir/tests/integration.rs:68:5
[INFO] [stdout]   24:     0x59c6f0aaff17 - integration::test_write_with_written_title::{{closure}}::h2dc0e7485a18e645
[INFO] [stdout]                                at /opt/rustwide/workdir/tests/integration.rs:61:35
[INFO] [stdout]   25:     0x59c6f0aac536 - core::ops::function::FnOnce::call_once::h0824b5b221898f60
[INFO] [stdout]                                at /rustc/90b35a6239c3d8bdabc530a6a0816f7ff89a0aaf/library/core/src/ops/function.rs:250:5
[INFO] [stdout]   26:     0x59c6f0aecdfb - core::ops::function::FnOnce::call_once::h109cf8051a59b34e
[INFO] [stdout]                                at /rustc/90b35a6239c3d8bdabc530a6a0816f7ff89a0aaf/library/core/src/ops/function.rs:250:5
[INFO] [stdout]   27:     0x59c6f0aecdfb - test::__rust_begin_short_backtrace::hf4fff89d377446ba
[INFO] [stdout]                                at /rustc/90b35a6239c3d8bdabc530a6a0816f7ff89a0aaf/library/test/src/lib.rs:621:18
[INFO] [stdout]   28:     0x59c6f0aec637 - test::run_test_in_process::{{closure}}::h0e39181dd7ee5a43
[INFO] [stdout]                                at /rustc/90b35a6239c3d8bdabc530a6a0816f7ff89a0aaf/library/test/src/lib.rs:644:60
[INFO] [stdout]   29:     0x59c6f0aec637 - <core::panic::unwind_safe::AssertUnwindSafe<F> as core::ops::function::FnOnce<()>>::call_once::hc5a66a30f0bdfd1f
[INFO] [stdout]                                at /rustc/90b35a6239c3d8bdabc530a6a0816f7ff89a0aaf/library/core/src/panic/unwind_safe.rs:272:9
[INFO] [stdout]   30:     0x59c6f0aec637 - std::panicking::try::do_call::h873b7cf639554a5e
[INFO] [stdout]                                at /rustc/90b35a6239c3d8bdabc530a6a0816f7ff89a0aaf/library/std/src/panicking.rs:557:40
[INFO] [stdout]   31:     0x59c6f0aec637 - std::panicking::try::hdb19862fad9c8bd1
[INFO] [stdout]                                at /rustc/90b35a6239c3d8bdabc530a6a0816f7ff89a0aaf/library/std/src/panicking.rs:520:19
[INFO] [stdout]   32:     0x59c6f0aec637 - std::panic::catch_unwind::h281fe732d236d260
[INFO] [stdout]                                at /rustc/90b35a6239c3d8bdabc530a6a0816f7ff89a0aaf/library/std/src/panic.rs:358:14
[INFO] [stdout]   33:     0x59c6f0aec637 - test::run_test_in_process::h949b6df8457ed338
[INFO] [stdout]                                at /rustc/90b35a6239c3d8bdabc530a6a0816f7ff89a0aaf/library/test/src/lib.rs:644:27
[INFO] [stdout]   34:     0x59c6f0aec637 - test::run_test::{{closure}}::h52c556a6d4740e10
[INFO] [stdout]                                at /rustc/90b35a6239c3d8bdabc530a6a0816f7ff89a0aaf/library/test/src/lib.rs:565:43
[INFO] [stdout]   35:     0x59c6f0ab1914 - test::run_test::{{closure}}::h4237f6381c45ccb9
[INFO] [stdout]                                at /rustc/90b35a6239c3d8bdabc530a6a0816f7ff89a0aaf/library/test/src/lib.rs:595:41
[INFO] [stdout]   36:     0x59c6f0ab1914 - std::sys::backtrace::__rust_begin_short_backtrace::h505c97a579eca628
[INFO] [stdout]                                at /rustc/90b35a6239c3d8bdabc530a6a0816f7ff89a0aaf/library/std/src/sys/backtrace.rs:154:18
[INFO] [stdout]   37:     0x59c6f0ab4fde - std::thread::Builder::spawn_unchecked_::{{closure}}::{{closure}}::h9e86b2e2bc107ea3
[INFO] [stdout]                                at /rustc/90b35a6239c3d8bdabc530a6a0816f7ff89a0aaf/library/std/src/thread/mod.rs:538:17
[INFO] [stdout]   38:     0x59c6f0ab4fde - <core::panic::unwind_safe::AssertUnwindSafe<F> as core::ops::function::FnOnce<()>>::call_once::h8b06ddb275ff4a25
[INFO] [stdout]                                at /rustc/90b35a6239c3d8bdabc530a6a0816f7ff89a0aaf/library/core/src/panic/unwind_safe.rs:272:9
[INFO] [stdout]   39:     0x59c6f0ab4fde - std::panicking::try::do_call::hb26ecd7cd9a9355d
[INFO] [stdout]                                at /rustc/90b35a6239c3d8bdabc530a6a0816f7ff89a0aaf/library/std/src/panicking.rs:557:40
[INFO] [stdout]   40:     0x59c6f0ab4fde - std::panicking::try::h8ddeca9d705f9069
[INFO] [stdout]                                at /rustc/90b35a6239c3d8bdabc530a6a0816f7ff89a0aaf/library/std/src/panicking.rs:520:19
[INFO] [stdout]   41:     0x59c6f0ab4fde - std::panic::catch_unwind::h49e1c33078844c46
[INFO] [stdout]                                at /rustc/90b35a6239c3d8bdabc530a6a0816f7ff89a0aaf/library/std/src/panic.rs:358:14
[INFO] [stdout]   42:     0x59c6f0ab4fde - std::thread::Builder::spawn_unchecked_::{{closure}}::h6073db6ff56ad35d
[INFO] [stdout]                                at /rustc/90b35a6239c3d8bdabc530a6a0816f7ff89a0aaf/library/std/src/thread/mod.rs:537:30
[INFO] [stdout]   43:     0x59c6f0ab4fde - core::ops::function::FnOnce::call_once{{vtable.shim}}::h2c5a5f3779c774f1
[INFO] [stdout]                                at /rustc/90b35a6239c3d8bdabc530a6a0816f7ff89a0aaf/library/core/src/ops/function.rs:250:5
[INFO] [stdout]   44:     0x59c6f0b8dcab - <alloc::boxed::Box<F,A> as core::ops::function::FnOnce<Args>>::call_once::hf75717d9f28faebf
[INFO] [stdout]                                at /rustc/90b35a6239c3d8bdabc530a6a0816f7ff89a0aaf/library/alloc/src/boxed.rs:2454:9
[INFO] [stdout]   45:     0x59c6f0b8dcab - <alloc::boxed::Box<F,A> as core::ops::function::FnOnce<Args>>::call_once::h7bd883a5f3c5f3c1
[INFO] [stdout]                                at /rustc/90b35a6239c3d8bdabc530a6a0816f7ff89a0aaf/library/alloc/src/boxed.rs:2454:9
[INFO] [stdout]   46:     0x59c6f0b8dcab - std::sys::pal::unix::thread::Thread::new::thread_start::hcc78f3943333fa94
[INFO] [stdout]                                at /rustc/90b35a6239c3d8bdabc530a6a0816f7ff89a0aaf/library/std/src/sys/pal/unix/thread.rs:105:17
[INFO] [stdout]   47:     0x7305415f6ac3 - <unknown>
[INFO] [stdout]   48:     0x730541687a04 - clone
[INFO] [stdout]   49:                0x0 - <unknown>
[INFO] [stdout] 
[INFO] [stdout] ---- test_write_with_title stdout ----
[INFO] [stdout] thread 'test_write_with_title' panicked at /opt/rustwide/cargo-home/registry/src/index.crates.io-6f17d22bba15001f/assert_cmd-1.0.8/src/assert.rs:124:9:
[INFO] [stdout] Unexpected failure.
[INFO] [stdout] code-1
[INFO] [stdout] stderr=```"Error: \n   0: \u{1b}[91mPermission denied (os error 13)\u{1b}[0m\n\nLocation:\n   \u{1b}[35msrc/write.rs\u{1b}[0m:\u{1b}[35m23\u{1b}[0m\n\n  ━━━━━━━━━━━━━━━━━━━━━━━━━━━━━━━━━━ BACKTRACE ━━━━━━━━━━━━━━━━━━━━━━━━━━━━━━━━━━━\n  \u{1b}[96m                              ⋮ 5 frames hidden ⋮                               \u{1b}[0m\n   6: \u{1b}[32m<core::result::Result<T,F> as core::ops::try_trait::FromResidual<core::result::Result<core::convert::Infallible,E>>>::from_residual\u{1b}[0m\u{1b}[90m::h07043f08a1e8216a\u{1b}[0m\n      at \u{1b}[35m/rustc/90b35a6239c3d8bdabc530a6a0816f7ff89a0aaf/library/core/src/result.rs\u{1b}[0m:\u{1b}[35m2010\u{1b}[0m\n   7: \u{1b}[91mdigital_garden::write::write\u{1b}[0m\u{1b}[90m::hdec5477a3cffc622\u{1b}[0m\n      at \u{1b}[35m/opt/rustwide/workdir/src/write.rs\u{1b}[0m:\u{1b}[35m23\u{1b}[0m\n        21 │     // let the user write whatever they want in their favorite editor\n        22 │     // before returning to the cli and finishing up\n  \u{1b}[37m\u{1b}[1m      23\u{1b}[0m \u{1b}[37m\u{1b}[1m>\u{1b}[0m \u{1b}[37m\u{1b}[1m    edit_file(&filepath)?;\u{1b}[0m\n        24 │     // Read the user\'s changes back from the file into a string\n        25 │     let mut contents = String::new();\n   8: \u{1b}[91mgarden::main\u{1b}[0m\u{1b}[90m::hd18e78ef7ce93ed7\u{1b}[0m\n      at \u{1b}[35m/opt/rustwide/workdir/src/main.rs\u{1b}[0m:\u{1b}[35m44\u{1b}[0m\n        42 │     }?;\n        43 │     match opt.cmd {\n  \u{1b}[37m\u{1b}[1m      44\u{1b}[0m \u{1b}[37m\u{1b}[1m>\u{1b}[0m \u{1b}[37m\u{1b}[1m        Command::Write { title } => write(garden_path, title),\u{1b}[0m\n        45 │     }\n        46 │ }\n   9: \u{1b}[32mcore::ops::function::FnOnce::call_once\u{1b}[0m\u{1b}[90m::h67f7e68c14204445\u{1b}[0m\n      at \u{1b}[35m/rustc/90b35a6239c3d8bdabc530a6a0816f7ff89a0aaf/library/core/src/ops/function.rs\u{1b}[0m:\u{1b}[35m250\u{1b}[0m\n  10: \u{1b}[32mstd::sys::backtrace::__rust_begin_short_backtrace\u{1b}[0m\u{1b}[90m::h786d0fa2c6162352\u{1b}[0m\n      at \u{1b}[35m/rustc/90b35a6239c3d8bdabc530a6a0816f7ff89a0aaf/library/std/src/sys/backtrace.rs\u{1b}[0m:\u{1b}[35m154\u{1b}[0m\n  \u{1b}[96m                              ⋮ 14 frames hidden ⋮                              \u{1b}[0m\n\nRun with COLORBT_SHOW_HIDDEN=1 environment variable to disable frame filtering.\n"```
[INFO] [stdout] command=`EDITOR="/opt/rustwide/workdir/tests/fake-editor.sh" GARDEN_PATH="/tmp/.tmpGDTp4f" "/opt/rustwide/target/debug/garden" "write" "-t" "atitle"`
[INFO] [stdout] stdin=`"N\n"`
[INFO] [stdout] code=1
[INFO] [stdout] stdout=```""```
[INFO] [stdout] stderr=```"Error: \n   0: \u{1b}[91mPermission denied (os error 13)\u{1b}[0m\n\nLocation:\n   \u{1b}[35msrc/write.rs\u{1b}[0m:\u{1b}[35m23\u{1b}[0m\n\n  ━━━━━━━━━━━━━━━━━━━━━━━━━━━━━━━━━━ BACKTRACE ━━━━━━━━━━━━━━━━━━━━━━━━━━━━━━━━━━━\n  \u{1b}[96m                              ⋮ 5 frames hidden ⋮                               \u{1b}[0m\n   6: \u{1b}[32m<core::result::Result<T,F> as core::ops::try_trait::FromResidual<core::result::Result<core::convert::Infallible,E>>>::from_residual\u{1b}[0m\u{1b}[90m::h07043f08a1e8216a\u{1b}[0m\n      at \u{1b}[35m/rustc/90b35a6239c3d8bdabc530a6a0816f7ff89a0aaf/library/core/src/result.rs\u{1b}[0m:\u{1b}[35m2010\u{1b}[0m\n   7: \u{1b}[91mdigital_garden::write::write\u{1b}[0m\u{1b}[90m::hdec5477a3cffc622\u{1b}[0m\n      at \u{1b}[35m/opt/rustwide/workdir/src/write.rs\u{1b}[0m:\u{1b}[35m23\u{1b}[0m\n        21 │     // let the user write whatever they want in their favorite editor\n        22 │     // before returning to the cli and finishing up\n  \u{1b}[37m\u{1b}[1m      23\u{1b}[0m \u{1b}[37m\u{1b}[1m>\u{1b}[0m \u{1b}[37m\u{1b}[1m    edit_file(&filepath)?;\u{1b}[0m\n        24 │     // Read the user\'s changes back from the file into a string\n        25 │     let mut contents = String::new();\n   8: \u{1b}[91mgarden::main\u{1b}[0m\u{1b}[90m::hd18e78ef7ce93ed7\u{1b}[0m\n      at \u{1b}[35m/opt/rustwide/workdir/src/main.rs\u{1b}[0m:\u{1b}[35m44\u{1b}[0m\n        42 │     }?;\n        43 │     match opt.cmd {\n  \u{1b}[37m\u{1b}[1m      44\u{1b}[0m \u{1b}[37m\u{1b}[1m>\u{1b}[0m \u{1b}[37m\u{1b}[1m        Command::Write { title } => write(garden_path, title),\u{1b}[0m\n        45 │     }\n        46 │ }\n   9: \u{1b}[32mcore::ops::function::FnOnce::call_once\u{1b}[0m\u{1b}[90m::h67f7e68c14204445\u{1b}[0m\n      at \u{1b}[35m/rustc/90b35a6239c3d8bdabc530a6a0816f7ff89a0aaf/library/core/src/ops/function.rs\u{1b}[0m:\u{1b}[35m250\u{1b}[0m\n  10: \u{1b}[32mstd::sys::backtrace::__rust_begin_short_backtrace\u{1b}[0m\u{1b}[90m::h786d0fa2c6162352\u{1b}[0m\n      at \u{1b}[35m/rustc/90b35a6239c3d8bdabc530a6a0816f7ff89a0aaf/library/std/src/sys/backtrace.rs\u{1b}[0m:\u{1b}[35m154\u{1b}[0m\n  \u{1b}[96m                              ⋮ 14 frames hidden ⋮                              \u{1b}[0m\n\nRun with COLORBT_SHOW_HIDDEN=1 environment variable to disable frame filtering.\n"```
[INFO] [stdout] 
[INFO] [stdout] stack backtrace:
[INFO] [stdout]    0:     0x59c6f0b86e8a - std::backtrace_rs::backtrace::libunwind::trace::h5a5b8284f2d0c266
[INFO] [stdout]                                at /rustc/90b35a6239c3d8bdabc530a6a0816f7ff89a0aaf/library/std/src/../../backtrace/src/backtrace/libunwind.rs:116:5
[INFO] [stdout]    1:     0x59c6f0b86e8a - std::backtrace_rs::backtrace::trace_unsynchronized::h76d4f1c9b0b875e3
[INFO] [stdout]                                at /rustc/90b35a6239c3d8bdabc530a6a0816f7ff89a0aaf/library/std/src/../../backtrace/src/backtrace/mod.rs:66:5
[INFO] [stdout]    2:     0x59c6f0b86e8a - std::sys::backtrace::_print_fmt::hc4546b8364a537c6
[INFO] [stdout]                                at /rustc/90b35a6239c3d8bdabc530a6a0816f7ff89a0aaf/library/std/src/sys/backtrace.rs:66:9
[INFO] [stdout]    3:     0x59c6f0b86e8a - <std::sys::backtrace::BacktraceLock::print::DisplayBacktrace as core::fmt::Display>::fmt::h5b6bd5631a6d1f6b
[INFO] [stdout]                                at /rustc/90b35a6239c3d8bdabc530a6a0816f7ff89a0aaf/library/std/src/sys/backtrace.rs:39:26
[INFO] [stdout]    4:     0x59c6f0bade13 - core::fmt::rt::Argument::fmt::h270f6602a2b96f62
[INFO] [stdout]                                at /rustc/90b35a6239c3d8bdabc530a6a0816f7ff89a0aaf/library/core/src/fmt/rt.rs:177:76
[INFO] [stdout]    5:     0x59c6f0bade13 - core::fmt::write::h7550c97b06c86515
[INFO] [stdout]                                at /rustc/90b35a6239c3d8bdabc530a6a0816f7ff89a0aaf/library/core/src/fmt/mod.rs:1186:21
[INFO] [stdout]    6:     0x59c6f0b83983 - std::io::Write::write_fmt::h509ff860e5956e5e
[INFO] [stdout]                                at /rustc/90b35a6239c3d8bdabc530a6a0816f7ff89a0aaf/library/std/src/io/mod.rs:1839:15
[INFO] [stdout]    7:     0x59c6f0b86cd2 - std::sys::backtrace::BacktraceLock::print::h2395ccd2c84ba3aa
[INFO] [stdout]                                at /rustc/90b35a6239c3d8bdabc530a6a0816f7ff89a0aaf/library/std/src/sys/backtrace.rs:42:9
[INFO] [stdout]    8:     0x59c6f0b8836a - std::panicking::default_hook::{{closure}}::he19d4c7230e07961
[INFO] [stdout]                                at /rustc/90b35a6239c3d8bdabc530a6a0816f7ff89a0aaf/library/std/src/panicking.rs:268:22
[INFO] [stdout]    9:     0x59c6f0b88174 - std::panicking::default_hook::hf614597d3c67bbdb
[INFO] [stdout]                                at /rustc/90b35a6239c3d8bdabc530a6a0816f7ff89a0aaf/library/std/src/panicking.rs:292:9
[INFO] [stdout]   10:     0x59c6f0ae8439 - <alloc::boxed::Box<F,A> as core::ops::function::Fn<Args>>::call::h39b51ce4599c23d1
[INFO] [stdout]                                at /rustc/90b35a6239c3d8bdabc530a6a0816f7ff89a0aaf/library/alloc/src/boxed.rs:2468:9
[INFO] [stdout]   11:     0x59c6f0ae8439 - test::test_main::{{closure}}::he977ae839a582784
[INFO] [stdout]                                at /rustc/90b35a6239c3d8bdabc530a6a0816f7ff89a0aaf/library/test/src/lib.rs:133:21
[INFO] [stdout]   12:     0x59c6f0b88a08 - <alloc::boxed::Box<F,A> as core::ops::function::Fn<Args>>::call::h9455091b6b06f9fb
[INFO] [stdout]                                at /rustc/90b35a6239c3d8bdabc530a6a0816f7ff89a0aaf/library/alloc/src/boxed.rs:2468:9
[INFO] [stdout]   13:     0x59c6f0b88a08 - std::panicking::rust_panic_with_hook::h8942133a8b252070
[INFO] [stdout]                                at /rustc/90b35a6239c3d8bdabc530a6a0816f7ff89a0aaf/library/std/src/panicking.rs:809:13
[INFO] [stdout]   14:     0x59c6f0b887ca - std::panicking::begin_panic_handler::{{closure}}::hb5f5963570096b29
[INFO] [stdout]                                at /rustc/90b35a6239c3d8bdabc530a6a0816f7ff89a0aaf/library/std/src/panicking.rs:674:13
[INFO] [stdout]   15:     0x59c6f0b87369 - std::sys::backtrace::__rust_end_short_backtrace::h6208cedc1922feda
[INFO] [stdout]                                at /rustc/90b35a6239c3d8bdabc530a6a0816f7ff89a0aaf/library/std/src/sys/backtrace.rs:170:18
[INFO] [stdout]   16:     0x59c6f0b8845c - rust_begin_unwind
[INFO] [stdout]                                at /rustc/90b35a6239c3d8bdabc530a6a0816f7ff89a0aaf/library/std/src/panicking.rs:665:5
[INFO] [stdout]   17:     0x59c6f0aaabb0 - core::panicking::panic_fmt::h0c3082644d1bf418
[INFO] [stdout]                                at /rustc/90b35a6239c3d8bdabc530a6a0816f7ff89a0aaf/library/core/src/panicking.rs:74:14
[INFO] [stdout]   18:     0x59c6f0b0b6a3 - core::panicking::panic_display::h642cded9959f786e
[INFO] [stdout]                                at /rustc/90b35a6239c3d8bdabc530a6a0816f7ff89a0aaf/library/core/src/panicking.rs:264:5
[INFO] [stdout]   19:     0x59c6f0b0ddce - assert_cmd::assert::AssertError::panic::h3d78f270aa69d6b5
[INFO] [stdout]                                at /opt/rustwide/cargo-home/registry/src/index.crates.io-6f17d22bba15001f/assert_cmd-1.0.8/src/assert.rs:124:9
[INFO] [stdout]   20:     0x59c6f0b08840 - core::ops::function::FnOnce::call_once::h31409444256637b6
[INFO] [stdout]                                at /rustc/90b35a6239c3d8bdabc530a6a0816f7ff89a0aaf/library/core/src/ops/function.rs:250:5
[INFO] [stdout]   21:     0x59c6f0b0b00f - core::result::Result<T,E>::unwrap_or_else::hd2d38e96c3a9019f
[INFO] [stdout]                                at /rustc/90b35a6239c3d8bdabc530a6a0816f7ff89a0aaf/library/core/src/result.rs:1458:23
[INFO] [stdout]   22:     0x59c6f0b0e8c1 - assert_cmd::assert::Assert::success::he19fc4b350600ae9
[INFO] [stdout]                                at /opt/rustwide/cargo-home/registry/src/index.crates.io-6f17d22bba15001f/assert_cmd-1.0.8/src/assert.rs:249:9
[INFO] [stdout]   23:     0x59c6f0aafdfe - integration::test_write_with_title::hc6f87994d09a3cc3
[INFO] [stdout]                                at /opt/rustwide/workdir/tests/integration.rs:53:5
[INFO] [stdout]   24:     0x59c6f0aafca7 - integration::test_write_with_title::{{closure}}::h96c674d849ff2e99
[INFO] [stdout]                                at /opt/rustwide/workdir/tests/integration.rs:44:27
[INFO] [stdout]   25:     0x59c6f0aac606 - core::ops::function::FnOnce::call_once::h6400ebbffead77eb
[INFO] [stdout]                                at /rustc/90b35a6239c3d8bdabc530a6a0816f7ff89a0aaf/library/core/src/ops/function.rs:250:5
[INFO] [stdout]   26:     0x59c6f0aecdfb - core::ops::function::FnOnce::call_once::h109cf8051a59b34e
[INFO] [stdout]                                at /rustc/90b35a6239c3d8bdabc530a6a0816f7ff89a0aaf/library/core/src/ops/function.rs:250:5
[INFO] [stdout]   27:     0x59c6f0aecdfb - test::__rust_begin_short_backtrace::hf4fff89d377446ba
[INFO] [stdout]                                at /rustc/90b35a6239c3d8bdabc530a6a0816f7ff89a0aaf/library/test/src/lib.rs:621:18
[INFO] [stdout]   28:     0x59c6f0aec637 - test::run_test_in_process::{{closure}}::h0e39181dd7ee5a43
[INFO] [stdout]                                at /rustc/90b35a6239c3d8bdabc530a6a0816f7ff89a0aaf/library/test/src/lib.rs:644:60
[INFO] [stdout]   29:     0x59c6f0aec637 - <core::panic::unwind_safe::AssertUnwindSafe<F> as core::ops::function::FnOnce<()>>::call_once::hc5a66a30f0bdfd1f
[INFO] [stdout]                                at /rustc/90b35a6239c3d8bdabc530a6a0816f7ff89a0aaf/library/core/src/panic/unwind_safe.rs:272:9
[INFO] [stdout]   30:     0x59c6f0aec637 - std::panicking::try::do_call::h873b7cf639554a5e
[INFO] [stdout]                                at /rustc/90b35a6239c3d8bdabc530a6a0816f7ff89a0aaf/library/std/src/panicking.rs:557:40
[INFO] [stdout]   31:     0x59c6f0aec637 - std::panicking::try::hdb19862fad9c8bd1
[INFO] [stdout]                                at /rustc/90b35a6239c3d8bdabc530a6a0816f7ff89a0aaf/library/std/src/panicking.rs:520:19
[INFO] [stdout]   32:     0x59c6f0aec637 - std::panic::catch_unwind::h281fe732d236d260
[INFO] [stdout]                                at /rustc/90b35a6239c3d8bdabc530a6a0816f7ff89a0aaf/library/std/src/panic.rs:358:14
[INFO] [stdout]   33:     0x59c6f0aec637 - test::run_test_in_process::h949b6df8457ed338
[INFO] [stdout]                                at /rustc/90b35a6239c3d8bdabc530a6a0816f7ff89a0aaf/library/test/src/lib.rs:644:27
[INFO] [stdout]   34:     0x59c6f0aec637 - test::run_test::{{closure}}::h52c556a6d4740e10
[INFO] [stdout]                                at /rustc/90b35a6239c3d8bdabc530a6a0816f7ff89a0aaf/library/test/src/lib.rs:565:43
[INFO] [stdout]   35:     0x59c6f0ab1914 - test::run_test::{{closure}}::h4237f6381c45ccb9
[INFO] [stdout]                                at /rustc/90b35a6239c3d8bdabc530a6a0816f7ff89a0aaf/library/test/src/lib.rs:595:41
[INFO] [stdout]   36:     0x59c6f0ab1914 - std::sys::backtrace::__rust_begin_short_backtrace::h505c97a579eca628
[INFO] [stdout]                                at /rustc/90b35a6239c3d8bdabc530a6a0816f7ff89a0aaf/library/std/src/sys/backtrace.rs:154:18
[INFO] [stdout]   37:     0x59c6f0ab4fde - std::thread::Builder::spawn_unchecked_::{{closure}}::{{closure}}::h9e86b2e2bc107ea3
[INFO] [stdout]                                at /rustc/90b35a6239c3d8bdabc530a6a0816f7ff89a0aaf/library/std/src/thread/mod.rs:538:17
[INFO] [stdout]   38:     0x59c6f0ab4fde - <core::panic::unwind_safe::AssertUnwindSafe<F> as core::ops::function::FnOnce<()>>::call_once::h8b06ddb275ff4a25
[INFO] [stdout]                                at /rustc/90b35a6239c3d8bdabc530a6a0816f7ff89a0aaf/library/core/src/panic/unwind_safe.rs:272:9
[INFO] [stdout]   39:     0x59c6f0ab4fde - std::panicking::try::do_call::hb26ecd7cd9a9355d
[INFO] [stdout]                                at /rustc/90b35a6239c3d8bdabc530a6a0816f7ff89a0aaf/library/std/src/panicking.rs:557:40
[INFO] [stdout]   40:     0x59c6f0ab4fde - std::panicking::try::h8ddeca9d705f9069
[INFO] [stdout]                                at /rustc/90b35a6239c3d8bdabc530a6a0816f7ff89a0aaf/library/std/src/panicking.rs:520:19
[INFO] [stdout]   41:     0x59c6f0ab4fde - std::panic::catch_unwind::h49e1c33078844c46
[INFO] [stdout]                                at /rustc/90b35a6239c3d8bdabc530a6a0816f7ff89a0aaf/library/std/src/panic.rs:358:14
[INFO] [stdout]   42:     0x59c6f0ab4fde - std::thread::Builder::spawn_unchecked_::{{closure}}::h6073db6ff56ad35d
[INFO] [stdout]                                at /rustc/90b35a6239c3d8bdabc530a6a0816f7ff89a0aaf/library/std/src/thread/mod.rs:537:30
[INFO] [stdout]   43:     0x59c6f0ab4fde - core::ops::function::FnOnce::call_once{{vtable.shim}}::h2c5a5f3779c774f1
[INFO] [stdout]                                at /rustc/90b35a6239c3d8bdabc530a6a0816f7ff89a0aaf/library/core/src/ops/function.rs:250:5
[INFO] [stdout]   44:     0x59c6f0b8dcab - <alloc::boxed::Box<F,A> as core::ops::function::FnOnce<Args>>::call_once::hf75717d9f28faebf
[INFO] [stdout]                                at /rustc/90b35a6239c3d8bdabc530a6a0816f7ff89a0aaf/library/alloc/src/boxed.rs:2454:9
[INFO] [stdout]   45:     0x59c6f0b8dcab - <alloc::boxed::Box<F,A> as core::ops::function::FnOnce<Args>>::call_once::h7bd883a5f3c5f3c1
[INFO] [stdout]                                at /rustc/90b35a6239c3d8bdabc530a6a0816f7ff89a0aaf/library/alloc/src/boxed.rs:2454:9
[INFO] [stdout]   46:     0x59c6f0b8dcab - std::sys::pal::unix::thread::Thread::new::thread_start::hcc78f3943333fa94
[INFO] [stdout]                                at /rustc/90b35a6239c3d8bdabc530a6a0816f7ff89a0aaf/library/std/src/sys/pal/unix/thread.rs:105:17
[INFO] [stdout]   47:     0x7305415f6ac3 - <unknown>
[INFO] [stdout]   48:     0x730541687a04 - clone
[INFO] [stdout]   49:                0x0 - <unknown>
[INFO] [stdout] 
[INFO] [stdout] 
[INFO] [stdout] failures:
[INFO] [stdout]     test_write_with_title
[INFO] [stdout]     test_write_with_written_title
[INFO] [stdout] 
[INFO] [stdout] test result: FAILED. 2 passed; 2 failed; 0 ignored; 0 measured; 0 filtered out; finished in 0.51s
[INFO] [stdout] 
[INFO] [stderr] error: test failed, to rerun pass `--test integration`
[INFO] running `Command { std: "docker" "inspect" "b86ce29a5e3470bc24ca15839a28d82c5442507a7b816cbe68ad09ab295711e5", kill_on_drop: false }`
[INFO] running `Command { std: "docker" "rm" "-f" "b86ce29a5e3470bc24ca15839a28d82c5442507a7b816cbe68ad09ab295711e5", kill_on_drop: false }`
[INFO] [stdout] b86ce29a5e3470bc24ca15839a28d82c5442507a7b816cbe68ad09ab295711e5
