[INFO] cloning repository https://github.com/avenortoz/rusty_renderer
[INFO] running `Command { std: "git" "-c" "credential.helper=" "-c" "credential.helper=/workspace/cargo-home/bin/git-credential-null" "clone" "--bare" "https://github.com/avenortoz/rusty_renderer" "/workspace/cache/git-repos/https%3A%2F%2Fgithub.com%2Favenortoz%2Frusty_renderer", kill_on_drop: false }`
[INFO] [stderr] Cloning into bare repository '/workspace/cache/git-repos/https%3A%2F%2Fgithub.com%2Favenortoz%2Frusty_renderer'...
[INFO] running `Command { std: "git" "rev-parse" "HEAD", kill_on_drop: false }`
[INFO] [stdout] 91b16ae6a1bbb14dcfcc89c43600b329992ded60
[INFO] testing avenortoz/rusty_renderer against 1.83.0 for beta-1.84.0-4-retry
[INFO] running `Command { std: "git" "clone" "/workspace/cache/git-repos/https%3A%2F%2Fgithub.com%2Favenortoz%2Frusty_renderer" "/workspace/builds/worker-0-tc1/source", kill_on_drop: false }`
[INFO] [stderr] Cloning into '/workspace/builds/worker-0-tc1/source'...
[INFO] [stderr] done.
[INFO] validating manifest of git repo https://github.com/avenortoz/rusty_renderer on toolchain 1.83.0
[INFO] running `Command { std: CARGO_HOME="/workspace/cargo-home" RUSTUP_HOME="/workspace/rustup-home" "/workspace/cargo-home/bin/cargo" "+1.83.0" "metadata" "--manifest-path" "Cargo.toml" "--no-deps", kill_on_drop: false }`
[INFO] started tweaking git repo https://github.com/avenortoz/rusty_renderer
[INFO] finished tweaking git repo https://github.com/avenortoz/rusty_renderer
[INFO] tweaked toml for git repo https://github.com/avenortoz/rusty_renderer written to /workspace/builds/worker-0-tc1/source/Cargo.toml
[INFO] crate git repo https://github.com/avenortoz/rusty_renderer already has a lockfile, it will not be regenerated
[INFO] running `Command { std: CARGO_HOME="/workspace/cargo-home" RUSTUP_HOME="/workspace/rustup-home" "/workspace/cargo-home/bin/cargo" "+1.83.0" "fetch" "--manifest-path" "Cargo.toml", kill_on_drop: false }`
[INFO] running `Command { std: "docker" "create" "-v" "/var/lib/crater-agent-workspace/builds/worker-0-tc1/target:/opt/rustwide/target:rw,Z" "-v" "/var/lib/crater-agent-workspace/builds/worker-0-tc1/source:/opt/rustwide/workdir:ro,Z" "-v" "/var/lib/crater-agent-workspace/cargo-home:/opt/rustwide/cargo-home:ro,Z" "-v" "/var/lib/crater-agent-workspace/rustup-home:/opt/rustwide/rustup-home:ro,Z" "-e" "SOURCE_DIR=/opt/rustwide/workdir" "-e" "CARGO_TARGET_DIR=/opt/rustwide/target" "-e" "CARGO_HOME=/opt/rustwide/cargo-home" "-e" "RUSTUP_HOME=/opt/rustwide/rustup-home" "-w" "/opt/rustwide/workdir" "-m" "1610612736" "--user" "0:0" "--network" "none" "ghcr.io/rust-lang/crates-build-env/linux@sha256:f3a9d4ad9d972b27faf3965f35b62e55ba32bbce8f20bc8fe909558a86702fde" "/opt/rustwide/cargo-home/bin/cargo" "+1.83.0" "metadata" "--no-deps" "--format-version=1", kill_on_drop: false }`
[INFO] [stdout] f9e5140b5de7ecc42d42d221b1bae3ef3debeef898aff79a7ef242ecacc1400b
[INFO] running `Command { std: "docker" "start" "-a" "f9e5140b5de7ecc42d42d221b1bae3ef3debeef898aff79a7ef242ecacc1400b", kill_on_drop: false }`
[INFO] running `Command { std: "docker" "inspect" "f9e5140b5de7ecc42d42d221b1bae3ef3debeef898aff79a7ef242ecacc1400b", kill_on_drop: false }`
[INFO] running `Command { std: "docker" "rm" "-f" "f9e5140b5de7ecc42d42d221b1bae3ef3debeef898aff79a7ef242ecacc1400b", kill_on_drop: false }`
[INFO] [stdout] f9e5140b5de7ecc42d42d221b1bae3ef3debeef898aff79a7ef242ecacc1400b
[INFO] running `Command { std: "docker" "create" "-v" "/var/lib/crater-agent-workspace/builds/worker-0-tc1/target:/opt/rustwide/target:rw,Z" "-v" "/var/lib/crater-agent-workspace/builds/worker-0-tc1/source:/opt/rustwide/workdir:ro,Z" "-v" "/var/lib/crater-agent-workspace/cargo-home:/opt/rustwide/cargo-home:ro,Z" "-v" "/var/lib/crater-agent-workspace/rustup-home:/opt/rustwide/rustup-home:ro,Z" "-e" "SOURCE_DIR=/opt/rustwide/workdir" "-e" "CARGO_TARGET_DIR=/opt/rustwide/target" "-e" "CARGO_INCREMENTAL=0" "-e" "RUST_BACKTRACE=full" "-e" "RUSTFLAGS=--cap-lints=warn" "-e" "RUSTDOCFLAGS=--cap-lints=warn" "-e" "CARGO_HOME=/opt/rustwide/cargo-home" "-e" "RUSTUP_HOME=/opt/rustwide/rustup-home" "-w" "/opt/rustwide/workdir" "-m" "1610612736" "--user" "0:0" "--network" "none" "ghcr.io/rust-lang/crates-build-env/linux@sha256:f3a9d4ad9d972b27faf3965f35b62e55ba32bbce8f20bc8fe909558a86702fde" "/opt/rustwide/cargo-home/bin/cargo" "+1.83.0" "build" "--frozen" "--message-format=json", kill_on_drop: false }`
[INFO] [stdout] 2b18811bcb53bea093bb2cfb5f9bacdc9cdc05614147632eac66353f538b9963
[INFO] running `Command { std: "docker" "start" "-a" "2b18811bcb53bea093bb2cfb5f9bacdc9cdc05614147632eac66353f538b9963", kill_on_drop: false }`
[INFO] [stderr]    Compiling rusty_renderer v0.1.0 (/opt/rustwide/workdir)
[INFO] [stdout] warning: variable does not need to be mutable
[INFO] [stdout]    --> src/tga/image.rs:105:13
[INFO] [stdout]     |
[INFO] [stdout] 105 |         let mut header: TgaHeader = TgaHeader::new(width, height);
[INFO] [stdout]     |             ----^^^^^^
[INFO] [stdout]     |             |
[INFO] [stdout]     |             help: remove this `mut`
[INFO] [stdout]     |
[INFO] [stdout]     = note: `#[warn(unused_mut)]` on by default
[INFO] [stdout] 
[INFO] [stdout] 
[INFO] [stdout] warning: function `parse_image_type` is never used
[INFO] [stdout]   --> src/tga/header.rs:58:4
[INFO] [stdout]    |
[INFO] [stdout] 58 | fn parse_image_type(image_type: u8) -> Result<(ImageFormatType, ImageDataType), ParseError> {
[INFO] [stdout]    |    ^^^^^^^^^^^^^^^^
[INFO] [stdout]    |
[INFO] [stdout]    = note: `#[warn(dead_code)]` on by default
[INFO] [stdout] 
[INFO] [stdout] 
[INFO] [stdout] warning: function `parse_image_origin` is never used
[INFO] [stdout]   --> src/tga/header.rs:91:4
[INFO] [stdout]    |
[INFO] [stdout] 91 | fn parse_image_origin(value: u8) -> ImageOrigin {
[INFO] [stdout]    |    ^^^^^^^^^^^^^^^^^^
[INFO] [stdout] 
[INFO] [stdout] 
[INFO] [stdout] warning: function `has_color_map` is never used
[INFO] [stdout]    --> src/tga/header.rs:176:4
[INFO] [stdout]     |
[INFO] [stdout] 176 | fn has_color_map(value: u8) -> Result<bool, ParseError> {
[INFO] [stdout]     |    ^^^^^^^^^^^^^
[INFO] [stdout] 
[INFO] [stdout] 
[INFO] [stderr]     Finished `dev` profile [unoptimized + debuginfo] target(s) in 0.37s
[INFO] running `Command { std: "docker" "inspect" "2b18811bcb53bea093bb2cfb5f9bacdc9cdc05614147632eac66353f538b9963", kill_on_drop: false }`
[INFO] running `Command { std: "docker" "rm" "-f" "2b18811bcb53bea093bb2cfb5f9bacdc9cdc05614147632eac66353f538b9963", kill_on_drop: false }`
[INFO] [stdout] 2b18811bcb53bea093bb2cfb5f9bacdc9cdc05614147632eac66353f538b9963
[INFO] running `Command { std: "docker" "create" "-v" "/var/lib/crater-agent-workspace/builds/worker-0-tc1/target:/opt/rustwide/target:rw,Z" "-v" "/var/lib/crater-agent-workspace/builds/worker-0-tc1/source:/opt/rustwide/workdir:ro,Z" "-v" "/var/lib/crater-agent-workspace/cargo-home:/opt/rustwide/cargo-home:ro,Z" "-v" "/var/lib/crater-agent-workspace/rustup-home:/opt/rustwide/rustup-home:ro,Z" "-e" "SOURCE_DIR=/opt/rustwide/workdir" "-e" "CARGO_TARGET_DIR=/opt/rustwide/target" "-e" "CARGO_INCREMENTAL=0" "-e" "RUST_BACKTRACE=full" "-e" "RUSTFLAGS=--cap-lints=warn" "-e" "RUSTDOCFLAGS=--cap-lints=warn" "-e" "CARGO_HOME=/opt/rustwide/cargo-home" "-e" "RUSTUP_HOME=/opt/rustwide/rustup-home" "-w" "/opt/rustwide/workdir" "-m" "1610612736" "--user" "0:0" "--network" "none" "ghcr.io/rust-lang/crates-build-env/linux@sha256:f3a9d4ad9d972b27faf3965f35b62e55ba32bbce8f20bc8fe909558a86702fde" "/opt/rustwide/cargo-home/bin/cargo" "+1.83.0" "test" "--frozen" "--no-run" "--message-format=json", kill_on_drop: false }`
[INFO] [stdout] cc88901015ea56168ad82282b6d805c226c6e0cda2aadb6e57183be3d7155d50
[INFO] running `Command { std: "docker" "start" "-a" "cc88901015ea56168ad82282b6d805c226c6e0cda2aadb6e57183be3d7155d50", kill_on_drop: false }`
[INFO] [stdout] warning: variable does not need to be mutable
[INFO] [stdout]    --> src/tga/image.rs:105:13
[INFO] [stdout]     |
[INFO] [stdout] 105 |         let mut header: TgaHeader = TgaHeader::new(width, height);
[INFO] [stdout]     |             ----^^^^^^
[INFO] [stdout]     |             |
[INFO] [stdout]     |             help: remove this `mut`
[INFO] [stdout]     |
[INFO] [stdout]     = note: `#[warn(unused_mut)]` on by default
[INFO] [stdout] 
[INFO] [stdout] 
[INFO] [stdout] warning: function `parse_image_type` is never used
[INFO] [stdout]   --> src/tga/header.rs:58:4
[INFO] [stdout]    |
[INFO] [stdout] 58 | fn parse_image_type(image_type: u8) -> Result<(ImageFormatType, ImageDataType), ParseError> {
[INFO] [stdout]    |    ^^^^^^^^^^^^^^^^
[INFO] [stdout]    |
[INFO] [stdout]    = note: `#[warn(dead_code)]` on by default
[INFO] [stdout] 
[INFO] [stdout] 
[INFO] [stdout] warning: function `parse_image_origin` is never used
[INFO] [stdout]   --> src/tga/header.rs:91:4
[INFO] [stdout]    |
[INFO] [stdout] 91 | fn parse_image_origin(value: u8) -> ImageOrigin {
[INFO] [stdout]    |    ^^^^^^^^^^^^^^^^^^
[INFO] [stdout] 
[INFO] [stdout] 
[INFO] [stdout] warning: function `has_color_map` is never used
[INFO] [stdout]    --> src/tga/header.rs:176:4
[INFO] [stdout]     |
[INFO] [stdout] 176 | fn has_color_map(value: u8) -> Result<bool, ParseError> {
[INFO] [stdout]     |    ^^^^^^^^^^^^^
[INFO] [stdout] 
[INFO] [stdout] 
[INFO] [stderr]    Compiling rusty_renderer v0.1.0 (/opt/rustwide/workdir)
[INFO] [stdout] warning: unused import: `Color`
[INFO] [stdout]  --> tests/tga_header.rs:2:27
[INFO] [stdout]   |
[INFO] [stdout] 2 | use rusty_renderer::tga::{Color, Rgb888, TgaImage};
[INFO] [stdout]   |                           ^^^^^
[INFO] [stdout]   |
[INFO] [stdout]   = note: `#[warn(unused_imports)]` on by default
[INFO] [stdout] 
[INFO] [stdout] 
[INFO] [stdout] warning: unused variable: `fd`
[INFO] [stdout]   --> tests/tga_header.rs:13:13
[INFO] [stdout]    |
[INFO] [stdout] 13 |     let mut fd = File::create("/tmp/renderer/test_2.tga").unwrap();
[INFO] [stdout]    |             ^^ help: if this is intentional, prefix it with an underscore: `_fd`
[INFO] [stdout]    |
[INFO] [stdout]    = note: `#[warn(unused_variables)]` on by default
[INFO] [stdout] 
[INFO] [stdout] 
[INFO] [stdout] warning: variable does not need to be mutable
[INFO] [stdout]   --> tests/tga_header.rs:13:9
[INFO] [stdout]    |
[INFO] [stdout] 13 |     let mut fd = File::create("/tmp/renderer/test_2.tga").unwrap();
[INFO] [stdout]    |         ----^^
[INFO] [stdout]    |         |
[INFO] [stdout]    |         help: remove this `mut`
[INFO] [stdout]    |
[INFO] [stdout]    = note: `#[warn(unused_mut)]` on by default
[INFO] [stdout] 
[INFO] [stdout] 
[INFO] [stdout] warning: function `check_line_drawing_v1` is never used
[INFO] [stdout]   --> tests/tga_header.rs:29:4
[INFO] [stdout]    |
[INFO] [stdout] 29 | fn check_line_drawing_v1() {
[INFO] [stdout]    |    ^^^^^^^^^^^^^^^^^^^^^
[INFO] [stdout]    |
[INFO] [stdout]    = note: `#[warn(dead_code)]` on by default
[INFO] [stdout] 
[INFO] [stdout] 
[INFO] [stdout] warning: function `draw_line` is never used
[INFO] [stdout]   --> tests/tga_header.rs:41:4
[INFO] [stdout]    |
[INFO] [stdout] 41 | fn draw_line(a: Point2D, b: Point2D, image: &mut TgaImage<Rgb888>) {
[INFO] [stdout]    |    ^^^^^^^^^
[INFO] [stdout] 
[INFO] [stdout] 
[INFO] [stdout] warning: function `check_line_drawing_v2` is never used
[INFO] [stdout]   --> tests/tga_header.rs:63:4
[INFO] [stdout]    |
[INFO] [stdout] 63 | fn check_line_drawing_v2() {
[INFO] [stdout]    |    ^^^^^^^^^^^^^^^^^^^^^
[INFO] [stdout] 
[INFO] [stdout] 
[INFO] [stdout] warning: function `draw_line_v2` is never used
[INFO] [stdout]   --> tests/tga_header.rs:74:4
[INFO] [stdout]    |
[INFO] [stdout] 74 | fn draw_line_v2(a: Point2D, b: Point2D, image: &mut TgaImage<Rgb888>) {
[INFO] [stdout]    |    ^^^^^^^^^^^^
[INFO] [stdout] 
[INFO] [stdout] 
[INFO] [stdout] warning: function `check_line_drawing_v3` is never used
[INFO] [stdout]    --> tests/tga_header.rs:107:4
[INFO] [stdout]     |
[INFO] [stdout] 107 | fn check_line_drawing_v3() {
[INFO] [stdout]     |    ^^^^^^^^^^^^^^^^^^^^^
[INFO] [stdout] 
[INFO] [stdout] 
[INFO] [stdout] warning: function `draw_line_v3` is never used
[INFO] [stdout]    --> tests/tga_header.rs:120:4
[INFO] [stdout]     |
[INFO] [stdout] 120 | fn draw_line_v3(mut a: Point2D, mut b: Point2D, image: &mut TgaImage<Rgb888>) {
[INFO] [stdout]     |    ^^^^^^^^^^^^
[INFO] [stdout] 
[INFO] [stdout] 
[INFO] [stdout] warning: variable does not need to be mutable
[INFO] [stdout]    --> src/tga/image.rs:105:13
[INFO] [stdout]     |
[INFO] [stdout] 105 |         let mut header: TgaHeader = TgaHeader::new(width, height);
[INFO] [stdout]     |             ----^^^^^^
[INFO] [stdout]     |             |
[INFO] [stdout]     |             help: remove this `mut`
[INFO] [stdout]     |
[INFO] [stdout]     = note: `#[warn(unused_mut)]` on by default
[INFO] [stdout] 
[INFO] [stdout] 
[INFO] [stdout] warning: function `parse_image_type` is never used
[INFO] [stdout]   --> src/tga/header.rs:58:4
[INFO] [stdout]    |
[INFO] [stdout] 58 | fn parse_image_type(image_type: u8) -> Result<(ImageFormatType, ImageDataType), ParseError> {
[INFO] [stdout]    |    ^^^^^^^^^^^^^^^^
[INFO] [stdout]    |
[INFO] [stdout]    = note: `#[warn(dead_code)]` on by default
[INFO] [stdout] 
[INFO] [stdout] 
[INFO] [stdout] warning: function `parse_image_origin` is never used
[INFO] [stdout]   --> src/tga/header.rs:91:4
[INFO] [stdout]    |
[INFO] [stdout] 91 | fn parse_image_origin(value: u8) -> ImageOrigin {
[INFO] [stdout]    |    ^^^^^^^^^^^^^^^^^^
[INFO] [stdout] 
[INFO] [stdout] 
[INFO] [stdout] warning: function `has_color_map` is never used
[INFO] [stdout]    --> src/tga/header.rs:176:4
[INFO] [stdout]     |
[INFO] [stdout] 176 | fn has_color_map(value: u8) -> Result<bool, ParseError> {
[INFO] [stdout]     |    ^^^^^^^^^^^^^
[INFO] [stdout] 
[INFO] [stdout] 
[INFO] [stderr]     Finished `test` profile [unoptimized + debuginfo] target(s) in 0.72s
[INFO] running `Command { std: "docker" "inspect" "cc88901015ea56168ad82282b6d805c226c6e0cda2aadb6e57183be3d7155d50", kill_on_drop: false }`
[INFO] running `Command { std: "docker" "rm" "-f" "cc88901015ea56168ad82282b6d805c226c6e0cda2aadb6e57183be3d7155d50", kill_on_drop: false }`
[INFO] [stdout] cc88901015ea56168ad82282b6d805c226c6e0cda2aadb6e57183be3d7155d50
[INFO] running `Command { std: "docker" "create" "-v" "/var/lib/crater-agent-workspace/builds/worker-0-tc1/target:/opt/rustwide/target:rw,Z" "-v" "/var/lib/crater-agent-workspace/builds/worker-0-tc1/source:/opt/rustwide/workdir:ro,Z" "-v" "/var/lib/crater-agent-workspace/cargo-home:/opt/rustwide/cargo-home:ro,Z" "-v" "/var/lib/crater-agent-workspace/rustup-home:/opt/rustwide/rustup-home:ro,Z" "-e" "SOURCE_DIR=/opt/rustwide/workdir" "-e" "CARGO_TARGET_DIR=/opt/rustwide/target" "-e" "CARGO_INCREMENTAL=0" "-e" "RUST_BACKTRACE=full" "-e" "RUSTFLAGS=--cap-lints=warn" "-e" "RUSTDOCFLAGS=--cap-lints=warn" "-e" "CARGO_HOME=/opt/rustwide/cargo-home" "-e" "RUSTUP_HOME=/opt/rustwide/rustup-home" "-w" "/opt/rustwide/workdir" "-m" "1610612736" "--user" "0:0" "--network" "none" "ghcr.io/rust-lang/crates-build-env/linux@sha256:f3a9d4ad9d972b27faf3965f35b62e55ba32bbce8f20bc8fe909558a86702fde" "/opt/rustwide/cargo-home/bin/cargo" "+1.83.0" "test" "--frozen", kill_on_drop: false }`
[INFO] [stdout] 39e430513f8a14fa3b86b97aa6abf122d0d71fae713d271ef485011e07cd20fa
[INFO] running `Command { std: "docker" "start" "-a" "39e430513f8a14fa3b86b97aa6abf122d0d71fae713d271ef485011e07cd20fa", kill_on_drop: false }`
[INFO] [stderr] warning: variable does not need to be mutable
[INFO] [stderr]    --> src/tga/image.rs:105:13
[INFO] [stderr]     |
[INFO] [stderr] 105 |         let mut header: TgaHeader = TgaHeader::new(width, height);
[INFO] [stderr]     |             ----^^^^^^
[INFO] [stderr]     |             |
[INFO] [stderr]     |             help: remove this `mut`
[INFO] [stderr]     |
[INFO] [stderr]     = note: `#[warn(unused_mut)]` on by default
[INFO] [stderr] 
[INFO] [stderr] warning: function `parse_image_type` is never used
[INFO] [stderr]   --> src/tga/header.rs:58:4
[INFO] [stderr]    |
[INFO] [stderr] 58 | fn parse_image_type(image_type: u8) -> Result<(ImageFormatType, ImageDataType), ParseError> {
[INFO] [stderr]    |    ^^^^^^^^^^^^^^^^
[INFO] [stderr]    |
[INFO] [stderr]    = note: `#[warn(dead_code)]` on by default
[INFO] [stderr] 
[INFO] [stderr] warning: function `parse_image_origin` is never used
[INFO] [stderr]   --> src/tga/header.rs:91:4
[INFO] [stderr]    |
[INFO] [stderr] 91 | fn parse_image_origin(value: u8) -> ImageOrigin {
[INFO] [stderr]    |    ^^^^^^^^^^^^^^^^^^
[INFO] [stderr] 
[INFO] [stderr] warning: function `has_color_map` is never used
[INFO] [stderr]    --> src/tga/header.rs:176:4
[INFO] [stderr]     |
[INFO] [stderr] 176 | fn has_color_map(value: u8) -> Result<bool, ParseError> {
[INFO] [stderr]     |    ^^^^^^^^^^^^^
[INFO] [stderr] 
[INFO] [stderr] warning: `rusty_renderer` (lib) generated 4 warnings (run `cargo fix --lib -p rusty_renderer` to apply 1 suggestion)
[INFO] [stderr] warning: unused import: `Color`
[INFO] [stderr]  --> tests/tga_header.rs:2:27
[INFO] [stderr]   |
[INFO] [stderr] 2 | use rusty_renderer::tga::{Color, Rgb888, TgaImage};
[INFO] [stderr]   |                           ^^^^^
[INFO] [stderr]   |
[INFO] [stderr]   = note: `#[warn(unused_imports)]` on by default
[INFO] [stderr] 
[INFO] [stderr] warning: unused variable: `fd`
[INFO] [stderr]   --> tests/tga_header.rs:13:13
[INFO] [stderr]    |
[INFO] [stderr] 13 |     let mut fd = File::create("/tmp/renderer/test_2.tga").unwrap();
[INFO] [stderr]    |             ^^ help: if this is intentional, prefix it with an underscore: `_fd`
[INFO] [stderr]    |
[INFO] [stderr]    = note: `#[warn(unused_variables)]` on by default
[INFO] [stderr] 
[INFO] [stderr] warning: variable does not need to be mutable
[INFO] [stderr]   --> tests/tga_header.rs:13:9
[INFO] [stderr]    |
[INFO] [stderr] 13 |     let mut fd = File::create("/tmp/renderer/test_2.tga").unwrap();
[INFO] [stderr]    |         ----^^
[INFO] [stderr]    |         |
[INFO] [stderr]    |         help: remove this `mut`
[INFO] [stderr]    |
[INFO] [stderr]    = note: `#[warn(unused_mut)]` on by default
[INFO] [stderr] 
[INFO] [stderr] warning: function `check_line_drawing_v1` is never used
[INFO] [stderr]   --> tests/tga_header.rs:29:4
[INFO] [stderr]    |
[INFO] [stderr] 29 | fn check_line_drawing_v1() {
[INFO] [stderr]    |    ^^^^^^^^^^^^^^^^^^^^^
[INFO] [stderr]    |
[INFO] [stderr]    = note: `#[warn(dead_code)]` on by default
[INFO] [stderr] 
[INFO] [stderr] warning: function `draw_line` is never used
[INFO] [stderr]   --> tests/tga_header.rs:41:4
[INFO] [stderr]    |
[INFO] [stderr] 41 | fn draw_line(a: Point2D, b: Point2D, image: &mut TgaImage<Rgb888>) {
[INFO] [stderr]    |    ^^^^^^^^^
[INFO] [stderr] 
[INFO] [stderr] warning: function `check_line_drawing_v2` is never used
[INFO] [stderr]   --> tests/tga_header.rs:63:4
[INFO] [stderr]    |
[INFO] [stderr] 63 | fn check_line_drawing_v2() {
[INFO] [stderr]    |    ^^^^^^^^^^^^^^^^^^^^^
[INFO] [stderr] 
[INFO] [stderr] warning: function `draw_line_v2` is never used
[INFO] [stderr]   --> tests/tga_header.rs:74:4
[INFO] [stderr]    |
[INFO] [stderr] 74 | fn draw_line_v2(a: Point2D, b: Point2D, image: &mut TgaImage<Rgb888>) {
[INFO] [stderr]    |    ^^^^^^^^^^^^
[INFO] [stderr] 
[INFO] [stderr] warning: function `check_line_drawing_v3` is never used
[INFO] [stderr]    --> tests/tga_header.rs:107:4
[INFO] [stderr]     |
[INFO] [stderr] 107 | fn check_line_drawing_v3() {
[INFO] [stderr]     |    ^^^^^^^^^^^^^^^^^^^^^
[INFO] [stderr] 
[INFO] [stderr] warning: function `draw_line_v3` is never used
[INFO] [stderr]    --> tests/tga_header.rs:120:4
[INFO] [stderr]     |
[INFO] [stderr] 120 | fn draw_line_v3(mut a: Point2D, mut b: Point2D, image: &mut TgaImage<Rgb888>) {
[INFO] [stderr]     |    ^^^^^^^^^^^^
[INFO] [stderr] 
[INFO] [stderr] warning: `rusty_renderer` (test "tga_header") generated 9 warnings (run `cargo fix --test "tga_header"` to apply 2 suggestions)
[INFO] [stderr] warning: `rusty_renderer` (lib test) generated 4 warnings (4 duplicates)
[INFO] [stderr]     Finished `test` profile [unoptimized + debuginfo] target(s) in 0.05s
[INFO] [stderr]      Running unittests src/lib.rs (/opt/rustwide/target/debug/deps/rusty_renderer-7daf491ce36e76bb)
[INFO] [stdout] 
[INFO] [stdout] running 0 tests
[INFO] [stdout] 
[INFO] [stdout] test result: ok. 0 passed; 0 failed; 0 ignored; 0 measured; 0 filtered out; finished in 0.00s
[INFO] [stdout] 
[INFO] [stderr]      Running tests/tga_header.rs (/opt/rustwide/target/debug/deps/tga_header-b605ba37ce9f798c)
[INFO] [stdout] 
[INFO] [stdout] running 2 tests
[INFO] [stdout] test valid ... ok
[INFO] [stderr] error: test failed, to rerun pass `--test tga_header`
[INFO] [stdout] test valid_set ... FAILED
[INFO] [stdout] 
[INFO] [stdout] failures:
[INFO] [stdout] 
[INFO] [stdout] ---- valid_set stdout ----
[INFO] [stdout] thread 'valid_set' panicked at tests/tga_header.rs:13:59:
[INFO] [stdout] called `Result::unwrap()` on an `Err` value: Os { code: 2, kind: NotFound, message: "No such file or directory" }
[INFO] [stdout] stack backtrace:
[INFO] [stdout]    0:     0x6542d495f60a - std::backtrace_rs::backtrace::libunwind::trace::h5a5b8284f2d0c266
[INFO] [stdout]                                at /rustc/90b35a6239c3d8bdabc530a6a0816f7ff89a0aaf/library/std/src/../../backtrace/src/backtrace/libunwind.rs:116:5
[INFO] [stdout]    1:     0x6542d495f60a - std::backtrace_rs::backtrace::trace_unsynchronized::h76d4f1c9b0b875e3
[INFO] [stdout]                                at /rustc/90b35a6239c3d8bdabc530a6a0816f7ff89a0aaf/library/std/src/../../backtrace/src/backtrace/mod.rs:66:5
[INFO] [stdout]    2:     0x6542d495f60a - std::sys::backtrace::_print_fmt::hc4546b8364a537c6
[INFO] [stdout]                                at /rustc/90b35a6239c3d8bdabc530a6a0816f7ff89a0aaf/library/std/src/sys/backtrace.rs:66:9
[INFO] [stdout]    3:     0x6542d495f60a - <std::sys::backtrace::BacktraceLock::print::DisplayBacktrace as core::fmt::Display>::fmt::h5b6bd5631a6d1f6b
[INFO] [stdout]                                at /rustc/90b35a6239c3d8bdabc530a6a0816f7ff89a0aaf/library/std/src/sys/backtrace.rs:39:26
[INFO] [stdout]    4:     0x6542d4984a03 - core::fmt::rt::Argument::fmt::h270f6602a2b96f62
[INFO] [stdout]                                at /rustc/90b35a6239c3d8bdabc530a6a0816f7ff89a0aaf/library/core/src/fmt/rt.rs:177:76
[INFO] [stdout]    5:     0x6542d4984a03 - core::fmt::write::h7550c97b06c86515
[INFO] [stdout]                                at /rustc/90b35a6239c3d8bdabc530a6a0816f7ff89a0aaf/library/core/src/fmt/mod.rs:1186:21
[INFO] [stdout]    6:     0x6542d495c7d3 - std::io::Write::write_fmt::h509ff860e5956e5e
[INFO] [stdout]                                at /rustc/90b35a6239c3d8bdabc530a6a0816f7ff89a0aaf/library/std/src/io/mod.rs:1839:15
[INFO] [stdout]    7:     0x6542d495f452 - std::sys::backtrace::BacktraceLock::print::h2395ccd2c84ba3aa
[INFO] [stdout]                                at /rustc/90b35a6239c3d8bdabc530a6a0816f7ff89a0aaf/library/std/src/sys/backtrace.rs:42:9
[INFO] [stdout]    8:     0x6542d4960a6a - std::panicking::default_hook::{{closure}}::he19d4c7230e07961
[INFO] [stdout]                                at /rustc/90b35a6239c3d8bdabc530a6a0816f7ff89a0aaf/library/std/src/panicking.rs:268:22
[INFO] [stdout]    9:     0x6542d4960874 - std::panicking::default_hook::hf614597d3c67bbdb
[INFO] [stdout]                                at /rustc/90b35a6239c3d8bdabc530a6a0816f7ff89a0aaf/library/std/src/panicking.rs:292:9
[INFO] [stdout]   10:     0x6542d492b379 - <alloc::boxed::Box<F,A> as core::ops::function::Fn<Args>>::call::h39b51ce4599c23d1
[INFO] [stdout]                                at /rustc/90b35a6239c3d8bdabc530a6a0816f7ff89a0aaf/library/alloc/src/boxed.rs:2468:9
[INFO] [stdout]   11:     0x6542d492b379 - test::test_main::{{closure}}::he977ae839a582784
[INFO] [stdout]                                at /rustc/90b35a6239c3d8bdabc530a6a0816f7ff89a0aaf/library/test/src/lib.rs:133:21
[INFO] [stdout]   12:     0x6542d4961108 - <alloc::boxed::Box<F,A> as core::ops::function::Fn<Args>>::call::h9455091b6b06f9fb
[INFO] [stdout]                                at /rustc/90b35a6239c3d8bdabc530a6a0816f7ff89a0aaf/library/alloc/src/boxed.rs:2468:9
[INFO] [stdout]   13:     0x6542d4961108 - std::panicking::rust_panic_with_hook::h8942133a8b252070
[INFO] [stdout]                                at /rustc/90b35a6239c3d8bdabc530a6a0816f7ff89a0aaf/library/std/src/panicking.rs:809:13
[INFO] [stdout]   14:     0x6542d4960eca - std::panicking::begin_panic_handler::{{closure}}::hb5f5963570096b29
[INFO] [stdout]                                at /rustc/90b35a6239c3d8bdabc530a6a0816f7ff89a0aaf/library/std/src/panicking.rs:674:13
[INFO] [stdout]   15:     0x6542d495fae9 - std::sys::backtrace::__rust_end_short_backtrace::h6208cedc1922feda
[INFO] [stdout]                                at /rustc/90b35a6239c3d8bdabc530a6a0816f7ff89a0aaf/library/std/src/sys/backtrace.rs:170:18
[INFO] [stdout]   16:     0x6542d4960b5c - rust_begin_unwind
[INFO] [stdout]                                at /rustc/90b35a6239c3d8bdabc530a6a0816f7ff89a0aaf/library/std/src/panicking.rs:665:5
[INFO] [stdout]   17:     0x6542d48eea60 - core::panicking::panic_fmt::h0c3082644d1bf418
[INFO] [stdout]                                at /rustc/90b35a6239c3d8bdabc530a6a0816f7ff89a0aaf/library/core/src/panicking.rs:74:14
[INFO] [stdout]   18:     0x6542d48eee06 - core::result::unwrap_failed::hd20b4aa073bda1e2
[INFO] [stdout]                                at /rustc/90b35a6239c3d8bdabc530a6a0816f7ff89a0aaf/library/core/src/result.rs:1700:5
[INFO] [stdout]   19:     0x6542d48f2e1f - core::result::Result<T,E>::unwrap::h873b00e3cce4b5ff
[INFO] [stdout]                                at /rustc/90b35a6239c3d8bdabc530a6a0816f7ff89a0aaf/library/core/src/result.rs:1104:23
[INFO] [stdout]   20:     0x6542d48f2e1f - tga_header::valid_set::hf6f9cde21c0fcc3c
[INFO] [stdout]                                at /opt/rustwide/workdir/tests/tga_header.rs:13:18
[INFO] [stdout]   21:     0x6542d48f2da7 - tga_header::valid_set::{{closure}}::h53cabbaf8ef26716
[INFO] [stdout]                                at /opt/rustwide/workdir/tests/tga_header.rs:12:15
[INFO] [stdout]   22:     0x6542d48f1056 - core::ops::function::FnOnce::call_once::ha35607eb7b947851
[INFO] [stdout]                                at /rustc/90b35a6239c3d8bdabc530a6a0816f7ff89a0aaf/library/core/src/ops/function.rs:250:5
[INFO] [stdout]   23:     0x6542d492fd3b - core::ops::function::FnOnce::call_once::h109cf8051a59b34e
[INFO] [stdout]                                at /rustc/90b35a6239c3d8bdabc530a6a0816f7ff89a0aaf/library/core/src/ops/function.rs:250:5
[INFO] [stdout]   24:     0x6542d492fd3b - test::__rust_begin_short_backtrace::hf4fff89d377446ba
[INFO] [stdout]                                at /rustc/90b35a6239c3d8bdabc530a6a0816f7ff89a0aaf/library/test/src/lib.rs:621:18
[INFO] [stdout]   25:     0x6542d492f577 - test::run_test_in_process::{{closure}}::h0e39181dd7ee5a43
[INFO] [stdout]                                at /rustc/90b35a6239c3d8bdabc530a6a0816f7ff89a0aaf/library/test/src/lib.rs:644:60
[INFO] [stdout]   26:     0x6542d492f577 - <core::panic::unwind_safe::AssertUnwindSafe<F> as core::ops::function::FnOnce<()>>::call_once::hc5a66a30f0bdfd1f
[INFO] [stdout]                                at /rustc/90b35a6239c3d8bdabc530a6a0816f7ff89a0aaf/library/core/src/panic/unwind_safe.rs:272:9
[INFO] [stdout]   27:     0x6542d492f577 - std::panicking::try::do_call::h873b7cf639554a5e
[INFO] [stdout]                                at /rustc/90b35a6239c3d8bdabc530a6a0816f7ff89a0aaf/library/std/src/panicking.rs:557:40
[INFO] [stdout]   28:     0x6542d492f577 - std::panicking::try::hdb19862fad9c8bd1
[INFO] [stdout]                                at /rustc/90b35a6239c3d8bdabc530a6a0816f7ff89a0aaf/library/std/src/panicking.rs:520:19
[INFO] [stdout]   29:     0x6542d492f577 - std::panic::catch_unwind::h281fe732d236d260
[INFO] [stdout]                                at /rustc/90b35a6239c3d8bdabc530a6a0816f7ff89a0aaf/library/std/src/panic.rs:358:14
[INFO] [stdout]   30:     0x6542d492f577 - test::run_test_in_process::h949b6df8457ed338
[INFO] [stdout]                                at /rustc/90b35a6239c3d8bdabc530a6a0816f7ff89a0aaf/library/test/src/lib.rs:644:27
[INFO] [stdout]   31:     0x6542d492f577 - test::run_test::{{closure}}::h52c556a6d4740e10
[INFO] [stdout]                                at /rustc/90b35a6239c3d8bdabc530a6a0816f7ff89a0aaf/library/test/src/lib.rs:565:43
[INFO] [stdout]   32:     0x6542d48f4854 - test::run_test::{{closure}}::h4237f6381c45ccb9
[INFO] [stdout]                                at /rustc/90b35a6239c3d8bdabc530a6a0816f7ff89a0aaf/library/test/src/lib.rs:595:41
[INFO] [stdout]   33:     0x6542d48f4854 - std::sys::backtrace::__rust_begin_short_backtrace::h505c97a579eca628
[INFO] [stdout]                                at /rustc/90b35a6239c3d8bdabc530a6a0816f7ff89a0aaf/library/std/src/sys/backtrace.rs:154:18
[INFO] [stdout]   34:     0x6542d48f7f1e - std::thread::Builder::spawn_unchecked_::{{closure}}::{{closure}}::h9e86b2e2bc107ea3
[INFO] [stdout]                                at /rustc/90b35a6239c3d8bdabc530a6a0816f7ff89a0aaf/library/std/src/thread/mod.rs:538:17
[INFO] [stdout]   35:     0x6542d48f7f1e - <core::panic::unwind_safe::AssertUnwindSafe<F> as core::ops::function::FnOnce<()>>::call_once::h8b06ddb275ff4a25
[INFO] [stdout]                                at /rustc/90b35a6239c3d8bdabc530a6a0816f7ff89a0aaf/library/core/src/panic/unwind_safe.rs:272:9
[INFO] [stdout]   36:     0x6542d48f7f1e - std::panicking::try::do_call::hb26ecd7cd9a9355d
[INFO] [stdout]                                at /rustc/90b35a6239c3d8bdabc530a6a0816f7ff89a0aaf/library/std/src/panicking.rs:557:40
[INFO] [stdout]   37:     0x6542d48f7f1e - std::panicking::try::h8ddeca9d705f9069
[INFO] [stdout]                                at /rustc/90b35a6239c3d8bdabc530a6a0816f7ff89a0aaf/library/std/src/panicking.rs:520:19
[INFO] [stdout]   38:     0x6542d48f7f1e - std::panic::catch_unwind::h49e1c33078844c46
[INFO] [stdout]                                at /rustc/90b35a6239c3d8bdabc530a6a0816f7ff89a0aaf/library/std/src/panic.rs:358:14
[INFO] [stdout]   39:     0x6542d48f7f1e - std::thread::Builder::spawn_unchecked_::{{closure}}::h6073db6ff56ad35d
[INFO] [stdout]                                at /rustc/90b35a6239c3d8bdabc530a6a0816f7ff89a0aaf/library/std/src/thread/mod.rs:537:30
[INFO] [stdout]   40:     0x6542d48f7f1e - core::ops::function::FnOnce::call_once{{vtable.shim}}::h2c5a5f3779c774f1
[INFO] [stdout]                                at /rustc/90b35a6239c3d8bdabc530a6a0816f7ff89a0aaf/library/core/src/ops/function.rs:250:5
[INFO] [stdout]   41:     0x6542d4964e6b - <alloc::boxed::Box<F,A> as core::ops::function::FnOnce<Args>>::call_once::hf75717d9f28faebf
[INFO] [stdout]                                at /rustc/90b35a6239c3d8bdabc530a6a0816f7ff89a0aaf/library/alloc/src/boxed.rs:2454:9
[INFO] [stdout]   42:     0x6542d4964e6b - <alloc::boxed::Box<F,A> as core::ops::function::FnOnce<Args>>::call_once::h7bd883a5f3c5f3c1
[INFO] [stdout]                                at /rustc/90b35a6239c3d8bdabc530a6a0816f7ff89a0aaf/library/alloc/src/boxed.rs:2454:9
[INFO] [stdout]   43:     0x6542d4964e6b - std::sys::pal::unix::thread::Thread::new::thread_start::hcc78f3943333fa94
[INFO] [stdout]                                at /rustc/90b35a6239c3d8bdabc530a6a0816f7ff89a0aaf/library/std/src/sys/pal/unix/thread.rs:105:17
[INFO] [stdout]   44:     0x790477c9cac3 - <unknown>
[INFO] [stdout]   45:     0x790477d2da04 - clone
[INFO] [stdout]   46:                0x0 - <unknown>
[INFO] [stdout] 
[INFO] [stdout] 
[INFO] [stdout] failures:
[INFO] [stdout]     valid_set
[INFO] [stdout] 
[INFO] [stdout] test result: FAILED. 1 passed; 1 failed; 0 ignored; 0 measured; 0 filtered out; finished in 0.07s
[INFO] [stdout] 
[INFO] running `Command { std: "docker" "inspect" "39e430513f8a14fa3b86b97aa6abf122d0d71fae713d271ef485011e07cd20fa", kill_on_drop: false }`
[INFO] running `Command { std: "docker" "rm" "-f" "39e430513f8a14fa3b86b97aa6abf122d0d71fae713d271ef485011e07cd20fa", kill_on_drop: false }`
[INFO] [stdout] 39e430513f8a14fa3b86b97aa6abf122d0d71fae713d271ef485011e07cd20fa
