[INFO] cloning repository https://github.com/availproject/avail-subxt-light
[INFO] running `Command { std: "git" "-c" "credential.helper=" "-c" "credential.helper=/workspace/cargo-home/bin/git-credential-null" "clone" "--bare" "https://github.com/availproject/avail-subxt-light" "/workspace/cache/git-repos/https%3A%2F%2Fgithub.com%2Favailproject%2Favail-subxt-light", kill_on_drop: false }`
[INFO] [stderr] Cloning into bare repository '/workspace/cache/git-repos/https%3A%2F%2Fgithub.com%2Favailproject%2Favail-subxt-light'...
[INFO] running `Command { std: "git" "rev-parse" "HEAD", kill_on_drop: false }`
[INFO] [stdout] b136e5ea260155f4774396556b934640167db2d9
[INFO] testing availproject/avail-subxt-light against 1.83.0 for beta-1.84.0-4-retry
[INFO] running `Command { std: "git" "clone" "/workspace/cache/git-repos/https%3A%2F%2Fgithub.com%2Favailproject%2Favail-subxt-light" "/workspace/builds/worker-4-tc1/source", kill_on_drop: false }`
[INFO] [stderr] Cloning into '/workspace/builds/worker-4-tc1/source'...
[INFO] [stderr] done.
[INFO] validating manifest of git repo https://github.com/availproject/avail-subxt-light on toolchain 1.83.0
[INFO] running `Command { std: CARGO_HOME="/workspace/cargo-home" RUSTUP_HOME="/workspace/rustup-home" "/workspace/cargo-home/bin/cargo" "+1.83.0" "metadata" "--manifest-path" "Cargo.toml" "--no-deps", kill_on_drop: false }`
[INFO] started tweaking git repo https://github.com/availproject/avail-subxt-light
[INFO] finished tweaking git repo https://github.com/availproject/avail-subxt-light
[INFO] tweaked toml for git repo https://github.com/availproject/avail-subxt-light written to /workspace/builds/worker-4-tc1/source/Cargo.toml
[INFO] crate git repo https://github.com/availproject/avail-subxt-light already has a lockfile, it will not be regenerated
[INFO] running `Command { std: CARGO_HOME="/workspace/cargo-home" RUSTUP_HOME="/workspace/rustup-home" "/workspace/cargo-home/bin/cargo" "+1.83.0" "fetch" "--manifest-path" "Cargo.toml", kill_on_drop: false }`
[INFO] [stderr] warning: /workspace/builds/worker-4-tc1/source/Cargo.toml: unused manifest key: workspace.dependencies.hmac.default-feautes
[INFO] [stderr] warning: /workspace/builds/worker-4-tc1/source/Cargo.toml: unused manifest key: workspace.dependencies.regex-lite.default-feautes
[INFO] [stderr] warning: /workspace/builds/worker-4-tc1/source/client/Cargo.toml: unused manifest key: dependencies.sdk-core.version
[INFO] [stderr]     Blocking waiting for file lock on package cache
[INFO] [stderr]     Updating crates.io index
[INFO] [stderr]     Blocking waiting for file lock on package cache
[INFO] [stderr]  Downloading crates ...
[INFO] [stderr]   Downloaded jsonrpsee-http-client v0.24.5
[INFO] [stderr]   Downloaded impl-serde v0.5.0
[INFO] [stderr]   Downloaded primitive-types v0.13.1
[INFO] [stderr]   Downloaded impl-codec v0.7.0
[INFO] [stderr]   Downloaded avail-subxt-light-core v0.1.0
[INFO] [stderr]   Downloaded ss58-registry v1.50.0
[INFO] [stderr]   Downloaded jsonrpsee-core v0.24.5
[INFO] [stderr]   Downloaded jsonrpsee-types v0.24.5
[INFO] [stderr]   Downloaded uint v0.10.0
[INFO] [stderr]   Downloaded avail-subxt-light-client v0.1.0
[INFO] running `Command { std: "docker" "create" "-v" "/var/lib/crater-agent-workspace/builds/worker-4-tc1/target:/opt/rustwide/target:rw,Z" "-v" "/var/lib/crater-agent-workspace/builds/worker-4-tc1/source:/opt/rustwide/workdir:ro,Z" "-v" "/var/lib/crater-agent-workspace/cargo-home:/opt/rustwide/cargo-home:ro,Z" "-v" "/var/lib/crater-agent-workspace/rustup-home:/opt/rustwide/rustup-home:ro,Z" "-e" "SOURCE_DIR=/opt/rustwide/workdir" "-e" "CARGO_TARGET_DIR=/opt/rustwide/target" "-e" "CARGO_HOME=/opt/rustwide/cargo-home" "-e" "RUSTUP_HOME=/opt/rustwide/rustup-home" "-w" "/opt/rustwide/workdir" "-m" "1610612736" "--user" "0:0" "--network" "none" "ghcr.io/rust-lang/crates-build-env/linux@sha256:f3a9d4ad9d972b27faf3965f35b62e55ba32bbce8f20bc8fe909558a86702fde" "/opt/rustwide/cargo-home/bin/cargo" "+1.83.0" "metadata" "--no-deps" "--format-version=1", kill_on_drop: false }`
[INFO] [stdout] 690388c0e59e3784c37354c27b2e3e94a3e5cc642b146d7ecb80ce122a94d5ad
[INFO] running `Command { std: "docker" "start" "-a" "690388c0e59e3784c37354c27b2e3e94a3e5cc642b146d7ecb80ce122a94d5ad", kill_on_drop: false }`
[INFO] running `Command { std: "docker" "inspect" "690388c0e59e3784c37354c27b2e3e94a3e5cc642b146d7ecb80ce122a94d5ad", kill_on_drop: false }`
[INFO] running `Command { std: "docker" "rm" "-f" "690388c0e59e3784c37354c27b2e3e94a3e5cc642b146d7ecb80ce122a94d5ad", kill_on_drop: false }`
[INFO] [stdout] 690388c0e59e3784c37354c27b2e3e94a3e5cc642b146d7ecb80ce122a94d5ad
[INFO] running `Command { std: "docker" "create" "-v" "/var/lib/crater-agent-workspace/builds/worker-4-tc1/target:/opt/rustwide/target:rw,Z" "-v" "/var/lib/crater-agent-workspace/builds/worker-4-tc1/source:/opt/rustwide/workdir:ro,Z" "-v" "/var/lib/crater-agent-workspace/cargo-home:/opt/rustwide/cargo-home:ro,Z" "-v" "/var/lib/crater-agent-workspace/rustup-home:/opt/rustwide/rustup-home:ro,Z" "-e" "SOURCE_DIR=/opt/rustwide/workdir" "-e" "CARGO_TARGET_DIR=/opt/rustwide/target" "-e" "CARGO_INCREMENTAL=0" "-e" "RUST_BACKTRACE=full" "-e" "RUSTFLAGS=--cap-lints=warn" "-e" "RUSTDOCFLAGS=--cap-lints=warn" "-e" "CARGO_HOME=/opt/rustwide/cargo-home" "-e" "RUSTUP_HOME=/opt/rustwide/rustup-home" "-w" "/opt/rustwide/workdir" "-m" "1610612736" "--user" "0:0" "--network" "none" "ghcr.io/rust-lang/crates-build-env/linux@sha256:f3a9d4ad9d972b27faf3965f35b62e55ba32bbce8f20bc8fe909558a86702fde" "/opt/rustwide/cargo-home/bin/cargo" "+1.83.0" "build" "--frozen" "--message-format=json", kill_on_drop: false }`
[INFO] [stdout] bba14935eaf0d04fe28ef736cd2c374c43ac2d97e054041a86b8e3f8fdcd68b1
[INFO] running `Command { std: "docker" "start" "-a" "bba14935eaf0d04fe28ef736cd2c374c43ac2d97e054041a86b8e3f8fdcd68b1", kill_on_drop: false }`
[INFO] [stderr] warning: /opt/rustwide/workdir/Cargo.toml: unused manifest key: workspace.dependencies.hmac.default-feautes
[INFO] [stderr] warning: /opt/rustwide/workdir/Cargo.toml: unused manifest key: workspace.dependencies.regex-lite.default-feautes
[INFO] [stderr] warning: /opt/rustwide/workdir/client/Cargo.toml: unused manifest key: dependencies.sdk-core.version
[INFO] [stderr]    Compiling proc-macro2 v1.0.86
[INFO] [stderr]    Compiling unicode-ident v1.0.13
[INFO] [stderr]    Compiling libc v0.2.159
[INFO] [stderr]    Compiling itoa v1.0.11
[INFO] [stderr]    Compiling typenum v1.17.0
[INFO] [stderr]    Compiling version_check v0.9.5
[INFO] [stderr]    Compiling byteorder v1.5.0
[INFO] [stderr]    Compiling bytes v1.7.2
[INFO] [stderr]    Compiling pin-project-lite v0.2.14
[INFO] [stderr]    Compiling ryu v1.0.18
[INFO] [stderr]    Compiling futures-core v0.3.30
[INFO] [stderr]    Compiling serde v1.0.210
[INFO] [stderr]    Compiling memchr v2.7.4
[INFO] [stderr]    Compiling futures-sink v0.3.30
[INFO] [stderr]    Compiling fnv v1.0.7
[INFO] [stderr]    Compiling semver v1.0.23
[INFO] [stderr]    Compiling subtle v2.6.1
[INFO] [stderr]    Compiling once_cell v1.19.0
[INFO] [stderr]    Compiling pin-utils v0.1.0
[INFO] [stderr]    Compiling autocfg v1.4.0
[INFO] [stderr]    Compiling log v0.4.22
[INFO] [stderr]    Compiling serde_json v1.0.128
[INFO] [stderr]    Compiling futures-task v0.3.30
[INFO] [stderr]    Compiling futures-util v0.3.30
[INFO] [stderr]    Compiling syn v1.0.109
[INFO] [stderr]    Compiling crunchy v0.2.2
[INFO] [stderr]    Compiling tracing-core v0.1.32
[INFO] [stderr]    Compiling cpufeatures v0.2.14
[INFO] [stderr]    Compiling generic-array v0.14.7
[INFO] [stderr]    Compiling httparse v1.9.4
[INFO] [stderr]    Compiling thiserror v1.0.64
[INFO] [stderr]    Compiling equivalent v1.0.1
[INFO] [stderr]    Compiling tinyvec_macros v0.1.1
[INFO] [stderr]    Compiling arrayvec v0.7.6
[INFO] [stderr]    Compiling hashbrown v0.14.5
[INFO] [stderr]    Compiling rustc_version v0.4.1
[INFO] [stderr]    Compiling slab v0.4.9
[INFO] [stderr]    Compiling unicode-xid v0.2.6
[INFO] [stderr]    Compiling static_assertions v1.1.0
[INFO] [stderr]    Compiling Inflector v0.11.4
[INFO] [stderr]    Compiling http v1.1.0
[INFO] [stderr]    Compiling tinyvec v1.8.0
[INFO] [stderr]    Compiling hex v0.4.3
[INFO] [stderr]    Compiling rustc-hex v2.1.0
[INFO] [stderr]    Compiling arrayref v0.3.9
[INFO] [stderr]    Compiling atomic-waker v1.1.2
[INFO] [stderr]    Compiling try-lock v0.2.5
[INFO] [stderr]    Compiling curve25519-dalek v4.1.3
[INFO] [stderr]    Compiling keccak v0.1.5
[INFO] [stderr]    Compiling want v0.3.1
[INFO] [stderr]    Compiling futures-channel v0.3.30
[INFO] [stderr]    Compiling smallvec v1.13.2
[INFO] [stderr]    Compiling getrandom v0.2.15
[INFO] [stderr]    Compiling mio v1.0.2
[INFO] [stderr]    Compiling socket2 v0.5.7
[INFO] [stderr]    Compiling uint v0.10.0
[INFO] [stderr]    Compiling unicode-bidi v0.3.15
[INFO] [stderr]    Compiling byte-slice-cast v1.2.2
[INFO] [stderr]    Compiling constant_time_eq v0.3.1
[INFO] [stderr]    Compiling quote v1.0.37
[INFO] [stderr]    Compiling rand_core v0.6.4
[INFO] [stderr]    Compiling bitcoin_hashes v0.11.0
[INFO] [stderr]    Compiling syn v2.0.77
[INFO] [stderr]    Compiling percent-encoding v2.3.1
[INFO] [stderr]    Compiling http-body v1.0.1
[INFO] [stderr]    Compiling tower-service v0.3.3
[INFO] [stderr]    Compiling getrandom_or_panic v0.0.3
[INFO] [stderr]    Compiling form_urlencoded v1.2.1
[INFO] [stderr]    Compiling unicode-normalization v0.1.24
[INFO] [stderr]    Compiling blake2b_simd v1.0.2
[INFO] [stderr]    Compiling regex-lite v0.1.6
[INFO] [stderr]    Compiling bs58 v0.5.1
[INFO] [stderr]    Compiling tower-layer v0.3.3
[INFO] [stderr]    Compiling tokio v1.40.0
[INFO] [stderr]    Compiling base64 v0.22.1
[INFO] [stderr]    Compiling indexmap v2.5.0
[INFO] [stderr]    Compiling idna v0.5.0
[INFO] [stderr]    Compiling crypto-common v0.1.6
[INFO] [stderr]    Compiling block-buffer v0.10.4
[INFO] [stderr]    Compiling bip39 v2.0.0
[INFO] [stderr]    Compiling url v2.5.2
[INFO] [stderr]    Compiling digest v0.10.7
[INFO] [stderr]    Compiling sha2 v0.10.8
[INFO] [stderr]    Compiling pbkdf2 v0.12.2
[INFO] [stderr]    Compiling hmac v0.12.1
[INFO] [stderr]    Compiling blake2 v0.10.6
[INFO] [stderr]    Compiling http-body-util v0.1.2
[INFO] [stderr]    Compiling serde_derive v1.0.210
[INFO] [stderr]    Compiling zerocopy-derive v0.7.35
[INFO] [stderr]    Compiling zeroize_derive v1.4.2
[INFO] [stderr]    Compiling tracing-attributes v0.1.27
[INFO] [stderr]    Compiling curve25519-dalek-derive v0.1.1
[INFO] [stderr]    Compiling thiserror-impl v1.0.64
[INFO] [stderr]    Compiling pin-project-internal v1.1.5
[INFO] [stderr]    Compiling async-trait v0.1.83
[INFO] [stderr]    Compiling zerocopy v0.7.35
[INFO] [stderr]    Compiling zeroize v1.8.1
[INFO] [stderr]    Compiling merlin v3.0.0
[INFO] [stderr]    Compiling secrecy v0.8.0
[INFO] [stderr]    Compiling pin-project v1.1.5
[INFO] [stderr]    Compiling ppv-lite86 v0.2.20
[INFO] [stderr]    Compiling tracing v0.1.40
[INFO] [stderr]    Compiling tower v0.4.13
[INFO] [stderr]    Compiling rand_chacha v0.3.1
[INFO] [stderr]    Compiling rand v0.8.5
[INFO] [stderr]    Compiling schnorrkel v0.11.4
[INFO] [stderr]    Compiling fixed-hash v0.8.0
[INFO] [stderr]    Compiling tokio-util v0.7.12
[INFO] [stderr]    Compiling h2 v0.4.6
[INFO] [stderr]    Compiling impl-trait-for-tuples v0.2.2
[INFO] [stderr]    Compiling parity-scale-codec v3.6.12
[INFO] [stderr]    Compiling impl-serde v0.5.0
[INFO] [stderr]    Compiling ss58-registry v1.50.0
[INFO] [stderr]    Compiling primitive-types v0.13.1
[INFO] [stderr]    Compiling jsonrpsee-types v0.24.5
[INFO] [stderr]    Compiling avail-subxt-light-core v0.1.0
[INFO] [stderr]    Compiling avail-subxt-light-core v0.1.0 (/opt/rustwide/workdir/core)
[INFO] [stdout] warning: unexpected `cfg` condition value: `std`
[INFO] [stdout]    --> core/src/crypto/secret_uri.rs:135:7
[INFO] [stdout]     |
[INFO] [stdout] 135 | #[cfg(feature = "std")]
[INFO] [stdout]     |       ^^^^^^^^^^^^^^^ help: remove the condition
[INFO] [stdout]     |
[INFO] [stdout]     = note: no expected values for `feature`
[INFO] [stdout]     = help: consider adding `std` as a feature in `Cargo.toml`
[INFO] [stdout]     = note: see <https://doc.rust-lang.org/nightly/rustc/check-cfg/cargo-specifics.html> for more information about checking conditional configuration
[INFO] [stdout]     = note: `#[warn(unexpected_cfgs)]` on by default
[INFO] [stdout] 
[INFO] [stdout] 
[INFO] [stdout] warning: unexpected `cfg` condition value: `std`
[INFO] [stdout]   --> core/src/crypto/ss58.rs:33:13
[INFO] [stdout]    |
[INFO] [stdout] 33 |     #[cfg_attr(feature = "std", error("Base 58 requirement is violated"))]
[INFO] [stdout]    |                ^^^^^^^^^^^^^^^ help: remove the condition
[INFO] [stdout]    |
[INFO] [stdout]    = note: no expected values for `feature`
[INFO] [stdout]    = help: consider adding `std` as a feature in `Cargo.toml`
[INFO] [stdout]    = note: see <https://doc.rust-lang.org/nightly/rustc/check-cfg/cargo-specifics.html> for more information about checking conditional configuration
[INFO] [stdout] 
[INFO] [stdout] 
[INFO] [stdout] warning: unexpected `cfg` condition value: `std`
[INFO] [stdout]   --> core/src/crypto/ss58.rs:35:13
[INFO] [stdout]    |
[INFO] [stdout] 35 |     #[cfg_attr(feature = "std", error("Length is bad"))]
[INFO] [stdout]    |                ^^^^^^^^^^^^^^^ help: remove the condition
[INFO] [stdout]    |
[INFO] [stdout]    = note: no expected values for `feature`
[INFO] [stdout]    = help: consider adding `std` as a feature in `Cargo.toml`
[INFO] [stdout]    = note: see <https://doc.rust-lang.org/nightly/rustc/check-cfg/cargo-specifics.html> for more information about checking conditional configuration
[INFO] [stdout] 
[INFO] [stdout] 
[INFO] [stdout] warning: unexpected `cfg` condition value: `std`
[INFO] [stdout]   --> core/src/crypto/ss58.rs:38:3
[INFO] [stdout]    |
[INFO] [stdout] 38 |         feature = "std",
[INFO] [stdout]    |         ^^^^^^^^^^^^^^^ help: remove the condition
[INFO] [stdout]    |
[INFO] [stdout]    = note: no expected values for `feature`
[INFO] [stdout]    = help: consider adding `std` as a feature in `Cargo.toml`
[INFO] [stdout]    = note: see <https://doc.rust-lang.org/nightly/rustc/check-cfg/cargo-specifics.html> for more information about checking conditional configuration
[INFO] [stdout] 
[INFO] [stdout] 
[INFO] [stdout] warning: unexpected `cfg` condition value: `std`
[INFO] [stdout]   --> core/src/crypto/ss58.rs:46:13
[INFO] [stdout]    |
[INFO] [stdout] 46 |     #[cfg_attr(feature = "std", error("Invalid checksum"))]
[INFO] [stdout]    |                ^^^^^^^^^^^^^^^ help: remove the condition
[INFO] [stdout]    |
[INFO] [stdout]    = note: no expected values for `feature`
[INFO] [stdout]    = help: consider adding `std` as a feature in `Cargo.toml`
[INFO] [stdout]    = note: see <https://doc.rust-lang.org/nightly/rustc/check-cfg/cargo-specifics.html> for more information about checking conditional configuration
[INFO] [stdout] 
[INFO] [stdout] 
[INFO] [stdout] warning: unexpected `cfg` condition value: `std`
[INFO] [stdout]   --> core/src/crypto/ss58.rs:48:13
[INFO] [stdout]    |
[INFO] [stdout] 48 |     #[cfg_attr(feature = "std", error("Invalid SS58 prefix byte."))]
[INFO] [stdout]    |                ^^^^^^^^^^^^^^^ help: remove the condition
[INFO] [stdout]    |
[INFO] [stdout]    = note: no expected values for `feature`
[INFO] [stdout]    = help: consider adding `std` as a feature in `Cargo.toml`
[INFO] [stdout]    = note: see <https://doc.rust-lang.org/nightly/rustc/check-cfg/cargo-specifics.html> for more information about checking conditional configuration
[INFO] [stdout] 
[INFO] [stdout] 
[INFO] [stdout] warning: unexpected `cfg` condition value: `std`
[INFO] [stdout]   --> core/src/crypto/ss58.rs:50:13
[INFO] [stdout]    |
[INFO] [stdout] 50 |     #[cfg_attr(feature = "std", error("Invalid SS58 format."))]
[INFO] [stdout]    |                ^^^^^^^^^^^^^^^ help: remove the condition
[INFO] [stdout]    |
[INFO] [stdout]    = note: no expected values for `feature`
[INFO] [stdout]    = help: consider adding `std` as a feature in `Cargo.toml`
[INFO] [stdout]    = note: see <https://doc.rust-lang.org/nightly/rustc/check-cfg/cargo-specifics.html> for more information about checking conditional configuration
[INFO] [stdout] 
[INFO] [stdout] 
[INFO] [stdout] warning: unexpected `cfg` condition value: `std`
[INFO] [stdout]   --> core/src/crypto/ss58.rs:52:13
[INFO] [stdout]    |
[INFO] [stdout] 52 |     #[cfg_attr(feature = "std", error("Invalid derivation path."))]
[INFO] [stdout]    |                ^^^^^^^^^^^^^^^ help: remove the condition
[INFO] [stdout]    |
[INFO] [stdout]    = note: no expected values for `feature`
[INFO] [stdout]    = help: consider adding `std` as a feature in `Cargo.toml`
[INFO] [stdout]    = note: see <https://doc.rust-lang.org/nightly/rustc/check-cfg/cargo-specifics.html> for more information about checking conditional configuration
[INFO] [stdout] 
[INFO] [stdout] 
[INFO] [stdout] warning: unexpected `cfg` condition value: `std`
[INFO] [stdout]   --> core/src/crypto/ss58.rs:55:3
[INFO] [stdout]    |
[INFO] [stdout] 55 |         feature = "std",
[INFO] [stdout]    |         ^^^^^^^^^^^^^^^ help: remove the condition
[INFO] [stdout]    |
[INFO] [stdout]    = note: no expected values for `feature`
[INFO] [stdout]    = help: consider adding `std` as a feature in `Cargo.toml`
[INFO] [stdout]    = note: see <https://doc.rust-lang.org/nightly/rustc/check-cfg/cargo-specifics.html> for more information about checking conditional configuration
[INFO] [stdout] 
[INFO] [stdout] 
[INFO] [stdout] warning: unexpected `cfg` condition value: `std`
[INFO] [stdout]   --> core/src/crypto/ss58.rs:59:13
[INFO] [stdout]    |
[INFO] [stdout] 59 |     #[cfg_attr(feature = "std", error("Password not allowed."))]
[INFO] [stdout]    |                ^^^^^^^^^^^^^^^ help: remove the condition
[INFO] [stdout]    |
[INFO] [stdout]    = note: no expected values for `feature`
[INFO] [stdout]    = help: consider adding `std` as a feature in `Cargo.toml`
[INFO] [stdout]    = note: see <https://doc.rust-lang.org/nightly/rustc/check-cfg/cargo-specifics.html> for more information about checking conditional configuration
[INFO] [stdout] 
[INFO] [stdout] 
[INFO] [stdout] warning: unexpected `cfg` condition value: `std`
[INFO] [stdout]   --> core/src/crypto/ss58.rs:62:13
[INFO] [stdout]    |
[INFO] [stdout] 62 |     #[cfg_attr(feature = "std", error("Incorrect URI syntax {0}."))]
[INFO] [stdout]    |                ^^^^^^^^^^^^^^^ help: remove the condition
[INFO] [stdout]    |
[INFO] [stdout]    = note: no expected values for `feature`
[INFO] [stdout]    = help: consider adding `std` as a feature in `Cargo.toml`
[INFO] [stdout]    = note: see <https://doc.rust-lang.org/nightly/rustc/check-cfg/cargo-specifics.html> for more information about checking conditional configuration
[INFO] [stdout] 
[INFO] [stdout] 
[INFO] [stdout] warning: unexpected `cfg` condition value: `std`
[INFO] [stdout]   --> core/src/crypto/ss58.rs:61:8
[INFO] [stdout]    |
[INFO] [stdout] 61 |     #[cfg(feature = "std")]
[INFO] [stdout]    |           ^^^^^^^^^^^^^^^ help: remove the condition
[INFO] [stdout]    |
[INFO] [stdout]    = note: no expected values for `feature`
[INFO] [stdout]    = help: consider adding `std` as a feature in `Cargo.toml`
[INFO] [stdout]    = note: see <https://doc.rust-lang.org/nightly/rustc/check-cfg/cargo-specifics.html> for more information about checking conditional configuration
[INFO] [stdout] 
[INFO] [stdout] 
[INFO] [stderr]    Compiling hyper v1.4.1
[INFO] [stderr]    Compiling jsonrpsee-core v0.24.5
[INFO] [stdout] warning: unused variable: `input`
[INFO] [stdout]   --> core/src/crypto/derive_junction.rs:40:3
[INFO] [stdout]    |
[INFO] [stdout] 40 |         input: &mut I,
[INFO] [stdout]    |         ^^^^^ help: if this is intentional, prefix it with an underscore: `_input`
[INFO] [stdout]    |
[INFO] [stdout]    = note: `#[warn(unused_variables)]` on by default
[INFO] [stdout] 
[INFO] [stdout] 
[INFO] [stdout] warning: fields `normal`, `operational`, and `mandatory` are never read
[INFO] [stdout]   --> core/src/types/avail.rs:74:3
[INFO] [stdout]    |
[INFO] [stdout] 72 |     pub struct PreDispatchClass<T> {
[INFO] [stdout]    |                ---------------- fields in this struct
[INFO] [stdout] 73 |         /// Value for `Normal` extrinsics.
[INFO] [stdout] 74 |         normal: T,
[INFO] [stdout]    |         ^^^^^^
[INFO] [stdout] 75 |         /// Value for `Operational` extrinsics.
[INFO] [stdout] 76 |         operational: T,
[INFO] [stdout]    |         ^^^^^^^^^^^
[INFO] [stdout] 77 |         /// Value for `Mandatory` extrinsics.
[INFO] [stdout] 78 |         mandatory: T,
[INFO] [stdout]    |         ^^^^^^^^^
[INFO] [stdout]    |
[INFO] [stdout]    = note: `PreDispatchClass` has derived impls for the traits `Clone` and `Debug`, but these are intentionally ignored during dead code analysis
[INFO] [stdout]    = note: `#[warn(dead_code)]` on by default
[INFO] [stdout] 
[INFO] [stdout] 
[INFO] [stderr]    Compiling hyper-util v0.1.9
[INFO] [stderr]    Compiling jsonrpsee-http-client v0.24.5
[INFO] [stderr]    Compiling avail-subxt-light-client v0.1.0
[INFO] [stderr]    Compiling avail-subxt-light-client v0.1.0 (/opt/rustwide/workdir/client)
[INFO] [stderr]    Compiling avail-subxt-light-example v0.1.0 (/opt/rustwide/workdir/example)
[INFO] [stderr]     Finished `dev` profile [unoptimized + debuginfo] target(s) in 51.47s
[INFO] running `Command { std: "docker" "inspect" "bba14935eaf0d04fe28ef736cd2c374c43ac2d97e054041a86b8e3f8fdcd68b1", kill_on_drop: false }`
[INFO] running `Command { std: "docker" "rm" "-f" "bba14935eaf0d04fe28ef736cd2c374c43ac2d97e054041a86b8e3f8fdcd68b1", kill_on_drop: false }`
[INFO] [stdout] bba14935eaf0d04fe28ef736cd2c374c43ac2d97e054041a86b8e3f8fdcd68b1
[INFO] running `Command { std: "docker" "create" "-v" "/var/lib/crater-agent-workspace/builds/worker-4-tc1/target:/opt/rustwide/target:rw,Z" "-v" "/var/lib/crater-agent-workspace/builds/worker-4-tc1/source:/opt/rustwide/workdir:ro,Z" "-v" "/var/lib/crater-agent-workspace/cargo-home:/opt/rustwide/cargo-home:ro,Z" "-v" "/var/lib/crater-agent-workspace/rustup-home:/opt/rustwide/rustup-home:ro,Z" "-e" "SOURCE_DIR=/opt/rustwide/workdir" "-e" "CARGO_TARGET_DIR=/opt/rustwide/target" "-e" "CARGO_INCREMENTAL=0" "-e" "RUST_BACKTRACE=full" "-e" "RUSTFLAGS=--cap-lints=warn" "-e" "RUSTDOCFLAGS=--cap-lints=warn" "-e" "CARGO_HOME=/opt/rustwide/cargo-home" "-e" "RUSTUP_HOME=/opt/rustwide/rustup-home" "-w" "/opt/rustwide/workdir" "-m" "1610612736" "--user" "0:0" "--network" "none" "ghcr.io/rust-lang/crates-build-env/linux@sha256:f3a9d4ad9d972b27faf3965f35b62e55ba32bbce8f20bc8fe909558a86702fde" "/opt/rustwide/cargo-home/bin/cargo" "+1.83.0" "test" "--frozen" "--no-run" "--message-format=json", kill_on_drop: false }`
[INFO] [stdout] 2687eeeb8af7baee94bd638513eadc310f5ef1cb80d4d2a932a3c554e3d1df54
[INFO] running `Command { std: "docker" "start" "-a" "2687eeeb8af7baee94bd638513eadc310f5ef1cb80d4d2a932a3c554e3d1df54", kill_on_drop: false }`
[INFO] [stderr] warning: /opt/rustwide/workdir/client/Cargo.toml: unused manifest key: dependencies.sdk-core.version
[INFO] [stderr] warning: /opt/rustwide/workdir/Cargo.toml: unused manifest key: workspace.dependencies.hmac.default-feautes
[INFO] [stderr] warning: /opt/rustwide/workdir/Cargo.toml: unused manifest key: workspace.dependencies.regex-lite.default-feautes
[INFO] [stdout] warning: unexpected `cfg` condition value: `std`
[INFO] [stdout]    --> core/src/crypto/secret_uri.rs:135:7
[INFO] [stdout]     |
[INFO] [stdout] 135 | #[cfg(feature = "std")]
[INFO] [stdout]     |       ^^^^^^^^^^^^^^^ help: remove the condition
[INFO] [stdout]     |
[INFO] [stdout]     = note: no expected values for `feature`
[INFO] [stdout]     = help: consider adding `std` as a feature in `Cargo.toml`
[INFO] [stdout]     = note: see <https://doc.rust-lang.org/nightly/rustc/check-cfg/cargo-specifics.html> for more information about checking conditional configuration
[INFO] [stdout]     = note: `#[warn(unexpected_cfgs)]` on by default
[INFO] [stdout] 
[INFO] [stdout] 
[INFO] [stdout] warning: unexpected `cfg` condition value: `std`
[INFO] [stdout]   --> core/src/crypto/ss58.rs:33:13
[INFO] [stdout]    |
[INFO] [stdout] 33 |     #[cfg_attr(feature = "std", error("Base 58 requirement is violated"))]
[INFO] [stdout]    |                ^^^^^^^^^^^^^^^ help: remove the condition
[INFO] [stdout]    |
[INFO] [stdout]    = note: no expected values for `feature`
[INFO] [stdout]    = help: consider adding `std` as a feature in `Cargo.toml`
[INFO] [stdout]    = note: see <https://doc.rust-lang.org/nightly/rustc/check-cfg/cargo-specifics.html> for more information about checking conditional configuration
[INFO] [stdout] 
[INFO] [stdout] 
[INFO] [stdout] warning: unexpected `cfg` condition value: `std`
[INFO] [stdout]   --> core/src/crypto/ss58.rs:35:13
[INFO] [stdout]    |
[INFO] [stdout] 35 |     #[cfg_attr(feature = "std", error("Length is bad"))]
[INFO] [stdout]    |                ^^^^^^^^^^^^^^^ help: remove the condition
[INFO] [stdout]    |
[INFO] [stdout]    = note: no expected values for `feature`
[INFO] [stdout]    = help: consider adding `std` as a feature in `Cargo.toml`
[INFO] [stdout]    = note: see <https://doc.rust-lang.org/nightly/rustc/check-cfg/cargo-specifics.html> for more information about checking conditional configuration
[INFO] [stdout] 
[INFO] [stdout] 
[INFO] [stdout] warning: unexpected `cfg` condition value: `std`
[INFO] [stdout]   --> core/src/crypto/ss58.rs:38:3
[INFO] [stdout]    |
[INFO] [stdout] 38 |         feature = "std",
[INFO] [stdout]    |         ^^^^^^^^^^^^^^^ help: remove the condition
[INFO] [stdout]    |
[INFO] [stdout]    = note: no expected values for `feature`
[INFO] [stdout]    = help: consider adding `std` as a feature in `Cargo.toml`
[INFO] [stdout]    = note: see <https://doc.rust-lang.org/nightly/rustc/check-cfg/cargo-specifics.html> for more information about checking conditional configuration
[INFO] [stdout] 
[INFO] [stdout] 
[INFO] [stdout] warning: unexpected `cfg` condition value: `std`
[INFO] [stdout]   --> core/src/crypto/ss58.rs:46:13
[INFO] [stdout]    |
[INFO] [stdout] 46 |     #[cfg_attr(feature = "std", error("Invalid checksum"))]
[INFO] [stdout]    |                ^^^^^^^^^^^^^^^ help: remove the condition
[INFO] [stdout]    |
[INFO] [stdout]    = note: no expected values for `feature`
[INFO] [stdout]    = help: consider adding `std` as a feature in `Cargo.toml`
[INFO] [stdout]    = note: see <https://doc.rust-lang.org/nightly/rustc/check-cfg/cargo-specifics.html> for more information about checking conditional configuration
[INFO] [stdout] 
[INFO] [stdout] 
[INFO] [stdout] warning: unexpected `cfg` condition value: `std`
[INFO] [stdout]   --> core/src/crypto/ss58.rs:48:13
[INFO] [stdout]    |
[INFO] [stdout] 48 |     #[cfg_attr(feature = "std", error("Invalid SS58 prefix byte."))]
[INFO] [stdout]    |                ^^^^^^^^^^^^^^^ help: remove the condition
[INFO] [stdout]    |
[INFO] [stdout]    = note: no expected values for `feature`
[INFO] [stdout]    = help: consider adding `std` as a feature in `Cargo.toml`
[INFO] [stdout]    = note: see <https://doc.rust-lang.org/nightly/rustc/check-cfg/cargo-specifics.html> for more information about checking conditional configuration
[INFO] [stdout] 
[INFO] [stdout] 
[INFO] [stdout] warning: unexpected `cfg` condition value: `std`
[INFO] [stdout]   --> core/src/crypto/ss58.rs:50:13
[INFO] [stdout]    |
[INFO] [stdout] 50 |     #[cfg_attr(feature = "std", error("Invalid SS58 format."))]
[INFO] [stdout]    |                ^^^^^^^^^^^^^^^ help: remove the condition
[INFO] [stdout]    |
[INFO] [stdout]    = note: no expected values for `feature`
[INFO] [stdout]    = help: consider adding `std` as a feature in `Cargo.toml`
[INFO] [stdout]    = note: see <https://doc.rust-lang.org/nightly/rustc/check-cfg/cargo-specifics.html> for more information about checking conditional configuration
[INFO] [stdout] 
[INFO] [stdout] 
[INFO] [stdout] warning: unexpected `cfg` condition value: `std`
[INFO] [stdout]   --> core/src/crypto/ss58.rs:52:13
[INFO] [stdout]    |
[INFO] [stdout] 52 |     #[cfg_attr(feature = "std", error("Invalid derivation path."))]
[INFO] [stdout]    |                ^^^^^^^^^^^^^^^ help: remove the condition
[INFO] [stdout]    |
[INFO] [stdout]    = note: no expected values for `feature`
[INFO] [stdout]    = help: consider adding `std` as a feature in `Cargo.toml`
[INFO] [stdout]    = note: see <https://doc.rust-lang.org/nightly/rustc/check-cfg/cargo-specifics.html> for more information about checking conditional configuration
[INFO] [stdout] 
[INFO] [stdout] 
[INFO] [stdout] warning: unexpected `cfg` condition value: `std`
[INFO] [stdout]   --> core/src/crypto/ss58.rs:55:3
[INFO] [stdout]    |
[INFO] [stdout] 55 |         feature = "std",
[INFO] [stdout]    |         ^^^^^^^^^^^^^^^ help: remove the condition
[INFO] [stdout]    |
[INFO] [stdout]    = note: no expected values for `feature`
[INFO] [stdout]    = help: consider adding `std` as a feature in `Cargo.toml`
[INFO] [stdout]    = note: see <https://doc.rust-lang.org/nightly/rustc/check-cfg/cargo-specifics.html> for more information about checking conditional configuration
[INFO] [stdout] 
[INFO] [stdout] 
[INFO] [stdout] warning: unexpected `cfg` condition value: `std`
[INFO] [stdout]   --> core/src/crypto/ss58.rs:59:13
[INFO] [stdout]    |
[INFO] [stdout] 59 |     #[cfg_attr(feature = "std", error("Password not allowed."))]
[INFO] [stdout]    |                ^^^^^^^^^^^^^^^ help: remove the condition
[INFO] [stdout]    |
[INFO] [stdout]    = note: no expected values for `feature`
[INFO] [stdout]    = help: consider adding `std` as a feature in `Cargo.toml`
[INFO] [stdout]    = note: see <https://doc.rust-lang.org/nightly/rustc/check-cfg/cargo-specifics.html> for more information about checking conditional configuration
[INFO] [stdout] 
[INFO] [stdout] 
[INFO] [stdout] warning: unexpected `cfg` condition value: `std`
[INFO] [stdout]   --> core/src/crypto/ss58.rs:62:13
[INFO] [stdout]    |
[INFO] [stdout] 62 |     #[cfg_attr(feature = "std", error("Incorrect URI syntax {0}."))]
[INFO] [stdout]    |                ^^^^^^^^^^^^^^^ help: remove the condition
[INFO] [stdout]    |
[INFO] [stdout]    = note: no expected values for `feature`
[INFO] [stdout]    = help: consider adding `std` as a feature in `Cargo.toml`
[INFO] [stdout]    = note: see <https://doc.rust-lang.org/nightly/rustc/check-cfg/cargo-specifics.html> for more information about checking conditional configuration
[INFO] [stdout] 
[INFO] [stdout] 
[INFO] [stderr]    Compiling avail-subxt-light-core v0.1.0 (/opt/rustwide/workdir/core)
[INFO] [stdout] warning: unexpected `cfg` condition value: `std`
[INFO] [stdout]   --> core/src/crypto/ss58.rs:61:8
[INFO] [stdout]    |
[INFO] [stdout] 61 |     #[cfg(feature = "std")]
[INFO] [stdout]    |           ^^^^^^^^^^^^^^^ help: remove the condition
[INFO] [stdout]    |
[INFO] [stdout]    = note: no expected values for `feature`
[INFO] [stdout]    = help: consider adding `std` as a feature in `Cargo.toml`
[INFO] [stdout]    = note: see <https://doc.rust-lang.org/nightly/rustc/check-cfg/cargo-specifics.html> for more information about checking conditional configuration
[INFO] [stdout] 
[INFO] [stdout] 
[INFO] [stderr]    Compiling avail-subxt-light-client v0.1.0 (/opt/rustwide/workdir/client)
[INFO] [stdout] warning: unused variable: `input`
[INFO] [stdout]   --> core/src/crypto/derive_junction.rs:40:3
[INFO] [stdout]    |
[INFO] [stdout] 40 |         input: &mut I,
[INFO] [stdout]    |         ^^^^^ help: if this is intentional, prefix it with an underscore: `_input`
[INFO] [stdout]    |
[INFO] [stdout]    = note: `#[warn(unused_variables)]` on by default
[INFO] [stdout] 
[INFO] [stdout] 
[INFO] [stderr]    Compiling avail-subxt-light-example v0.1.0 (/opt/rustwide/workdir/example)
[INFO] [stdout] warning: fields `normal`, `operational`, and `mandatory` are never read
[INFO] [stdout]   --> core/src/types/avail.rs:74:3
[INFO] [stdout]    |
[INFO] [stdout] 72 |     pub struct PreDispatchClass<T> {
[INFO] [stdout]    |                ---------------- fields in this struct
[INFO] [stdout] 73 |         /// Value for `Normal` extrinsics.
[INFO] [stdout] 74 |         normal: T,
[INFO] [stdout]    |         ^^^^^^
[INFO] [stdout] 75 |         /// Value for `Operational` extrinsics.
[INFO] [stdout] 76 |         operational: T,
[INFO] [stdout]    |         ^^^^^^^^^^^
[INFO] [stdout] 77 |         /// Value for `Mandatory` extrinsics.
[INFO] [stdout] 78 |         mandatory: T,
[INFO] [stdout]    |         ^^^^^^^^^
[INFO] [stdout]    |
[INFO] [stdout]    = note: `PreDispatchClass` has derived impls for the traits `Clone` and `Debug`, but these are intentionally ignored during dead code analysis
[INFO] [stdout]    = note: `#[warn(dead_code)]` on by default
[INFO] [stdout] 
[INFO] [stdout] 
[INFO] [stdout] warning: unexpected `cfg` condition value: `std`
[INFO] [stdout]    --> core/src/crypto/secret_uri.rs:135:7
[INFO] [stdout]     |
[INFO] [stdout] 135 | #[cfg(feature = "std")]
[INFO] [stdout]     |       ^^^^^^^^^^^^^^^ help: remove the condition
[INFO] [stdout]     |
[INFO] [stdout]     = note: no expected values for `feature`
[INFO] [stdout]     = help: consider adding `std` as a feature in `Cargo.toml`
[INFO] [stdout]     = note: see <https://doc.rust-lang.org/nightly/rustc/check-cfg/cargo-specifics.html> for more information about checking conditional configuration
[INFO] [stdout]     = note: `#[warn(unexpected_cfgs)]` on by default
[INFO] [stdout] 
[INFO] [stdout] 
[INFO] [stdout] warning: unexpected `cfg` condition value: `std`
[INFO] [stdout]   --> core/src/crypto/ss58.rs:33:13
[INFO] [stdout]    |
[INFO] [stdout] 33 |     #[cfg_attr(feature = "std", error("Base 58 requirement is violated"))]
[INFO] [stdout]    |                ^^^^^^^^^^^^^^^ help: remove the condition
[INFO] [stdout]    |
[INFO] [stdout]    = note: no expected values for `feature`
[INFO] [stdout]    = help: consider adding `std` as a feature in `Cargo.toml`
[INFO] [stdout]    = note: see <https://doc.rust-lang.org/nightly/rustc/check-cfg/cargo-specifics.html> for more information about checking conditional configuration
[INFO] [stdout] 
[INFO] [stdout] 
[INFO] [stdout] warning: unexpected `cfg` condition value: `std`
[INFO] [stdout]   --> core/src/crypto/ss58.rs:35:13
[INFO] [stdout]    |
[INFO] [stdout] 35 |     #[cfg_attr(feature = "std", error("Length is bad"))]
[INFO] [stdout]    |                ^^^^^^^^^^^^^^^ help: remove the condition
[INFO] [stdout]    |
[INFO] [stdout]    = note: no expected values for `feature`
[INFO] [stdout]    = help: consider adding `std` as a feature in `Cargo.toml`
[INFO] [stdout]    = note: see <https://doc.rust-lang.org/nightly/rustc/check-cfg/cargo-specifics.html> for more information about checking conditional configuration
[INFO] [stdout] 
[INFO] [stdout] 
[INFO] [stdout] warning: unexpected `cfg` condition value: `std`
[INFO] [stdout]   --> core/src/crypto/ss58.rs:38:3
[INFO] [stdout]    |
[INFO] [stdout] 38 |         feature = "std",
[INFO] [stdout]    |         ^^^^^^^^^^^^^^^ help: remove the condition
[INFO] [stdout]    |
[INFO] [stdout]    = note: no expected values for `feature`
[INFO] [stdout]    = help: consider adding `std` as a feature in `Cargo.toml`
[INFO] [stdout]    = note: see <https://doc.rust-lang.org/nightly/rustc/check-cfg/cargo-specifics.html> for more information about checking conditional configuration
[INFO] [stdout] 
[INFO] [stdout] 
[INFO] [stdout] warning: unexpected `cfg` condition value: `std`
[INFO] [stdout]   --> core/src/crypto/ss58.rs:46:13
[INFO] [stdout]    |
[INFO] [stdout] 46 |     #[cfg_attr(feature = "std", error("Invalid checksum"))]
[INFO] [stdout]    |                ^^^^^^^^^^^^^^^ help: remove the condition
[INFO] [stdout]    |
[INFO] [stdout]    = note: no expected values for `feature`
[INFO] [stdout]    = help: consider adding `std` as a feature in `Cargo.toml`
[INFO] [stdout]    = note: see <https://doc.rust-lang.org/nightly/rustc/check-cfg/cargo-specifics.html> for more information about checking conditional configuration
[INFO] [stdout] 
[INFO] [stdout] 
[INFO] [stdout] warning: unexpected `cfg` condition value: `std`
[INFO] [stdout]   --> core/src/crypto/ss58.rs:48:13
[INFO] [stdout]    |
[INFO] [stdout] 48 |     #[cfg_attr(feature = "std", error("Invalid SS58 prefix byte."))]
[INFO] [stdout]    |                ^^^^^^^^^^^^^^^ help: remove the condition
[INFO] [stdout]    |
[INFO] [stdout]    = note: no expected values for `feature`
[INFO] [stdout]    = help: consider adding `std` as a feature in `Cargo.toml`
[INFO] [stdout]    = note: see <https://doc.rust-lang.org/nightly/rustc/check-cfg/cargo-specifics.html> for more information about checking conditional configuration
[INFO] [stdout] 
[INFO] [stdout] 
[INFO] [stdout] warning: unexpected `cfg` condition value: `std`
[INFO] [stdout]   --> core/src/crypto/ss58.rs:50:13
[INFO] [stdout]    |
[INFO] [stdout] 50 |     #[cfg_attr(feature = "std", error("Invalid SS58 format."))]
[INFO] [stdout]    |                ^^^^^^^^^^^^^^^ help: remove the condition
[INFO] [stdout]    |
[INFO] [stdout]    = note: no expected values for `feature`
[INFO] [stdout]    = help: consider adding `std` as a feature in `Cargo.toml`
[INFO] [stdout]    = note: see <https://doc.rust-lang.org/nightly/rustc/check-cfg/cargo-specifics.html> for more information about checking conditional configuration
[INFO] [stdout] 
[INFO] [stdout] 
[INFO] [stdout] warning: unexpected `cfg` condition value: `std`
[INFO] [stdout]   --> core/src/crypto/ss58.rs:52:13
[INFO] [stdout]    |
[INFO] [stdout] 52 |     #[cfg_attr(feature = "std", error("Invalid derivation path."))]
[INFO] [stdout]    |                ^^^^^^^^^^^^^^^ help: remove the condition
[INFO] [stdout]    |
[INFO] [stdout]    = note: no expected values for `feature`
[INFO] [stdout]    = help: consider adding `std` as a feature in `Cargo.toml`
[INFO] [stdout]    = note: see <https://doc.rust-lang.org/nightly/rustc/check-cfg/cargo-specifics.html> for more information about checking conditional configuration
[INFO] [stdout] 
[INFO] [stdout] 
[INFO] [stdout] warning: unexpected `cfg` condition value: `std`
[INFO] [stdout]   --> core/src/crypto/ss58.rs:55:3
[INFO] [stdout]    |
[INFO] [stdout] 55 |         feature = "std",
[INFO] [stdout]    |         ^^^^^^^^^^^^^^^ help: remove the condition
[INFO] [stdout]    |
[INFO] [stdout]    = note: no expected values for `feature`
[INFO] [stdout]    = help: consider adding `std` as a feature in `Cargo.toml`
[INFO] [stdout]    = note: see <https://doc.rust-lang.org/nightly/rustc/check-cfg/cargo-specifics.html> for more information about checking conditional configuration
[INFO] [stdout] 
[INFO] [stdout] 
[INFO] [stdout] warning: unexpected `cfg` condition value: `std`
[INFO] [stdout]   --> core/src/crypto/ss58.rs:59:13
[INFO] [stdout]    |
[INFO] [stdout] 59 |     #[cfg_attr(feature = "std", error("Password not allowed."))]
[INFO] [stdout]    |                ^^^^^^^^^^^^^^^ help: remove the condition
[INFO] [stdout]    |
[INFO] [stdout]    = note: no expected values for `feature`
[INFO] [stdout]    = help: consider adding `std` as a feature in `Cargo.toml`
[INFO] [stdout]    = note: see <https://doc.rust-lang.org/nightly/rustc/check-cfg/cargo-specifics.html> for more information about checking conditional configuration
[INFO] [stdout] 
[INFO] [stdout] 
[INFO] [stdout] warning: unexpected `cfg` condition value: `std`
[INFO] [stdout]   --> core/src/crypto/ss58.rs:62:13
[INFO] [stdout]    |
[INFO] [stdout] 62 |     #[cfg_attr(feature = "std", error("Incorrect URI syntax {0}."))]
[INFO] [stdout]    |                ^^^^^^^^^^^^^^^ help: remove the condition
[INFO] [stdout]    |
[INFO] [stdout]    = note: no expected values for `feature`
[INFO] [stdout]    = help: consider adding `std` as a feature in `Cargo.toml`
[INFO] [stdout]    = note: see <https://doc.rust-lang.org/nightly/rustc/check-cfg/cargo-specifics.html> for more information about checking conditional configuration
[INFO] [stdout] 
[INFO] [stdout] 
[INFO] [stdout] warning: unexpected `cfg` condition value: `std`
[INFO] [stdout]   --> core/src/crypto/ss58.rs:61:8
[INFO] [stdout]    |
[INFO] [stdout] 61 |     #[cfg(feature = "std")]
[INFO] [stdout]    |           ^^^^^^^^^^^^^^^ help: remove the condition
[INFO] [stdout]    |
[INFO] [stdout]    = note: no expected values for `feature`
[INFO] [stdout]    = help: consider adding `std` as a feature in `Cargo.toml`
[INFO] [stdout]    = note: see <https://doc.rust-lang.org/nightly/rustc/check-cfg/cargo-specifics.html> for more information about checking conditional configuration
[INFO] [stdout] 
[INFO] [stdout] 
[INFO] [stdout] warning: unused variable: `input`
[INFO] [stdout]   --> core/src/crypto/derive_junction.rs:40:3
[INFO] [stdout]    |
[INFO] [stdout] 40 |         input: &mut I,
[INFO] [stdout]    |         ^^^^^ help: if this is intentional, prefix it with an underscore: `_input`
[INFO] [stdout]    |
[INFO] [stdout]    = note: `#[warn(unused_variables)]` on by default
[INFO] [stdout] 
[INFO] [stdout] 
[INFO] [stdout] warning: fields `normal`, `operational`, and `mandatory` are never read
[INFO] [stdout]   --> core/src/types/avail.rs:74:3
[INFO] [stdout]    |
[INFO] [stdout] 72 |     pub struct PreDispatchClass<T> {
[INFO] [stdout]    |                ---------------- fields in this struct
[INFO] [stdout] 73 |         /// Value for `Normal` extrinsics.
[INFO] [stdout] 74 |         normal: T,
[INFO] [stdout]    |         ^^^^^^
[INFO] [stdout] 75 |         /// Value for `Operational` extrinsics.
[INFO] [stdout] 76 |         operational: T,
[INFO] [stdout]    |         ^^^^^^^^^^^
[INFO] [stdout] 77 |         /// Value for `Mandatory` extrinsics.
[INFO] [stdout] 78 |         mandatory: T,
[INFO] [stdout]    |         ^^^^^^^^^
[INFO] [stdout]    |
[INFO] [stdout]    = note: `PreDispatchClass` has derived impls for the traits `Clone` and `Debug`, but these are intentionally ignored during dead code analysis
[INFO] [stdout]    = note: `#[warn(dead_code)]` on by default
[INFO] [stdout] 
[INFO] [stdout] 
[INFO] [stderr]     Finished `test` profile [unoptimized + debuginfo] target(s) in 1.76s
[INFO] running `Command { std: "docker" "inspect" "2687eeeb8af7baee94bd638513eadc310f5ef1cb80d4d2a932a3c554e3d1df54", kill_on_drop: false }`
[INFO] running `Command { std: "docker" "rm" "-f" "2687eeeb8af7baee94bd638513eadc310f5ef1cb80d4d2a932a3c554e3d1df54", kill_on_drop: false }`
[INFO] [stdout] 2687eeeb8af7baee94bd638513eadc310f5ef1cb80d4d2a932a3c554e3d1df54
[INFO] running `Command { std: "docker" "create" "-v" "/var/lib/crater-agent-workspace/builds/worker-4-tc1/target:/opt/rustwide/target:rw,Z" "-v" "/var/lib/crater-agent-workspace/builds/worker-4-tc1/source:/opt/rustwide/workdir:ro,Z" "-v" "/var/lib/crater-agent-workspace/cargo-home:/opt/rustwide/cargo-home:ro,Z" "-v" "/var/lib/crater-agent-workspace/rustup-home:/opt/rustwide/rustup-home:ro,Z" "-e" "SOURCE_DIR=/opt/rustwide/workdir" "-e" "CARGO_TARGET_DIR=/opt/rustwide/target" "-e" "CARGO_INCREMENTAL=0" "-e" "RUST_BACKTRACE=full" "-e" "RUSTFLAGS=--cap-lints=warn" "-e" "RUSTDOCFLAGS=--cap-lints=warn" "-e" "CARGO_HOME=/opt/rustwide/cargo-home" "-e" "RUSTUP_HOME=/opt/rustwide/rustup-home" "-w" "/opt/rustwide/workdir" "-m" "1610612736" "--user" "0:0" "--network" "none" "ghcr.io/rust-lang/crates-build-env/linux@sha256:f3a9d4ad9d972b27faf3965f35b62e55ba32bbce8f20bc8fe909558a86702fde" "/opt/rustwide/cargo-home/bin/cargo" "+1.83.0" "test" "--frozen", kill_on_drop: false }`
[INFO] [stdout] 2af35094f8917d9dc5359df571bd30b7d1de1b3cf94015487afd8d390b572fd9
[INFO] running `Command { std: "docker" "start" "-a" "2af35094f8917d9dc5359df571bd30b7d1de1b3cf94015487afd8d390b572fd9", kill_on_drop: false }`
[INFO] [stderr] warning: /opt/rustwide/workdir/Cargo.toml: unused manifest key: workspace.dependencies.hmac.default-feautes
[INFO] [stderr] warning: /opt/rustwide/workdir/Cargo.toml: unused manifest key: workspace.dependencies.regex-lite.default-feautes
[INFO] [stderr] warning: /opt/rustwide/workdir/client/Cargo.toml: unused manifest key: dependencies.sdk-core.version
[INFO] [stderr] warning: unexpected `cfg` condition value: `std`
[INFO] [stderr]    --> core/src/crypto/secret_uri.rs:135:7
[INFO] [stderr]     |
[INFO] [stderr] 135 | #[cfg(feature = "std")]
[INFO] [stderr]     |       ^^^^^^^^^^^^^^^ help: remove the condition
[INFO] [stderr]     |
[INFO] [stderr]     = note: no expected values for `feature`
[INFO] [stderr]     = help: consider adding `std` as a feature in `Cargo.toml`
[INFO] [stderr]     = note: see <https://doc.rust-lang.org/nightly/rustc/check-cfg/cargo-specifics.html> for more information about checking conditional configuration
[INFO] [stderr]     = note: `#[warn(unexpected_cfgs)]` on by default
[INFO] [stderr] 
[INFO] [stderr] warning: unexpected `cfg` condition value: `std`
[INFO] [stderr]   --> core/src/crypto/ss58.rs:33:13
[INFO] [stderr]    |
[INFO] [stderr] 33 |     #[cfg_attr(feature = "std", error("Base 58 requirement is violated"))]
[INFO] [stderr]    |                ^^^^^^^^^^^^^^^ help: remove the condition
[INFO] [stderr]    |
[INFO] [stderr]    = note: no expected values for `feature`
[INFO] [stderr]    = help: consider adding `std` as a feature in `Cargo.toml`
[INFO] [stderr]    = note: see <https://doc.rust-lang.org/nightly/rustc/check-cfg/cargo-specifics.html> for more information about checking conditional configuration
[INFO] [stderr] 
[INFO] [stderr] warning: unexpected `cfg` condition value: `std`
[INFO] [stderr]   --> core/src/crypto/ss58.rs:35:13
[INFO] [stderr]    |
[INFO] [stderr] 35 |     #[cfg_attr(feature = "std", error("Length is bad"))]
[INFO] [stderr]    |                ^^^^^^^^^^^^^^^ help: remove the condition
[INFO] [stderr]    |
[INFO] [stderr]    = note: no expected values for `feature`
[INFO] [stderr]    = help: consider adding `std` as a feature in `Cargo.toml`
[INFO] [stderr]    = note: see <https://doc.rust-lang.org/nightly/rustc/check-cfg/cargo-specifics.html> for more information about checking conditional configuration
[INFO] [stderr] 
[INFO] [stderr] warning: unexpected `cfg` condition value: `std`
[INFO] [stderr]   --> core/src/crypto/ss58.rs:38:3
[INFO] [stderr]    |
[INFO] [stderr] 38 |         feature = "std",
[INFO] [stderr]    |         ^^^^^^^^^^^^^^^ help: remove the condition
[INFO] [stderr]    |
[INFO] [stderr]    = note: no expected values for `feature`
[INFO] [stderr]    = help: consider adding `std` as a feature in `Cargo.toml`
[INFO] [stderr]    = note: see <https://doc.rust-lang.org/nightly/rustc/check-cfg/cargo-specifics.html> for more information about checking conditional configuration
[INFO] [stderr] 
[INFO] [stderr] warning: unexpected `cfg` condition value: `std`
[INFO] [stderr]   --> core/src/crypto/ss58.rs:46:13
[INFO] [stderr]    |
[INFO] [stderr] 46 |     #[cfg_attr(feature = "std", error("Invalid checksum"))]
[INFO] [stderr]    |                ^^^^^^^^^^^^^^^ help: remove the condition
[INFO] [stderr]    |
[INFO] [stderr]    = note: no expected values for `feature`
[INFO] [stderr]    = help: consider adding `std` as a feature in `Cargo.toml`
[INFO] [stderr]    = note: see <https://doc.rust-lang.org/nightly/rustc/check-cfg/cargo-specifics.html> for more information about checking conditional configuration
[INFO] [stderr] 
[INFO] [stderr] warning: unexpected `cfg` condition value: `std`
[INFO] [stderr]   --> core/src/crypto/ss58.rs:48:13
[INFO] [stderr]    |
[INFO] [stderr] 48 |     #[cfg_attr(feature = "std", error("Invalid SS58 prefix byte."))]
[INFO] [stderr]    |                ^^^^^^^^^^^^^^^ help: remove the condition
[INFO] [stderr]    |
[INFO] [stderr]    = note: no expected values for `feature`
[INFO] [stderr]    = help: consider adding `std` as a feature in `Cargo.toml`
[INFO] [stderr]    = note: see <https://doc.rust-lang.org/nightly/rustc/check-cfg/cargo-specifics.html> for more information about checking conditional configuration
[INFO] [stderr] 
[INFO] [stderr] warning: unexpected `cfg` condition value: `std`
[INFO] [stderr]   --> core/src/crypto/ss58.rs:50:13
[INFO] [stderr]    |
[INFO] [stderr] 50 |     #[cfg_attr(feature = "std", error("Invalid SS58 format."))]
[INFO] [stderr]    |                ^^^^^^^^^^^^^^^ help: remove the condition
[INFO] [stderr]    |
[INFO] [stderr]    = note: no expected values for `feature`
[INFO] [stderr]    = help: consider adding `std` as a feature in `Cargo.toml`
[INFO] [stderr]    = note: see <https://doc.rust-lang.org/nightly/rustc/check-cfg/cargo-specifics.html> for more information about checking conditional configuration
[INFO] [stderr] 
[INFO] [stderr] warning: unexpected `cfg` condition value: `std`
[INFO] [stderr]   --> core/src/crypto/ss58.rs:52:13
[INFO] [stderr]    |
[INFO] [stderr] 52 |     #[cfg_attr(feature = "std", error("Invalid derivation path."))]
[INFO] [stderr]    |                ^^^^^^^^^^^^^^^ help: remove the condition
[INFO] [stderr]    |
[INFO] [stderr]    = note: no expected values for `feature`
[INFO] [stderr]    = help: consider adding `std` as a feature in `Cargo.toml`
[INFO] [stderr]    = note: see <https://doc.rust-lang.org/nightly/rustc/check-cfg/cargo-specifics.html> for more information about checking conditional configuration
[INFO] [stderr] 
[INFO] [stderr] warning: unexpected `cfg` condition value: `std`
[INFO] [stderr]   --> core/src/crypto/ss58.rs:55:3
[INFO] [stderr]    |
[INFO] [stderr] 55 |         feature = "std",
[INFO] [stderr]    |         ^^^^^^^^^^^^^^^ help: remove the condition
[INFO] [stderr]    |
[INFO] [stderr]    = note: no expected values for `feature`
[INFO] [stderr]    = help: consider adding `std` as a feature in `Cargo.toml`
[INFO] [stderr]    = note: see <https://doc.rust-lang.org/nightly/rustc/check-cfg/cargo-specifics.html> for more information about checking conditional configuration
[INFO] [stderr] 
[INFO] [stderr] warning: unexpected `cfg` condition value: `std`
[INFO] [stderr]   --> core/src/crypto/ss58.rs:59:13
[INFO] [stderr]    |
[INFO] [stderr] 59 |     #[cfg_attr(feature = "std", error("Password not allowed."))]
[INFO] [stderr]    |                ^^^^^^^^^^^^^^^ help: remove the condition
[INFO] [stderr]    |
[INFO] [stderr]    = note: no expected values for `feature`
[INFO] [stderr]    = help: consider adding `std` as a feature in `Cargo.toml`
[INFO] [stderr]    = note: see <https://doc.rust-lang.org/nightly/rustc/check-cfg/cargo-specifics.html> for more information about checking conditional configuration
[INFO] [stderr] 
[INFO] [stderr] warning: unexpected `cfg` condition value: `std`
[INFO] [stderr]   --> core/src/crypto/ss58.rs:62:13
[INFO] [stderr]    |
[INFO] [stderr] 62 |     #[cfg_attr(feature = "std", error("Incorrect URI syntax {0}."))]
[INFO] [stderr]    |                ^^^^^^^^^^^^^^^ help: remove the condition
[INFO] [stderr]    |
[INFO] [stderr]    = note: no expected values for `feature`
[INFO] [stderr]    = help: consider adding `std` as a feature in `Cargo.toml`
[INFO] [stderr]    = note: see <https://doc.rust-lang.org/nightly/rustc/check-cfg/cargo-specifics.html> for more information about checking conditional configuration
[INFO] [stderr] 
[INFO] [stderr] warning: unexpected `cfg` condition value: `std`
[INFO] [stderr]   --> core/src/crypto/ss58.rs:61:8
[INFO] [stderr]    |
[INFO] [stderr] 61 |     #[cfg(feature = "std")]
[INFO] [stderr]    |           ^^^^^^^^^^^^^^^ help: remove the condition
[INFO] [stderr]    |
[INFO] [stderr]    = note: no expected values for `feature`
[INFO] [stderr]    = help: consider adding `std` as a feature in `Cargo.toml`
[INFO] [stderr]    = note: see <https://doc.rust-lang.org/nightly/rustc/check-cfg/cargo-specifics.html> for more information about checking conditional configuration
[INFO] [stderr] 
[INFO] [stderr] warning: unused variable: `input`
[INFO] [stderr]   --> core/src/crypto/derive_junction.rs:40:3
[INFO] [stderr]    |
[INFO] [stderr] 40 |         input: &mut I,
[INFO] [stderr]    |         ^^^^^ help: if this is intentional, prefix it with an underscore: `_input`
[INFO] [stderr]    |
[INFO] [stderr]    = note: `#[warn(unused_variables)]` on by default
[INFO] [stderr] 
[INFO] [stderr] warning: fields `normal`, `operational`, and `mandatory` are never read
[INFO] [stderr]   --> core/src/types/avail.rs:74:3
[INFO] [stderr]    |
[INFO] [stderr] 72 |     pub struct PreDispatchClass<T> {
[INFO] [stderr]    |                ---------------- fields in this struct
[INFO] [stderr] 73 |         /// Value for `Normal` extrinsics.
[INFO] [stderr] 74 |         normal: T,
[INFO] [stderr]    |         ^^^^^^
[INFO] [stderr] 75 |         /// Value for `Operational` extrinsics.
[INFO] [stderr] 76 |         operational: T,
[INFO] [stderr]    |         ^^^^^^^^^^^
[INFO] [stderr] 77 |         /// Value for `Mandatory` extrinsics.
[INFO] [stderr] 78 |         mandatory: T,
[INFO] [stderr]    |         ^^^^^^^^^
[INFO] [stderr]    |
[INFO] [stderr]    = note: `PreDispatchClass` has derived impls for the traits `Clone` and `Debug`, but these are intentionally ignored during dead code analysis
[INFO] [stderr]    = note: `#[warn(dead_code)]` on by default
[INFO] [stderr] 
[INFO] [stderr] warning: `avail-subxt-light-core` (lib) generated 14 warnings
[INFO] [stderr] warning: `avail-subxt-light-core` (lib test) generated 14 warnings (14 duplicates)
[INFO] [stderr]     Finished `test` profile [unoptimized + debuginfo] target(s) in 0.16s
[INFO] [stderr]      Running unittests src/lib.rs (/opt/rustwide/target/debug/deps/avail_subxt_light_client-875b2cca109c6243)
[INFO] [stderr]      Running unittests src/lib.rs (/opt/rustwide/target/debug/deps/avail_subxt_light_core-3644c560db90196d)
[INFO] [stdout] 
[INFO] [stdout] running 0 tests
[INFO] [stdout] 
[INFO] [stdout] test result: ok. 0 passed; 0 failed; 0 ignored; 0 measured; 0 filtered out; finished in 0.00s
[INFO] [stdout] 
[INFO] [stdout] 
[INFO] [stdout] running 0 tests
[INFO] [stdout] 
[INFO] [stdout] test result: ok. 0 passed; 0 failed; 0 ignored; 0 measured; 0 filtered out; finished in 0.00s
[INFO] [stdout] 
[INFO] [stderr]      Running unittests src/main.rs (/opt/rustwide/target/debug/deps/avail_subxt_light_example-02581be12ea7fcf5)
[INFO] [stdout] 
[INFO] [stdout] running 0 tests
[INFO] [stdout] 
[INFO] [stdout] test result: ok. 0 passed; 0 failed; 0 ignored; 0 measured; 0 filtered out; finished in 0.00s
[INFO] [stdout] 
[INFO] [stderr]    Doc-tests avail_subxt_light_client
[INFO] [stdout] 
[INFO] [stdout] running 0 tests
[INFO] [stdout] 
[INFO] [stdout] test result: ok. 0 passed; 0 failed; 0 ignored; 0 measured; 0 filtered out; finished in 0.00s
[INFO] [stdout] 
[INFO] [stderr]    Doc-tests avail_subxt_light_core
[INFO] [stdout] 
[INFO] [stdout] running 6 tests
[INFO] [stdout] test core/src/crypto/sr25519.rs - crypto::sr25519::Keypair::from_uri (line 76) ... FAILED
[INFO] [stdout] test core/src/crypto/sr25519.rs - crypto::sr25519::Keypair::derive (line 154) ... FAILED
[INFO] [stdout] test core/src/crypto/sr25519.rs - crypto::sr25519::Keypair::from_phrase (line 116) ... FAILED
[INFO] [stdout] test core/src/crypto/secret_uri.rs - crypto::secret_uri::SecretUri (line 62) ... FAILED
[INFO] [stdout] test core/src/crypto/secret_uri.rs - crypto::secret_uri::SecretUri (line 50) ... FAILED
[INFO] [stdout] test core/src/crypto/secret_uri.rs - crypto::secret_uri::SecretUri (line 74) ... FAILED
[INFO] [stdout] 
[INFO] [stdout] failures:
[INFO] [stdout] 
[INFO] [stdout] ---- core/src/crypto/sr25519.rs - crypto::sr25519::Keypair::from_uri (line 76) stdout ----
[INFO] [stdout] error[E0433]: failed to resolve: use of undeclared crate or module `subxt_signer`
[INFO] [stdout]  --> core/src/crypto/sr25519.rs:77:5
[INFO] [stdout]   |
[INFO] [stdout] 3 | use subxt_signer::{ SecretUri, sr25519::Keypair };
[INFO] [stdout]   |     ^^^^^^^^^^^^ use of undeclared crate or module `subxt_signer`
[INFO] [stdout] 
[INFO] [stdout] error[E0432]: unresolved import `subxt_signer`
[INFO] [stdout]  --> core/src/crypto/sr25519.rs:77:5
[INFO] [stdout]   |
[INFO] [stdout] 3 | use subxt_signer::{ SecretUri, sr25519::Keypair };
[INFO] [stdout]   |     ^^^^^^^^^^^^ use of undeclared crate or module `subxt_signer`
[INFO] [stdout] 
[INFO] [stdout] error: aborting due to 2 previous errors
[INFO] [stdout] 
[INFO] [stdout] Some errors have detailed explanations: E0432, E0433.
[INFO] [stdout] For more information about an error, try `rustc --explain E0432`.
[INFO] [stdout] Couldn't compile the test.
[INFO] [stdout] ---- core/src/crypto/sr25519.rs - crypto::sr25519::Keypair::derive (line 154) stdout ----
[INFO] [stdout] error[E0433]: failed to resolve: use of undeclared crate or module `subxt_signer`
[INFO] [stdout]  --> core/src/crypto/sr25519.rs:155:5
[INFO] [stdout]   |
[INFO] [stdout] 3 | use subxt_signer::{ bip39::Mnemonic, sr25519::Keypair, DeriveJunction };
[INFO] [stdout]   |     ^^^^^^^^^^^^ use of undeclared crate or module `subxt_signer`
[INFO] [stdout] 
[INFO] [stdout] error[E0432]: unresolved import `subxt_signer`
[INFO] [stdout]  --> core/src/crypto/sr25519.rs:155:5
[INFO] [stdout]   |
[INFO] [stdout] 3 | use subxt_signer::{ bip39::Mnemonic, sr25519::Keypair, DeriveJunction };
[INFO] [stdout]   |     ^^^^^^^^^^^^ use of undeclared crate or module `subxt_signer`
[INFO] [stdout] 
[INFO] [stdout] error: aborting due to 2 previous errors
[INFO] [stdout] 
[INFO] [stdout] Some errors have detailed explanations: E0432, E0433.
[INFO] [stdout] For more information about an error, try `rustc --explain E0432`.
[INFO] [stdout] Couldn't compile the test.
[INFO] [stdout] ---- core/src/crypto/sr25519.rs - crypto::sr25519::Keypair::from_phrase (line 116) stdout ----
[INFO] [stdout] error[E0433]: failed to resolve: use of undeclared crate or module `subxt_signer`
[INFO] [stdout]  --> core/src/crypto/sr25519.rs:117:5
[INFO] [stdout]   |
[INFO] [stdout] 3 | use subxt_signer::{ bip39::Mnemonic, sr25519::Keypair };
[INFO] [stdout]   |     ^^^^^^^^^^^^ use of undeclared crate or module `subxt_signer`
[INFO] [stdout] 
[INFO] [stdout] error: aborting due to 1 previous error
[INFO] [stdout] 
[INFO] [stdout] For more information about this error, try `rustc --explain E0433`.
[INFO] [stdout] Couldn't compile the test.
[INFO] [stdout] ---- core/src/crypto/secret_uri.rs - crypto::secret_uri::SecretUri (line 62) stdout ----
[INFO] [stdout] error[E0432]: unresolved import `subxt_signer`
[INFO] [stdout]  --> core/src/crypto/secret_uri.rs:63:5
[INFO] [stdout]   |
[INFO] [stdout] 3 | use subxt_signer::{SecretUri, DeriveJunction, DEV_PHRASE, ExposeSecret};
[INFO] [stdout]   |     ^^^^^^^^^^^^ use of undeclared crate or module `subxt_signer`
[INFO] [stdout] 
[INFO] [stdout] error: aborting due to 1 previous error
[INFO] [stdout] 
[INFO] [stdout] For more information about this error, try `rustc --explain E0432`.
[INFO] [stdout] Couldn't compile the test.
[INFO] [stdout] ---- core/src/crypto/secret_uri.rs - crypto::secret_uri::SecretUri (line 50) stdout ----
[INFO] [stdout] error[E0432]: unresolved import `subxt_signer`
[INFO] [stdout]  --> core/src/crypto/secret_uri.rs:51:5
[INFO] [stdout]   |
[INFO] [stdout] 3 | use subxt_signer::{SecretUri, DeriveJunction, DEV_PHRASE, ExposeSecret};
[INFO] [stdout]   |     ^^^^^^^^^^^^ use of undeclared crate or module `subxt_signer`
[INFO] [stdout] 
[INFO] [stdout] error: aborting due to 1 previous error
[INFO] [stdout] 
[INFO] [stdout] For more information about this error, try `rustc --explain E0432`.
[INFO] [stdout] Couldn't compile the test.
[INFO] [stdout] ---- core/src/crypto/secret_uri.rs - crypto::secret_uri::SecretUri (line 74) stdout ----
[INFO] [stdout] error[E0432]: unresolved import `subxt_signer`
[INFO] [stdout]  --> core/src/crypto/secret_uri.rs:75:5
[INFO] [stdout]   |
[INFO] [stdout] 3 | use subxt_signer::{SecretUri, DeriveJunction, DEV_PHRASE, ExposeSecret};
[INFO] [stdout]   |     ^^^^^^^^^^^^ use of undeclared crate or module `subxt_signer`
[INFO] [stdout] 
[INFO] [stdout] error: aborting due to 1 previous error
[INFO] [stdout] 
[INFO] [stdout] For more information about this error, try `rustc --explain E0432`.
[INFO] [stdout] Couldn't compile the test.
[INFO] [stdout] 
[INFO] [stdout] failures:
[INFO] [stdout]     core/src/crypto/secret_uri.rs - crypto::secret_uri::SecretUri (line 50)
[INFO] [stdout]     core/src/crypto/secret_uri.rs - crypto::secret_uri::SecretUri (line 62)
[INFO] [stdout]     core/src/crypto/secret_uri.rs - crypto::secret_uri::SecretUri (line 74)
[INFO] [stdout]     core/src/crypto/sr25519.rs - crypto::sr25519::Keypair::derive (line 154)
[INFO] [stdout]     core/src/crypto/sr25519.rs - crypto::sr25519::Keypair::from_phrase (line 116)
[INFO] [stdout]     core/src/crypto/sr25519.rs - crypto::sr25519::Keypair::from_uri (line 76)
[INFO] [stdout] 
[INFO] [stdout] test result: FAILED. 0 passed; 6 failed; 0 ignored; 0 measured; 0 filtered out; finished in 0.22s
[INFO] [stdout] 
[INFO] [stderr] error: doctest failed, to rerun pass `-p avail-subxt-light-core --doc`
[INFO] running `Command { std: "docker" "inspect" "2af35094f8917d9dc5359df571bd30b7d1de1b3cf94015487afd8d390b572fd9", kill_on_drop: false }`
[INFO] running `Command { std: "docker" "rm" "-f" "2af35094f8917d9dc5359df571bd30b7d1de1b3cf94015487afd8d390b572fd9", kill_on_drop: false }`
[INFO] [stdout] 2af35094f8917d9dc5359df571bd30b7d1de1b3cf94015487afd8d390b572fd9
