[INFO] cloning repository https://github.com/asperan/gitbox
[INFO] running `Command { std: "git" "-c" "credential.helper=" "-c" "credential.helper=/workspace/cargo-home/bin/git-credential-null" "clone" "--bare" "https://github.com/asperan/gitbox" "/workspace/cache/git-repos/https%3A%2F%2Fgithub.com%2Fasperan%2Fgitbox", kill_on_drop: false }`
[INFO] [stderr] Cloning into bare repository '/workspace/cache/git-repos/https%3A%2F%2Fgithub.com%2Fasperan%2Fgitbox'...
[INFO] running `Command { std: "git" "rev-parse" "HEAD", kill_on_drop: false }`
[INFO] [stdout] fe6ab62963e50b95bce28c2c513bf7ca462cdb3c
[INFO] testing asperan/gitbox against 1.83.0 for beta-1.84.0-4-retry
[INFO] running `Command { std: "git" "clone" "/workspace/cache/git-repos/https%3A%2F%2Fgithub.com%2Fasperan%2Fgitbox" "/workspace/builds/worker-7-tc1/source", kill_on_drop: false }`
[INFO] [stderr] Cloning into '/workspace/builds/worker-7-tc1/source'...
[INFO] [stderr] done.
[INFO] validating manifest of git repo https://github.com/asperan/gitbox on toolchain 1.83.0
[INFO] running `Command { std: CARGO_HOME="/workspace/cargo-home" RUSTUP_HOME="/workspace/rustup-home" "/workspace/cargo-home/bin/cargo" "+1.83.0" "metadata" "--manifest-path" "Cargo.toml" "--no-deps", kill_on_drop: false }`
[INFO] started tweaking git repo https://github.com/asperan/gitbox
[INFO] finished tweaking git repo https://github.com/asperan/gitbox
[INFO] tweaked toml for git repo https://github.com/asperan/gitbox written to /workspace/builds/worker-7-tc1/source/Cargo.toml
[INFO] crate git repo https://github.com/asperan/gitbox already has a lockfile, it will not be regenerated
[INFO] running `Command { std: CARGO_HOME="/workspace/cargo-home" RUSTUP_HOME="/workspace/rustup-home" "/workspace/cargo-home/bin/cargo" "+1.83.0" "fetch" "--manifest-path" "Cargo.toml", kill_on_drop: false }`
[INFO] [stderr]     Updating crates.io index
[INFO] [stderr]  Downloading crates ...
[INFO] [stderr]   Downloaded clap_complete v4.5.12
[INFO] [stderr]   Downloaded requestty-ui v0.5.0
[INFO] [stderr]   Downloaded winsplit v0.1.0
[INFO] [stderr]   Downloaded requestty v0.5.0
[INFO] running `Command { std: "docker" "create" "-v" "/var/lib/crater-agent-workspace/builds/worker-7-tc1/target:/opt/rustwide/target:rw,Z" "-v" "/var/lib/crater-agent-workspace/builds/worker-7-tc1/source:/opt/rustwide/workdir:ro,Z" "-v" "/var/lib/crater-agent-workspace/cargo-home:/opt/rustwide/cargo-home:ro,Z" "-v" "/var/lib/crater-agent-workspace/rustup-home:/opt/rustwide/rustup-home:ro,Z" "-e" "SOURCE_DIR=/opt/rustwide/workdir" "-e" "CARGO_TARGET_DIR=/opt/rustwide/target" "-e" "CARGO_HOME=/opt/rustwide/cargo-home" "-e" "RUSTUP_HOME=/opt/rustwide/rustup-home" "-w" "/opt/rustwide/workdir" "-m" "1610612736" "--user" "0:0" "--network" "none" "ghcr.io/rust-lang/crates-build-env/linux@sha256:f3a9d4ad9d972b27faf3965f35b62e55ba32bbce8f20bc8fe909558a86702fde" "/opt/rustwide/cargo-home/bin/cargo" "+1.83.0" "metadata" "--no-deps" "--format-version=1", kill_on_drop: false }`
[INFO] [stdout] 57ed40771ed6b837b35a16d1609efc72972416bf172b14d29e4bbf505a444274
[INFO] running `Command { std: "docker" "start" "-a" "57ed40771ed6b837b35a16d1609efc72972416bf172b14d29e4bbf505a444274", kill_on_drop: false }`
[INFO] running `Command { std: "docker" "inspect" "57ed40771ed6b837b35a16d1609efc72972416bf172b14d29e4bbf505a444274", kill_on_drop: false }`
[INFO] running `Command { std: "docker" "rm" "-f" "57ed40771ed6b837b35a16d1609efc72972416bf172b14d29e4bbf505a444274", kill_on_drop: false }`
[INFO] [stdout] 57ed40771ed6b837b35a16d1609efc72972416bf172b14d29e4bbf505a444274
[INFO] running `Command { std: "docker" "create" "-v" "/var/lib/crater-agent-workspace/builds/worker-7-tc1/target:/opt/rustwide/target:rw,Z" "-v" "/var/lib/crater-agent-workspace/builds/worker-7-tc1/source:/opt/rustwide/workdir:ro,Z" "-v" "/var/lib/crater-agent-workspace/cargo-home:/opt/rustwide/cargo-home:ro,Z" "-v" "/var/lib/crater-agent-workspace/rustup-home:/opt/rustwide/rustup-home:ro,Z" "-e" "SOURCE_DIR=/opt/rustwide/workdir" "-e" "CARGO_TARGET_DIR=/opt/rustwide/target" "-e" "CARGO_INCREMENTAL=0" "-e" "RUST_BACKTRACE=full" "-e" "RUSTFLAGS=--cap-lints=warn" "-e" "RUSTDOCFLAGS=--cap-lints=warn" "-e" "CARGO_HOME=/opt/rustwide/cargo-home" "-e" "RUSTUP_HOME=/opt/rustwide/rustup-home" "-w" "/opt/rustwide/workdir" "-m" "1610612736" "--user" "0:0" "--network" "none" "ghcr.io/rust-lang/crates-build-env/linux@sha256:f3a9d4ad9d972b27faf3965f35b62e55ba32bbce8f20bc8fe909558a86702fde" "/opt/rustwide/cargo-home/bin/cargo" "+1.83.0" "build" "--frozen" "--message-format=json", kill_on_drop: false }`
[INFO] [stdout] fb97b15106ffe3369491b08f724d6b24a3545cbba68d7da2208cc70e13b1fb37
[INFO] running `Command { std: "docker" "start" "-a" "fb97b15106ffe3369491b08f724d6b24a3545cbba68d7da2208cc70e13b1fb37", kill_on_drop: false }`
[INFO] [stderr]    Compiling libc v0.2.155
[INFO] [stderr]    Compiling proc-macro2 v1.0.86
[INFO] [stderr]    Compiling unicode-ident v1.0.12
[INFO] [stderr]    Compiling autocfg v1.3.0
[INFO] [stderr]    Compiling once_cell v1.19.0
[INFO] [stderr]    Compiling log v0.4.22
[INFO] [stderr]    Compiling memchr v2.7.4
[INFO] [stderr]    Compiling cc v1.1.7
[INFO] [stderr]    Compiling thiserror v1.0.63
[INFO] [stderr]    Compiling signal-hook v0.3.17
[INFO] [stderr]    Compiling parking_lot_core v0.9.10
[INFO] [stderr]    Compiling smallvec v1.13.2
[INFO] [stderr]    Compiling lock_api v0.4.12
[INFO] [stderr]    Compiling utf8parse v0.2.2
[INFO] [stderr]    Compiling tinyvec_macros v0.1.1
[INFO] [stderr]    Compiling scopeguard v1.2.0
[INFO] [stderr]    Compiling anstyle-parse v0.2.5
[INFO] [stderr]    Compiling tinyvec v1.8.0
[INFO] [stderr]    Compiling rustls-pki-types v1.7.0
[INFO] [stderr]    Compiling untrusted v0.9.0
[INFO] [stderr]    Compiling anstyle-query v1.1.1
[INFO] [stderr]    Compiling is_terminal_polyfill v1.70.1
[INFO] [stderr]    Compiling quote v1.0.36
[INFO] [stderr]    Compiling ucd-trie v0.1.6
[INFO] [stderr]    Compiling spin v0.9.8
[INFO] [stderr]    Compiling colorchoice v1.0.2
[INFO] [stderr]    Compiling syn v2.0.72
[INFO] [stderr]    Compiling rustix v0.38.34
[INFO] [stderr]    Compiling anstyle v1.0.8
[INFO] [stderr]    Compiling num-traits v0.2.19
[INFO] [stderr]    Compiling signal-hook-registry v1.4.2
[INFO] [stderr]    Compiling getrandom v0.2.15
[INFO] [stderr]    Compiling mio v0.8.11
[INFO] [stderr]    Compiling anstream v0.6.15
[INFO] [stderr]    Compiling parking_lot v0.12.3
[INFO] [stderr]    Compiling unicode-normalization v0.1.23
[INFO] [stderr]    Compiling ring v0.17.8
[INFO] [stderr]    Compiling unicode-width v0.1.13
[INFO] [stderr]    Compiling bitflags v2.6.0
[INFO] [stderr]    Compiling signal-hook-mio v0.2.4
[INFO] [stderr]    Compiling strsim v0.11.1
[INFO] [stderr]    Compiling unicode-bidi v0.3.15
[INFO] [stderr]    Compiling percent-encoding v2.3.1
[INFO] [stderr]    Compiling smawk v0.3.2
[INFO] [stderr]    Compiling heck v0.5.0
[INFO] [stderr]    Compiling unicode-linebreak v0.1.5
[INFO] [stderr]    Compiling version_check v0.9.5
[INFO] [stderr]    Compiling linux-raw-sys v0.4.14
[INFO] [stderr]    Compiling clap_lex v0.7.2
[INFO] [stderr]    Compiling rustls v0.23.12
[INFO] [stderr]    Compiling clap_builder v4.5.13
[INFO] [stderr]    Compiling textwrap v0.15.2
[INFO] [stderr]    Compiling ahash v0.8.11
[INFO] [stderr]    Compiling miniz_oxide v0.7.4
[INFO] [stderr]    Compiling idna v0.5.0
[INFO] [stderr]    Compiling form_urlencoded v1.2.1
[INFO] [stderr]    Compiling crossterm v0.25.0
[INFO] [stderr]    Compiling aho-corasick v1.1.3
[INFO] [stderr]    Compiling crc32fast v1.4.2
[INFO] [stderr]    Compiling zeroize v1.8.1
[INFO] [stderr]    Compiling subtle v2.6.1
[INFO] [stderr]    Compiling fastrand v2.1.0
[INFO] [stderr]    Compiling unicode-segmentation v1.11.0
[INFO] [stderr]    Compiling regex-syntax v0.8.4
[INFO] [stderr]    Compiling requestty-ui v0.5.0
[INFO] [stderr]    Compiling flate2 v1.0.31
[INFO] [stderr]    Compiling tempfile v3.11.0
[INFO] [stderr]    Compiling url v2.5.2
[INFO] [stderr]    Compiling webpki-roots v0.26.3
[INFO] [stderr]    Compiling iana-time-zone v0.1.60
[INFO] [stderr]    Compiling regex-automata v0.4.7
[INFO] [stderr]    Compiling thiserror-impl v1.0.63
[INFO] [stderr]    Compiling clap_derive v4.5.13
[INFO] [stderr]    Compiling shell-words v1.1.0
[INFO] [stderr]    Compiling base64 v0.22.1
[INFO] [stderr]    Compiling lazy_static v1.5.0
[INFO] [stderr]    Compiling zerocopy v0.7.35
[INFO] [stderr]    Compiling rustls-webpki v0.102.6
[INFO] [stderr]    Compiling colored v2.1.0
[INFO] [stderr]    Compiling requestty v0.5.0
[INFO] [stderr]    Compiling chrono v0.4.38
[INFO] [stderr]    Compiling pest v2.7.11
[INFO] [stderr]    Compiling regex v1.10.6
[INFO] [stderr]    Compiling clap v4.5.13
[INFO] [stderr]    Compiling clap_complete v4.5.12
[INFO] [stderr]    Compiling pest_meta v2.7.11
[INFO] [stderr]    Compiling pest_generator v2.7.11
[INFO] [stderr]    Compiling ureq v2.10.0
[INFO] [stderr]    Compiling pest_derive v2.7.11
[INFO] [stderr]    Compiling gitbox v2.1.1 (/opt/rustwide/workdir)
[INFO] [stdout] warning: elided lifetime has a name
[INFO] [stdout]   --> src/lib/usecase/usecases/create_conventional_commit.rs:21:10
[INFO] [stdout]    |
[INFO] [stdout] 17 | impl<'a, 'b: 'a> CreateConventionalCommitUseCase<'a> {
[INFO] [stdout]    |          -- lifetime `'b` declared here
[INFO] [stdout] ...
[INFO] [stdout] 21 |     ) -> CreateConventionalCommitUseCase {
[INFO] [stdout]    |          ^^^^^^^^^^^^^^^^^^^^^^^^^^^^^^^ this elided lifetime gets resolved as `'b`
[INFO] [stdout]    |
[INFO] [stdout]    = note: `#[warn(elided_named_lifetimes)]` on by default
[INFO] [stdout] 
[INFO] [stdout] 
[INFO] [stderr]     Finished `dev` profile [unoptimized + debuginfo] target(s) in 1m 12s
[INFO] running `Command { std: "docker" "inspect" "fb97b15106ffe3369491b08f724d6b24a3545cbba68d7da2208cc70e13b1fb37", kill_on_drop: false }`
[INFO] running `Command { std: "docker" "rm" "-f" "fb97b15106ffe3369491b08f724d6b24a3545cbba68d7da2208cc70e13b1fb37", kill_on_drop: false }`
[INFO] [stdout] fb97b15106ffe3369491b08f724d6b24a3545cbba68d7da2208cc70e13b1fb37
[INFO] running `Command { std: "docker" "create" "-v" "/var/lib/crater-agent-workspace/builds/worker-7-tc1/target:/opt/rustwide/target:rw,Z" "-v" "/var/lib/crater-agent-workspace/builds/worker-7-tc1/source:/opt/rustwide/workdir:ro,Z" "-v" "/var/lib/crater-agent-workspace/cargo-home:/opt/rustwide/cargo-home:ro,Z" "-v" "/var/lib/crater-agent-workspace/rustup-home:/opt/rustwide/rustup-home:ro,Z" "-e" "SOURCE_DIR=/opt/rustwide/workdir" "-e" "CARGO_TARGET_DIR=/opt/rustwide/target" "-e" "CARGO_INCREMENTAL=0" "-e" "RUST_BACKTRACE=full" "-e" "RUSTFLAGS=--cap-lints=warn" "-e" "RUSTDOCFLAGS=--cap-lints=warn" "-e" "CARGO_HOME=/opt/rustwide/cargo-home" "-e" "RUSTUP_HOME=/opt/rustwide/rustup-home" "-w" "/opt/rustwide/workdir" "-m" "1610612736" "--user" "0:0" "--network" "none" "ghcr.io/rust-lang/crates-build-env/linux@sha256:f3a9d4ad9d972b27faf3965f35b62e55ba32bbce8f20bc8fe909558a86702fde" "/opt/rustwide/cargo-home/bin/cargo" "+1.83.0" "test" "--frozen" "--no-run" "--message-format=json", kill_on_drop: false }`
[INFO] [stdout] 37be05137846cc6682dd96755ccb57de189e3f321259e8f263727a6b285cfed6
[INFO] running `Command { std: "docker" "start" "-a" "37be05137846cc6682dd96755ccb57de189e3f321259e8f263727a6b285cfed6", kill_on_drop: false }`
[INFO] [stdout] warning: elided lifetime has a name
[INFO] [stdout]   --> src/lib/usecase/usecases/create_conventional_commit.rs:21:10
[INFO] [stdout]    |
[INFO] [stdout] 17 | impl<'a, 'b: 'a> CreateConventionalCommitUseCase<'a> {
[INFO] [stdout]    |          -- lifetime `'b` declared here
[INFO] [stdout] ...
[INFO] [stdout] 21 |     ) -> CreateConventionalCommitUseCase {
[INFO] [stdout]    |          ^^^^^^^^^^^^^^^^^^^^^^^^^^^^^^^ this elided lifetime gets resolved as `'b`
[INFO] [stdout]    |
[INFO] [stdout]    = note: `#[warn(elided_named_lifetimes)]` on by default
[INFO] [stdout] 
[INFO] [stdout] 
[INFO] [stderr]    Compiling gitbox v2.1.1 (/opt/rustwide/workdir)
[INFO] [stdout] warning: elided lifetime has a name
[INFO] [stdout]   --> src/lib/usecase/usecases/create_conventional_commit.rs:21:10
[INFO] [stdout]    |
[INFO] [stdout] 17 | impl<'a, 'b: 'a> CreateConventionalCommitUseCase<'a> {
[INFO] [stdout]    |          -- lifetime `'b` declared here
[INFO] [stdout] ...
[INFO] [stdout] 21 |     ) -> CreateConventionalCommitUseCase {
[INFO] [stdout]    |          ^^^^^^^^^^^^^^^^^^^^^^^^^^^^^^^ this elided lifetime gets resolved as `'b`
[INFO] [stdout]    |
[INFO] [stdout]    = note: `#[warn(elided_named_lifetimes)]` on by default
[INFO] [stdout] 
[INFO] [stdout] 
[INFO] [stderr]     Finished `test` profile [unoptimized + debuginfo] target(s) in 7.22s
[INFO] running `Command { std: "docker" "inspect" "37be05137846cc6682dd96755ccb57de189e3f321259e8f263727a6b285cfed6", kill_on_drop: false }`
[INFO] running `Command { std: "docker" "rm" "-f" "37be05137846cc6682dd96755ccb57de189e3f321259e8f263727a6b285cfed6", kill_on_drop: false }`
[INFO] [stdout] 37be05137846cc6682dd96755ccb57de189e3f321259e8f263727a6b285cfed6
[INFO] running `Command { std: "docker" "create" "-v" "/var/lib/crater-agent-workspace/builds/worker-7-tc1/target:/opt/rustwide/target:rw,Z" "-v" "/var/lib/crater-agent-workspace/builds/worker-7-tc1/source:/opt/rustwide/workdir:ro,Z" "-v" "/var/lib/crater-agent-workspace/cargo-home:/opt/rustwide/cargo-home:ro,Z" "-v" "/var/lib/crater-agent-workspace/rustup-home:/opt/rustwide/rustup-home:ro,Z" "-e" "SOURCE_DIR=/opt/rustwide/workdir" "-e" "CARGO_TARGET_DIR=/opt/rustwide/target" "-e" "CARGO_INCREMENTAL=0" "-e" "RUST_BACKTRACE=full" "-e" "RUSTFLAGS=--cap-lints=warn" "-e" "RUSTDOCFLAGS=--cap-lints=warn" "-e" "CARGO_HOME=/opt/rustwide/cargo-home" "-e" "RUSTUP_HOME=/opt/rustwide/rustup-home" "-w" "/opt/rustwide/workdir" "-m" "1610612736" "--user" "0:0" "--network" "none" "ghcr.io/rust-lang/crates-build-env/linux@sha256:f3a9d4ad9d972b27faf3965f35b62e55ba32bbce8f20bc8fe909558a86702fde" "/opt/rustwide/cargo-home/bin/cargo" "+1.83.0" "test" "--frozen", kill_on_drop: false }`
[INFO] [stdout] d4cf926463cc92d9a428375f66c92c678ace1865e2081024dd4d485f92a6e075
[INFO] running `Command { std: "docker" "start" "-a" "d4cf926463cc92d9a428375f66c92c678ace1865e2081024dd4d485f92a6e075", kill_on_drop: false }`
[INFO] [stderr] warning: elided lifetime has a name
[INFO] [stderr]   --> src/lib/usecase/usecases/create_conventional_commit.rs:21:10
[INFO] [stderr]    |
[INFO] [stderr] 17 | impl<'a, 'b: 'a> CreateConventionalCommitUseCase<'a> {
[INFO] [stderr]    |          -- lifetime `'b` declared here
[INFO] [stderr] ...
[INFO] [stderr] 21 |     ) -> CreateConventionalCommitUseCase {
[INFO] [stderr]    |          ^^^^^^^^^^^^^^^^^^^^^^^^^^^^^^^ this elided lifetime gets resolved as `'b`
[INFO] [stderr]    |
[INFO] [stderr]    = note: `#[warn(elided_named_lifetimes)]` on by default
[INFO] [stderr] 
[INFO] [stderr] warning: `gitbox` (lib) generated 1 warning
[INFO] [stderr] warning: `gitbox` (lib test) generated 1 warning (1 duplicate)
[INFO] [stderr]     Finished `test` profile [unoptimized + debuginfo] target(s) in 0.18s
[INFO] [stderr]      Running unittests src/lib/lib.rs (/opt/rustwide/target/debug/deps/gitbox_lib-24993d90bffce7f7)
[INFO] [stdout] 
[INFO] [stdout] running 175 tests
[INFO] [stdout] test application::controller::commit::tests::commit_ok ... ok
[INFO] [stdout] test application::controller::describe::tests::basic_usage ... ok
[INFO] [stdout] test application::controller::changelog::tests::wrong_trigger_exits_with_error ... ok
[INFO] [stdout] test application::controller::commit::tests::commit_error ... ok
[INFO] [stdout] test application::controller::init::tests::failed_init ... ok
[INFO] [stdout] test application::controller::init::tests::full_init ... ok
[INFO] [stdout] test application::controller::license::tests::license_controller ... ok
[INFO] [stdout] test application::controller::describe::tests::diff_enabled ... ok
[INFO] [stdout] test application::controller::describe::tests::tag_enabled ... ok
[INFO] [stdout] test application::controller::changelog::tests::failed_execution_of_usecase ... ok
[INFO] [stdout] test application::options::changelog::tests::ensure_format_has_placeholder_correct ... ok
[INFO] [stdout] test application::options::changelog::tests::ensure_format_has_placeholder_wrong ... ok
[INFO] [stdout] test application::presenter::commit_presenter::tests::breaking_and_scoped_commit_format ... ok
[INFO] [stdout] test application::presenter::commit_presenter::tests::breaking_commit_format ... ok
[INFO] [stdout] test application::controller::init::tests::correct_init_empty ... ok
[INFO] [stdout] test application::controller::init::tests::failed_commit ... ok
[INFO] [stdout] test application::presenter::commit_presenter::tests::conventional_commit_breaking ... ok
[INFO] [stdout] test application::presenter::commit_presenter::tests::conventional_commit_basic ... ok
[INFO] [stdout] test application::presenter::commit_presenter::tests::conventional_commit_scoped_and_breaking ... ok
[INFO] [stdout] test application::presenter::commit_presenter::tests::full_conventional_commit_with_message ... ok
[INFO] [stdout] test application::presenter::commit_presenter::tests::conventional_commit_scoped ... ok
[INFO] [stdout] test application::presenter::commit_presenter::tests::freeform_commit_correct ... ok
[INFO] [stdout] test application::presenter::commit_presenter::tests::full_conventional_commit_without_message ... ok
[INFO] [stdout] test application::presenter::commit_presenter::tests::simple_commit_format ... ok
[INFO] [stdout] test application::presenter::commit_presenter::tests::scoped_commit_format ... ok
[INFO] [stdout] test application::presenter::semantic_version_presenter::tests::parse_simple_semantic_version ... ok
[INFO] [stdout] test application::presenter::semantic_version_presenter::tests::prerelease_version_format ... ok
[INFO] [stdout] test application::presenter::semantic_version_presenter::tests::prerelease_version_with_metadata_format ... ok
[INFO] [stdout] test application::presenter::semantic_version_presenter::tests::simple_version_format ... ok
[INFO] [stdout] test application::presenter::semantic_version_presenter::tests::parse_semantic_prerelease_with_metadata ... ok
[INFO] [stdout] test application::presenter::semantic_version_presenter::tests::try_parse_non_semantic_version ... ok
[INFO] [stdout] test application::presenter::semantic_version_presenter::tests::version_with_metadata_format ... ok
[INFO] [stdout] test application::presenter::trigger_presenter::tests::trigger_from_str_correct ... ok
[INFO] [stdout] test application::presenter::trigger_presenter::tests::trigger_from_str_wrong ... ok
[INFO] [stdout] test application::presenter::semantic_version_presenter::tests::parse_semantic_prerelease ... ok
[INFO] [stdout] test application::repository_impl::commit_metadata_ingress_repository_impl::tests::get_metadata_err ... ok
[INFO] [stdout] test application::presenter::semantic_version_presenter::tests::parse_semantic_version_with_metadata ... ok
[INFO] [stdout] test application::presenter::commit_presenter::tests::freeform_commit_empty ... ok
[INFO] [stdout] test application::repository_impl::conventional_commit_egress_repository_impl::tests::create_commit_error ... ok
[INFO] [stdout] test application::repository_impl::commit_metadata_ingress_repository_impl::tests::get_metadata_ok ... ok
[INFO] [stdout] test application::repository_impl::conventional_commit_egress_repository_impl::tests::create_empty_commit_error ... ok
[INFO] [stdout] test application::repository_impl::conventional_commit_egress_repository_impl::tests::create_empty_commit_ok ... ok
[INFO] [stdout] test application::repository_impl::gitextra_egress_repository_impl::tests::update_scopes_ok ... ok
[INFO] [stdout] test application::repository_impl::gitextra_egress_repository_impl::tests::update_types_err ... ok
[INFO] [stdout] test application::repository_impl::gitextra_egress_repository_impl::tests::update_types_ok ... ok
[INFO] [stdout] test application::repository_impl::license_choice_ingress_repository_impl::tests::ask_license_ok ... ok
[INFO] [stdout] test application::repository_impl::gitextra_egress_repository_impl::tests::update_scopes_err ... ok
[INFO] [stdout] test application::repository_impl::license_text_egress_repository_impl::tests::consume_forwards_filepath_and_text ... ok
[INFO] [stdout] test application::repository_impl::license_list_ingress_repository_impl::tests::license_list_ok ... ok
[INFO] [stdout] test application::repository_impl::semantic_version_ingress_repository_impl::tests::last_stable_version_empty ... ok
[INFO] [stdout] test application::repository_impl::license_text_ingress_repository_impl::tests::license_text ... ok
[INFO] [stdout] test application::repository_impl::conventional_commit_egress_repository_impl::tests::create_commit_ok ... ok
[INFO] [stdout] test application::repository_impl::semantic_version_ingress_repository_impl::tests::last_version_empty ... ok
[INFO] [stdout] test application::controller::tree::tests::basic_usage ... FAILED
[INFO] [stdout] test application::repository_impl::semantic_version_ingress_repository_impl::tests::last_stable_version_wrong ... ok
[INFO] [stdout] test application::repository_impl::semantic_version_ingress_repository_impl::tests::last_version_present ... ok
[INFO] [stdout] test application::repository_impl::semantic_version_ingress_repository_impl::tests::last_stable_version_present ... ok
[INFO] [stdout] test application::repository_impl::treegraphline_ingress_repository_impl::tests::correct_deserialization_of_tree_lines ... ok
[INFO] [stdout] test application::repository_impl::treegraphline_ingress_repository_impl::tests::wrong_lines ... ok
[INFO] [stdout] test domain::conventional_commit_summary::tests::flag_disabled ... ok
[INFO] [stdout] test domain::conventional_commit_summary::tests::flag_enabled ... ok
[INFO] [stdout] test domain::conventional_commit_summary::tests::scope_correct_invariants ... ok
[INFO] [stdout] test domain::conventional_commit_summary::tests::scope_wrong_invariants ... ok
[INFO] [stdout] test domain::conventional_commit_summary::tests::summary_correct_invariants ... ok
[INFO] [stdout] test domain::conventional_commit_summary::tests::summary_wrong_invariants ... ok
[INFO] [stdout] test domain::conventional_commit_summary::tests::type_correct_invariants ... ok
[INFO] [stdout] test domain::conventional_commit_summary::tests::type_wrong_invariants ... ok
[INFO] [stdout] test domain::semantic_version::tests::equal_versions_ordering ... ok
[INFO] [stdout] test application::repository_impl::tag_egress_repository_impl::tests::received_label_is_version_string ... ok
[INFO] [stdout] test domain::semantic_version::tests::greater_or_equal_versions_ordering ... ok
[INFO] [stdout] test domain::semantic_version::tests::greater_versions_ordering ... ok
[INFO] [stdout] test domain::semantic_version::tests::less_or_equal_versions_ordering ... ok
[INFO] [stdout] test domain::semantic_version::tests::less_versions_ordering ... ok
[INFO] [stdout] test domain::semantic_version::tests::metadata_invariant_if_empty ... ok
[INFO] [stdout] test domain::semantic_version::tests::prerelease_invariant_correct ... ok
[INFO] [stdout] test domain::semantic_version::tests::metadata_invariant_with_wrong_char ... ok
[INFO] [stdout] test domain::semantic_version::tests::prerelease_invariant_with_wrong_char ... ok
[INFO] [stdout] test domain::semantic_version::tests::prerelease_is_less_than_version ... ok
[INFO] [stdout] test domain::semantic_version::tests::prereleases_are_ordered_lexicographically ... ok
[INFO] [stdout] test domain::semantic_version::tests::metadata_invariant_correct ... ok
[INFO] [stdout] test domain::semantic_version::tests::prerelease_invariant_if_empty ... ok
[INFO] [stdout] test domain::trigger::tests::and_statement ... ok
[INFO] [stdout] test domain::trigger::tests::array_node ... ok
[INFO] [stdout] test domain::trigger::tests::basic_statement_in_node ... ok
[INFO] [stdout] test domain::trigger::tests::breaking_node ... ok
[INFO] [stdout] test application::repository_impl::semantic_version_ingress_repository_impl::tests::last_version_wrong ... ok
[INFO] [stdout] test domain::trigger::tests::first_and_value_basic ... ok
[INFO] [stdout] test domain::trigger::tests::first_or_value_basic ... ok
[INFO] [stdout] test domain::trigger::tests::in_node_contains_scope ... ok
[INFO] [stdout] test domain::trigger::tests::basic_statement_breaking_node ... ok
[INFO] [stdout] test domain::trigger::tests::in_node_contains_type ... ok
[INFO] [stdout] test domain::trigger::tests::in_node_not_contains_scope ... ok
[INFO] [stdout] test domain::trigger::tests::first_or_value_and ... ok
[INFO] [stdout] test domain::trigger::tests::first_and_value_priority ... ok
[INFO] [stdout] test domain::trigger::tests::in_node_not_contains_type ... ok
[INFO] [stdout] test domain::trigger::tests::in_node_empty_scope ... ok
[INFO] [stdout] test domain::trigger::tests::literal_node ... ok
[INFO] [stdout] test domain::trigger::tests::not_breaking_node ... ok
[INFO] [stdout] test domain::trigger::tests::or_statement ... ok
[INFO] [stdout] test domain::trigger::tests::scope_node ... ok
[INFO] [stdout] test domain::trigger::tests::priority_statement ... ok
[INFO] [stdout] test domain::trigger::tests::second_and_value_priority ... ok
[INFO] [stdout] test domain::trigger::tests::second_or_value_and ... ok
[INFO] [stdout] test domain::trigger::tests::second_or_value_basic ... ok
[INFO] [stdout] test domain::trigger::tests::scope_node_empty ... ok
[INFO] [stdout] test domain::trigger::tests::second_and_value_and ... ok
[INFO] [stdout] test domain::trigger::tests::second_or_value_or ... ok
[INFO] [stdout] test domain::trigger::tests::start_or ... ok
[INFO] [stdout] test domain::trigger::tests::start_and ... ok
[INFO] [stdout] test domain::trigger::tests::start_basic ... ok
[INFO] [stdout] test domain::trigger::tests::type_node ... ok
[INFO] [stdout] test usecase::configuration::commit::tests::message_invariants_ok ... ok
[INFO] [stdout] test usecase::configuration::commit::tests::message_invariants_wrong ... ok
[INFO] [stdout] test usecase::configuration::commit::tests::scope_invariants_ok ... ok
[INFO] [stdout] test usecase::configuration::commit::tests::scope_invariants_wrong ... ok
[INFO] [stdout] test usecase::configuration::commit::tests::summary_invariants_ok ... ok
[INFO] [stdout] test usecase::configuration::commit::tests::summary_invariants_wrong ... ok
[INFO] [stdout] test usecase::configuration::tag::tests::invariant_correct ... ok
[INFO] [stdout] test domain::trigger::tests::second_and_value_basic ... ok
[INFO] [stdout] test usecase::configuration::commit::tests::type_invariants_ok ... ok
[INFO] [stdout] test usecase::configuration::tag::tests::invariant_correct_with_no_message ... ok
[INFO] [stdout] test usecase::configuration::commit::tests::type_invariants_wrong ... ok
[INFO] [stdout] test usecase::usecases::create_changelog::tests::categorize_commit_list_basic ... ok
[INFO] [stdout] test usecase::configuration::tag::tests::invariant_wrong ... ok
[INFO] [stdout] test usecase::usecases::create_changelog::tests::categorize_commit_list_with_exclude_trigger ... ok
[INFO] [stdout] test usecase::usecases::create_changelog::tests::execute_from_latest_version_with_trigger ... ok
[INFO] [stdout] test usecase::usecases::create_changelog::tests::execute_basic ... ok
[INFO] [stdout] test usecase::usecases::create_changelog::tests::execute_from_latest_version ... ok
[INFO] [stdout] test usecase::usecases::create_changelog::tests::format_details_not_breaking ... ok
[INFO] [stdout] test usecase::usecases::create_changelog::tests::execute_with_trigger ... ok
[INFO] [stdout] test usecase::usecases::create_changelog::tests::format_list_basic ... ok
[INFO] [stdout] test usecase::usecases::create_changelog::tests::format_scopes_basic ... ok
[INFO] [stdout] test usecase::usecases::create_changelog::tests::format_details_breaking ... ok
[INFO] [stdout] test usecase::usecases::create_changelog::tests::format_title_basic ... ok
[INFO] [stdout] test usecase::usecases::create_changelog::tests::format_list_empty ... ok
[INFO] [stdout] test usecase::usecases::create_changelog::tests::format_item_basic ... ok
[INFO] [stdout] test usecase::usecases::create_changelog::tests::scope_or_general_empty ... ok
[INFO] [stdout] test usecase::usecases::create_changelog::tests::format_title_empty_version ... ok
[INFO] [stdout] test usecase::usecases::create_changelog::tests::format_types_basic ... ok
[INFO] [stdout] test usecase::usecases::create_conventional_commit::tests::execute_usecase_correct ... ok
[INFO] [stdout] test usecase::usecases::create_conventional_commit::tests::execute_usecase_error ... ok
[INFO] [stdout] test usecase::usecases::create_license::tests::create_license_usecase ... ok
[INFO] [stdout] test usecase::usecases::create_tag::tests::usecase_propagate_configuration ... ok
[INFO] [stdout] test usecase::usecases::create_changelog::tests::scope_or_general_some ... ok
[INFO] [stdout] test usecase::usecases::describe_new_version::tests::commit_to_change_freeform ... ok
[INFO] [stdout] test usecase::usecases::describe_new_version::tests::commit_to_change_major ... ok
[INFO] [stdout] test usecase::usecases::describe_new_version::tests::commit_to_change_patch ... ok
[INFO] [stdout] test usecase::usecases::describe_new_version::tests::describe_prerelease_error_without_relevant_changes_from_stable_version ... ok
[INFO] [stdout] test usecase::usecases::describe_new_version::tests::commit_to_change_minor ... ok
[INFO] [stdout] test usecase::usecases::describe_new_version::tests::commit_to_change_none ... ok
[INFO] [stdout] test usecase::usecases::describe_new_version::tests::first_stable_version_is_first_release ... ok
[INFO] [stdout] test usecase::usecases::describe_new_version::tests::first_unstable_version_is_first_release_and_first_prerelease ... ok
[INFO] [stdout] test usecase::usecases::describe_new_version::tests::greatest_change_from_empty_list ... ok
[INFO] [stdout] test usecase::usecases::describe_new_version::tests::major_trigger_proc_major_number_increase ... ok
[INFO] [stdout] test usecase::usecases::describe_new_version::tests::empty_metadata ... ok
[INFO] [stdout] test usecase::usecases::describe_new_version::tests::greatest_change_from_list ... ok
[INFO] [stdout] test usecase::usecases::describe_new_version::tests::patch_trigger_proc_patch_number_increase ... ok
[INFO] [stdout] test usecase::usecases::describe_new_version::tests::prerelease_from_prerelease_without_commits_is_invalid ... ok
[INFO] [stdout] test usecase::usecases::describe_new_version::tests::prerelease_number_increase ... ok
[INFO] [stdout] test usecase::usecases::describe_new_version::tests::prerelease_number_increase_with_no_stable_version ... ok
[INFO] [stdout] test usecase::usecases::describe_new_version::tests::prerelease_number_reset_on_pattern_change ... ok
[INFO] [stdout] test usecase::usecases::describe_new_version::tests::prerelease_number_reset_on_stable_update ... ok
[INFO] [stdout] test usecase::usecases::describe_new_version::tests::return_error_with_no_relevant_changes_when_describing_stable ... ok
[INFO] [stdout] test usecase::usecases::describe_new_version::tests::single_metadata ... ok
[INFO] [stdout] test usecase::usecases::format_tree_graph::tests::execute_complete ... FAILED
[INFO] [stdout] test usecase::usecases::format_tree_graph::tests::execute_empty ... ok
[INFO] [stdout] test usecase::usecases::format_tree_graph::tests::format_header_line ... FAILED
[INFO] [stdout] test usecase::usecases::format_tree_graph::tests::format_message_line ... FAILED
[INFO] [stdout] test usecase::usecases::refresh_types_and_scopes::tests::refresh_adds_only_distinct_values ... ok
[INFO] [stdout] test usecase::usecases::describe_new_version::tests::minor_trigger_proc_minor_number_increase ... ok
[INFO] [stdout] test usecase::usecases::describe_new_version::tests::multiple_metadata ... ok
[INFO] [stdout] test application::repository_impl::bounded_commit_summary_ingress_repository_impl::tests::get_commits_from_basic ... ok
[INFO] [stdout] test application::controller::refresh::tests::refresh_controller ... ok
[INFO] [stdout] test application::controller::changelog::tests::correct_usecase_execution ... ok
[INFO] [stdout] test application::repository_impl::full_commit_summary_history_repository_impl::tests::get_all_commits_basic ... ok
[INFO] [stdout] 
[INFO] [stdout] failures:
[INFO] [stdout] 
[INFO] [stdout] ---- application::controller::tree::tests::basic_usage stdout ----
[INFO] [stdout] thread 'application::controller::tree::tests::basic_usage' panicked at src/lib/application/controller/tree.rs:127:9:
[INFO] [stdout] assertion `left == right` failed
[INFO] [stdout]   left: "       ( some time ago ) * abcdef0 ( HEAD -> main )\n                         |     asperan: first test message\n  ( some more time ago ) * 0fedcba \n                         |     asperan: stub test"
[INFO] [stdout]  right: "\u{1b}[2m       ( some time ago )\u{1b}[0m * \u{1b}[34mabcdef0\u{1b}[0m \u{1b}[33m( HEAD -> main )\u{1b}[0m\n                         |     \u{1b}[1;37masperan:\u{1b}[0m first test message\n\u{1b}[2m  ( some more time ago )\u{1b}[0m * \u{1b}[34m0fedcba\u{1b}[0m \u{1b}[33m\u{1b}[0m\n                         |     \u{1b}[1;37masperan:\u{1b}[0m stub test"
[INFO] [stdout] stack backtrace:
[INFO] [stdout]    0:     0x6102e671ddaa - std::backtrace_rs::backtrace::libunwind::trace::h5a5b8284f2d0c266
[INFO] [stdout]                                at /rustc/90b35a6239c3d8bdabc530a6a0816f7ff89a0aaf/library/std/src/../../backtrace/src/backtrace/libunwind.rs:116:5
[INFO] [stdout]    1:     0x6102e671ddaa - std::backtrace_rs::backtrace::trace_unsynchronized::h76d4f1c9b0b875e3
[INFO] [stdout]                                at /rustc/90b35a6239c3d8bdabc530a6a0816f7ff89a0aaf/library/std/src/../../backtrace/src/backtrace/mod.rs:66:5
[INFO] [stdout]    2:     0x6102e671ddaa - std::sys::backtrace::_print_fmt::hc4546b8364a537c6
[INFO] [stdout]                                at /rustc/90b35a6239c3d8bdabc530a6a0816f7ff89a0aaf/library/std/src/sys/backtrace.rs:66:9
[INFO] [stdout]    3:     0x6102e671ddaa - <std::sys::backtrace::BacktraceLock::print::DisplayBacktrace as core::fmt::Display>::fmt::h5b6bd5631a6d1f6b
[INFO] [stdout]                                at /rustc/90b35a6239c3d8bdabc530a6a0816f7ff89a0aaf/library/std/src/sys/backtrace.rs:39:26
[INFO] [stdout]    4:     0x6102e6743913 - core::fmt::rt::Argument::fmt::h270f6602a2b96f62
[INFO] [stdout]                                at /rustc/90b35a6239c3d8bdabc530a6a0816f7ff89a0aaf/library/core/src/fmt/rt.rs:177:76
[INFO] [stdout]    5:     0x6102e6743913 - core::fmt::write::h7550c97b06c86515
[INFO] [stdout]                                at /rustc/90b35a6239c3d8bdabc530a6a0816f7ff89a0aaf/library/core/src/fmt/mod.rs:1186:21
[INFO] [stdout]    6:     0x6102e671af73 - std::io::Write::write_fmt::h509ff860e5956e5e
[INFO] [stdout]                                at /rustc/90b35a6239c3d8bdabc530a6a0816f7ff89a0aaf/library/std/src/io/mod.rs:1839:15
[INFO] [stdout]    7:     0x6102e671dbf2 - std::sys::backtrace::BacktraceLock::print::h2395ccd2c84ba3aa
[INFO] [stdout]                                at /rustc/90b35a6239c3d8bdabc530a6a0816f7ff89a0aaf/library/std/src/sys/backtrace.rs:42:9
[INFO] [stdout]    8:     0x6102e671f20a - std::panicking::default_hook::{{closure}}::he19d4c7230e07961
[INFO] [stdout]                                at /rustc/90b35a6239c3d8bdabc530a6a0816f7ff89a0aaf/library/std/src/panicking.rs:268:22
[INFO] [stdout]    9:     0x6102e671f014 - std::panicking::default_hook::hf614597d3c67bbdb
[INFO] [stdout]                                at /rustc/90b35a6239c3d8bdabc530a6a0816f7ff89a0aaf/library/std/src/panicking.rs:292:9
[INFO] [stdout]   10:     0x6102e643ee99 - <alloc::boxed::Box<F,A> as core::ops::function::Fn<Args>>::call::h39b51ce4599c23d1
[INFO] [stdout]                                at /rustc/90b35a6239c3d8bdabc530a6a0816f7ff89a0aaf/library/alloc/src/boxed.rs:2468:9
[INFO] [stdout]   11:     0x6102e643ee99 - test::test_main::{{closure}}::he977ae839a582784
[INFO] [stdout]                                at /rustc/90b35a6239c3d8bdabc530a6a0816f7ff89a0aaf/library/test/src/lib.rs:133:21
[INFO] [stdout]   12:     0x6102e671f8a8 - <alloc::boxed::Box<F,A> as core::ops::function::Fn<Args>>::call::h9455091b6b06f9fb
[INFO] [stdout]                                at /rustc/90b35a6239c3d8bdabc530a6a0816f7ff89a0aaf/library/alloc/src/boxed.rs:2468:9
[INFO] [stdout]   13:     0x6102e671f8a8 - std::panicking::rust_panic_with_hook::h8942133a8b252070
[INFO] [stdout]                                at /rustc/90b35a6239c3d8bdabc530a6a0816f7ff89a0aaf/library/std/src/panicking.rs:809:13
[INFO] [stdout]   14:     0x6102e671f66a - std::panicking::begin_panic_handler::{{closure}}::hb5f5963570096b29
[INFO] [stdout]                                at /rustc/90b35a6239c3d8bdabc530a6a0816f7ff89a0aaf/library/std/src/panicking.rs:674:13
[INFO] [stdout]   15:     0x6102e671e289 - std::sys::backtrace::__rust_end_short_backtrace::h6208cedc1922feda
[INFO] [stdout]                                at /rustc/90b35a6239c3d8bdabc530a6a0816f7ff89a0aaf/library/std/src/sys/backtrace.rs:170:18
[INFO] [stdout]   16:     0x6102e671f2fc - rust_begin_unwind
[INFO] [stdout]                                at /rustc/90b35a6239c3d8bdabc530a6a0816f7ff89a0aaf/library/std/src/panicking.rs:665:5
[INFO] [stdout]   17:     0x6102e6344130 - core::panicking::panic_fmt::h0c3082644d1bf418
[INFO] [stdout]                                at /rustc/90b35a6239c3d8bdabc530a6a0816f7ff89a0aaf/library/core/src/panicking.rs:74:14
[INFO] [stdout]   18:     0x6102e6344534 - core::panicking::assert_failed_inner::h2ddf1fcc067fa858
[INFO] [stdout]   19:     0x6102e639678c - core::panicking::assert_failed::hc2ac9794c47f3ae8
[INFO] [stdout]                                at /rustc/90b35a6239c3d8bdabc530a6a0816f7ff89a0aaf/library/core/src/panicking.rs:367:5
[INFO] [stdout]   20:     0x6102e63bcca0 - gitbox_lib::application::controller::tree::tests::basic_usage::he56bbe531e55058e
[INFO] [stdout]                                at /opt/rustwide/workdir/src/lib/application/controller/tree.rs:127:9
[INFO] [stdout]   21:     0x6102e63bca47 - gitbox_lib::application::controller::tree::tests::basic_usage::{{closure}}::h61845c574aac6e59
[INFO] [stdout]                                at /opt/rustwide/workdir/src/lib/application/controller/tree.rs:115:21
[INFO] [stdout]   22:     0x6102e638a706 - core::ops::function::FnOnce::call_once::h53aa9262a3881fc2
[INFO] [stdout]                                at /rustc/90b35a6239c3d8bdabc530a6a0816f7ff89a0aaf/library/core/src/ops/function.rs:250:5
[INFO] [stdout]   23:     0x6102e644385b - core::ops::function::FnOnce::call_once::h109cf8051a59b34e
[INFO] [stdout]                                at /rustc/90b35a6239c3d8bdabc530a6a0816f7ff89a0aaf/library/core/src/ops/function.rs:250:5
[INFO] [stdout]   24:     0x6102e644385b - test::__rust_begin_short_backtrace::hf4fff89d377446ba
[INFO] [stdout]                                at /rustc/90b35a6239c3d8bdabc530a6a0816f7ff89a0aaf/library/test/src/lib.rs:621:18
[INFO] [stdout]   25:     0x6102e6443097 - test::run_test_in_process::{{closure}}::h0e39181dd7ee5a43
[INFO] [stdout]                                at /rustc/90b35a6239c3d8bdabc530a6a0816f7ff89a0aaf/library/test/src/lib.rs:644:60
[INFO] [stdout]   26:     0x6102e6443097 - <core::panic::unwind_safe::AssertUnwindSafe<F> as core::ops::function::FnOnce<()>>::call_once::hc5a66a30f0bdfd1f
[INFO] [stdout]                                at /rustc/90b35a6239c3d8bdabc530a6a0816f7ff89a0aaf/library/core/src/panic/unwind_safe.rs:272:9
[INFO] [stdout]   27:     0x6102e6443097 - std::panicking::try::do_call::h873b7cf639554a5e
[INFO] [stdout]                                at /rustc/90b35a6239c3d8bdabc530a6a0816f7ff89a0aaf/library/std/src/panicking.rs:557:40
[INFO] [stdout]   28:     0x6102e6443097 - std::panicking::try::hdb19862fad9c8bd1
[INFO] [stdout]                                at /rustc/90b35a6239c3d8bdabc530a6a0816f7ff89a0aaf/library/std/src/panicking.rs:520:19
[INFO] [stdout]   29:     0x6102e6443097 - std::panic::catch_unwind::h281fe732d236d260
[INFO] [stdout]                                at /rustc/90b35a6239c3d8bdabc530a6a0816f7ff89a0aaf/library/std/src/panic.rs:358:14
[INFO] [stdout]   30:     0x6102e6443097 - test::run_test_in_process::h949b6df8457ed338
[INFO] [stdout]                                at /rustc/90b35a6239c3d8bdabc530a6a0816f7ff89a0aaf/library/test/src/lib.rs:644:27
[INFO] [stdout]   31:     0x6102e6443097 - test::run_test::{{closure}}::h52c556a6d4740e10
[INFO] [stdout]                                at /rustc/90b35a6239c3d8bdabc530a6a0816f7ff89a0aaf/library/test/src/lib.rs:565:43
[INFO] [stdout]   32:     0x6102e6408374 - test::run_test::{{closure}}::h4237f6381c45ccb9
[INFO] [stdout]                                at /rustc/90b35a6239c3d8bdabc530a6a0816f7ff89a0aaf/library/test/src/lib.rs:595:41
[INFO] [stdout]   33:     0x6102e6408374 - std::sys::backtrace::__rust_begin_short_backtrace::h505c97a579eca628
[INFO] [stdout]                                at /rustc/90b35a6239c3d8bdabc530a6a0816f7ff89a0aaf/library/std/src/sys/backtrace.rs:154:18
[INFO] [stdout]   34:     0x6102e640ba3e - std::thread::Builder::spawn_unchecked_::{{closure}}::{{closure}}::h9e86b2e2bc107ea3
[INFO] [stdout]                                at /rustc/90b35a6239c3d8bdabc530a6a0816f7ff89a0aaf/library/std/src/thread/mod.rs:538:17
[INFO] [stdout]   35:     0x6102e640ba3e - <core::panic::unwind_safe::AssertUnwindSafe<F> as core::ops::function::FnOnce<()>>::call_once::h8b06ddb275ff4a25
[INFO] [stdout]                                at /rustc/90b35a6239c3d8bdabc530a6a0816f7ff89a0aaf/library/core/src/panic/unwind_safe.rs:272:9
[INFO] [stdout]   36:     0x6102e640ba3e - std::panicking::try::do_call::hb26ecd7cd9a9355d
[INFO] [stdout]                                at /rustc/90b35a6239c3d8bdabc530a6a0816f7ff89a0aaf/library/std/src/panicking.rs:557:40
[INFO] [stdout]   37:     0x6102e640ba3e - std::panicking::try::h8ddeca9d705f9069
[INFO] [stdout]                                at /rustc/90b35a6239c3d8bdabc530a6a0816f7ff89a0aaf/library/std/src/panicking.rs:520:19
[INFO] [stdout]   38:     0x6102e640ba3e - std::panic::catch_unwind::h49e1c33078844c46
[INFO] [stdout]                                at /rustc/90b35a6239c3d8bdabc530a6a0816f7ff89a0aaf/library/std/src/panic.rs:358:14
[INFO] [stdout]   39:     0x6102e640ba3e - std::thread::Builder::spawn_unchecked_::{{closure}}::h6073db6ff56ad35d
[INFO] [stdout]                                at /rustc/90b35a6239c3d8bdabc530a6a0816f7ff89a0aaf/library/std/src/thread/mod.rs:537:30
[INFO] [stdout]   40:     0x6102e640ba3e - core::ops::function::FnOnce::call_once{{vtable.shim}}::h2c5a5f3779c774f1
[INFO] [stdout]                                at /rustc/90b35a6239c3d8bdabc530a6a0816f7ff89a0aaf/library/core/src/ops/function.rs:250:5
[INFO] [stdout]   41:     0x6102e67235fb - <alloc::boxed::Box<F,A> as core::ops::function::FnOnce<Args>>::call_once::hf75717d9f28faebf
[INFO] [stdout]                                at /rustc/90b35a6239c3d8bdabc530a6a0816f7ff89a0aaf/library/alloc/src/boxed.rs:2454:9
[INFO] [stdout]   42:     0x6102e67235fb - <alloc::boxed::Box<F,A> as core::ops::function::FnOnce<Args>>::call_once::h7bd883a5f3c5f3c1
[INFO] [stdout]                                at /rustc/90b35a6239c3d8bdabc530a6a0816f7ff89a0aaf/library/alloc/src/boxed.rs:2454:9
[INFO] [stdout]   43:     0x6102e67235fb - std::sys::pal::unix::thread::Thread::new::thread_start::hcc78f3943333fa94
[INFO] [stdout]                                at /rustc/90b35a6239c3d8bdabc530a6a0816f7ff89a0aaf/library/std/src/sys/pal/unix/thread.rs:105:17
[INFO] [stdout]   44:     0x7ae17886aac3 - <unknown>
[INFO] [stdout]   45:     0x7ae1788fba04 - clone
[INFO] [stdout]   46:                0x0 - <unknown>
[INFO] [stdout] 
[INFO] [stdout] ---- usecase::usecases::format_tree_graph::tests::execute_complete stdout ----
[INFO] [stdout]   ( sample date 1 ) * abcdef0 ( HEAD -> main )
[INFO] [stdout]                     |     asperan: test message
[INFO] [stdout]   ( sample date 2 ) * 0fedcba 
[INFO] [stdout]                     |     asperan: another test message
[INFO] [stdout] thread 'usecase::usecases::format_tree_graph::tests::execute_complete' panicked at src/lib/usecase/usecases/format_tree_graph.rs:183:9:
[INFO] [stdout] assertion `left == right` failed
[INFO] [stdout]   left: "  ( sample date 1 ) * abcdef0 ( HEAD -> main )\n                    |     asperan: test message\n  ( sample date 2 ) * 0fedcba \n                    |     asperan: another test message"
[INFO] [stdout]  right: "\u{1b}[2m  ( sample date 1 )\u{1b}[0m * \u{1b}[34mabcdef0\u{1b}[0m \u{1b}[33m( HEAD -> main )\u{1b}[0m\n                    |     \u{1b}[1;37masperan:\u{1b}[0m test message\n\u{1b}[2m  ( sample date 2 )\u{1b}[0m * \u{1b}[34m0fedcba\u{1b}[0m \u{1b}[33m\u{1b}[0m\n                    |     \u{1b}[1;37masperan:\u{1b}[0m another test message"
[INFO] [stdout] stack backtrace:
[INFO] [stdout]    0:     0x6102e671ddaa - std::backtrace_rs::backtrace::libunwind::trace::h5a5b8284f2d0c266
[INFO] [stdout]                                at /rustc/90b35a6239c3d8bdabc530a6a0816f7ff89a0aaf/library/std/src/../../backtrace/src/backtrace/libunwind.rs:116:5
[INFO] [stdout]    1:     0x6102e671ddaa - std::backtrace_rs::backtrace::trace_unsynchronized::h76d4f1c9b0b875e3
[INFO] [stdout]                                at /rustc/90b35a6239c3d8bdabc530a6a0816f7ff89a0aaf/library/std/src/../../backtrace/src/backtrace/mod.rs:66:5
[INFO] [stdout]    2:     0x6102e671ddaa - std::sys::backtrace::_print_fmt::hc4546b8364a537c6
[INFO] [stdout]                                at /rustc/90b35a6239c3d8bdabc530a6a0816f7ff89a0aaf/library/std/src/sys/backtrace.rs:66:9
[INFO] [stdout]    3:     0x6102e671ddaa - <std::sys::backtrace::BacktraceLock::print::DisplayBacktrace as core::fmt::Display>::fmt::h5b6bd5631a6d1f6b
[INFO] [stdout]                                at /rustc/90b35a6239c3d8bdabc530a6a0816f7ff89a0aaf/library/std/src/sys/backtrace.rs:39:26
[INFO] [stdout]    4:     0x6102e6743913 - core::fmt::rt::Argument::fmt::h270f6602a2b96f62
[INFO] [stdout]                                at /rustc/90b35a6239c3d8bdabc530a6a0816f7ff89a0aaf/library/core/src/fmt/rt.rs:177:76
[INFO] [stdout]    5:     0x6102e6743913 - core::fmt::write::h7550c97b06c86515
[INFO] [stdout]                                at /rustc/90b35a6239c3d8bdabc530a6a0816f7ff89a0aaf/library/core/src/fmt/mod.rs:1186:21
[INFO] [stdout]    6:     0x6102e671af73 - std::io::Write::write_fmt::h509ff860e5956e5e
[INFO] [stdout]                                at /rustc/90b35a6239c3d8bdabc530a6a0816f7ff89a0aaf/library/std/src/io/mod.rs:1839:15
[INFO] [stdout]    7:     0x6102e671dbf2 - std::sys::backtrace::BacktraceLock::print::h2395ccd2c84ba3aa
[INFO] [stdout]                                at /rustc/90b35a6239c3d8bdabc530a6a0816f7ff89a0aaf/library/std/src/sys/backtrace.rs:42:9
[INFO] [stdout]    8:     0x6102e671f20a - std::panicking::default_hook::{{closure}}::he19d4c7230e07961
[INFO] [stdout]                                at /rustc/90b35a6239c3d8bdabc530a6a0816f7ff89a0aaf/library/std/src/panicking.rs:268:22
[INFO] [stdout]    9:     0x6102e671f014 - std::panicking::default_hook::hf614597d3c67bbdb
[INFO] [stdout]                                at /rustc/90b35a6239c3d8bdabc530a6a0816f7ff89a0aaf/library/std/src/panicking.rs:292:9
[INFO] [stdout]   10:     0x6102e643ee99 - <alloc::boxed::Box<F,A> as core::ops::function::Fn<Args>>::call::h39b51ce4599c23d1
[INFO] [stdout]                                at /rustc/90b35a6239c3d8bdabc530a6a0816f7ff89a0aaf/library/alloc/src/boxed.rs:2468:9
[INFO] [stdout]   11:     0x6102e643ee99 - test::test_main::{{closure}}::he977ae839a582784
[INFO] [stdout]                                at /rustc/90b35a6239c3d8bdabc530a6a0816f7ff89a0aaf/library/test/src/lib.rs:133:21
[INFO] [stdout]   12:     0x6102e671f8a8 - <alloc::boxed::Box<F,A> as core::ops::function::Fn<Args>>::call::h9455091b6b06f9fb
[INFO] [stdout]                                at /rustc/90b35a6239c3d8bdabc530a6a0816f7ff89a0aaf/library/alloc/src/boxed.rs:2468:9
[INFO] [stdout]   13:     0x6102e671f8a8 - std::panicking::rust_panic_with_hook::h8942133a8b252070
[INFO] [stdout]                                at /rustc/90b35a6239c3d8bdabc530a6a0816f7ff89a0aaf/library/std/src/panicking.rs:809:13
[INFO] [stdout]   14:     0x6102e671f66a - std::panicking::begin_panic_handler::{{closure}}::hb5f5963570096b29
[INFO] [stdout]                                at /rustc/90b35a6239c3d8bdabc530a6a0816f7ff89a0aaf/library/std/src/panicking.rs:674:13
[INFO] [stdout]   15:     0x6102e671e289 - std::sys::backtrace::__rust_end_short_backtrace::h6208cedc1922feda
[INFO] [stdout]                                at /rustc/90b35a6239c3d8bdabc530a6a0816f7ff89a0aaf/library/std/src/sys/backtrace.rs:170:18
[INFO] [stdout]   16:     0x6102e671f2fc - rust_begin_unwind
[INFO] [stdout]                                at /rustc/90b35a6239c3d8bdabc530a6a0816f7ff89a0aaf/library/std/src/panicking.rs:665:5
[INFO] [stdout]   17:     0x6102e6344130 - core::panicking::panic_fmt::h0c3082644d1bf418
[INFO] [stdout]                                at /rustc/90b35a6239c3d8bdabc530a6a0816f7ff89a0aaf/library/core/src/panicking.rs:74:14
[INFO] [stdout]   18:     0x6102e6344534 - core::panicking::assert_failed_inner::h2ddf1fcc067fa858
[INFO] [stdout]   19:     0x6102e63964ce - core::panicking::assert_failed::h028167804a72e43a
[INFO] [stdout]                                at /rustc/90b35a6239c3d8bdabc530a6a0816f7ff89a0aaf/library/core/src/panicking.rs:367:5
[INFO] [stdout]   20:     0x6102e63c2855 - gitbox_lib::usecase::usecases::format_tree_graph::tests::execute_complete::h59c77851b92e3585
[INFO] [stdout]                                at /opt/rustwide/workdir/src/lib/usecase/usecases/format_tree_graph.rs:183:9
[INFO] [stdout]   21:     0x6102e63c2607 - gitbox_lib::usecase::usecases::format_tree_graph::tests::execute_complete::{{closure}}::hf08d046d103f992e
[INFO] [stdout]                                at /opt/rustwide/workdir/src/lib/usecase/usecases/format_tree_graph.rs:171:26
[INFO] [stdout]   22:     0x6102e638b246 - core::ops::function::FnOnce::call_once::h8b22306072f6c1bd
[INFO] [stdout]                                at /rustc/90b35a6239c3d8bdabc530a6a0816f7ff89a0aaf/library/core/src/ops/function.rs:250:5
[INFO] [stdout]   23:     0x6102e644385b - core::ops::function::FnOnce::call_once::h109cf8051a59b34e
[INFO] [stdout]                                at /rustc/90b35a6239c3d8bdabc530a6a0816f7ff89a0aaf/library/core/src/ops/function.rs:250:5
[INFO] [stdout]   24:     0x6102e644385b - test::__rust_begin_short_backtrace::hf4fff89d377446ba
[INFO] [stdout]                                at /rustc/90b35a6239c3d8bdabc530a6a0816f7ff89a0aaf/library/test/src/lib.rs:621:18
[INFO] [stdout]   25:     0x6102e6443097 - test::run_test_in_process::{{closure}}::h0e39181dd7ee5a43
[INFO] [stdout]                                at /rustc/90b35a6239c3d8bdabc530a6a0816f7ff89a0aaf/library/test/src/lib.rs:644:60
[INFO] [stdout]   26:     0x6102e6443097 - <core::panic::unwind_safe::AssertUnwindSafe<F> as core::ops::function::FnOnce<()>>::call_once::hc5a66a30f0bdfd1f
[INFO] [stdout]                                at /rustc/90b35a6239c3d8bdabc530a6a0816f7ff89a0aaf/library/core/src/panic/unwind_safe.rs:272:9
[INFO] [stdout]   27:     0x6102e6443097 - std::panicking::try::do_call::h873b7cf639554a5e
[INFO] [stdout]                                at /rustc/90b35a6239c3d8bdabc530a6a0816f7ff89a0aaf/library/std/src/panicking.rs:557:40
[INFO] [stdout]   28:     0x6102e6443097 - std::panicking::try::hdb19862fad9c8bd1
[INFO] [stdout]                                at /rustc/90b35a6239c3d8bdabc530a6a0816f7ff89a0aaf/library/std/src/panicking.rs:520:19
[INFO] [stdout]   29:     0x6102e6443097 - std::panic::catch_unwind::h281fe732d236d260
[INFO] [stdout]                                at /rustc/90b35a6239c3d8bdabc530a6a0816f7ff89a0aaf/library/std/src/panic.rs:358:14
[INFO] [stdout]   30:     0x6102e6443097 - test::run_test_in_process::h949b6df8457ed338
[INFO] [stdout]                                at /rustc/90b35a6239c3d8bdabc530a6a0816f7ff89a0aaf/library/test/src/lib.rs:644:27
[INFO] [stdout]   31:     0x6102e6443097 - test::run_test::{{closure}}::h52c556a6d4740e10
[INFO] [stdout]                                at /rustc/90b35a6239c3d8bdabc530a6a0816f7ff89a0aaf/library/test/src/lib.rs:565:43
[INFO] [stdout]   32:     0x6102e6408374 - test::run_test::{{closure}}::h4237f6381c45ccb9
[INFO] [stdout]                                at /rustc/90b35a6239c3d8bdabc530a6a0816f7ff89a0aaf/library/test/src/lib.rs:595:41
[INFO] [stdout]   33:     0x6102e6408374 - std::sys::backtrace::__rust_begin_short_backtrace::h505c97a579eca628
[INFO] [stdout]                                at /rustc/90b35a6239c3d8bdabc530a6a0816f7ff89a0aaf/library/std/src/sys/backtrace.rs:154:18
[INFO] [stdout]   34:     0x6102e640ba3e - std::thread::Builder::spawn_unchecked_::{{closure}}::{{closure}}::h9e86b2e2bc107ea3
[INFO] [stdout]                                at /rustc/90b35a6239c3d8bdabc530a6a0816f7ff89a0aaf/library/std/src/thread/mod.rs:538:17
[INFO] [stdout]   35:     0x6102e640ba3e - <core::panic::unwind_safe::AssertUnwindSafe<F> as core::ops::function::FnOnce<()>>::call_once::h8b06ddb275ff4a25
[INFO] [stdout]                                at /rustc/90b35a6239c3d8bdabc530a6a0816f7ff89a0aaf/library/core/src/panic/unwind_safe.rs:272:9
[INFO] [stdout]   36:     0x6102e640ba3e - std::panicking::try::do_call::hb26ecd7cd9a9355d
[INFO] [stdout]                                at /rustc/90b35a6239c3d8bdabc530a6a0816f7ff89a0aaf/library/std/src/panicking.rs:557:40
[INFO] [stdout]   37:     0x6102e640ba3e - std::panicking::try::h8ddeca9d705f9069
[INFO] [stdout]                                at /rustc/90b35a6239c3d8bdabc530a6a0816f7ff89a0aaf/library/std/src/panicking.rs:520:19
[INFO] [stdout]   38:     0x6102e640ba3e - std::panic::catch_unwind::h49e1c33078844c46
[INFO] [stdout]                                at /rustc/90b35a6239c3d8bdabc530a6a0816f7ff89a0aaf/library/std/src/panic.rs:358:14
[INFO] [stdout]   39:     0x6102e640ba3e - std::thread::Builder::spawn_unchecked_::{{closure}}::h6073db6ff56ad35d
[INFO] [stdout]                                at /rustc/90b35a6239c3d8bdabc530a6a0816f7ff89a0aaf/library/std/src/thread/mod.rs:537:30
[INFO] [stdout]   40:     0x6102e640ba3e - core::ops::function::FnOnce::call_once{{vtable.shim}}::h2c5a5f3779c774f1
[INFO] [stdout]                                at /rustc/90b35a6239c3d8bdabc530a6a0816f7ff89a0aaf/library/core/src/ops/function.rs:250:5
[INFO] [stdout]   41:     0x6102e67235fb - <alloc::boxed::Box<F,A> as core::ops::function::FnOnce<Args>>::call_once::hf75717d9f28faebf
[INFO] [stdout]                                at /rustc/90b35a6239c3d8bdabc530a6a0816f7ff89a0aaf/library/alloc/src/boxed.rs:2454:9
[INFO] [stdout]   42:     0x6102e67235fb - <alloc::boxed::Box<F,A> as core::ops::function::FnOnce<Args>>::call_once::h7bd883a5f3c5f3c1
[INFO] [stdout]                                at /rustc/90b35a6239c3d8bdabc530a6a0816f7ff89a0aaf/library/alloc/src/boxed.rs:2454:9
[INFO] [stdout]   43:     0x6102e67235fb - std::sys::pal::unix::thread::Thread::new::thread_start::hcc78f3943333fa94
[INFO] [stdout]                                at /rustc/90b35a6239c3d8bdabc530a6a0816f7ff89a0aaf/library/std/src/sys/pal/unix/thread.rs:105:17
[INFO] [stdout]   44:     0x7ae17886aac3 - <unknown>
[INFO] [stdout]   45:     0x7ae1788fba04 - clone
[INFO] [stdout]   46:                0x0 - <unknown>
[INFO] [stdout] 
[INFO] [stdout] ---- usecase::usecases::format_tree_graph::tests::format_header_line stdout ----
[INFO] [stdout] thread 'usecase::usecases::format_tree_graph::tests::format_header_line' panicked at src/lib/usecase/usecases/format_tree_graph.rs:151:9:
[INFO] [stdout] assertion `left == right` failed
[INFO] [stdout]   left: " ( sample date ) * abcdef0 ( HEAD -> main )"
[INFO] [stdout]  right: "\u{1b}[2m ( sample date )\u{1b}[0m * \u{1b}[34mabcdef0\u{1b}[0m \u{1b}[33m( HEAD -> main )\u{1b}[0m"
[INFO] [stdout] stack backtrace:
[INFO] [stdout]    0:     0x6102e671ddaa - std::backtrace_rs::backtrace::libunwind::trace::h5a5b8284f2d0c266
[INFO] [stdout]                                at /rustc/90b35a6239c3d8bdabc530a6a0816f7ff89a0aaf/library/std/src/../../backtrace/src/backtrace/libunwind.rs:116:5
[INFO] [stdout]    1:     0x6102e671ddaa - std::backtrace_rs::backtrace::trace_unsynchronized::h76d4f1c9b0b875e3
[INFO] [stdout]                                at /rustc/90b35a6239c3d8bdabc530a6a0816f7ff89a0aaf/library/std/src/../../backtrace/src/backtrace/mod.rs:66:5
[INFO] [stdout]    2:     0x6102e671ddaa - std::sys::backtrace::_print_fmt::hc4546b8364a537c6
[INFO] [stdout]                                at /rustc/90b35a6239c3d8bdabc530a6a0816f7ff89a0aaf/library/std/src/sys/backtrace.rs:66:9
[INFO] [stdout]    3:     0x6102e671ddaa - <std::sys::backtrace::BacktraceLock::print::DisplayBacktrace as core::fmt::Display>::fmt::h5b6bd5631a6d1f6b
[INFO] [stdout]                                at /rustc/90b35a6239c3d8bdabc530a6a0816f7ff89a0aaf/library/std/src/sys/backtrace.rs:39:26
[INFO] [stdout]    4:     0x6102e6743913 - core::fmt::rt::Argument::fmt::h270f6602a2b96f62
[INFO] [stdout]                                at /rustc/90b35a6239c3d8bdabc530a6a0816f7ff89a0aaf/library/core/src/fmt/rt.rs:177:76
[INFO] [stdout]    5:     0x6102e6743913 - core::fmt::write::h7550c97b06c86515
[INFO] [stdout]                                at /rustc/90b35a6239c3d8bdabc530a6a0816f7ff89a0aaf/library/core/src/fmt/mod.rs:1186:21
[INFO] [stdout]    6:     0x6102e671af73 - std::io::Write::write_fmt::h509ff860e5956e5e
[INFO] [stdout]                                at /rustc/90b35a6239c3d8bdabc530a6a0816f7ff89a0aaf/library/std/src/io/mod.rs:1839:15
[INFO] [stdout]    7:     0x6102e671dbf2 - std::sys::backtrace::BacktraceLock::print::h2395ccd2c84ba3aa
[INFO] [stdout]                                at /rustc/90b35a6239c3d8bdabc530a6a0816f7ff89a0aaf/library/std/src/sys/backtrace.rs:42:9
[INFO] [stdout]    8:     0x6102e671f20a - std::panicking::default_hook::{{closure}}::he19d4c7230e07961
[INFO] [stdout]                                at /rustc/90b35a6239c3d8bdabc530a6a0816f7ff89a0aaf/library/std/src/panicking.rs:268:22
[INFO] [stdout]    9:     0x6102e671f014 - std::panicking::default_hook::hf614597d3c67bbdb
[INFO] [stdout]                                at /rustc/90b35a6239c3d8bdabc530a6a0816f7ff89a0aaf/library/std/src/panicking.rs:292:9
[INFO] [stdout]   10:     0x6102e643ee99 - <alloc::boxed::Box<F,A> as core::ops::function::Fn<Args>>::call::h39b51ce4599c23d1
[INFO] [stdout]                                at /rustc/90b35a6239c3d8bdabc530a6a0816f7ff89a0aaf/library/alloc/src/boxed.rs:2468:9
[INFO] [stdout]   11:     0x6102e643ee99 - test::test_main::{{closure}}::he977ae839a582784
[INFO] [stdout]                                at /rustc/90b35a6239c3d8bdabc530a6a0816f7ff89a0aaf/library/test/src/lib.rs:133:21
[INFO] [stdout]   12:     0x6102e671f8a8 - <alloc::boxed::Box<F,A> as core::ops::function::Fn<Args>>::call::h9455091b6b06f9fb
[INFO] [stdout]                                at /rustc/90b35a6239c3d8bdabc530a6a0816f7ff89a0aaf/library/alloc/src/boxed.rs:2468:9
[INFO] [stdout]   13:     0x6102e671f8a8 - std::panicking::rust_panic_with_hook::h8942133a8b252070
[INFO] [stdout]                                at /rustc/90b35a6239c3d8bdabc530a6a0816f7ff89a0aaf/library/std/src/panicking.rs:809:13
[INFO] [stdout]   14:     0x6102e671f66a - std::panicking::begin_panic_handler::{{closure}}::hb5f5963570096b29
[INFO] [stdout]                                at /rustc/90b35a6239c3d8bdabc530a6a0816f7ff89a0aaf/library/std/src/panicking.rs:674:13
[INFO] [stdout]   15:     0x6102e671e289 - std::sys::backtrace::__rust_end_short_backtrace::h6208cedc1922feda
[INFO] [stdout]                                at /rustc/90b35a6239c3d8bdabc530a6a0816f7ff89a0aaf/library/std/src/sys/backtrace.rs:170:18
[INFO] [stdout]   16:     0x6102e671f2fc - rust_begin_unwind
[INFO] [stdout]                                at /rustc/90b35a6239c3d8bdabc530a6a0816f7ff89a0aaf/library/std/src/panicking.rs:665:5
[INFO] [stdout]   17:     0x6102e6344130 - core::panicking::panic_fmt::h0c3082644d1bf418
[INFO] [stdout]                                at /rustc/90b35a6239c3d8bdabc530a6a0816f7ff89a0aaf/library/core/src/panicking.rs:74:14
[INFO] [stdout]   18:     0x6102e6344534 - core::panicking::assert_failed_inner::h2ddf1fcc067fa858
[INFO] [stdout]   19:     0x6102e63964ce - core::panicking::assert_failed::h028167804a72e43a
[INFO] [stdout]                                at /rustc/90b35a6239c3d8bdabc530a6a0816f7ff89a0aaf/library/core/src/panicking.rs:367:5
[INFO] [stdout]   20:     0x6102e63c1035 - gitbox_lib::usecase::usecases::format_tree_graph::tests::format_header_line::hfd782b086520eb9f
[INFO] [stdout]                                at /opt/rustwide/workdir/src/lib/usecase/usecases/format_tree_graph.rs:151:9
[INFO] [stdout]   21:     0x6102e63bfb17 - gitbox_lib::usecase::usecases::format_tree_graph::tests::format_header_line::{{closure}}::hdfac11da0c2edcdd
[INFO] [stdout]                                at /opt/rustwide/workdir/src/lib/usecase/usecases/format_tree_graph.rs:139:28
[INFO] [stdout]   22:     0x6102e6389d76 - core::ops::function::FnOnce::call_once::h2b82160d0c23cae0
[INFO] [stdout]                                at /rustc/90b35a6239c3d8bdabc530a6a0816f7ff89a0aaf/library/core/src/ops/function.rs:250:5
[INFO] [stdout]   23:     0x6102e644385b - core::ops::function::FnOnce::call_once::h109cf8051a59b34e
[INFO] [stdout]                                at /rustc/90b35a6239c3d8bdabc530a6a0816f7ff89a0aaf/library/core/src/ops/function.rs:250:5
[INFO] [stdout]   24:     0x6102e644385b - test::__rust_begin_short_backtrace::hf4fff89d377446ba
[INFO] [stdout]                                at /rustc/90b35a6239c3d8bdabc530a6a0816f7ff89a0aaf/library/test/src/lib.rs:621:18
[INFO] [stdout]   25:     0x6102e6443097 - test::run_test_in_process::{{closure}}::h0e39181dd7ee5a43
[INFO] [stdout]                                at /rustc/90b35a6239c3d8bdabc530a6a0816f7ff89a0aaf/library/test/src/lib.rs:644:60
[INFO] [stdout]   26:     0x6102e6443097 - <core::panic::unwind_safe::AssertUnwindSafe<F> as core::ops::function::FnOnce<()>>::call_once::hc5a66a30f0bdfd1f
[INFO] [stdout]                                at /rustc/90b35a6239c3d8bdabc530a6a0816f7ff89a0aaf/library/core/src/panic/unwind_safe.rs:272:9
[INFO] [stdout]   27:     0x6102e6443097 - std::panicking::try::do_call::h873b7cf639554a5e
[INFO] [stdout]                                at /rustc/90b35a6239c3d8bdabc530a6a0816f7ff89a0aaf/library/std/src/panicking.rs:557:40
[INFO] [stdout]   28:     0x6102e6443097 - std::panicking::try::hdb19862fad9c8bd1
[INFO] [stdout]                                at /rustc/90b35a6239c3d8bdabc530a6a0816f7ff89a0aaf/library/std/src/panicking.rs:520:19
[INFO] [stdout]   29:     0x6102e6443097 - std::panic::catch_unwind::h281fe732d236d260
[INFO] [stdout]                                at /rustc/90b35a6239c3d8bdabc530a6a0816f7ff89a0aaf/library/std/src/panic.rs:358:14
[INFO] [stdout]   30:     0x6102e6443097 - test::run_test_in_process::h949b6df8457ed338
[INFO] [stdout]                                at /rustc/90b35a6239c3d8bdabc530a6a0816f7ff89a0aaf/library/test/src/lib.rs:644:27
[INFO] [stdout]   31:     0x6102e6443097 - test::run_test::{{closure}}::h52c556a6d4740e10
[INFO] [stdout]                                at /rustc/90b35a6239c3d8bdabc530a6a0816f7ff89a0aaf/library/test/src/lib.rs:565:43
[INFO] [stdout]   32:     0x6102e6408374 - test::run_test::{{closure}}::h4237f6381c45ccb9
[INFO] [stdout]                                at /rustc/90b35a6239c3d8bdabc530a6a0816f7ff89a0aaf/library/test/src/lib.rs:595:41
[INFO] [stdout]   33:     0x6102e6408374 - std::sys::backtrace::__rust_begin_short_backtrace::h505c97a579eca628
[INFO] [stdout]                                at /rustc/90b35a6239c3d8bdabc530a6a0816f7ff89a0aaf/library/std/src/sys/backtrace.rs:154:18
[INFO] [stdout]   34:     0x6102e640ba3e - std::thread::Builder::spawn_unchecked_::{{closure}}::{{closure}}::h9e86b2e2bc107ea3
[INFO] [stdout]                                at /rustc/90b35a6239c3d8bdabc530a6a0816f7ff89a0aaf/library/std/src/thread/mod.rs:538:17
[INFO] [stdout]   35:     0x6102e640ba3e - <core::panic::unwind_safe::AssertUnwindSafe<F> as core::ops::function::FnOnce<()>>::call_once::h8b06ddb275ff4a25
[INFO] [stdout]                                at /rustc/90b35a6239c3d8bdabc530a6a0816f7ff89a0aaf/library/core/src/panic/unwind_safe.rs:272:9
[INFO] [stdout]   36:     0x6102e640ba3e - std::panicking::try::do_call::hb26ecd7cd9a9355d
[INFO] [stdout]                                at /rustc/90b35a6239c3d8bdabc530a6a0816f7ff89a0aaf/library/std/src/panicking.rs:557:40
[INFO] [stdout]   37:     0x6102e640ba3e - std::panicking::try::h8ddeca9d705f9069
[INFO] [stdout]                                at /rustc/90b35a6239c3d8bdabc530a6a0816f7ff89a0aaf/library/std/src/panicking.rs:520:19
[INFO] [stdout]   38:     0x6102e640ba3e - std::panic::catch_unwind::h49e1c33078844c46
[INFO] [stdout]                                at /rustc/90b35a6239c3d8bdabc530a6a0816f7ff89a0aaf/library/std/src/panic.rs:358:14
[INFO] [stdout]   39:     0x6102e640ba3e - std::thread::Builder::spawn_unchecked_::{{closure}}::h6073db6ff56ad35d
[INFO] [stdout]                                at /rustc/90b35a6239c3d8bdabc530a6a0816f7ff89a0aaf/library/std/src/thread/mod.rs:537:30
[INFO] [stdout]   40:     0x6102e640ba3e - core::ops::function::FnOnce::call_once{{vtable.shim}}::h2c5a5f3779c774f1
[INFO] [stdout]                                at /rustc/90b35a6239c3d8bdabc530a6a0816f7ff89a0aaf/library/core/src/ops/function.rs:250:5
[INFO] [stdout]   41:     0x6102e67235fb - <alloc::boxed::Box<F,A> as core::ops::function::FnOnce<Args>>::call_once::hf75717d9f28faebf
[INFO] [stdout]                                at /rustc/90b35a6239c3d8bdabc530a6a0816f7ff89a0aaf/library/alloc/src/boxed.rs:2454:9
[INFO] [stdout]   42:     0x6102e67235fb - <alloc::boxed::Box<F,A> as core::ops::function::FnOnce<Args>>::call_once::h7bd883a5f3c5f3c1
[INFO] [stdout]                                at /rustc/90b35a6239c3d8bdabc530a6a0816f7ff89a0aaf/library/alloc/src/boxed.rs:2454:9
[INFO] [stdout]   43:     0x6102e67235fb - std::sys::pal::unix::thread::Thread::new::thread_start::hcc78f3943333fa94
[INFO] [stdout]                                at /rustc/90b35a6239c3d8bdabc530a6a0816f7ff89a0aaf/library/std/src/sys/pal/unix/thread.rs:105:17
[INFO] [stdout]   44:     0x7ae17886aac3 - <unknown>
[INFO] [stdout]   45:     0x7ae1788fba04 - clone
[INFO] [stdout]   46:                0x0 - <unknown>
[INFO] [stdout] 
[INFO] [stdout] ---- usecase::usecases::format_tree_graph::tests::format_message_line stdout ----
[INFO] [stdout] thread 'usecase::usecases::format_tree_graph::tests::format_message_line' panicked at src/lib/usecase/usecases/format_tree_graph.rs:167:9:
[INFO] [stdout] assertion `left == right` failed
[INFO] [stdout]   left: "                 |     asperan: test message"
[INFO] [stdout]  right: "                 |     \u{1b}[1;37masperan:\u{1b}[0m test message"
[INFO] [stdout] stack backtrace:
[INFO] [stdout]    0:     0x6102e671ddaa - std::backtrace_rs::backtrace::libunwind::trace::h5a5b8284f2d0c266
[INFO] [stdout]                                at /rustc/90b35a6239c3d8bdabc530a6a0816f7ff89a0aaf/library/std/src/../../backtrace/src/backtrace/libunwind.rs:116:5
[INFO] [stdout]    1:     0x6102e671ddaa - std::backtrace_rs::backtrace::trace_unsynchronized::h76d4f1c9b0b875e3
[INFO] [stdout]                                at /rustc/90b35a6239c3d8bdabc530a6a0816f7ff89a0aaf/library/std/src/../../backtrace/src/backtrace/mod.rs:66:5
[INFO] [stdout]    2:     0x6102e671ddaa - std::sys::backtrace::_print_fmt::hc4546b8364a537c6
[INFO] [stdout]                                at /rustc/90b35a6239c3d8bdabc530a6a0816f7ff89a0aaf/library/std/src/sys/backtrace.rs:66:9
[INFO] [stdout]    3:     0x6102e671ddaa - <std::sys::backtrace::BacktraceLock::print::DisplayBacktrace as core::fmt::Display>::fmt::h5b6bd5631a6d1f6b
[INFO] [stdout]                                at /rustc/90b35a6239c3d8bdabc530a6a0816f7ff89a0aaf/library/std/src/sys/backtrace.rs:39:26
[INFO] [stdout]    4:     0x6102e6743913 - core::fmt::rt::Argument::fmt::h270f6602a2b96f62
[INFO] [stdout]                                at /rustc/90b35a6239c3d8bdabc530a6a0816f7ff89a0aaf/library/core/src/fmt/rt.rs:177:76
[INFO] [stdout]    5:     0x6102e6743913 - core::fmt::write::h7550c97b06c86515
[INFO] [stdout]                                at /rustc/90b35a6239c3d8bdabc530a6a0816f7ff89a0aaf/library/core/src/fmt/mod.rs:1186:21
[INFO] [stdout]    6:     0x6102e671af73 - std::io::Write::write_fmt::h509ff860e5956e5e
[INFO] [stdout]                                at /rustc/90b35a6239c3d8bdabc530a6a0816f7ff89a0aaf/library/std/src/io/mod.rs:1839:15
[INFO] [stdout]    7:     0x6102e671dbf2 - std::sys::backtrace::BacktraceLock::print::h2395ccd2c84ba3aa
[INFO] [stdout]                                at /rustc/90b35a6239c3d8bdabc530a6a0816f7ff89a0aaf/library/std/src/sys/backtrace.rs:42:9
[INFO] [stdout]    8:     0x6102e671f20a - std::panicking::default_hook::{{closure}}::he19d4c7230e07961
[INFO] [stdout]                                at /rustc/90b35a6239c3d8bdabc530a6a0816f7ff89a0aaf/library/std/src/panicking.rs:268:22
[INFO] [stdout]    9:     0x6102e671f014 - std::panicking::default_hook::hf614597d3c67bbdb
[INFO] [stdout]                                at /rustc/90b35a6239c3d8bdabc530a6a0816f7ff89a0aaf/library/std/src/panicking.rs:292:9
[INFO] [stdout]   10:     0x6102e643ee99 - <alloc::boxed::Box<F,A> as core::ops::function::Fn<Args>>::call::h39b51ce4599c23d1
[INFO] [stdout]                                at /rustc/90b35a6239c3d8bdabc530a6a0816f7ff89a0aaf/library/alloc/src/boxed.rs:2468:9
[INFO] [stdout]   11:     0x6102e643ee99 - test::test_main::{{closure}}::he977ae839a582784
[INFO] [stdout]                                at /rustc/90b35a6239c3d8bdabc530a6a0816f7ff89a0aaf/library/test/src/lib.rs:133:21
[INFO] [stdout]   12:     0x6102e671f8a8 - <alloc::boxed::Box<F,A> as core::ops::function::Fn<Args>>::call::h9455091b6b06f9fb
[INFO] [stdout]                                at /rustc/90b35a6239c3d8bdabc530a6a0816f7ff89a0aaf/library/alloc/src/boxed.rs:2468:9
[INFO] [stdout]   13:     0x6102e671f8a8 - std::panicking::rust_panic_with_hook::h8942133a8b252070
[INFO] [stdout]                                at /rustc/90b35a6239c3d8bdabc530a6a0816f7ff89a0aaf/library/std/src/panicking.rs:809:13
[INFO] [stdout]   14:     0x6102e671f66a - std::panicking::begin_panic_handler::{{closure}}::hb5f5963570096b29
[INFO] [stdout]                                at /rustc/90b35a6239c3d8bdabc530a6a0816f7ff89a0aaf/library/std/src/panicking.rs:674:13
[INFO] [stdout]   15:     0x6102e671e289 - std::sys::backtrace::__rust_end_short_backtrace::h6208cedc1922feda
[INFO] [stdout]                                at /rustc/90b35a6239c3d8bdabc530a6a0816f7ff89a0aaf/library/std/src/sys/backtrace.rs:170:18
[INFO] [stdout]   16:     0x6102e671f2fc - rust_begin_unwind
[INFO] [stdout]                                at /rustc/90b35a6239c3d8bdabc530a6a0816f7ff89a0aaf/library/std/src/panicking.rs:665:5
[INFO] [stdout]   17:     0x6102e6344130 - core::panicking::panic_fmt::h0c3082644d1bf418
[INFO] [stdout]                                at /rustc/90b35a6239c3d8bdabc530a6a0816f7ff89a0aaf/library/core/src/panicking.rs:74:14
[INFO] [stdout]   18:     0x6102e6344534 - core::panicking::assert_failed_inner::h2ddf1fcc067fa858
[INFO] [stdout]   19:     0x6102e63964ce - core::panicking::assert_failed::h028167804a72e43a
[INFO] [stdout]                                at /rustc/90b35a6239c3d8bdabc530a6a0816f7ff89a0aaf/library/core/src/panicking.rs:367:5
[INFO] [stdout]   20:     0x6102e63c259b - gitbox_lib::usecase::usecases::format_tree_graph::tests::format_message_line::haa36a1099a6877c8
[INFO] [stdout]                                at /opt/rustwide/workdir/src/lib/usecase/usecases/format_tree_graph.rs:167:9
[INFO] [stdout]   21:     0x6102e63c10a7 - gitbox_lib::usecase::usecases::format_tree_graph::tests::format_message_line::{{closure}}::hcaf2ea8b204edae8
[INFO] [stdout]                                at /opt/rustwide/workdir/src/lib/usecase/usecases/format_tree_graph.rs:155:29
[INFO] [stdout]   22:     0x6102e638a996 - core::ops::function::FnOnce::call_once::h5e4ff69dd5c130fa
[INFO] [stdout]                                at /rustc/90b35a6239c3d8bdabc530a6a0816f7ff89a0aaf/library/core/src/ops/function.rs:250:5
[INFO] [stdout]   23:     0x6102e644385b - core::ops::function::FnOnce::call_once::h109cf8051a59b34e
[INFO] [stdout]                                at /rustc/90b35a6239c3d8bdabc530a6a0816f7ff89a0aaf/library/core/src/ops/function.rs:250:5
[INFO] [stdout]   24:     0x6102e644385b - test::__rust_begin_short_backtrace::hf4fff89d377446ba
[INFO] [stdout]                                at /rustc/90b35a6239c3d8bdabc530a6a0816f7ff89a0aaf/library/test/src/lib.rs:621:18
[INFO] [stdout]   25:     0x6102e6443097 - test::run_test_in_process::{{closure}}::h0e39181dd7ee5a43
[INFO] [stdout]                                at /rustc/90b35a6239c3d8bdabc530a6a0816f7ff89a0aaf/library/test/src/lib.rs:644:60
[INFO] [stdout]   26:     0x6102e6443097 - <core::panic::unwind_safe::AssertUnwindSafe<F> as core::ops::function::FnOnce<()>>::call_once::hc5a66a30f0bdfd1f
[INFO] [stdout]                                at /rustc/90b35a6239c3d8bdabc530a6a0816f7ff89a0aaf/library/core/src/panic/unwind_safe.rs:272:9
[INFO] [stdout]   27:     0x6102e6443097 - std::panicking::try::do_call::h873b7cf639554a5e
[INFO] [stdout]                                at /rustc/90b35a6239c3d8bdabc530a6a0816f7ff89a0aaf/library/std/src/panicking.rs:557:40
[INFO] [stdout]   28:     0x6102e6443097 - std::panicking::try::hdb19862fad9c8bd1
[INFO] [stdout]                                at /rustc/90b35a6239c3d8bdabc530a6a0816f7ff89a0aaf/library/std/src/panicking.rs:520:19
[INFO] [stdout]   29:     0x6102e6443097 - std::panic::catch_unwind::h281fe732d236d260
[INFO] [stdout]                                at /rustc/90b35a6239c3d8bdabc530a6a0816f7ff89a0aaf/library/std/src/panic.rs:358:14
[INFO] [stdout]   30:     0x6102e6443097 - test::run_test_in_process::h949b6df8457ed338
[INFO] [stdout]                                at /rustc/90b35a6239c3d8bdabc530a6a0816f7ff89a0aaf/library/test/src/lib.rs:644:27
[INFO] [stdout]   31:     0x6102e6443097 - test::run_test::{{closure}}::h52c556a6d4740e10
[INFO] [stdout]                                at /rustc/90b35a6239c3d8bdabc530a6a0816f7ff89a0aaf/library/test/src/lib.rs:565:43
[INFO] [stdout]   32:     0x6102e6408374 - test::run_test::{{closure}}::h4237f6381c45ccb9
[INFO] [stdout]                                at /rustc/90b35a6239c3d8bdabc530a6a0816f7ff89a0aaf/library/test/src/lib.rs:595:41
[INFO] [stdout]   33:     0x6102e6408374 - std::sys::backtrace::__rust_begin_short_backtrace::h505c97a579eca628
[INFO] [stdout]                                at /rustc/90b35a6239c3d8bdabc530a6a0816f7ff89a0aaf/library/std/src/sys/backtrace.rs:154:18
[INFO] [stdout]   34:     0x6102e640ba3e - std::thread::Builder::spawn_unchecked_::{{closure}}::{{closure}}::h9e86b2e2bc107ea3
[INFO] [stdout]                                at /rustc/90b35a6239c3d8bdabc530a6a0816f7ff89a0aaf/library/std/src/thread/mod.rs:538:17
[INFO] [stdout]   35:     0x6102e640ba3e - <core::panic::unwind_safe::AssertUnwindSafe<F> as core::ops::function::FnOnce<()>>::call_once::h8b06ddb275ff4a25
[INFO] [stdout]                                at /rustc/90b35a6239c3d8bdabc530a6a0816f7ff89a0aaf/library/core/src/panic/unwind_safe.rs:272:9
[INFO] [stdout]   36:     0x6102e640ba3e - std::panicking::try::do_call::hb26ecd7cd9a9355d
[INFO] [stdout]                                at /rustc/90b35a6239c3d8bdabc530a6a0816f7ff89a0aaf/library/std/src/panicking.rs:557:40
[INFO] [stdout]   37:     0x6102e640ba3e - std::panicking::try::h8ddeca9d705f9069
[INFO] [stdout]                                at /rustc/90b35a6239c3d8bdabc530a6a0816f7ff89a0aaf/library/std/src/panicking.rs:520:19
[INFO] [stdout]   38:     0x6102e640ba3e - std::panic::catch_unwind::h49e1c33078844c46
[INFO] [stdout]                                at /rustc/90b35a6239c3d8bdabc530a6a0816f7ff89a0aaf/library/std/src/panic.rs:358:14
[INFO] [stdout]   39:     0x6102e640ba3e - std::thread::Builder::spawn_unchecked_::{{closure}}::h6073db6ff56ad35d
[INFO] [stdout]                                at /rustc/90b35a6239c3d8bdabc530a6a0816f7ff89a0aaf/library/std/src/thread/mod.rs:537:30
[INFO] [stdout]   40:     0x6102e640ba3e - core::ops::function::FnOnce::call_once{{vtable.shim}}::h2c5a5f3779c774f1
[INFO] [stdout]                                at /rustc/90b35a6239c3d8bdabc530a6a0816f7ff89a0aaf/library/core/src/ops/function.rs:250:5
[INFO] [stdout]   41:     0x6102e67235fb - <alloc::boxed::Box<F,A> as core::ops::function::FnOnce<Args>>::call_once::hf75717d9f28faebf
[INFO] [stdout]                                at /rustc/90b35a6239c3d8bdabc530a6a0816f7ff89a0aaf/library/alloc/src/boxed.rs:2454:9
[INFO] [stdout]   42:     0x6102e67235fb - <alloc::boxed::Box<F,A> as core::ops::function::FnOnce<Args>>::call_once::h7bd883a5f3c5f3c1
[INFO] [stdout]                                at /rustc/90b35a6239c3d8bdabc530a6a0816f7ff89a0aaf/library/alloc/src/boxed.rs:2454:9
[INFO] [stdout]   43:     0x6102e67235fb - std::sys::pal::unix::thread::Thread::new::thread_start::hcc78f3943333fa94
[INFO] [stdout]                                at /rustc/90b35a6239c3d8bdabc530a6a0816f7ff89a0aaf/library/std/src/sys/pal/unix/thread.rs:105:17
[INFO] [stdout]   44:     0x7ae17886aac3 - <unknown>
[INFO] [stdout]   45:     0x7ae1788fba04 - clone
[INFO] [stdout]   46:                0x0 - <unknown>
[INFO] [stdout] 
[INFO] [stdout] 
[INFO] [stdout] failures:
[INFO] [stdout]     application::controller::tree::tests::basic_usage
[INFO] [stdout]     usecase::usecases::format_tree_graph::tests::execute_complete
[INFO] [stdout]     usecase::usecases::format_tree_graph::tests::format_header_line
[INFO] [stdout]     usecase::usecases::format_tree_graph::tests::format_message_line
[INFO] [stdout] 
[INFO] [stdout] test result: FAILED. 171 passed; 4 failed; 0 ignored; 0 measured; 0 filtered out; finished in 0.54s
[INFO] [stdout] 
[INFO] [stderr] error: test failed, to rerun pass `--lib`
[INFO] running `Command { std: "docker" "inspect" "d4cf926463cc92d9a428375f66c92c678ace1865e2081024dd4d485f92a6e075", kill_on_drop: false }`
[INFO] running `Command { std: "docker" "rm" "-f" "d4cf926463cc92d9a428375f66c92c678ace1865e2081024dd4d485f92a6e075", kill_on_drop: false }`
[INFO] [stdout] d4cf926463cc92d9a428375f66c92c678ace1865e2081024dd4d485f92a6e075
