[INFO] cloning repository https://github.com/aryanshrestha16/rustStarkProject
[INFO] running `Command { std: "git" "-c" "credential.helper=" "-c" "credential.helper=/workspace/cargo-home/bin/git-credential-null" "clone" "--bare" "https://github.com/aryanshrestha16/rustStarkProject" "/workspace/cache/git-repos/https%3A%2F%2Fgithub.com%2Faryanshrestha16%2FrustStarkProject", kill_on_drop: false }`
[INFO] [stderr] Cloning into bare repository '/workspace/cache/git-repos/https%3A%2F%2Fgithub.com%2Faryanshrestha16%2FrustStarkProject'...
[INFO] running `Command { std: "git" "rev-parse" "HEAD", kill_on_drop: false }`
[INFO] [stdout] a8583f5fc46229873ba54e6469777d7cadd462a0
[INFO] testing aryanshrestha16/rustStarkProject against 1.83.0 for beta-1.84.0-4-retry
[INFO] running `Command { std: "git" "clone" "/workspace/cache/git-repos/https%3A%2F%2Fgithub.com%2Faryanshrestha16%2FrustStarkProject" "/workspace/builds/worker-7-tc1/source", kill_on_drop: false }`
[INFO] [stderr] Cloning into '/workspace/builds/worker-7-tc1/source'...
[INFO] [stderr] done.
[INFO] validating manifest of git repo https://github.com/aryanshrestha16/rustStarkProject on toolchain 1.83.0
[INFO] running `Command { std: CARGO_HOME="/workspace/cargo-home" RUSTUP_HOME="/workspace/rustup-home" "/workspace/cargo-home/bin/cargo" "+1.83.0" "metadata" "--manifest-path" "Cargo.toml" "--no-deps", kill_on_drop: false }`
[INFO] started tweaking git repo https://github.com/aryanshrestha16/rustStarkProject
[INFO] finished tweaking git repo https://github.com/aryanshrestha16/rustStarkProject
[INFO] tweaked toml for git repo https://github.com/aryanshrestha16/rustStarkProject written to /workspace/builds/worker-7-tc1/source/Cargo.toml
[INFO] crate git repo https://github.com/aryanshrestha16/rustStarkProject already has a lockfile, it will not be regenerated
[INFO] running `Command { std: CARGO_HOME="/workspace/cargo-home" RUSTUP_HOME="/workspace/rustup-home" "/workspace/cargo-home/bin/cargo" "+1.83.0" "fetch" "--manifest-path" "Cargo.toml", kill_on_drop: false }`
[INFO] running `Command { std: "docker" "create" "-v" "/var/lib/crater-agent-workspace/builds/worker-7-tc1/target:/opt/rustwide/target:rw,Z" "-v" "/var/lib/crater-agent-workspace/builds/worker-7-tc1/source:/opt/rustwide/workdir:ro,Z" "-v" "/var/lib/crater-agent-workspace/cargo-home:/opt/rustwide/cargo-home:ro,Z" "-v" "/var/lib/crater-agent-workspace/rustup-home:/opt/rustwide/rustup-home:ro,Z" "-e" "SOURCE_DIR=/opt/rustwide/workdir" "-e" "CARGO_TARGET_DIR=/opt/rustwide/target" "-e" "CARGO_HOME=/opt/rustwide/cargo-home" "-e" "RUSTUP_HOME=/opt/rustwide/rustup-home" "-w" "/opt/rustwide/workdir" "-m" "1610612736" "--user" "0:0" "--network" "none" "ghcr.io/rust-lang/crates-build-env/linux@sha256:f3a9d4ad9d972b27faf3965f35b62e55ba32bbce8f20bc8fe909558a86702fde" "/opt/rustwide/cargo-home/bin/cargo" "+1.83.0" "metadata" "--no-deps" "--format-version=1", kill_on_drop: false }`
[INFO] [stdout] a017dc4d596c812a500e09e193fbf1875639d0a421ba60597b944581bb496205
[INFO] running `Command { std: "docker" "start" "-a" "a017dc4d596c812a500e09e193fbf1875639d0a421ba60597b944581bb496205", kill_on_drop: false }`
[INFO] running `Command { std: "docker" "inspect" "a017dc4d596c812a500e09e193fbf1875639d0a421ba60597b944581bb496205", kill_on_drop: false }`
[INFO] running `Command { std: "docker" "rm" "-f" "a017dc4d596c812a500e09e193fbf1875639d0a421ba60597b944581bb496205", kill_on_drop: false }`
[INFO] [stdout] a017dc4d596c812a500e09e193fbf1875639d0a421ba60597b944581bb496205
[INFO] running `Command { std: "docker" "create" "-v" "/var/lib/crater-agent-workspace/builds/worker-7-tc1/target:/opt/rustwide/target:rw,Z" "-v" "/var/lib/crater-agent-workspace/builds/worker-7-tc1/source:/opt/rustwide/workdir:ro,Z" "-v" "/var/lib/crater-agent-workspace/cargo-home:/opt/rustwide/cargo-home:ro,Z" "-v" "/var/lib/crater-agent-workspace/rustup-home:/opt/rustwide/rustup-home:ro,Z" "-e" "SOURCE_DIR=/opt/rustwide/workdir" "-e" "CARGO_TARGET_DIR=/opt/rustwide/target" "-e" "CARGO_INCREMENTAL=0" "-e" "RUST_BACKTRACE=full" "-e" "RUSTFLAGS=--cap-lints=warn" "-e" "RUSTDOCFLAGS=--cap-lints=warn" "-e" "CARGO_HOME=/opt/rustwide/cargo-home" "-e" "RUSTUP_HOME=/opt/rustwide/rustup-home" "-w" "/opt/rustwide/workdir" "-m" "1610612736" "--user" "0:0" "--network" "none" "ghcr.io/rust-lang/crates-build-env/linux@sha256:f3a9d4ad9d972b27faf3965f35b62e55ba32bbce8f20bc8fe909558a86702fde" "/opt/rustwide/cargo-home/bin/cargo" "+1.83.0" "build" "--frozen" "--message-format=json", kill_on_drop: false }`
[INFO] [stdout] 6c35d76ccb0baff6bd6f0772e6b4055be340ac2119566d5bc12a2cfa109cab0f
[INFO] running `Command { std: "docker" "start" "-a" "6c35d76ccb0baff6bd6f0772e6b4055be340ac2119566d5bc12a2cfa109cab0f", kill_on_drop: false }`
[INFO] [stderr]    Compiling stark_suit_repair v0.1.0 (/opt/rustwide/workdir)
[INFO] [stderr]     Finished `dev` profile [unoptimized + debuginfo] target(s) in 0.44s
[INFO] running `Command { std: "docker" "inspect" "6c35d76ccb0baff6bd6f0772e6b4055be340ac2119566d5bc12a2cfa109cab0f", kill_on_drop: false }`
[INFO] running `Command { std: "docker" "rm" "-f" "6c35d76ccb0baff6bd6f0772e6b4055be340ac2119566d5bc12a2cfa109cab0f", kill_on_drop: false }`
[INFO] [stdout] 6c35d76ccb0baff6bd6f0772e6b4055be340ac2119566d5bc12a2cfa109cab0f
[INFO] running `Command { std: "docker" "create" "-v" "/var/lib/crater-agent-workspace/builds/worker-7-tc1/target:/opt/rustwide/target:rw,Z" "-v" "/var/lib/crater-agent-workspace/builds/worker-7-tc1/source:/opt/rustwide/workdir:ro,Z" "-v" "/var/lib/crater-agent-workspace/cargo-home:/opt/rustwide/cargo-home:ro,Z" "-v" "/var/lib/crater-agent-workspace/rustup-home:/opt/rustwide/rustup-home:ro,Z" "-e" "SOURCE_DIR=/opt/rustwide/workdir" "-e" "CARGO_TARGET_DIR=/opt/rustwide/target" "-e" "CARGO_INCREMENTAL=0" "-e" "RUST_BACKTRACE=full" "-e" "RUSTFLAGS=--cap-lints=warn" "-e" "RUSTDOCFLAGS=--cap-lints=warn" "-e" "CARGO_HOME=/opt/rustwide/cargo-home" "-e" "RUSTUP_HOME=/opt/rustwide/rustup-home" "-w" "/opt/rustwide/workdir" "-m" "1610612736" "--user" "0:0" "--network" "none" "ghcr.io/rust-lang/crates-build-env/linux@sha256:f3a9d4ad9d972b27faf3965f35b62e55ba32bbce8f20bc8fe909558a86702fde" "/opt/rustwide/cargo-home/bin/cargo" "+1.83.0" "test" "--frozen" "--no-run" "--message-format=json", kill_on_drop: false }`
[INFO] [stdout] 8b145c410b061452c8b69989e09141df901357f81f8b2c31d9f2176f969edb5a
[INFO] running `Command { std: "docker" "start" "-a" "8b145c410b061452c8b69989e09141df901357f81f8b2c31d9f2176f969edb5a", kill_on_drop: false }`
[INFO] [stderr]    Compiling stark_suit_repair v0.1.0 (/opt/rustwide/workdir)
[INFO] [stderr]     Finished `test` profile [unoptimized + debuginfo] target(s) in 1.26s
[INFO] running `Command { std: "docker" "inspect" "8b145c410b061452c8b69989e09141df901357f81f8b2c31d9f2176f969edb5a", kill_on_drop: false }`
[INFO] running `Command { std: "docker" "rm" "-f" "8b145c410b061452c8b69989e09141df901357f81f8b2c31d9f2176f969edb5a", kill_on_drop: false }`
[INFO] [stdout] 8b145c410b061452c8b69989e09141df901357f81f8b2c31d9f2176f969edb5a
[INFO] running `Command { std: "docker" "create" "-v" "/var/lib/crater-agent-workspace/builds/worker-7-tc1/target:/opt/rustwide/target:rw,Z" "-v" "/var/lib/crater-agent-workspace/builds/worker-7-tc1/source:/opt/rustwide/workdir:ro,Z" "-v" "/var/lib/crater-agent-workspace/cargo-home:/opt/rustwide/cargo-home:ro,Z" "-v" "/var/lib/crater-agent-workspace/rustup-home:/opt/rustwide/rustup-home:ro,Z" "-e" "SOURCE_DIR=/opt/rustwide/workdir" "-e" "CARGO_TARGET_DIR=/opt/rustwide/target" "-e" "CARGO_INCREMENTAL=0" "-e" "RUST_BACKTRACE=full" "-e" "RUSTFLAGS=--cap-lints=warn" "-e" "RUSTDOCFLAGS=--cap-lints=warn" "-e" "CARGO_HOME=/opt/rustwide/cargo-home" "-e" "RUSTUP_HOME=/opt/rustwide/rustup-home" "-w" "/opt/rustwide/workdir" "-m" "1610612736" "--user" "0:0" "--network" "none" "ghcr.io/rust-lang/crates-build-env/linux@sha256:f3a9d4ad9d972b27faf3965f35b62e55ba32bbce8f20bc8fe909558a86702fde" "/opt/rustwide/cargo-home/bin/cargo" "+1.83.0" "test" "--frozen", kill_on_drop: false }`
[INFO] [stdout] bebee6aa704098f61e586a781b5eb011cc56705152429f21a171faba30c59caa
[INFO] running `Command { std: "docker" "start" "-a" "bebee6aa704098f61e586a781b5eb011cc56705152429f21a171faba30c59caa", kill_on_drop: false }`
[INFO] [stderr]     Finished `test` profile [unoptimized + debuginfo] target(s) in 0.01s
[INFO] [stderr]      Running unittests src/lib.rs (/opt/rustwide/target/debug/deps/stark_suit_repair-02bf7b8ce8605d4a)
[INFO] [stdout] 
[INFO] [stdout] running 0 tests
[INFO] [stdout] 
[INFO] [stdout] test result: ok. 0 passed; 0 failed; 0 ignored; 0 measured; 0 filtered out; finished in 0.00s
[INFO] [stdout] 
[INFO] [stderr]      Running tests/tests.rs (/opt/rustwide/target/debug/deps/tests-6ef5c31f35fc86c7)
[INFO] [stdout] 
[INFO] [stdout] running 17 tests
[INFO] [stdout] test public::public_test_decimal ... ok
[INFO] [stdout] test public::public_test_gauss ... ok
[INFO] [stdout] test public::public_test_longseq ... ok
[INFO] [stdout] test public::public_test_mean ... ok
[INFO] [stdout] test public::public_test_power ... ok
[INFO] [stdout] test public::public_test_priority_queue ... ok
[INFO] [stdout] test public::public_test_rotate ... ok
[INFO] [stdout] test public::public_test_shield ... ok
[INFO] [stdout] test public::public_test_subset ... ok
[INFO] [stdout] test public::public_test_substr ... ok
[INFO] [stdout] test student::student_example ... ok
[INFO] [stdout] test public::public_test_factorize ... ok
[INFO] [stdout] test public::public_test_misc ... ok
[INFO] [stdout] test public::public_test_in_range ... ok
[INFO] [stdout] test public::public_test_locator ... ok
[INFO] [stdout] test public::public_test_missiles ... ok
[INFO] [stdout] test public::public_test_distance ... ok
[INFO] [stdout] 
[INFO] [stdout] test result: ok. 17 passed; 0 failed; 0 ignored; 0 measured; 0 filtered out; finished in 0.02s
[INFO] [stdout] 
[INFO] [stderr]    Doc-tests stark_suit_repair
[INFO] [stdout] 
[INFO] [stdout] running 3 tests
[INFO] [stdout] test src/locator.rs - locator::Vec<T>::enqueue (line 38) ... FAILED
[INFO] [stdout] test src/locator.rs - locator::Vec<T>::peek (line 103) ... FAILED
[INFO] [stdout] test src/locator.rs - locator::Vec<T>::dequeue (line 58) ... FAILED
[INFO] [stdout] 
[INFO] [stdout] failures:
[INFO] [stdout] 
[INFO] [stdout] ---- src/locator.rs - locator::Vec<T>::enqueue (line 38) stdout ----
[INFO] [stdout] error: expected one of `!`, `.`, `::`, `;`, `?`, `{`, `}`, or an operator, found `functions`
[INFO] [stdout]  --> src/locator.rs:39:6
[INFO] [stdout]   |
[INFO] [stdout] 3 | This functions pushes a given element onto the queue and
[INFO] [stdout]   |      ^^^^^^^^^ expected one of 8 possible tokens
[INFO] [stdout] 
[INFO] [stdout] error: aborting due to 1 previous error
[INFO] [stdout] 
[INFO] [stdout] Couldn't compile the test.
[INFO] [stdout] ---- src/locator.rs - locator::Vec<T>::peek (line 103) stdout ----
[INFO] [stdout] error: expected one of `!`, `.`, `::`, `;`, `?`, `{`, `}`, or an operator, found `function`
[INFO] [stdout]  --> src/locator.rs:104:6
[INFO] [stdout]   |
[INFO] [stdout] 3 | This function returns the element that would be removed
[INFO] [stdout]   |      ^^^^^^^^ expected one of 8 possible tokens
[INFO] [stdout] 
[INFO] [stdout] error: aborting due to 1 previous error
[INFO] [stdout] 
[INFO] [stdout] Couldn't compile the test.
[INFO] [stdout] ---- src/locator.rs - locator::Vec<T>::dequeue (line 58) stdout ----
[INFO] [stdout] error: expected one of `!`, `.`, `::`, `;`, `?`, `{`, `}`, or an operator, found `function`
[INFO] [stdout]  --> src/locator.rs:59:6
[INFO] [stdout]   |
[INFO] [stdout] 3 | This function removes the root element from the queue and
[INFO] [stdout]   |      ^^^^^^^^ expected one of 8 possible tokens
[INFO] [stdout] 
[INFO] [stdout] error: aborting due to 1 previous error
[INFO] [stdout] 
[INFO] [stdout] Couldn't compile the test.
[INFO] [stdout] 
[INFO] [stdout] failures:
[INFO] [stdout]     src/locator.rs - locator::Vec<T>::dequeue (line 58)
[INFO] [stdout]     src/locator.rs - locator::Vec<T>::enqueue (line 38)
[INFO] [stdout]     src/locator.rs - locator::Vec<T>::peek (line 103)
[INFO] [stdout] 
[INFO] [stdout] test result: FAILED. 0 passed; 3 failed; 0 ignored; 0 measured; 0 filtered out; finished in 0.11s
[INFO] [stdout] 
[INFO] [stderr] error: doctest failed, to rerun pass `--doc`
[INFO] running `Command { std: "docker" "inspect" "bebee6aa704098f61e586a781b5eb011cc56705152429f21a171faba30c59caa", kill_on_drop: false }`
[INFO] running `Command { std: "docker" "rm" "-f" "bebee6aa704098f61e586a781b5eb011cc56705152429f21a171faba30c59caa", kill_on_drop: false }`
[INFO] [stdout] bebee6aa704098f61e586a781b5eb011cc56705152429f21a171faba30c59caa
