[INFO] cloning repository https://github.com/arnetheduck/nbindgen
[INFO] running `Command { std: "git" "-c" "credential.helper=" "-c" "credential.helper=/workspace/cargo-home/bin/git-credential-null" "clone" "--bare" "https://github.com/arnetheduck/nbindgen" "/workspace/cache/git-repos/https%3A%2F%2Fgithub.com%2Farnetheduck%2Fnbindgen", kill_on_drop: false }`
[INFO] [stderr] Cloning into bare repository '/workspace/cache/git-repos/https%3A%2F%2Fgithub.com%2Farnetheduck%2Fnbindgen'...
[INFO] running `Command { std: "git" "rev-parse" "HEAD", kill_on_drop: false }`
[INFO] [stdout] e80a85f1505d78eeae78ce33b6f406603be27d35
[INFO] testing arnetheduck/nbindgen against 1.83.0 for beta-1.84.0-4-retry
[INFO] running `Command { std: "git" "clone" "/workspace/cache/git-repos/https%3A%2F%2Fgithub.com%2Farnetheduck%2Fnbindgen" "/workspace/builds/worker-1-tc1/source", kill_on_drop: false }`
[INFO] [stderr] Cloning into '/workspace/builds/worker-1-tc1/source'...
[INFO] [stderr] done.
[INFO] validating manifest of git repo https://github.com/arnetheduck/nbindgen on toolchain 1.83.0
[INFO] running `Command { std: CARGO_HOME="/workspace/cargo-home" RUSTUP_HOME="/workspace/rustup-home" "/workspace/cargo-home/bin/cargo" "+1.83.0" "metadata" "--manifest-path" "Cargo.toml" "--no-deps", kill_on_drop: false }`
[INFO] removed /workspace/builds/worker-1-tc1/source/rust-toolchain.toml
[INFO] started tweaking git repo https://github.com/arnetheduck/nbindgen
[INFO] finished tweaking git repo https://github.com/arnetheduck/nbindgen
[INFO] tweaked toml for git repo https://github.com/arnetheduck/nbindgen written to /workspace/builds/worker-1-tc1/source/Cargo.toml
[INFO] crate git repo https://github.com/arnetheduck/nbindgen already has a lockfile, it will not be regenerated
[INFO] running `Command { std: CARGO_HOME="/workspace/cargo-home" RUSTUP_HOME="/workspace/rustup-home" "/workspace/cargo-home/bin/cargo" "+1.83.0" "fetch" "--manifest-path" "Cargo.toml", kill_on_drop: false }`
[INFO] running `Command { std: "docker" "create" "-v" "/var/lib/crater-agent-workspace/builds/worker-1-tc1/target:/opt/rustwide/target:rw,Z" "-v" "/var/lib/crater-agent-workspace/builds/worker-1-tc1/source:/opt/rustwide/workdir:ro,Z" "-v" "/var/lib/crater-agent-workspace/cargo-home:/opt/rustwide/cargo-home:ro,Z" "-v" "/var/lib/crater-agent-workspace/rustup-home:/opt/rustwide/rustup-home:ro,Z" "-e" "SOURCE_DIR=/opt/rustwide/workdir" "-e" "CARGO_TARGET_DIR=/opt/rustwide/target" "-e" "CARGO_HOME=/opt/rustwide/cargo-home" "-e" "RUSTUP_HOME=/opt/rustwide/rustup-home" "-w" "/opt/rustwide/workdir" "-m" "1610612736" "--user" "0:0" "--network" "none" "ghcr.io/rust-lang/crates-build-env/linux@sha256:f3a9d4ad9d972b27faf3965f35b62e55ba32bbce8f20bc8fe909558a86702fde" "/opt/rustwide/cargo-home/bin/cargo" "+1.83.0" "metadata" "--no-deps" "--format-version=1", kill_on_drop: false }`
[INFO] [stdout] a1123ba5a1cbe320c06dadafd3ed1b84231c1246a5cbaa892f04e57df10f9cef
[INFO] running `Command { std: "docker" "start" "-a" "a1123ba5a1cbe320c06dadafd3ed1b84231c1246a5cbaa892f04e57df10f9cef", kill_on_drop: false }`
[INFO] running `Command { std: "docker" "inspect" "a1123ba5a1cbe320c06dadafd3ed1b84231c1246a5cbaa892f04e57df10f9cef", kill_on_drop: false }`
[INFO] running `Command { std: "docker" "rm" "-f" "a1123ba5a1cbe320c06dadafd3ed1b84231c1246a5cbaa892f04e57df10f9cef", kill_on_drop: false }`
[INFO] [stdout] a1123ba5a1cbe320c06dadafd3ed1b84231c1246a5cbaa892f04e57df10f9cef
[INFO] running `Command { std: "docker" "create" "-v" "/var/lib/crater-agent-workspace/builds/worker-1-tc1/target:/opt/rustwide/target:rw,Z" "-v" "/var/lib/crater-agent-workspace/builds/worker-1-tc1/source:/opt/rustwide/workdir:ro,Z" "-v" "/var/lib/crater-agent-workspace/cargo-home:/opt/rustwide/cargo-home:ro,Z" "-v" "/var/lib/crater-agent-workspace/rustup-home:/opt/rustwide/rustup-home:ro,Z" "-e" "SOURCE_DIR=/opt/rustwide/workdir" "-e" "CARGO_TARGET_DIR=/opt/rustwide/target" "-e" "CARGO_INCREMENTAL=0" "-e" "RUST_BACKTRACE=full" "-e" "RUSTFLAGS=--cap-lints=warn" "-e" "RUSTDOCFLAGS=--cap-lints=warn" "-e" "CARGO_HOME=/opt/rustwide/cargo-home" "-e" "RUSTUP_HOME=/opt/rustwide/rustup-home" "-w" "/opt/rustwide/workdir" "-m" "1610612736" "--user" "0:0" "--network" "none" "ghcr.io/rust-lang/crates-build-env/linux@sha256:f3a9d4ad9d972b27faf3965f35b62e55ba32bbce8f20bc8fe909558a86702fde" "/opt/rustwide/cargo-home/bin/cargo" "+1.83.0" "build" "--frozen" "--message-format=json", kill_on_drop: false }`
[INFO] [stdout] 27e98f945e78d543fff51914f0a7c283eab960d38610e9089a4b6432b100454d
[INFO] running `Command { std: "docker" "start" "-a" "27e98f945e78d543fff51914f0a7c283eab960d38610e9089a4b6432b100454d", kill_on_drop: false }`
[INFO] [stderr]    Compiling proc-macro2 v1.0.69
[INFO] [stderr]    Compiling unicode-ident v1.0.12
[INFO] [stderr]    Compiling libc v0.2.149
[INFO] [stderr]    Compiling autocfg v1.1.0
[INFO] [stderr]    Compiling serde v1.0.189
[INFO] [stderr]    Compiling rustix v0.38.19
[INFO] [stderr]    Compiling hashbrown v0.12.3
[INFO] [stderr]    Compiling linux-raw-sys v0.4.10
[INFO] [stderr]    Compiling bitflags v2.4.1
[INFO] [stderr]    Compiling serde_json v1.0.107
[INFO] [stderr]    Compiling os_str_bytes v6.6.1
[INFO] [stderr]    Compiling syn v1.0.109
[INFO] [stderr]    Compiling bitflags v1.3.2
[INFO] [stderr]    Compiling itoa v1.0.9
[INFO] [stderr]    Compiling cfg-if v1.0.0
[INFO] [stderr]    Compiling strsim v0.10.0
[INFO] [stderr]    Compiling termcolor v1.3.0
[INFO] [stderr]    Compiling ryu v1.0.15
[INFO] [stderr]    Compiling nbindgen v0.1.0 (/opt/rustwide/workdir)
[INFO] [stderr]    Compiling clap_lex v0.2.4
[INFO] [stderr]    Compiling fastrand v2.0.1
[INFO] [stderr]    Compiling textwrap v0.16.0
[INFO] [stderr]    Compiling heck v0.4.1
[INFO] [stderr]    Compiling log v0.4.20
[INFO] [stderr]    Compiling indexmap v1.9.3
[INFO] [stderr]    Compiling quote v1.0.33
[INFO] [stderr]    Compiling syn v2.0.38
[INFO] [stderr]    Compiling atty v0.2.14
[INFO] [stderr]    Compiling clap v3.2.25
[INFO] [stderr]    Compiling tempfile v3.8.0
[INFO] [stderr]    Compiling serde_derive v1.0.189
[INFO] [stderr]    Compiling toml v0.5.11
[INFO] [stdout] warning: unused import: `Language`
[INFO] [stdout]  --> src/bindgen/builder.rs:9:38
[INFO] [stdout]   |
[INFO] [stdout] 9 | use crate::bindgen::config::{Config, Language, Profile};
[INFO] [stdout]   |                                      ^^^^^^^^
[INFO] [stdout]   |
[INFO] [stdout]   = note: `#[warn(unused_imports)]` on by default
[INFO] [stdout] 
[INFO] [stdout] 
[INFO] [stdout] warning: unused import: `Language`
[INFO] [stdout]   --> src/bindgen/cdecl.rs:11:30
[INFO] [stdout]    |
[INFO] [stdout] 11 | use crate::bindgen::{Config, Language, reserved};
[INFO] [stdout]    |                              ^^^^^^^^
[INFO] [stdout] 
[INFO] [stdout] 
[INFO] [stdout] warning: unused import: `super::ir::PrimitiveType`
[INFO] [stdout]   --> src/bindgen/cdecl.rs:13:5
[INFO] [stdout]    |
[INFO] [stdout] 13 | use super::ir::PrimitiveType;
[INFO] [stdout]    |     ^^^^^^^^^^^^^^^^^^^^^^^^
[INFO] [stdout] 
[INFO] [stdout] 
[INFO] [stdout] warning: unused import: `Language`
[INFO] [stdout]   --> src/bindgen/ir/annotation.rs:10:38
[INFO] [stdout]    |
[INFO] [stdout] 10 | use crate::bindgen::config::{Config, Language};
[INFO] [stdout]    |                                      ^^^^^^^^
[INFO] [stdout] 
[INFO] [stdout] 
[INFO] [stdout] warning: unused import: `Language`
[INFO] [stdout]  --> src/bindgen/ir/cfg.rs:9:38
[INFO] [stdout]   |
[INFO] [stdout] 9 | use crate::bindgen::config::{Config, Language};
[INFO] [stdout]   |                                      ^^^^^^^^
[INFO] [stdout] 
[INFO] [stdout] 
[INFO] [stdout] warning: unused import: `crate::bindgen::declarationtyperesolver::DeclarationTypeResolver`
[INFO] [stdout]   --> src/bindgen/ir/constant.rs:13:5
[INFO] [stdout]    |
[INFO] [stdout] 13 | use crate::bindgen::declarationtyperesolver::DeclarationTypeResolver;
[INFO] [stdout]    |     ^^^^^^^^^^^^^^^^^^^^^^^^^^^^^^^^^^^^^^^^^^^^^^^^^^^^^^^^^^^^^^^^
[INFO] [stdout] 
[INFO] [stdout] 
[INFO] [stdout] warning: unused import: `Language`
[INFO] [stdout]  --> src/bindgen/ir/documentation.rs:7:79
[INFO] [stdout]   |
[INFO] [stdout] 7 | use crate::bindgen::config::{Config, DocumentationLength, DocumentationStyle, Language};
[INFO] [stdout]   |                                                                               ^^^^^^^^
[INFO] [stdout] 
[INFO] [stdout] 
[INFO] [stdout] warning: unused import: `DeprecatedNoteKind`
[INFO] [stdout]   --> src/bindgen/ir/enumeration.rs:13:58
[INFO] [stdout]    |
[INFO] [stdout] 13 |     AnnotationSet, AnnotationValue, Cfg, ConditionWrite, DeprecatedNoteKind, Documentation, Field,
[INFO] [stdout]    |                                                          ^^^^^^^^^^^^^^^^^^
[INFO] [stdout] 
[INFO] [stdout] 
[INFO] [stdout] warning: unused import: `Language`
[INFO] [stdout]  --> src/bindgen/ir/field.rs:6:38
[INFO] [stdout]   |
[INFO] [stdout] 6 | use crate::bindgen::config::{Config, Language};
[INFO] [stdout]   |                                      ^^^^^^^^
[INFO] [stdout] 
[INFO] [stdout] 
[INFO] [stdout] warning: unused import: `Language`
[INFO] [stdout]   --> src/bindgen/ir/function.rs:11:38
[INFO] [stdout]    |
[INFO] [stdout] 11 | use crate::bindgen::config::{Config, Language, Layout};
[INFO] [stdout]    |                                      ^^^^^^^^
[INFO] [stdout] 
[INFO] [stdout] 
[INFO] [stdout] warning: unused import: `Language`
[INFO] [stdout]  --> src/bindgen/ir/generic_path.rs:7:38
[INFO] [stdout]   |
[INFO] [stdout] 7 | use crate::bindgen::config::{Config, Language};
[INFO] [stdout]   |                                      ^^^^^^^^
[INFO] [stdout] 
[INFO] [stdout] 
[INFO] [stdout] warning: unused import: `Language`
[INFO] [stdout]  --> src/bindgen/ir/opaque.rs:7:38
[INFO] [stdout]   |
[INFO] [stdout] 7 | use crate::bindgen::config::{Config, Language};
[INFO] [stdout]   |                                      ^^^^^^^^
[INFO] [stdout] 
[INFO] [stdout] 
[INFO] [stdout] warning: unused import: `Language`
[INFO] [stdout]   --> src/bindgen/ir/ty.rs:11:38
[INFO] [stdout]    |
[INFO] [stdout] 11 | use crate::bindgen::config::{Config, Language};
[INFO] [stdout]    |                                      ^^^^^^^^
[INFO] [stdout] 
[INFO] [stdout] 
[INFO] [stdout] warning: unused import: `Language`
[INFO] [stdout]   --> src/bindgen/ir/typedef.rs:10:38
[INFO] [stdout]    |
[INFO] [stdout] 10 | use crate::bindgen::config::{Config, Language};
[INFO] [stdout]    |                                      ^^^^^^^^
[INFO] [stdout] 
[INFO] [stdout] 
[INFO] [stdout] warning: unused import: `Field`
[INFO] [stdout]   --> src/bindgen/ir/typedef.rs:14:56
[INFO] [stdout]    |
[INFO] [stdout] 14 |     AnnotationSet, Cfg, ConditionWrite, Documentation, Field, GenericArgument, GenericParams, Item,
[INFO] [stdout]    |                                                        ^^^^^
[INFO] [stdout] 
[INFO] [stdout] 
[INFO] [stdout] warning: unused import: `Language`
[INFO] [stdout]  --> src/bindgen/ir/union.rs:9:38
[INFO] [stdout]   |
[INFO] [stdout] 9 | use crate::bindgen::config::{Config, Language, LayoutConfig};
[INFO] [stdout]   |                                      ^^^^^^^^
[INFO] [stdout] 
[INFO] [stdout] 
[INFO] [stdout] warning: unused import: `Language`
[INFO] [stdout]  --> src/bindgen/library.rs:9:38
[INFO] [stdout]   |
[INFO] [stdout] 9 | use crate::bindgen::config::{Config, Language, SortKey};
[INFO] [stdout]   |                                      ^^^^^^^^
[INFO] [stdout] 
[INFO] [stdout] 
[INFO] [stdout] warning: unused import: `std::fmt`
[INFO] [stdout]  --> src/bindgen/mangle.rs:5:5
[INFO] [stdout]   |
[INFO] [stdout] 5 | use std::fmt;
[INFO] [stdout]   |     ^^^^^^^^
[INFO] [stdout] 
[INFO] [stdout] 
[INFO] [stdout] warning: unused import: `super::writer::Source`
[INFO] [stdout]   --> src/bindgen/mangle.rs:11:5
[INFO] [stdout]    |
[INFO] [stdout] 11 | use super::writer::Source;
[INFO] [stdout]    |     ^^^^^^^^^^^^^^^^^^^^^
[INFO] [stdout] 
[INFO] [stdout] 
[INFO] [stdout] warning: unused imports: `Braces` and `Language`
[INFO] [stdout]  --> src/bindgen/writer.rs:9:30
[INFO] [stdout]   |
[INFO] [stdout] 9 | use crate::bindgen::config::{Braces, Config, Language};
[INFO] [stdout]   |                              ^^^^^^          ^^^^^^^^
[INFO] [stdout] 
[INFO] [stdout] 
[INFO] [stdout] warning: unused variable: `next_is_pointer`
[INFO] [stdout]    --> src/bindgen/cdecl.rs:347:17
[INFO] [stdout]     |
[INFO] [stdout] 347 |             let next_is_pointer = iter_rev.peek().map_or(false, |x| x.is_ptr());
[INFO] [stdout]     |                 ^^^^^^^^^^^^^^^ help: if this is intentional, prefix it with an underscore: `_next_is_pointer`
[INFO] [stdout]     |
[INFO] [stdout]     = note: `#[warn(unused_variables)]` on by default
[INFO] [stdout] 
[INFO] [stdout] 
[INFO] [stdout] warning: unused variable: `is_const`
[INFO] [stdout]    --> src/bindgen/cdecl.rs:351:21
[INFO] [stdout]     |
[INFO] [stdout] 351 |                     is_const,
[INFO] [stdout]     |                     ^^^^^^^^ help: try ignoring the field: `is_const: _`
[INFO] [stdout] 
[INFO] [stdout] 
[INFO] [stdout] warning: unused variable: `is_nullable`
[INFO] [stdout]    --> src/bindgen/cdecl.rs:352:21
[INFO] [stdout]     |
[INFO] [stdout] 352 |                     is_nullable,
[INFO] [stdout]     |                     ^^^^^^^^^^^ help: try ignoring the field: `is_nullable: _`
[INFO] [stdout] 
[INFO] [stdout] 
[INFO] [stdout] warning: unused variable: `is_ref`
[INFO] [stdout]    --> src/bindgen/cdecl.rs:353:21
[INFO] [stdout]     |
[INFO] [stdout] 353 |                     is_ref,
[INFO] [stdout]     |                     ^^^^^^ help: try ignoring the field: `is_ref: _`
[INFO] [stdout] 
[INFO] [stdout] 
[INFO] [stdout] warning: unused variable: `last_was_pointer`
[INFO] [stdout]    --> src/bindgen/cdecl.rs:381:17
[INFO] [stdout]     |
[INFO] [stdout] 381 |         let mut last_was_pointer = false;
[INFO] [stdout]     |                 ^^^^^^^^^^^^^^^^ help: if this is intentional, prefix it with an underscore: `_last_was_pointer`
[INFO] [stdout] 
[INFO] [stdout] 
[INFO] [stdout] warning: unused variable: `constant`
[INFO] [stdout]    --> src/bindgen/cdecl.rs:389:40
[INFO] [stdout]     |
[INFO] [stdout] 389 |                 CDeclarator::Array(ref constant) => {
[INFO] [stdout]     |                                        ^^^^^^^^ help: if this is intentional, prefix it with an underscore: `_constant`
[INFO] [stdout] 
[INFO] [stdout] 
[INFO] [stdout] warning: unused variable: `args`
[INFO] [stdout]    --> src/bindgen/cdecl.rs:398:21
[INFO] [stdout]     |
[INFO] [stdout] 398 |                     ref args,
[INFO] [stdout]     |                     ^^^^^^^^ help: try ignoring the field: `args: _`
[INFO] [stdout] 
[INFO] [stdout] 
[INFO] [stdout] warning: unused variable: `layout`
[INFO] [stdout]    --> src/bindgen/cdecl.rs:399:21
[INFO] [stdout]     |
[INFO] [stdout] 399 |                     ref layout,
[INFO] [stdout]     |                     ^^^^^^^^^^ help: try ignoring the field: `layout: _`
[INFO] [stdout] 
[INFO] [stdout] 
[INFO] [stdout] warning: unused variable: `is_return`
[INFO] [stdout]    --> src/bindgen/cdecl.rs:401:21
[INFO] [stdout]     |
[INFO] [stdout] 401 |                     is_return,
[INFO] [stdout]     |                     ^^^^^^^^^ help: try ignoring the field: `is_return: _`
[INFO] [stdout] 
[INFO] [stdout] 
[INFO] [stdout] warning: variable does not need to be mutable
[INFO] [stdout]    --> src/bindgen/cdecl.rs:381:13
[INFO] [stdout]     |
[INFO] [stdout] 381 |         let mut last_was_pointer = false;
[INFO] [stdout]     |             ----^^^^^^^^^^^^^^^^
[INFO] [stdout]     |             |
[INFO] [stdout]     |             help: remove this `mut`
[INFO] [stdout]     |
[INFO] [stdout]     = note: `#[warn(unused_mut)]` on by default
[INFO] [stdout] 
[INFO] [stdout] 
[INFO] [stdout] warning: unused variable: `config`
[INFO] [stdout]    --> src/bindgen/ir/cfg.rs:332:37
[INFO] [stdout]     |
[INFO] [stdout] 332 |     fn write_after<F: Write>(&self, config: &Config, out: &mut SourceWriter<F>) {
[INFO] [stdout]     |                                     ^^^^^^ help: if this is intentional, prefix it with an underscore: `_config`
[INFO] [stdout] 
[INFO] [stdout] 
[INFO] [stdout] warning: unused variable: `inline_tag_field`
[INFO] [stdout]    --> src/bindgen/ir/enumeration.rs:112:13
[INFO] [stdout]     |
[INFO] [stdout] 112 |             inline_tag_field: bool,
[INFO] [stdout]     |             ^^^^^^^^^^^^^^^^ help: if this is intentional, prefix it with an underscore: `_inline_tag_field`
[INFO] [stdout] 
[INFO] [stdout] 
[INFO] [stdout] warning: field `0` is never read
[INFO] [stdout]   --> src/bindgen/cargo/cargo_lock.rs:14:8
[INFO] [stdout]    |
[INFO] [stdout] 14 |     Io(io::Error),
[INFO] [stdout]    |     -- ^^^^^^^^^
[INFO] [stdout]    |     |
[INFO] [stdout]    |     field in this variant
[INFO] [stdout]    |
[INFO] [stdout]    = note: `Error` has a derived impl for the trait `Debug`, but this is intentionally ignored during dead code analysis
[INFO] [stdout]    = note: `#[warn(dead_code)]` on by default
[INFO] [stdout] help: consider changing the field to be of unit type to suppress this warning while preserving the field numbering, or remove the field
[INFO] [stdout]    |
[INFO] [stdout] 14 |     Io(()),
[INFO] [stdout]    |        ~~
[INFO] [stdout] 
[INFO] [stdout] 
[INFO] [stdout] warning: field `0` is never read
[INFO] [stdout]   --> src/bindgen/cargo/cargo_lock.rs:16:10
[INFO] [stdout]    |
[INFO] [stdout] 16 |     Toml(toml::de::Error),
[INFO] [stdout]    |     ---- ^^^^^^^^^^^^^^^
[INFO] [stdout]    |     |
[INFO] [stdout]    |     field in this variant
[INFO] [stdout]    |
[INFO] [stdout]    = note: `Error` has a derived impl for the trait `Debug`, but this is intentionally ignored during dead code analysis
[INFO] [stdout] help: consider changing the field to be of unit type to suppress this warning while preserving the field numbering, or remove the field
[INFO] [stdout]    |
[INFO] [stdout] 16 |     Toml(()),
[INFO] [stdout]    |          ~~
[INFO] [stdout] 
[INFO] [stdout] 
[INFO] [stdout] warning: method `typedef` is never used
[INFO] [stdout]   --> src/bindgen/config.rs:53:19
[INFO] [stdout]    |
[INFO] [stdout] 52 | impl Language {
[INFO] [stdout]    | ------------- method in this implementation
[INFO] [stdout] 53 |     pub(crate) fn typedef(self) -> &'static str {
[INFO] [stdout]    |                   ^^^^^^^
[INFO] [stdout] 
[INFO] [stdout] 
[INFO] [stdout] warning: methods `derive_constructor`, `derive_lt`, `derive_lte`, `derive_gt`, `derive_gte`, and `derive_ostream` are never used
[INFO] [stdout]    --> src/bindgen/config.rs:453:19
[INFO] [stdout]     |
[INFO] [stdout] 452 | impl StructConfig {
[INFO] [stdout]     | ----------------- methods in this implementation
[INFO] [stdout] 453 |     pub(crate) fn derive_constructor(&self, annotations: &AnnotationSet) -> bool {
[INFO] [stdout]     |                   ^^^^^^^^^^^^^^^^^^
[INFO] [stdout] ...
[INFO] [stdout] 471 |     pub(crate) fn derive_lt(&self, annotations: &AnnotationSet) -> bool {
[INFO] [stdout]     |                   ^^^^^^^^^
[INFO] [stdout] ...
[INFO] [stdout] 477 |     pub(crate) fn derive_lte(&self, annotations: &AnnotationSet) -> bool {
[INFO] [stdout]     |                   ^^^^^^^^^^
[INFO] [stdout] ...
[INFO] [stdout] 483 |     pub(crate) fn derive_gt(&self, annotations: &AnnotationSet) -> bool {
[INFO] [stdout]     |                   ^^^^^^^^^
[INFO] [stdout] ...
[INFO] [stdout] 489 |     pub(crate) fn derive_gte(&self, annotations: &AnnotationSet) -> bool {
[INFO] [stdout]     |                   ^^^^^^^^^^
[INFO] [stdout] ...
[INFO] [stdout] 495 |     pub(crate) fn derive_ostream(&self, annotations: &AnnotationSet) -> bool {
[INFO] [stdout]     |                   ^^^^^^^^^^^^^^
[INFO] [stdout] 
[INFO] [stdout] 
[INFO] [stdout] warning: method `enum_class` is never used
[INFO] [stdout]    --> src/bindgen/config.rs:629:19
[INFO] [stdout]     |
[INFO] [stdout] 580 | impl EnumConfig {
[INFO] [stdout]     | --------------- method in this implementation
[INFO] [stdout] ...
[INFO] [stdout] 629 |     pub(crate) fn enum_class(&self, annotations: &AnnotationSet) -> bool {
[INFO] [stdout]     |                   ^^^^^^^^^^
[INFO] [stdout] 
[INFO] [stdout] 
[INFO] [stdout] warning: method `to_str` is never used
[INFO] [stdout]   --> src/bindgen/declarationtyperesolver.rs:10:12
[INFO] [stdout]    |
[INFO] [stdout] 9  | impl DeclarationType {
[INFO] [stdout]    | -------------------- method in this implementation
[INFO] [stdout] 10 |     pub fn to_str(self) -> &'static str {
[INFO] [stdout]    |            ^^^^^^
[INFO] [stdout] 
[INFO] [stdout] 
[INFO] [stdout] warning: variant `Enum` is never constructed
[INFO] [stdout]   --> src/bindgen/ir/annotation.rs:45:5
[INFO] [stdout]    |
[INFO] [stdout] 42 | pub enum DeprecatedNoteKind {
[INFO] [stdout]    |          ------------------ variant in this enum
[INFO] [stdout] ...
[INFO] [stdout] 45 |     Enum,
[INFO] [stdout]    |     ^^^^
[INFO] [stdout] 
[INFO] [stdout] 
[INFO] [stdout] warning: methods `can_be_constexpr` and `has_pointer_casts` are never used
[INFO] [stdout]    --> src/bindgen/ir/constant.rs:186:8
[INFO] [stdout]     |
[INFO] [stdout] 111 | impl Literal {
[INFO] [stdout]     | ------------ methods in this implementation
[INFO] [stdout] ...
[INFO] [stdout] 186 |     fn can_be_constexpr(&self) -> bool {
[INFO] [stdout]     |        ^^^^^^^^^^^^^^^^
[INFO] [stdout] ...
[INFO] [stdout] 215 |     fn has_pointer_casts(&self) -> bool {
[INFO] [stdout]     |        ^^^^^^^^^^^^^^^^^
[INFO] [stdout] 
[INFO] [stdout] 
[INFO] [stdout] warning: field `documentation` is never read
[INFO] [stdout]    --> src/bindgen/ir/constant.rs:559:9
[INFO] [stdout]     |
[INFO] [stdout] 552 | pub struct Constant {
[INFO] [stdout]     |            -------- field in this struct
[INFO] [stdout] ...
[INFO] [stdout] 559 |     pub documentation: Documentation,
[INFO] [stdout]     |         ^^^^^^^^^^^^^
[INFO] [stdout]     |
[INFO] [stdout]     = note: `Constant` has derived impls for the traits `Clone` and `Debug`, but these are intentionally ignored during dead code analysis
[INFO] [stdout] 
[INFO] [stdout] 
[INFO] [stdout] warning: method `write_declaration` is never used
[INFO] [stdout]    --> src/bindgen/ir/constant.rs:664:12
[INFO] [stdout]     |
[INFO] [stdout] 663 | impl Constant {
[INFO] [stdout]     | ------------- method in this implementation
[INFO] [stdout] 664 |     pub fn write_declaration<F: Write>(
[INFO] [stdout]     |            ^^^^^^^^^^^^^^^^^
[INFO] [stdout] 
[INFO] [stdout] 
[INFO] [stdout] warning: method `write_with_default` is never used
[INFO] [stdout]    --> src/bindgen/ir/generic_path.rs:128:12
[INFO] [stdout]     |
[INFO] [stdout] 65  | impl GenericParams {
[INFO] [stdout]     | ------------------ method in this implementation
[INFO] [stdout] ...
[INFO] [stdout] 128 |     pub fn write_with_default<F: Write>(&self, config: &Config, out: &mut SourceWriter<F>) {
[INFO] [stdout]     |            ^^^^^^^^^^^^^^^^^^
[INFO] [stdout] 
[INFO] [stdout] 
[INFO] [stdout] warning: field `documentation` is never read
[INFO] [stdout]   --> src/bindgen/ir/global.rs:23:9
[INFO] [stdout]    |
[INFO] [stdout] 16 | pub struct Static {
[INFO] [stdout]    |            ------ field in this struct
[INFO] [stdout] ...
[INFO] [stdout] 23 |     pub documentation: Documentation,
[INFO] [stdout]    |         ^^^^^^^^^^^^^
[INFO] [stdout]    |
[INFO] [stdout]    = note: `Static` has derived impls for the traits `Clone` and `Debug`, but these are intentionally ignored during dead code analysis
[INFO] [stdout] 
[INFO] [stdout] 
[INFO] [stdout] warning: method `emit_bitflags_binop` is never used
[INFO] [stdout]    --> src/bindgen/ir/structure.rs:206:8
[INFO] [stdout]     |
[INFO] [stdout] 44  | impl Struct {
[INFO] [stdout]     | ----------- method in this implementation
[INFO] [stdout] ...
[INFO] [stdout] 206 |     fn emit_bitflags_binop<F: Write>(
[INFO] [stdout]     |        ^^^^^^^^^^^^^^^^^^^
[INFO] [stdout] 
[INFO] [stdout] 
[INFO] [stdout] warning: method `can_cmp_order` is never used
[INFO] [stdout]    --> src/bindgen/ir/ty.rs:302:8
[INFO] [stdout]     |
[INFO] [stdout] 53  | impl PrimitiveType {
[INFO] [stdout]     | ------------------ method in this implementation
[INFO] [stdout] ...
[INFO] [stdout] 302 |     fn can_cmp_order(&self) -> bool {
[INFO] [stdout]     |        ^^^^^^^^^^^^^
[INFO] [stdout] 
[INFO] [stdout] 
[INFO] [stdout] warning: methods `is_ptr` and `can_cmp_order` are never used
[INFO] [stdout]    --> src/bindgen/ir/ty.rs:547:12
[INFO] [stdout]     |
[INFO] [stdout] 411 | impl Type {
[INFO] [stdout]     | --------- methods in this implementation
[INFO] [stdout] ...
[INFO] [stdout] 547 |     pub fn is_ptr(&self) -> bool {
[INFO] [stdout]     |            ^^^^^^
[INFO] [stdout] ...
[INFO] [stdout] 985 |     pub fn can_cmp_order(&self) -> bool {
[INFO] [stdout]     |            ^^^^^^^^^^^^^
[INFO] [stdout] 
[INFO] [stdout] 
[INFO] [stdout] warning: unused import: `Language`
[INFO] [stdout]  --> src/bindgen/builder.rs:9:38
[INFO] [stdout]   |
[INFO] [stdout] 9 | use crate::bindgen::config::{Config, Language, Profile};
[INFO] [stdout]   |                                      ^^^^^^^^
[INFO] [stdout]   |
[INFO] [stdout]   = note: `#[warn(unused_imports)]` on by default
[INFO] [stdout] 
[INFO] [stdout] 
[INFO] [stdout] warning: unused import: `Language`
[INFO] [stdout]   --> src/bindgen/cdecl.rs:11:30
[INFO] [stdout]    |
[INFO] [stdout] 11 | use crate::bindgen::{Config, Language, reserved};
[INFO] [stdout]    |                              ^^^^^^^^
[INFO] [stdout] 
[INFO] [stdout] 
[INFO] [stdout] warning: unused import: `super::ir::PrimitiveType`
[INFO] [stdout]   --> src/bindgen/cdecl.rs:13:5
[INFO] [stdout]    |
[INFO] [stdout] 13 | use super::ir::PrimitiveType;
[INFO] [stdout]    |     ^^^^^^^^^^^^^^^^^^^^^^^^
[INFO] [stdout] 
[INFO] [stdout] 
[INFO] [stdout] warning: unused import: `Language`
[INFO] [stdout]   --> src/bindgen/ir/annotation.rs:10:38
[INFO] [stdout]    |
[INFO] [stdout] 10 | use crate::bindgen::config::{Config, Language};
[INFO] [stdout]    |                                      ^^^^^^^^
[INFO] [stdout] 
[INFO] [stdout] 
[INFO] [stdout] warning: unused import: `Language`
[INFO] [stdout]  --> src/bindgen/ir/cfg.rs:9:38
[INFO] [stdout]   |
[INFO] [stdout] 9 | use crate::bindgen::config::{Config, Language};
[INFO] [stdout]   |                                      ^^^^^^^^
[INFO] [stdout] 
[INFO] [stdout] 
[INFO] [stdout] warning: unused import: `crate::bindgen::declarationtyperesolver::DeclarationTypeResolver`
[INFO] [stdout]   --> src/bindgen/ir/constant.rs:13:5
[INFO] [stdout]    |
[INFO] [stdout] 13 | use crate::bindgen::declarationtyperesolver::DeclarationTypeResolver;
[INFO] [stdout]    |     ^^^^^^^^^^^^^^^^^^^^^^^^^^^^^^^^^^^^^^^^^^^^^^^^^^^^^^^^^^^^^^^^
[INFO] [stdout] 
[INFO] [stdout] 
[INFO] [stdout] warning: unused import: `Language`
[INFO] [stdout]  --> src/bindgen/ir/documentation.rs:7:79
[INFO] [stdout]   |
[INFO] [stdout] 7 | use crate::bindgen::config::{Config, DocumentationLength, DocumentationStyle, Language};
[INFO] [stdout]   |                                                                               ^^^^^^^^
[INFO] [stdout] 
[INFO] [stdout] 
[INFO] [stdout] warning: unused import: `DeprecatedNoteKind`
[INFO] [stdout]   --> src/bindgen/ir/enumeration.rs:13:58
[INFO] [stdout]    |
[INFO] [stdout] 13 |     AnnotationSet, AnnotationValue, Cfg, ConditionWrite, DeprecatedNoteKind, Documentation, Field,
[INFO] [stdout]    |                                                          ^^^^^^^^^^^^^^^^^^
[INFO] [stdout] 
[INFO] [stdout] 
[INFO] [stdout] warning: unused import: `Language`
[INFO] [stdout]  --> src/bindgen/ir/field.rs:6:38
[INFO] [stdout]   |
[INFO] [stdout] 6 | use crate::bindgen::config::{Config, Language};
[INFO] [stdout]   |                                      ^^^^^^^^
[INFO] [stdout] 
[INFO] [stdout] 
[INFO] [stdout] warning: unused import: `Language`
[INFO] [stdout]   --> src/bindgen/ir/function.rs:11:38
[INFO] [stdout]    |
[INFO] [stdout] 11 | use crate::bindgen::config::{Config, Language, Layout};
[INFO] [stdout]    |                                      ^^^^^^^^
[INFO] [stdout] 
[INFO] [stdout] 
[INFO] [stdout] warning: unused import: `Language`
[INFO] [stdout]  --> src/bindgen/ir/generic_path.rs:7:38
[INFO] [stdout]   |
[INFO] [stdout] 7 | use crate::bindgen::config::{Config, Language};
[INFO] [stdout]   |                                      ^^^^^^^^
[INFO] [stdout] 
[INFO] [stdout] 
[INFO] [stdout] warning: unused import: `Language`
[INFO] [stdout]  --> src/bindgen/ir/opaque.rs:7:38
[INFO] [stdout]   |
[INFO] [stdout] 7 | use crate::bindgen::config::{Config, Language};
[INFO] [stdout]   |                                      ^^^^^^^^
[INFO] [stdout] 
[INFO] [stdout] 
[INFO] [stdout] warning: unused import: `Language`
[INFO] [stdout]   --> src/bindgen/ir/ty.rs:11:38
[INFO] [stdout]    |
[INFO] [stdout] 11 | use crate::bindgen::config::{Config, Language};
[INFO] [stdout]    |                                      ^^^^^^^^
[INFO] [stdout] 
[INFO] [stdout] 
[INFO] [stdout] warning: unused import: `Language`
[INFO] [stdout]   --> src/bindgen/ir/typedef.rs:10:38
[INFO] [stdout]    |
[INFO] [stdout] 10 | use crate::bindgen::config::{Config, Language};
[INFO] [stdout]    |                                      ^^^^^^^^
[INFO] [stdout] 
[INFO] [stdout] 
[INFO] [stdout] warning: unused import: `Field`
[INFO] [stdout]   --> src/bindgen/ir/typedef.rs:14:56
[INFO] [stdout]    |
[INFO] [stdout] 14 |     AnnotationSet, Cfg, ConditionWrite, Documentation, Field, GenericArgument, GenericParams, Item,
[INFO] [stdout]    |                                                        ^^^^^
[INFO] [stdout] 
[INFO] [stdout] 
[INFO] [stdout] warning: unused import: `Language`
[INFO] [stdout]  --> src/bindgen/ir/union.rs:9:38
[INFO] [stdout]   |
[INFO] [stdout] 9 | use crate::bindgen::config::{Config, Language, LayoutConfig};
[INFO] [stdout]   |                                      ^^^^^^^^
[INFO] [stdout] 
[INFO] [stdout] 
[INFO] [stdout] warning: unused import: `Language`
[INFO] [stdout]  --> src/bindgen/library.rs:9:38
[INFO] [stdout]   |
[INFO] [stdout] 9 | use crate::bindgen::config::{Config, Language, SortKey};
[INFO] [stdout]   |                                      ^^^^^^^^
[INFO] [stdout] 
[INFO] [stdout] 
[INFO] [stdout] warning: unused import: `std::fmt`
[INFO] [stdout]  --> src/bindgen/mangle.rs:5:5
[INFO] [stdout]   |
[INFO] [stdout] 5 | use std::fmt;
[INFO] [stdout]   |     ^^^^^^^^
[INFO] [stdout] 
[INFO] [stdout] 
[INFO] [stdout] warning: unused import: `super::writer::Source`
[INFO] [stdout]   --> src/bindgen/mangle.rs:11:5
[INFO] [stdout]    |
[INFO] [stdout] 11 | use super::writer::Source;
[INFO] [stdout]    |     ^^^^^^^^^^^^^^^^^^^^^
[INFO] [stdout] 
[INFO] [stdout] 
[INFO] [stdout] warning: unused imports: `Braces` and `Language`
[INFO] [stdout]  --> src/bindgen/writer.rs:9:30
[INFO] [stdout]   |
[INFO] [stdout] 9 | use crate::bindgen::config::{Braces, Config, Language};
[INFO] [stdout]   |                              ^^^^^^          ^^^^^^^^
[INFO] [stdout] 
[INFO] [stdout] 
[INFO] [stdout] warning: unused variable: `next_is_pointer`
[INFO] [stdout]    --> src/bindgen/cdecl.rs:347:17
[INFO] [stdout]     |
[INFO] [stdout] 347 |             let next_is_pointer = iter_rev.peek().map_or(false, |x| x.is_ptr());
[INFO] [stdout]     |                 ^^^^^^^^^^^^^^^ help: if this is intentional, prefix it with an underscore: `_next_is_pointer`
[INFO] [stdout]     |
[INFO] [stdout]     = note: `#[warn(unused_variables)]` on by default
[INFO] [stdout] 
[INFO] [stdout] 
[INFO] [stdout] warning: unused variable: `is_const`
[INFO] [stdout]    --> src/bindgen/cdecl.rs:351:21
[INFO] [stdout]     |
[INFO] [stdout] 351 |                     is_const,
[INFO] [stdout]     |                     ^^^^^^^^ help: try ignoring the field: `is_const: _`
[INFO] [stdout] 
[INFO] [stdout] 
[INFO] [stdout] warning: unused variable: `is_nullable`
[INFO] [stdout]    --> src/bindgen/cdecl.rs:352:21
[INFO] [stdout]     |
[INFO] [stdout] 352 |                     is_nullable,
[INFO] [stdout]     |                     ^^^^^^^^^^^ help: try ignoring the field: `is_nullable: _`
[INFO] [stdout] 
[INFO] [stdout] 
[INFO] [stdout] warning: unused variable: `is_ref`
[INFO] [stdout]    --> src/bindgen/cdecl.rs:353:21
[INFO] [stdout]     |
[INFO] [stdout] 353 |                     is_ref,
[INFO] [stdout]     |                     ^^^^^^ help: try ignoring the field: `is_ref: _`
[INFO] [stdout] 
[INFO] [stdout] 
[INFO] [stdout] warning: unused variable: `last_was_pointer`
[INFO] [stdout]    --> src/bindgen/cdecl.rs:381:17
[INFO] [stdout]     |
[INFO] [stdout] 381 |         let mut last_was_pointer = false;
[INFO] [stdout]     |                 ^^^^^^^^^^^^^^^^ help: if this is intentional, prefix it with an underscore: `_last_was_pointer`
[INFO] [stdout] 
[INFO] [stdout] 
[INFO] [stdout] warning: unused variable: `constant`
[INFO] [stdout]    --> src/bindgen/cdecl.rs:389:40
[INFO] [stdout]     |
[INFO] [stdout] 389 |                 CDeclarator::Array(ref constant) => {
[INFO] [stdout]     |                                        ^^^^^^^^ help: if this is intentional, prefix it with an underscore: `_constant`
[INFO] [stdout] 
[INFO] [stdout] 
[INFO] [stdout] warning: unused variable: `args`
[INFO] [stdout]    --> src/bindgen/cdecl.rs:398:21
[INFO] [stdout]     |
[INFO] [stdout] 398 |                     ref args,
[INFO] [stdout]     |                     ^^^^^^^^ help: try ignoring the field: `args: _`
[INFO] [stdout] 
[INFO] [stdout] 
[INFO] [stdout] warning: unused variable: `layout`
[INFO] [stdout]    --> src/bindgen/cdecl.rs:399:21
[INFO] [stdout]     |
[INFO] [stdout] 399 |                     ref layout,
[INFO] [stdout]     |                     ^^^^^^^^^^ help: try ignoring the field: `layout: _`
[INFO] [stdout] 
[INFO] [stdout] 
[INFO] [stdout] warning: unused variable: `is_return`
[INFO] [stdout]    --> src/bindgen/cdecl.rs:401:21
[INFO] [stdout]     |
[INFO] [stdout] 401 |                     is_return,
[INFO] [stdout]     |                     ^^^^^^^^^ help: try ignoring the field: `is_return: _`
[INFO] [stdout] 
[INFO] [stdout] 
[INFO] [stdout] warning: variable does not need to be mutable
[INFO] [stdout]    --> src/bindgen/cdecl.rs:381:13
[INFO] [stdout]     |
[INFO] [stdout] 381 |         let mut last_was_pointer = false;
[INFO] [stdout]     |             ----^^^^^^^^^^^^^^^^
[INFO] [stdout]     |             |
[INFO] [stdout]     |             help: remove this `mut`
[INFO] [stdout]     |
[INFO] [stdout]     = note: `#[warn(unused_mut)]` on by default
[INFO] [stdout] 
[INFO] [stdout] 
[INFO] [stdout] warning: unused variable: `config`
[INFO] [stdout]    --> src/bindgen/ir/cfg.rs:332:37
[INFO] [stdout]     |
[INFO] [stdout] 332 |     fn write_after<F: Write>(&self, config: &Config, out: &mut SourceWriter<F>) {
[INFO] [stdout]     |                                     ^^^^^^ help: if this is intentional, prefix it with an underscore: `_config`
[INFO] [stdout] 
[INFO] [stdout] 
[INFO] [stdout] warning: unused variable: `inline_tag_field`
[INFO] [stdout]    --> src/bindgen/ir/enumeration.rs:112:13
[INFO] [stdout]     |
[INFO] [stdout] 112 |             inline_tag_field: bool,
[INFO] [stdout]     |             ^^^^^^^^^^^^^^^^ help: if this is intentional, prefix it with an underscore: `_inline_tag_field`
[INFO] [stdout] 
[INFO] [stdout] 
[INFO] [stdout] warning: field `0` is never read
[INFO] [stdout]   --> src/bindgen/cargo/cargo_lock.rs:14:8
[INFO] [stdout]    |
[INFO] [stdout] 14 |     Io(io::Error),
[INFO] [stdout]    |     -- ^^^^^^^^^
[INFO] [stdout]    |     |
[INFO] [stdout]    |     field in this variant
[INFO] [stdout]    |
[INFO] [stdout]    = note: `Error` has a derived impl for the trait `Debug`, but this is intentionally ignored during dead code analysis
[INFO] [stdout]    = note: `#[warn(dead_code)]` on by default
[INFO] [stdout] help: consider changing the field to be of unit type to suppress this warning while preserving the field numbering, or remove the field
[INFO] [stdout]    |
[INFO] [stdout] 14 |     Io(()),
[INFO] [stdout]    |        ~~
[INFO] [stdout] 
[INFO] [stdout] 
[INFO] [stdout] warning: field `0` is never read
[INFO] [stdout]   --> src/bindgen/cargo/cargo_lock.rs:16:10
[INFO] [stdout]    |
[INFO] [stdout] 16 |     Toml(toml::de::Error),
[INFO] [stdout]    |     ---- ^^^^^^^^^^^^^^^
[INFO] [stdout]    |     |
[INFO] [stdout]    |     field in this variant
[INFO] [stdout]    |
[INFO] [stdout]    = note: `Error` has a derived impl for the trait `Debug`, but this is intentionally ignored during dead code analysis
[INFO] [stdout] help: consider changing the field to be of unit type to suppress this warning while preserving the field numbering, or remove the field
[INFO] [stdout]    |
[INFO] [stdout] 16 |     Toml(()),
[INFO] [stdout]    |          ~~
[INFO] [stdout] 
[INFO] [stdout] 
[INFO] [stdout] warning: method `typedef` is never used
[INFO] [stdout]   --> src/bindgen/config.rs:53:19
[INFO] [stdout]    |
[INFO] [stdout] 52 | impl Language {
[INFO] [stdout]    | ------------- method in this implementation
[INFO] [stdout] 53 |     pub(crate) fn typedef(self) -> &'static str {
[INFO] [stdout]    |                   ^^^^^^^
[INFO] [stdout] 
[INFO] [stdout] 
[INFO] [stdout] warning: methods `derive_constructor`, `derive_lt`, `derive_lte`, `derive_gt`, `derive_gte`, and `derive_ostream` are never used
[INFO] [stdout]    --> src/bindgen/config.rs:453:19
[INFO] [stdout]     |
[INFO] [stdout] 452 | impl StructConfig {
[INFO] [stdout]     | ----------------- methods in this implementation
[INFO] [stdout] 453 |     pub(crate) fn derive_constructor(&self, annotations: &AnnotationSet) -> bool {
[INFO] [stdout]     |                   ^^^^^^^^^^^^^^^^^^
[INFO] [stdout] ...
[INFO] [stdout] 471 |     pub(crate) fn derive_lt(&self, annotations: &AnnotationSet) -> bool {
[INFO] [stdout]     |                   ^^^^^^^^^
[INFO] [stdout] ...
[INFO] [stdout] 477 |     pub(crate) fn derive_lte(&self, annotations: &AnnotationSet) -> bool {
[INFO] [stdout]     |                   ^^^^^^^^^^
[INFO] [stdout] ...
[INFO] [stdout] 483 |     pub(crate) fn derive_gt(&self, annotations: &AnnotationSet) -> bool {
[INFO] [stdout]     |                   ^^^^^^^^^
[INFO] [stdout] ...
[INFO] [stdout] 489 |     pub(crate) fn derive_gte(&self, annotations: &AnnotationSet) -> bool {
[INFO] [stdout]     |                   ^^^^^^^^^^
[INFO] [stdout] ...
[INFO] [stdout] 495 |     pub(crate) fn derive_ostream(&self, annotations: &AnnotationSet) -> bool {
[INFO] [stdout]     |                   ^^^^^^^^^^^^^^
[INFO] [stdout] 
[INFO] [stdout] 
[INFO] [stdout] warning: method `enum_class` is never used
[INFO] [stdout]    --> src/bindgen/config.rs:629:19
[INFO] [stdout]     |
[INFO] [stdout] 580 | impl EnumConfig {
[INFO] [stdout]     | --------------- method in this implementation
[INFO] [stdout] ...
[INFO] [stdout] 629 |     pub(crate) fn enum_class(&self, annotations: &AnnotationSet) -> bool {
[INFO] [stdout]     |                   ^^^^^^^^^^
[INFO] [stdout] 
[INFO] [stdout] 
[INFO] [stdout] warning: method `to_str` is never used
[INFO] [stdout]   --> src/bindgen/declarationtyperesolver.rs:10:12
[INFO] [stdout]    |
[INFO] [stdout] 9  | impl DeclarationType {
[INFO] [stdout]    | -------------------- method in this implementation
[INFO] [stdout] 10 |     pub fn to_str(self) -> &'static str {
[INFO] [stdout]    |            ^^^^^^
[INFO] [stdout] 
[INFO] [stdout] 
[INFO] [stdout] warning: variant `Enum` is never constructed
[INFO] [stdout]   --> src/bindgen/ir/annotation.rs:45:5
[INFO] [stdout]    |
[INFO] [stdout] 42 | pub enum DeprecatedNoteKind {
[INFO] [stdout]    |          ------------------ variant in this enum
[INFO] [stdout] ...
[INFO] [stdout] 45 |     Enum,
[INFO] [stdout]    |     ^^^^
[INFO] [stdout] 
[INFO] [stdout] 
[INFO] [stdout] warning: methods `can_be_constexpr` and `has_pointer_casts` are never used
[INFO] [stdout]    --> src/bindgen/ir/constant.rs:186:8
[INFO] [stdout]     |
[INFO] [stdout] 111 | impl Literal {
[INFO] [stdout]     | ------------ methods in this implementation
[INFO] [stdout] ...
[INFO] [stdout] 186 |     fn can_be_constexpr(&self) -> bool {
[INFO] [stdout]     |        ^^^^^^^^^^^^^^^^
[INFO] [stdout] ...
[INFO] [stdout] 215 |     fn has_pointer_casts(&self) -> bool {
[INFO] [stdout]     |        ^^^^^^^^^^^^^^^^^
[INFO] [stdout] 
[INFO] [stdout] 
[INFO] [stdout] warning: field `documentation` is never read
[INFO] [stdout]    --> src/bindgen/ir/constant.rs:559:9
[INFO] [stdout]     |
[INFO] [stdout] 552 | pub struct Constant {
[INFO] [stdout]     |            -------- field in this struct
[INFO] [stdout] ...
[INFO] [stdout] 559 |     pub documentation: Documentation,
[INFO] [stdout]     |         ^^^^^^^^^^^^^
[INFO] [stdout]     |
[INFO] [stdout]     = note: `Constant` has derived impls for the traits `Clone` and `Debug`, but these are intentionally ignored during dead code analysis
[INFO] [stdout] 
[INFO] [stdout] 
[INFO] [stdout] warning: method `write_declaration` is never used
[INFO] [stdout]    --> src/bindgen/ir/constant.rs:664:12
[INFO] [stdout]     |
[INFO] [stdout] 663 | impl Constant {
[INFO] [stdout]     | ------------- method in this implementation
[INFO] [stdout] 664 |     pub fn write_declaration<F: Write>(
[INFO] [stdout]     |            ^^^^^^^^^^^^^^^^^
[INFO] [stdout] 
[INFO] [stdout] 
[INFO] [stdout] warning: method `write_with_default` is never used
[INFO] [stdout]    --> src/bindgen/ir/generic_path.rs:128:12
[INFO] [stdout]     |
[INFO] [stdout] 65  | impl GenericParams {
[INFO] [stdout]     | ------------------ method in this implementation
[INFO] [stdout] ...
[INFO] [stdout] 128 |     pub fn write_with_default<F: Write>(&self, config: &Config, out: &mut SourceWriter<F>) {
[INFO] [stdout]     |            ^^^^^^^^^^^^^^^^^^
[INFO] [stdout] 
[INFO] [stdout] 
[INFO] [stdout] warning: field `documentation` is never read
[INFO] [stdout]   --> src/bindgen/ir/global.rs:23:9
[INFO] [stdout]    |
[INFO] [stdout] 16 | pub struct Static {
[INFO] [stdout]    |            ------ field in this struct
[INFO] [stdout] ...
[INFO] [stdout] 23 |     pub documentation: Documentation,
[INFO] [stdout]    |         ^^^^^^^^^^^^^
[INFO] [stdout]    |
[INFO] [stdout]    = note: `Static` has derived impls for the traits `Clone` and `Debug`, but these are intentionally ignored during dead code analysis
[INFO] [stdout] 
[INFO] [stdout] 
[INFO] [stdout] warning: method `emit_bitflags_binop` is never used
[INFO] [stdout]    --> src/bindgen/ir/structure.rs:206:8
[INFO] [stdout]     |
[INFO] [stdout] 44  | impl Struct {
[INFO] [stdout]     | ----------- method in this implementation
[INFO] [stdout] ...
[INFO] [stdout] 206 |     fn emit_bitflags_binop<F: Write>(
[INFO] [stdout]     |        ^^^^^^^^^^^^^^^^^^^
[INFO] [stdout] 
[INFO] [stdout] 
[INFO] [stdout] warning: method `can_cmp_order` is never used
[INFO] [stdout]    --> src/bindgen/ir/ty.rs:302:8
[INFO] [stdout]     |
[INFO] [stdout] 53  | impl PrimitiveType {
[INFO] [stdout]     | ------------------ method in this implementation
[INFO] [stdout] ...
[INFO] [stdout] 302 |     fn can_cmp_order(&self) -> bool {
[INFO] [stdout]     |        ^^^^^^^^^^^^^
[INFO] [stdout] 
[INFO] [stdout] 
[INFO] [stdout] warning: methods `is_ptr` and `can_cmp_order` are never used
[INFO] [stdout]    --> src/bindgen/ir/ty.rs:547:12
[INFO] [stdout]     |
[INFO] [stdout] 411 | impl Type {
[INFO] [stdout]     | --------- methods in this implementation
[INFO] [stdout] ...
[INFO] [stdout] 547 |     pub fn is_ptr(&self) -> bool {
[INFO] [stdout]     |            ^^^^^^
[INFO] [stdout] ...
[INFO] [stdout] 985 |     pub fn can_cmp_order(&self) -> bool {
[INFO] [stdout]     |            ^^^^^^^^^^^^^
[INFO] [stdout] 
[INFO] [stdout] 
[INFO] [stdout] warning: method `pop_set_spaces` is never used
[INFO] [stdout]    --> src/bindgen/writer.rs:121:12
[INFO] [stdout]     |
[INFO] [stdout] 59  | impl<'a, F: Write> SourceWriter<'a, F> {
[INFO] [stdout]     | -------------------------------------- method in this implementation
[INFO] [stdout] ...
[INFO] [stdout] 121 |     pub fn pop_set_spaces(&mut self) {
[INFO] [stdout]     |            ^^^^^^^^^^^^^^
[INFO] [stdout] 
[INFO] [stdout] 
[INFO] [stderr]     Finished `dev` profile [unoptimized + debuginfo] target(s) in 36.56s
[INFO] running `Command { std: "docker" "inspect" "27e98f945e78d543fff51914f0a7c283eab960d38610e9089a4b6432b100454d", kill_on_drop: false }`
[INFO] running `Command { std: "docker" "rm" "-f" "27e98f945e78d543fff51914f0a7c283eab960d38610e9089a4b6432b100454d", kill_on_drop: false }`
[INFO] [stdout] 27e98f945e78d543fff51914f0a7c283eab960d38610e9089a4b6432b100454d
[INFO] running `Command { std: "docker" "create" "-v" "/var/lib/crater-agent-workspace/builds/worker-1-tc1/target:/opt/rustwide/target:rw,Z" "-v" "/var/lib/crater-agent-workspace/builds/worker-1-tc1/source:/opt/rustwide/workdir:ro,Z" "-v" "/var/lib/crater-agent-workspace/cargo-home:/opt/rustwide/cargo-home:ro,Z" "-v" "/var/lib/crater-agent-workspace/rustup-home:/opt/rustwide/rustup-home:ro,Z" "-e" "SOURCE_DIR=/opt/rustwide/workdir" "-e" "CARGO_TARGET_DIR=/opt/rustwide/target" "-e" "CARGO_INCREMENTAL=0" "-e" "RUST_BACKTRACE=full" "-e" "RUSTFLAGS=--cap-lints=warn" "-e" "RUSTDOCFLAGS=--cap-lints=warn" "-e" "CARGO_HOME=/opt/rustwide/cargo-home" "-e" "RUSTUP_HOME=/opt/rustwide/rustup-home" "-w" "/opt/rustwide/workdir" "-m" "1610612736" "--user" "0:0" "--network" "none" "ghcr.io/rust-lang/crates-build-env/linux@sha256:f3a9d4ad9d972b27faf3965f35b62e55ba32bbce8f20bc8fe909558a86702fde" "/opt/rustwide/cargo-home/bin/cargo" "+1.83.0" "test" "--frozen" "--no-run" "--message-format=json", kill_on_drop: false }`
[INFO] [stdout] 1224c89931d4b3b6bbe5b4f24366672a62a482e659938d39500f84d22f1bcaa9
[INFO] running `Command { std: "docker" "start" "-a" "1224c89931d4b3b6bbe5b4f24366672a62a482e659938d39500f84d22f1bcaa9", kill_on_drop: false }`
[INFO] [stderr]    Compiling parking_lot_core v0.8.6
[INFO] [stderr]    Compiling lock_api v0.4.11
[INFO] [stderr]    Compiling instant v0.1.12
[INFO] [stderr]    Compiling scopeguard v1.2.0
[INFO] [stderr]    Compiling smallvec v1.11.1
[INFO] [stderr]    Compiling lazy_static v1.4.0
[INFO] [stderr]    Compiling serial_test_derive v0.5.1
[INFO] [stdout] warning: unused import: `Language`
[INFO] [stdout]  --> src/bindgen/builder.rs:9:38
[INFO] [stdout]   |
[INFO] [stdout] 9 | use crate::bindgen::config::{Config, Language, Profile};
[INFO] [stdout]   |                                      ^^^^^^^^
[INFO] [stdout]   |
[INFO] [stdout]   = note: `#[warn(unused_imports)]` on by default
[INFO] [stdout] 
[INFO] [stdout] 
[INFO] [stdout] warning: unused import: `Language`
[INFO] [stdout]   --> src/bindgen/cdecl.rs:11:30
[INFO] [stdout]    |
[INFO] [stdout] 11 | use crate::bindgen::{Config, Language, reserved};
[INFO] [stdout]    |                              ^^^^^^^^
[INFO] [stdout] 
[INFO] [stdout] 
[INFO] [stdout] warning: unused import: `super::ir::PrimitiveType`
[INFO] [stdout]   --> src/bindgen/cdecl.rs:13:5
[INFO] [stdout]    |
[INFO] [stdout] 13 | use super::ir::PrimitiveType;
[INFO] [stdout]    |     ^^^^^^^^^^^^^^^^^^^^^^^^
[INFO] [stdout] 
[INFO] [stdout] 
[INFO] [stdout] warning: unused import: `Language`
[INFO] [stdout]   --> src/bindgen/ir/annotation.rs:10:38
[INFO] [stdout]    |
[INFO] [stdout] 10 | use crate::bindgen::config::{Config, Language};
[INFO] [stdout]    |                                      ^^^^^^^^
[INFO] [stdout] 
[INFO] [stdout] 
[INFO] [stdout] warning: unused import: `Language`
[INFO] [stdout]  --> src/bindgen/ir/cfg.rs:9:38
[INFO] [stdout]   |
[INFO] [stdout] 9 | use crate::bindgen::config::{Config, Language};
[INFO] [stdout]   |                                      ^^^^^^^^
[INFO] [stdout] 
[INFO] [stdout] 
[INFO] [stdout] warning: unused import: `crate::bindgen::declarationtyperesolver::DeclarationTypeResolver`
[INFO] [stdout]   --> src/bindgen/ir/constant.rs:13:5
[INFO] [stdout]    |
[INFO] [stdout] 13 | use crate::bindgen::declarationtyperesolver::DeclarationTypeResolver;
[INFO] [stdout]    |     ^^^^^^^^^^^^^^^^^^^^^^^^^^^^^^^^^^^^^^^^^^^^^^^^^^^^^^^^^^^^^^^^
[INFO] [stdout] 
[INFO] [stdout] 
[INFO] [stdout] warning: unused import: `Language`
[INFO] [stdout]  --> src/bindgen/ir/documentation.rs:7:79
[INFO] [stdout]   |
[INFO] [stdout] 7 | use crate::bindgen::config::{Config, DocumentationLength, DocumentationStyle, Language};
[INFO] [stdout]   |                                                                               ^^^^^^^^
[INFO] [stdout] 
[INFO] [stdout] 
[INFO] [stdout] warning: unused import: `DeprecatedNoteKind`
[INFO] [stdout]   --> src/bindgen/ir/enumeration.rs:13:58
[INFO] [stdout]    |
[INFO] [stdout] 13 |     AnnotationSet, AnnotationValue, Cfg, ConditionWrite, DeprecatedNoteKind, Documentation, Field,
[INFO] [stdout]    |                                                          ^^^^^^^^^^^^^^^^^^
[INFO] [stdout] 
[INFO] [stdout] 
[INFO] [stdout] warning: unused import: `Language`
[INFO] [stdout]  --> src/bindgen/ir/field.rs:6:38
[INFO] [stdout]   |
[INFO] [stdout] 6 | use crate::bindgen::config::{Config, Language};
[INFO] [stdout]   |                                      ^^^^^^^^
[INFO] [stdout] 
[INFO] [stdout] 
[INFO] [stdout] warning: unused import: `Language`
[INFO] [stdout]   --> src/bindgen/ir/function.rs:11:38
[INFO] [stdout]    |
[INFO] [stdout] 11 | use crate::bindgen::config::{Config, Language, Layout};
[INFO] [stdout]    |                                      ^^^^^^^^
[INFO] [stdout] 
[INFO] [stdout] 
[INFO] [stdout] warning: unused import: `Language`
[INFO] [stdout]  --> src/bindgen/ir/generic_path.rs:7:38
[INFO] [stdout]   |
[INFO] [stdout] 7 | use crate::bindgen::config::{Config, Language};
[INFO] [stdout]   |                                      ^^^^^^^^
[INFO] [stdout] 
[INFO] [stdout] 
[INFO] [stdout] warning: unused import: `Language`
[INFO] [stdout]  --> src/bindgen/ir/opaque.rs:7:38
[INFO] [stdout]   |
[INFO] [stdout] 7 | use crate::bindgen::config::{Config, Language};
[INFO] [stdout]   |                                      ^^^^^^^^
[INFO] [stdout] 
[INFO] [stdout] 
[INFO] [stdout] warning: unused import: `Language`
[INFO] [stdout]   --> src/bindgen/ir/ty.rs:11:38
[INFO] [stdout]    |
[INFO] [stdout] 11 | use crate::bindgen::config::{Config, Language};
[INFO] [stdout]    |                                      ^^^^^^^^
[INFO] [stdout] 
[INFO] [stdout] 
[INFO] [stdout] warning: unused import: `Language`
[INFO] [stdout]   --> src/bindgen/ir/typedef.rs:10:38
[INFO] [stdout]    |
[INFO] [stdout] 10 | use crate::bindgen::config::{Config, Language};
[INFO] [stdout]    |                                      ^^^^^^^^
[INFO] [stdout] 
[INFO] [stdout] 
[INFO] [stdout] warning: unused import: `Field`
[INFO] [stdout]   --> src/bindgen/ir/typedef.rs:14:56
[INFO] [stdout]    |
[INFO] [stdout] 14 |     AnnotationSet, Cfg, ConditionWrite, Documentation, Field, GenericArgument, GenericParams, Item,
[INFO] [stdout]    |                                                        ^^^^^
[INFO] [stdout] 
[INFO] [stdout] 
[INFO] [stdout] warning: unused import: `Language`
[INFO] [stdout]  --> src/bindgen/ir/union.rs:9:38
[INFO] [stdout]   |
[INFO] [stdout] 9 | use crate::bindgen::config::{Config, Language, LayoutConfig};
[INFO] [stdout]   |                                      ^^^^^^^^
[INFO] [stdout] 
[INFO] [stdout] 
[INFO] [stdout] warning: unused import: `Language`
[INFO] [stdout]  --> src/bindgen/library.rs:9:38
[INFO] [stdout]   |
[INFO] [stdout] 9 | use crate::bindgen::config::{Config, Language, SortKey};
[INFO] [stdout]   |                                      ^^^^^^^^
[INFO] [stdout] 
[INFO] [stdout] 
[INFO] [stdout] warning: unused import: `std::fmt`
[INFO] [stdout]  --> src/bindgen/mangle.rs:5:5
[INFO] [stdout]   |
[INFO] [stdout] 5 | use std::fmt;
[INFO] [stdout]   |     ^^^^^^^^
[INFO] [stdout] 
[INFO] [stdout] 
[INFO] [stdout] warning: unused import: `super::writer::Source`
[INFO] [stdout]   --> src/bindgen/mangle.rs:11:5
[INFO] [stdout]    |
[INFO] [stdout] 11 | use super::writer::Source;
[INFO] [stdout]    |     ^^^^^^^^^^^^^^^^^^^^^
[INFO] [stdout] 
[INFO] [stdout] 
[INFO] [stdout] warning: unused imports: `Braces` and `Language`
[INFO] [stdout]  --> src/bindgen/writer.rs:9:30
[INFO] [stdout]   |
[INFO] [stdout] 9 | use crate::bindgen::config::{Braces, Config, Language};
[INFO] [stdout]   |                              ^^^^^^          ^^^^^^^^
[INFO] [stdout] 
[INFO] [stdout] 
[INFO] [stdout] warning: unused variable: `next_is_pointer`
[INFO] [stdout]    --> src/bindgen/cdecl.rs:347:17
[INFO] [stdout]     |
[INFO] [stdout] 347 |             let next_is_pointer = iter_rev.peek().map_or(false, |x| x.is_ptr());
[INFO] [stdout]     |                 ^^^^^^^^^^^^^^^ help: if this is intentional, prefix it with an underscore: `_next_is_pointer`
[INFO] [stdout]     |
[INFO] [stdout]     = note: `#[warn(unused_variables)]` on by default
[INFO] [stdout] 
[INFO] [stdout] 
[INFO] [stdout] warning: unused variable: `is_const`
[INFO] [stdout]    --> src/bindgen/cdecl.rs:351:21
[INFO] [stdout]     |
[INFO] [stdout] 351 |                     is_const,
[INFO] [stdout]     |                     ^^^^^^^^ help: try ignoring the field: `is_const: _`
[INFO] [stdout] 
[INFO] [stdout] 
[INFO] [stdout] warning: unused variable: `is_nullable`
[INFO] [stdout]    --> src/bindgen/cdecl.rs:352:21
[INFO] [stdout]     |
[INFO] [stdout] 352 |                     is_nullable,
[INFO] [stdout]     |                     ^^^^^^^^^^^ help: try ignoring the field: `is_nullable: _`
[INFO] [stdout] 
[INFO] [stdout] 
[INFO] [stdout] warning: unused variable: `is_ref`
[INFO] [stdout]    --> src/bindgen/cdecl.rs:353:21
[INFO] [stdout]     |
[INFO] [stdout] 353 |                     is_ref,
[INFO] [stdout]     |                     ^^^^^^ help: try ignoring the field: `is_ref: _`
[INFO] [stdout] 
[INFO] [stdout] 
[INFO] [stdout] warning: unused variable: `last_was_pointer`
[INFO] [stdout]    --> src/bindgen/cdecl.rs:381:17
[INFO] [stdout]     |
[INFO] [stdout] 381 |         let mut last_was_pointer = false;
[INFO] [stdout]     |                 ^^^^^^^^^^^^^^^^ help: if this is intentional, prefix it with an underscore: `_last_was_pointer`
[INFO] [stdout] 
[INFO] [stdout] 
[INFO] [stdout] warning: unused variable: `constant`
[INFO] [stdout]    --> src/bindgen/cdecl.rs:389:40
[INFO] [stdout]     |
[INFO] [stdout] 389 |                 CDeclarator::Array(ref constant) => {
[INFO] [stdout]     |                                        ^^^^^^^^ help: if this is intentional, prefix it with an underscore: `_constant`
[INFO] [stdout] 
[INFO] [stdout] 
[INFO] [stdout] warning: unused variable: `args`
[INFO] [stdout]    --> src/bindgen/cdecl.rs:398:21
[INFO] [stdout]     |
[INFO] [stdout] 398 |                     ref args,
[INFO] [stdout]     |                     ^^^^^^^^ help: try ignoring the field: `args: _`
[INFO] [stdout] 
[INFO] [stdout] 
[INFO] [stdout] warning: unused variable: `layout`
[INFO] [stdout]    --> src/bindgen/cdecl.rs:399:21
[INFO] [stdout]     |
[INFO] [stdout] 399 |                     ref layout,
[INFO] [stdout]     |                     ^^^^^^^^^^ help: try ignoring the field: `layout: _`
[INFO] [stdout] 
[INFO] [stdout] 
[INFO] [stdout] warning: unused variable: `is_return`
[INFO] [stdout]    --> src/bindgen/cdecl.rs:401:21
[INFO] [stdout]     |
[INFO] [stdout] 401 |                     is_return,
[INFO] [stdout]     |                     ^^^^^^^^^ help: try ignoring the field: `is_return: _`
[INFO] [stdout] 
[INFO] [stdout] 
[INFO] [stdout] warning: variable does not need to be mutable
[INFO] [stdout]    --> src/bindgen/cdecl.rs:381:13
[INFO] [stdout]     |
[INFO] [stdout] 381 |         let mut last_was_pointer = false;
[INFO] [stdout]     |             ----^^^^^^^^^^^^^^^^
[INFO] [stdout]     |             |
[INFO] [stdout]     |             help: remove this `mut`
[INFO] [stdout]     |
[INFO] [stdout]     = note: `#[warn(unused_mut)]` on by default
[INFO] [stdout] 
[INFO] [stdout] 
[INFO] [stdout] warning: unused variable: `config`
[INFO] [stdout]    --> src/bindgen/ir/cfg.rs:332:37
[INFO] [stdout]     |
[INFO] [stdout] 332 |     fn write_after<F: Write>(&self, config: &Config, out: &mut SourceWriter<F>) {
[INFO] [stdout]     |                                     ^^^^^^ help: if this is intentional, prefix it with an underscore: `_config`
[INFO] [stdout] 
[INFO] [stdout] 
[INFO] [stdout] warning: unused variable: `inline_tag_field`
[INFO] [stdout]    --> src/bindgen/ir/enumeration.rs:112:13
[INFO] [stdout]     |
[INFO] [stdout] 112 |             inline_tag_field: bool,
[INFO] [stdout]     |             ^^^^^^^^^^^^^^^^ help: if this is intentional, prefix it with an underscore: `_inline_tag_field`
[INFO] [stdout] 
[INFO] [stdout] 
[INFO] [stdout] warning: field `0` is never read
[INFO] [stdout]   --> src/bindgen/cargo/cargo_lock.rs:14:8
[INFO] [stdout]    |
[INFO] [stdout] 14 |     Io(io::Error),
[INFO] [stdout]    |     -- ^^^^^^^^^
[INFO] [stdout]    |     |
[INFO] [stdout]    |     field in this variant
[INFO] [stdout]    |
[INFO] [stdout]    = note: `Error` has a derived impl for the trait `Debug`, but this is intentionally ignored during dead code analysis
[INFO] [stdout]    = note: `#[warn(dead_code)]` on by default
[INFO] [stdout] help: consider changing the field to be of unit type to suppress this warning while preserving the field numbering, or remove the field
[INFO] [stdout]    |
[INFO] [stdout] 14 |     Io(()),
[INFO] [stdout]    |        ~~
[INFO] [stdout] 
[INFO] [stdout] 
[INFO] [stdout] warning: field `0` is never read
[INFO] [stdout]   --> src/bindgen/cargo/cargo_lock.rs:16:10
[INFO] [stdout]    |
[INFO] [stdout] 16 |     Toml(toml::de::Error),
[INFO] [stdout]    |     ---- ^^^^^^^^^^^^^^^
[INFO] [stdout]    |     |
[INFO] [stdout]    |     field in this variant
[INFO] [stdout]    |
[INFO] [stdout]    = note: `Error` has a derived impl for the trait `Debug`, but this is intentionally ignored during dead code analysis
[INFO] [stdout] help: consider changing the field to be of unit type to suppress this warning while preserving the field numbering, or remove the field
[INFO] [stdout]    |
[INFO] [stdout] 16 |     Toml(()),
[INFO] [stdout]    |          ~~
[INFO] [stdout] 
[INFO] [stdout] 
[INFO] [stdout] warning: method `typedef` is never used
[INFO] [stdout]   --> src/bindgen/config.rs:53:19
[INFO] [stdout]    |
[INFO] [stdout] 52 | impl Language {
[INFO] [stdout]    | ------------- method in this implementation
[INFO] [stdout] 53 |     pub(crate) fn typedef(self) -> &'static str {
[INFO] [stdout]    |                   ^^^^^^^
[INFO] [stdout] 
[INFO] [stdout] 
[INFO] [stdout] warning: methods `derive_constructor`, `derive_lt`, `derive_lte`, `derive_gt`, `derive_gte`, and `derive_ostream` are never used
[INFO] [stdout]    --> src/bindgen/config.rs:453:19
[INFO] [stdout]     |
[INFO] [stdout] 452 | impl StructConfig {
[INFO] [stdout]     | ----------------- methods in this implementation
[INFO] [stdout] 453 |     pub(crate) fn derive_constructor(&self, annotations: &AnnotationSet) -> bool {
[INFO] [stdout]     |                   ^^^^^^^^^^^^^^^^^^
[INFO] [stdout] ...
[INFO] [stdout] 471 |     pub(crate) fn derive_lt(&self, annotations: &AnnotationSet) -> bool {
[INFO] [stdout]     |                   ^^^^^^^^^
[INFO] [stdout] ...
[INFO] [stdout] 477 |     pub(crate) fn derive_lte(&self, annotations: &AnnotationSet) -> bool {
[INFO] [stdout]     |                   ^^^^^^^^^^
[INFO] [stdout] ...
[INFO] [stdout] 483 |     pub(crate) fn derive_gt(&self, annotations: &AnnotationSet) -> bool {
[INFO] [stdout]     |                   ^^^^^^^^^
[INFO] [stdout] ...
[INFO] [stdout] 489 |     pub(crate) fn derive_gte(&self, annotations: &AnnotationSet) -> bool {
[INFO] [stdout]     |                   ^^^^^^^^^^
[INFO] [stdout] ...
[INFO] [stdout] 495 |     pub(crate) fn derive_ostream(&self, annotations: &AnnotationSet) -> bool {
[INFO] [stdout]     |                   ^^^^^^^^^^^^^^
[INFO] [stdout] 
[INFO] [stdout] 
[INFO] [stdout] warning: method `enum_class` is never used
[INFO] [stdout]    --> src/bindgen/config.rs:629:19
[INFO] [stdout]     |
[INFO] [stdout] 580 | impl EnumConfig {
[INFO] [stdout]     | --------------- method in this implementation
[INFO] [stdout] ...
[INFO] [stdout] 629 |     pub(crate) fn enum_class(&self, annotations: &AnnotationSet) -> bool {
[INFO] [stdout]     |                   ^^^^^^^^^^
[INFO] [stdout] 
[INFO] [stdout] 
[INFO] [stdout] warning: method `to_str` is never used
[INFO] [stdout]   --> src/bindgen/declarationtyperesolver.rs:10:12
[INFO] [stdout]    |
[INFO] [stdout] 9  | impl DeclarationType {
[INFO] [stdout]    | -------------------- method in this implementation
[INFO] [stdout] 10 |     pub fn to_str(self) -> &'static str {
[INFO] [stdout]    |            ^^^^^^
[INFO] [stdout] 
[INFO] [stdout] 
[INFO] [stdout] warning: variant `Enum` is never constructed
[INFO] [stdout]   --> src/bindgen/ir/annotation.rs:45:5
[INFO] [stdout]    |
[INFO] [stdout] 42 | pub enum DeprecatedNoteKind {
[INFO] [stdout]    |          ------------------ variant in this enum
[INFO] [stdout] ...
[INFO] [stdout] 45 |     Enum,
[INFO] [stdout]    |     ^^^^
[INFO] [stdout] 
[INFO] [stdout] 
[INFO] [stdout] warning: methods `can_be_constexpr` and `has_pointer_casts` are never used
[INFO] [stdout]    --> src/bindgen/ir/constant.rs:186:8
[INFO] [stdout]     |
[INFO] [stdout] 111 | impl Literal {
[INFO] [stdout]     | ------------ methods in this implementation
[INFO] [stdout] ...
[INFO] [stdout] 186 |     fn can_be_constexpr(&self) -> bool {
[INFO] [stdout]     |        ^^^^^^^^^^^^^^^^
[INFO] [stdout] ...
[INFO] [stdout] 215 |     fn has_pointer_casts(&self) -> bool {
[INFO] [stdout]     |        ^^^^^^^^^^^^^^^^^
[INFO] [stdout] 
[INFO] [stdout] 
[INFO] [stdout] warning: field `documentation` is never read
[INFO] [stdout]    --> src/bindgen/ir/constant.rs:559:9
[INFO] [stdout]     |
[INFO] [stdout] 552 | pub struct Constant {
[INFO] [stdout]     |            -------- field in this struct
[INFO] [stdout] ...
[INFO] [stdout] 559 |     pub documentation: Documentation,
[INFO] [stdout]     |         ^^^^^^^^^^^^^
[INFO] [stdout]     |
[INFO] [stdout]     = note: `Constant` has derived impls for the traits `Clone` and `Debug`, but these are intentionally ignored during dead code analysis
[INFO] [stdout] 
[INFO] [stdout] 
[INFO] [stdout] warning: method `write_declaration` is never used
[INFO] [stdout]    --> src/bindgen/ir/constant.rs:664:12
[INFO] [stdout]     |
[INFO] [stdout] 663 | impl Constant {
[INFO] [stdout]     | ------------- method in this implementation
[INFO] [stdout] 664 |     pub fn write_declaration<F: Write>(
[INFO] [stdout]     |            ^^^^^^^^^^^^^^^^^
[INFO] [stdout] 
[INFO] [stdout] 
[INFO] [stdout] warning: method `write_with_default` is never used
[INFO] [stdout]    --> src/bindgen/ir/generic_path.rs:128:12
[INFO] [stdout]     |
[INFO] [stdout] 65  | impl GenericParams {
[INFO] [stdout]     | ------------------ method in this implementation
[INFO] [stdout] ...
[INFO] [stdout] 128 |     pub fn write_with_default<F: Write>(&self, config: &Config, out: &mut SourceWriter<F>) {
[INFO] [stdout]     |            ^^^^^^^^^^^^^^^^^^
[INFO] [stdout] 
[INFO] [stdout] 
[INFO] [stdout] warning: field `documentation` is never read
[INFO] [stdout]   --> src/bindgen/ir/global.rs:23:9
[INFO] [stdout]    |
[INFO] [stdout] 16 | pub struct Static {
[INFO] [stdout]    |            ------ field in this struct
[INFO] [stdout] ...
[INFO] [stdout] 23 |     pub documentation: Documentation,
[INFO] [stdout]    |         ^^^^^^^^^^^^^
[INFO] [stdout]    |
[INFO] [stdout]    = note: `Static` has derived impls for the traits `Clone` and `Debug`, but these are intentionally ignored during dead code analysis
[INFO] [stdout] 
[INFO] [stdout] 
[INFO] [stdout] warning: method `emit_bitflags_binop` is never used
[INFO] [stdout]    --> src/bindgen/ir/structure.rs:206:8
[INFO] [stdout]     |
[INFO] [stdout] 44  | impl Struct {
[INFO] [stdout]     | ----------- method in this implementation
[INFO] [stdout] ...
[INFO] [stdout] 206 |     fn emit_bitflags_binop<F: Write>(
[INFO] [stdout]     |        ^^^^^^^^^^^^^^^^^^^
[INFO] [stdout] 
[INFO] [stdout] 
[INFO] [stdout] warning: method `can_cmp_order` is never used
[INFO] [stdout]    --> src/bindgen/ir/ty.rs:302:8
[INFO] [stdout]     |
[INFO] [stdout] 53  | impl PrimitiveType {
[INFO] [stdout]     | ------------------ method in this implementation
[INFO] [stdout] ...
[INFO] [stdout] 302 |     fn can_cmp_order(&self) -> bool {
[INFO] [stdout]     |        ^^^^^^^^^^^^^
[INFO] [stdout] 
[INFO] [stdout] 
[INFO] [stdout] warning: methods `is_ptr` and `can_cmp_order` are never used
[INFO] [stdout]    --> src/bindgen/ir/ty.rs:547:12
[INFO] [stdout]     |
[INFO] [stdout] 411 | impl Type {
[INFO] [stdout]     | --------- methods in this implementation
[INFO] [stdout] ...
[INFO] [stdout] 547 |     pub fn is_ptr(&self) -> bool {
[INFO] [stdout]     |            ^^^^^^
[INFO] [stdout] ...
[INFO] [stdout] 985 |     pub fn can_cmp_order(&self) -> bool {
[INFO] [stdout]     |            ^^^^^^^^^^^^^
[INFO] [stdout] 
[INFO] [stdout] 
[INFO] [stdout] warning: unused import: `Language`
[INFO] [stdout]  --> src/bindgen/builder.rs:9:38
[INFO] [stdout]   |
[INFO] [stdout] 9 | use crate::bindgen::config::{Config, Language, Profile};
[INFO] [stdout]   |                                      ^^^^^^^^
[INFO] [stdout]   |
[INFO] [stdout]   = note: `#[warn(unused_imports)]` on by default
[INFO] [stdout] 
[INFO] [stdout] 
[INFO] [stdout] warning: unused import: `Language`
[INFO] [stdout]   --> src/bindgen/cdecl.rs:11:30
[INFO] [stdout]    |
[INFO] [stdout] 11 | use crate::bindgen::{Config, Language, reserved};
[INFO] [stdout]    |                              ^^^^^^^^
[INFO] [stdout] 
[INFO] [stdout] 
[INFO] [stdout] warning: unused import: `super::ir::PrimitiveType`
[INFO] [stdout]   --> src/bindgen/cdecl.rs:13:5
[INFO] [stdout]    |
[INFO] [stdout] 13 | use super::ir::PrimitiveType;
[INFO] [stdout]    |     ^^^^^^^^^^^^^^^^^^^^^^^^
[INFO] [stdout] 
[INFO] [stdout] 
[INFO] [stdout] warning: unused import: `Language`
[INFO] [stdout]   --> src/bindgen/ir/annotation.rs:10:38
[INFO] [stdout]    |
[INFO] [stdout] 10 | use crate::bindgen::config::{Config, Language};
[INFO] [stdout]    |                                      ^^^^^^^^
[INFO] [stdout] 
[INFO] [stdout] 
[INFO] [stdout] warning: unused import: `Language`
[INFO] [stdout]  --> src/bindgen/ir/cfg.rs:9:38
[INFO] [stdout]   |
[INFO] [stdout] 9 | use crate::bindgen::config::{Config, Language};
[INFO] [stdout]   |                                      ^^^^^^^^
[INFO] [stdout] 
[INFO] [stdout] 
[INFO] [stdout] warning: unused import: `crate::bindgen::declarationtyperesolver::DeclarationTypeResolver`
[INFO] [stdout]   --> src/bindgen/ir/constant.rs:13:5
[INFO] [stdout]    |
[INFO] [stdout] 13 | use crate::bindgen::declarationtyperesolver::DeclarationTypeResolver;
[INFO] [stdout]    |     ^^^^^^^^^^^^^^^^^^^^^^^^^^^^^^^^^^^^^^^^^^^^^^^^^^^^^^^^^^^^^^^^
[INFO] [stdout] 
[INFO] [stdout] 
[INFO] [stdout] warning: unused import: `Language`
[INFO] [stdout]  --> src/bindgen/ir/documentation.rs:7:79
[INFO] [stdout]   |
[INFO] [stdout] 7 | use crate::bindgen::config::{Config, DocumentationLength, DocumentationStyle, Language};
[INFO] [stdout]   |                                                                               ^^^^^^^^
[INFO] [stdout] 
[INFO] [stdout] 
[INFO] [stdout] warning: unused import: `DeprecatedNoteKind`
[INFO] [stdout]   --> src/bindgen/ir/enumeration.rs:13:58
[INFO] [stdout]    |
[INFO] [stdout] 13 |     AnnotationSet, AnnotationValue, Cfg, ConditionWrite, DeprecatedNoteKind, Documentation, Field,
[INFO] [stdout]    |                                                          ^^^^^^^^^^^^^^^^^^
[INFO] [stdout] 
[INFO] [stdout] 
[INFO] [stdout] warning: unused import: `Language`
[INFO] [stdout]  --> src/bindgen/ir/field.rs:6:38
[INFO] [stdout]   |
[INFO] [stdout] 6 | use crate::bindgen::config::{Config, Language};
[INFO] [stdout]   |                                      ^^^^^^^^
[INFO] [stdout] 
[INFO] [stdout] 
[INFO] [stdout] warning: unused import: `Language`
[INFO] [stdout]   --> src/bindgen/ir/function.rs:11:38
[INFO] [stdout]    |
[INFO] [stdout] 11 | use crate::bindgen::config::{Config, Language, Layout};
[INFO] [stdout]    |                                      ^^^^^^^^
[INFO] [stdout] 
[INFO] [stdout] 
[INFO] [stdout] warning: unused import: `Language`
[INFO] [stdout]  --> src/bindgen/ir/generic_path.rs:7:38
[INFO] [stdout]   |
[INFO] [stdout] 7 | use crate::bindgen::config::{Config, Language};
[INFO] [stdout]   |                                      ^^^^^^^^
[INFO] [stdout] 
[INFO] [stdout] 
[INFO] [stdout] warning: unused import: `Language`
[INFO] [stdout]  --> src/bindgen/ir/opaque.rs:7:38
[INFO] [stdout]   |
[INFO] [stdout] 7 | use crate::bindgen::config::{Config, Language};
[INFO] [stdout]   |                                      ^^^^^^^^
[INFO] [stdout] 
[INFO] [stdout] 
[INFO] [stdout] warning: unused import: `Language`
[INFO] [stdout]   --> src/bindgen/ir/ty.rs:11:38
[INFO] [stdout]    |
[INFO] [stdout] 11 | use crate::bindgen::config::{Config, Language};
[INFO] [stdout]    |                                      ^^^^^^^^
[INFO] [stdout] 
[INFO] [stdout] 
[INFO] [stdout] warning: unused import: `Language`
[INFO] [stdout]   --> src/bindgen/ir/typedef.rs:10:38
[INFO] [stdout]    |
[INFO] [stdout] 10 | use crate::bindgen::config::{Config, Language};
[INFO] [stdout]    |                                      ^^^^^^^^
[INFO] [stdout] 
[INFO] [stdout] 
[INFO] [stdout] warning: unused import: `Field`
[INFO] [stdout]   --> src/bindgen/ir/typedef.rs:14:56
[INFO] [stdout]    |
[INFO] [stdout] 14 |     AnnotationSet, Cfg, ConditionWrite, Documentation, Field, GenericArgument, GenericParams, Item,
[INFO] [stdout]    |                                                        ^^^^^
[INFO] [stdout] 
[INFO] [stdout] 
[INFO] [stdout] warning: unused import: `Language`
[INFO] [stdout]  --> src/bindgen/ir/union.rs:9:38
[INFO] [stdout]   |
[INFO] [stdout] 9 | use crate::bindgen::config::{Config, Language, LayoutConfig};
[INFO] [stdout]   |                                      ^^^^^^^^
[INFO] [stdout] 
[INFO] [stdout] 
[INFO] [stdout] warning: unused import: `Language`
[INFO] [stdout]  --> src/bindgen/library.rs:9:38
[INFO] [stdout]   |
[INFO] [stdout] 9 | use crate::bindgen::config::{Config, Language, SortKey};
[INFO] [stdout]   |                                      ^^^^^^^^
[INFO] [stdout] 
[INFO] [stdout] 
[INFO] [stdout] warning: unused import: `std::fmt`
[INFO] [stdout]  --> src/bindgen/mangle.rs:5:5
[INFO] [stdout]   |
[INFO] [stdout] 5 | use std::fmt;
[INFO] [stdout]   |     ^^^^^^^^
[INFO] [stdout] 
[INFO] [stdout] 
[INFO] [stdout] warning: unused import: `super::writer::Source`
[INFO] [stdout]   --> src/bindgen/mangle.rs:11:5
[INFO] [stdout]    |
[INFO] [stdout] 11 | use super::writer::Source;
[INFO] [stdout]    |     ^^^^^^^^^^^^^^^^^^^^^
[INFO] [stdout] 
[INFO] [stdout] 
[INFO] [stdout] warning: unused imports: `Braces` and `Language`
[INFO] [stdout]  --> src/bindgen/writer.rs:9:30
[INFO] [stdout]   |
[INFO] [stdout] 9 | use crate::bindgen::config::{Braces, Config, Language};
[INFO] [stdout]   |                              ^^^^^^          ^^^^^^^^
[INFO] [stdout] 
[INFO] [stdout] 
[INFO] [stdout] warning: unused variable: `next_is_pointer`
[INFO] [stdout]    --> src/bindgen/cdecl.rs:347:17
[INFO] [stdout]     |
[INFO] [stdout] 347 |             let next_is_pointer = iter_rev.peek().map_or(false, |x| x.is_ptr());
[INFO] [stdout]     |                 ^^^^^^^^^^^^^^^ help: if this is intentional, prefix it with an underscore: `_next_is_pointer`
[INFO] [stdout]     |
[INFO] [stdout]     = note: `#[warn(unused_variables)]` on by default
[INFO] [stdout] 
[INFO] [stdout] 
[INFO] [stdout] warning: unused variable: `is_const`
[INFO] [stdout]    --> src/bindgen/cdecl.rs:351:21
[INFO] [stdout]     |
[INFO] [stdout] 351 |                     is_const,
[INFO] [stdout]     |                     ^^^^^^^^ help: try ignoring the field: `is_const: _`
[INFO] [stdout] 
[INFO] [stdout] 
[INFO] [stdout] warning: unused variable: `is_nullable`
[INFO] [stdout]    --> src/bindgen/cdecl.rs:352:21
[INFO] [stdout]     |
[INFO] [stdout] 352 |                     is_nullable,
[INFO] [stdout]     |                     ^^^^^^^^^^^ help: try ignoring the field: `is_nullable: _`
[INFO] [stdout] 
[INFO] [stdout] 
[INFO] [stdout] warning: unused variable: `is_ref`
[INFO] [stdout]    --> src/bindgen/cdecl.rs:353:21
[INFO] [stdout]     |
[INFO] [stdout] 353 |                     is_ref,
[INFO] [stdout]     |                     ^^^^^^ help: try ignoring the field: `is_ref: _`
[INFO] [stdout] 
[INFO] [stdout] 
[INFO] [stdout] warning: unused variable: `last_was_pointer`
[INFO] [stdout]    --> src/bindgen/cdecl.rs:381:17
[INFO] [stdout]     |
[INFO] [stdout] 381 |         let mut last_was_pointer = false;
[INFO] [stdout]     |                 ^^^^^^^^^^^^^^^^ help: if this is intentional, prefix it with an underscore: `_last_was_pointer`
[INFO] [stdout] 
[INFO] [stdout] 
[INFO] [stdout] warning: unused variable: `constant`
[INFO] [stdout]    --> src/bindgen/cdecl.rs:389:40
[INFO] [stdout]     |
[INFO] [stdout] 389 |                 CDeclarator::Array(ref constant) => {
[INFO] [stdout]     |                                        ^^^^^^^^ help: if this is intentional, prefix it with an underscore: `_constant`
[INFO] [stdout] 
[INFO] [stdout] 
[INFO] [stdout] warning: unused variable: `args`
[INFO] [stdout]    --> src/bindgen/cdecl.rs:398:21
[INFO] [stdout]     |
[INFO] [stdout] 398 |                     ref args,
[INFO] [stdout]     |                     ^^^^^^^^ help: try ignoring the field: `args: _`
[INFO] [stdout] 
[INFO] [stdout] 
[INFO] [stdout] warning: unused variable: `layout`
[INFO] [stdout]    --> src/bindgen/cdecl.rs:399:21
[INFO] [stdout]     |
[INFO] [stdout] 399 |                     ref layout,
[INFO] [stdout]     |                     ^^^^^^^^^^ help: try ignoring the field: `layout: _`
[INFO] [stdout] 
[INFO] [stdout] 
[INFO] [stdout] warning: unused variable: `is_return`
[INFO] [stdout]    --> src/bindgen/cdecl.rs:401:21
[INFO] [stdout]     |
[INFO] [stdout] 401 |                     is_return,
[INFO] [stdout]     |                     ^^^^^^^^^ help: try ignoring the field: `is_return: _`
[INFO] [stdout] 
[INFO] [stdout] 
[INFO] [stdout] warning: variable does not need to be mutable
[INFO] [stdout]    --> src/bindgen/cdecl.rs:381:13
[INFO] [stdout]     |
[INFO] [stdout] 381 |         let mut last_was_pointer = false;
[INFO] [stdout]     |             ----^^^^^^^^^^^^^^^^
[INFO] [stdout]     |             |
[INFO] [stdout]     |             help: remove this `mut`
[INFO] [stdout]     |
[INFO] [stdout]     = note: `#[warn(unused_mut)]` on by default
[INFO] [stdout] 
[INFO] [stdout] 
[INFO] [stdout] warning: unused variable: `config`
[INFO] [stdout]    --> src/bindgen/ir/cfg.rs:332:37
[INFO] [stdout]     |
[INFO] [stdout] 332 |     fn write_after<F: Write>(&self, config: &Config, out: &mut SourceWriter<F>) {
[INFO] [stdout]     |                                     ^^^^^^ help: if this is intentional, prefix it with an underscore: `_config`
[INFO] [stdout] 
[INFO] [stdout] 
[INFO] [stdout] warning: unused variable: `inline_tag_field`
[INFO] [stdout]    --> src/bindgen/ir/enumeration.rs:112:13
[INFO] [stdout]     |
[INFO] [stdout] 112 |             inline_tag_field: bool,
[INFO] [stdout]     |             ^^^^^^^^^^^^^^^^ help: if this is intentional, prefix it with an underscore: `_inline_tag_field`
[INFO] [stdout] 
[INFO] [stdout] 
[INFO] [stdout] warning: field `0` is never read
[INFO] [stdout]   --> src/bindgen/cargo/cargo_lock.rs:14:8
[INFO] [stdout]    |
[INFO] [stdout] 14 |     Io(io::Error),
[INFO] [stdout]    |     -- ^^^^^^^^^
[INFO] [stdout]    |     |
[INFO] [stdout]    |     field in this variant
[INFO] [stdout]    |
[INFO] [stdout]    = note: `Error` has a derived impl for the trait `Debug`, but this is intentionally ignored during dead code analysis
[INFO] [stdout]    = note: `#[warn(dead_code)]` on by default
[INFO] [stdout] help: consider changing the field to be of unit type to suppress this warning while preserving the field numbering, or remove the field
[INFO] [stdout]    |
[INFO] [stdout] 14 |     Io(()),
[INFO] [stdout]    |        ~~
[INFO] [stdout] 
[INFO] [stdout] 
[INFO] [stdout] warning: field `0` is never read
[INFO] [stdout]   --> src/bindgen/cargo/cargo_lock.rs:16:10
[INFO] [stdout]    |
[INFO] [stdout] 16 |     Toml(toml::de::Error),
[INFO] [stdout]    |     ---- ^^^^^^^^^^^^^^^
[INFO] [stdout]    |     |
[INFO] [stdout]    |     field in this variant
[INFO] [stdout]    |
[INFO] [stdout]    = note: `Error` has a derived impl for the trait `Debug`, but this is intentionally ignored during dead code analysis
[INFO] [stdout] help: consider changing the field to be of unit type to suppress this warning while preserving the field numbering, or remove the field
[INFO] [stdout]    |
[INFO] [stdout] 16 |     Toml(()),
[INFO] [stdout]    |          ~~
[INFO] [stdout] 
[INFO] [stdout] 
[INFO] [stdout] warning: method `typedef` is never used
[INFO] [stdout]   --> src/bindgen/config.rs:53:19
[INFO] [stdout]    |
[INFO] [stdout] 52 | impl Language {
[INFO] [stdout]    | ------------- method in this implementation
[INFO] [stdout] 53 |     pub(crate) fn typedef(self) -> &'static str {
[INFO] [stdout]    |                   ^^^^^^^
[INFO] [stdout] 
[INFO] [stdout] 
[INFO] [stdout] warning: methods `derive_constructor`, `derive_lt`, `derive_lte`, `derive_gt`, `derive_gte`, and `derive_ostream` are never used
[INFO] [stdout]    --> src/bindgen/config.rs:453:19
[INFO] [stdout]     |
[INFO] [stdout] 452 | impl StructConfig {
[INFO] [stdout]     | ----------------- methods in this implementation
[INFO] [stdout] 453 |     pub(crate) fn derive_constructor(&self, annotations: &AnnotationSet) -> bool {
[INFO] [stdout]     |                   ^^^^^^^^^^^^^^^^^^
[INFO] [stdout] ...
[INFO] [stdout] 471 |     pub(crate) fn derive_lt(&self, annotations: &AnnotationSet) -> bool {
[INFO] [stdout]     |                   ^^^^^^^^^
[INFO] [stdout] ...
[INFO] [stdout] 477 |     pub(crate) fn derive_lte(&self, annotations: &AnnotationSet) -> bool {
[INFO] [stdout]     |                   ^^^^^^^^^^
[INFO] [stdout] ...
[INFO] [stdout] 483 |     pub(crate) fn derive_gt(&self, annotations: &AnnotationSet) -> bool {
[INFO] [stdout]     |                   ^^^^^^^^^
[INFO] [stdout] ...
[INFO] [stdout] 489 |     pub(crate) fn derive_gte(&self, annotations: &AnnotationSet) -> bool {
[INFO] [stdout]     |                   ^^^^^^^^^^
[INFO] [stdout] ...
[INFO] [stdout] 495 |     pub(crate) fn derive_ostream(&self, annotations: &AnnotationSet) -> bool {
[INFO] [stdout]     |                   ^^^^^^^^^^^^^^
[INFO] [stdout] 
[INFO] [stdout] 
[INFO] [stdout] warning: method `enum_class` is never used
[INFO] [stdout]    --> src/bindgen/config.rs:629:19
[INFO] [stdout]     |
[INFO] [stdout] 580 | impl EnumConfig {
[INFO] [stdout]     | --------------- method in this implementation
[INFO] [stdout] ...
[INFO] [stdout] 629 |     pub(crate) fn enum_class(&self, annotations: &AnnotationSet) -> bool {
[INFO] [stdout]     |                   ^^^^^^^^^^
[INFO] [stdout] 
[INFO] [stdout] 
[INFO] [stdout] warning: method `to_str` is never used
[INFO] [stdout]   --> src/bindgen/declarationtyperesolver.rs:10:12
[INFO] [stdout]    |
[INFO] [stdout] 9  | impl DeclarationType {
[INFO] [stdout]    | -------------------- method in this implementation
[INFO] [stdout] 10 |     pub fn to_str(self) -> &'static str {
[INFO] [stdout]    |            ^^^^^^
[INFO] [stdout] 
[INFO] [stdout] 
[INFO] [stdout] warning: variant `Enum` is never constructed
[INFO] [stdout]   --> src/bindgen/ir/annotation.rs:45:5
[INFO] [stdout]    |
[INFO] [stdout] 42 | pub enum DeprecatedNoteKind {
[INFO] [stdout]    |          ------------------ variant in this enum
[INFO] [stdout] ...
[INFO] [stdout] 45 |     Enum,
[INFO] [stdout]    |     ^^^^
[INFO] [stdout] 
[INFO] [stdout] 
[INFO] [stdout] warning: methods `can_be_constexpr` and `has_pointer_casts` are never used
[INFO] [stdout]    --> src/bindgen/ir/constant.rs:186:8
[INFO] [stdout]     |
[INFO] [stdout] 111 | impl Literal {
[INFO] [stdout]     | ------------ methods in this implementation
[INFO] [stdout] ...
[INFO] [stdout] 186 |     fn can_be_constexpr(&self) -> bool {
[INFO] [stdout]     |        ^^^^^^^^^^^^^^^^
[INFO] [stdout] ...
[INFO] [stdout] 215 |     fn has_pointer_casts(&self) -> bool {
[INFO] [stdout]     |        ^^^^^^^^^^^^^^^^^
[INFO] [stdout] 
[INFO] [stdout] 
[INFO] [stdout] warning: field `documentation` is never read
[INFO] [stdout]    --> src/bindgen/ir/constant.rs:559:9
[INFO] [stdout]     |
[INFO] [stdout] 552 | pub struct Constant {
[INFO] [stdout]     |            -------- field in this struct
[INFO] [stdout] ...
[INFO] [stdout] 559 |     pub documentation: Documentation,
[INFO] [stdout]     |         ^^^^^^^^^^^^^
[INFO] [stdout]     |
[INFO] [stdout]     = note: `Constant` has derived impls for the traits `Clone` and `Debug`, but these are intentionally ignored during dead code analysis
[INFO] [stdout] 
[INFO] [stdout] 
[INFO] [stdout] warning: method `write_declaration` is never used
[INFO] [stdout]    --> src/bindgen/ir/constant.rs:664:12
[INFO] [stdout]     |
[INFO] [stdout] 663 | impl Constant {
[INFO] [stdout]     | ------------- method in this implementation
[INFO] [stdout] 664 |     pub fn write_declaration<F: Write>(
[INFO] [stdout]     |            ^^^^^^^^^^^^^^^^^
[INFO] [stdout] 
[INFO] [stdout] 
[INFO] [stdout] warning: method `write_with_default` is never used
[INFO] [stdout]    --> src/bindgen/ir/generic_path.rs:128:12
[INFO] [stdout]     |
[INFO] [stdout] 65  | impl GenericParams {
[INFO] [stdout]     | ------------------ method in this implementation
[INFO] [stdout] ...
[INFO] [stdout] 128 |     pub fn write_with_default<F: Write>(&self, config: &Config, out: &mut SourceWriter<F>) {
[INFO] [stdout]     |            ^^^^^^^^^^^^^^^^^^
[INFO] [stdout] 
[INFO] [stdout] 
[INFO] [stdout] warning: field `documentation` is never read
[INFO] [stdout]   --> src/bindgen/ir/global.rs:23:9
[INFO] [stdout]    |
[INFO] [stdout] 16 | pub struct Static {
[INFO] [stdout]    |            ------ field in this struct
[INFO] [stdout] ...
[INFO] [stdout] 23 |     pub documentation: Documentation,
[INFO] [stdout]    |         ^^^^^^^^^^^^^
[INFO] [stdout]    |
[INFO] [stdout]    = note: `Static` has derived impls for the traits `Clone` and `Debug`, but these are intentionally ignored during dead code analysis
[INFO] [stdout] 
[INFO] [stdout] 
[INFO] [stdout] warning: method `emit_bitflags_binop` is never used
[INFO] [stdout]    --> src/bindgen/ir/structure.rs:206:8
[INFO] [stdout]     |
[INFO] [stdout] 44  | impl Struct {
[INFO] [stdout]     | ----------- method in this implementation
[INFO] [stdout] ...
[INFO] [stdout] 206 |     fn emit_bitflags_binop<F: Write>(
[INFO] [stdout]     |        ^^^^^^^^^^^^^^^^^^^
[INFO] [stdout] 
[INFO] [stdout] 
[INFO] [stdout] warning: method `can_cmp_order` is never used
[INFO] [stdout]    --> src/bindgen/ir/ty.rs:302:8
[INFO] [stdout]     |
[INFO] [stdout] 53  | impl PrimitiveType {
[INFO] [stdout]     | ------------------ method in this implementation
[INFO] [stdout] ...
[INFO] [stdout] 302 |     fn can_cmp_order(&self) -> bool {
[INFO] [stdout]     |        ^^^^^^^^^^^^^
[INFO] [stdout] 
[INFO] [stdout] 
[INFO] [stdout] warning: methods `is_ptr` and `can_cmp_order` are never used
[INFO] [stdout]    --> src/bindgen/ir/ty.rs:547:12
[INFO] [stdout]     |
[INFO] [stdout] 411 | impl Type {
[INFO] [stdout]     | --------- methods in this implementation
[INFO] [stdout] ...
[INFO] [stdout] 547 |     pub fn is_ptr(&self) -> bool {
[INFO] [stdout]     |            ^^^^^^
[INFO] [stdout] ...
[INFO] [stdout] 985 |     pub fn can_cmp_order(&self) -> bool {
[INFO] [stdout]     |            ^^^^^^^^^^^^^
[INFO] [stdout] 
[INFO] [stdout] 
[INFO] [stdout] warning: method `pop_set_spaces` is never used
[INFO] [stdout]    --> src/bindgen/writer.rs:121:12
[INFO] [stdout]     |
[INFO] [stdout] 59  | impl<'a, F: Write> SourceWriter<'a, F> {
[INFO] [stdout]     | -------------------------------------- method in this implementation
[INFO] [stdout] ...
[INFO] [stdout] 121 |     pub fn pop_set_spaces(&mut self) {
[INFO] [stdout]     |            ^^^^^^^^^^^^^^
[INFO] [stdout] 
[INFO] [stdout] 
[INFO] [stderr]    Compiling parking_lot v0.11.2
[INFO] [stderr]    Compiling serial_test v0.5.1
[INFO] [stderr]    Compiling nbindgen v0.1.0 (/opt/rustwide/workdir)
[INFO] [stdout] warning: unused import: `nbindgen::*`
[INFO] [stdout]  --> tests/tests.rs:3:5
[INFO] [stdout]   |
[INFO] [stdout] 3 | use nbindgen::*;
[INFO] [stdout]   |     ^^^^^^^^^^^
[INFO] [stdout]   |
[INFO] [stdout]   = note: `#[warn(unused_imports)]` on by default
[INFO] [stdout] 
[INFO] [stdout] 
[INFO] [stdout] warning: unused import: `Language`
[INFO] [stdout]  --> src/bindgen/builder.rs:9:38
[INFO] [stdout]   |
[INFO] [stdout] 9 | use crate::bindgen::config::{Config, Language, Profile};
[INFO] [stdout]   |                                      ^^^^^^^^
[INFO] [stdout]   |
[INFO] [stdout]   = note: `#[warn(unused_imports)]` on by default
[INFO] [stdout] 
[INFO] [stdout] 
[INFO] [stdout] warning: unused import: `Language`
[INFO] [stdout]   --> src/bindgen/cdecl.rs:11:30
[INFO] [stdout]    |
[INFO] [stdout] 11 | use crate::bindgen::{Config, Language, reserved};
[INFO] [stdout]    |                              ^^^^^^^^
[INFO] [stdout] 
[INFO] [stdout] 
[INFO] [stdout] warning: unused import: `super::ir::PrimitiveType`
[INFO] [stdout]   --> src/bindgen/cdecl.rs:13:5
[INFO] [stdout]    |
[INFO] [stdout] 13 | use super::ir::PrimitiveType;
[INFO] [stdout]    |     ^^^^^^^^^^^^^^^^^^^^^^^^
[INFO] [stdout] 
[INFO] [stdout] 
[INFO] [stdout] warning: unused import: `Language`
[INFO] [stdout]   --> src/bindgen/ir/annotation.rs:10:38
[INFO] [stdout]    |
[INFO] [stdout] 10 | use crate::bindgen::config::{Config, Language};
[INFO] [stdout]    |                                      ^^^^^^^^
[INFO] [stdout] 
[INFO] [stdout] 
[INFO] [stdout] warning: unused import: `Language`
[INFO] [stdout]  --> src/bindgen/ir/cfg.rs:9:38
[INFO] [stdout]   |
[INFO] [stdout] 9 | use crate::bindgen::config::{Config, Language};
[INFO] [stdout]   |                                      ^^^^^^^^
[INFO] [stdout] 
[INFO] [stdout] 
[INFO] [stdout] warning: unused import: `crate::bindgen::declarationtyperesolver::DeclarationTypeResolver`
[INFO] [stdout]   --> src/bindgen/ir/constant.rs:13:5
[INFO] [stdout]    |
[INFO] [stdout] 13 | use crate::bindgen::declarationtyperesolver::DeclarationTypeResolver;
[INFO] [stdout]    |     ^^^^^^^^^^^^^^^^^^^^^^^^^^^^^^^^^^^^^^^^^^^^^^^^^^^^^^^^^^^^^^^^
[INFO] [stdout] 
[INFO] [stdout] 
[INFO] [stdout] warning: unused import: `Language`
[INFO] [stdout]  --> src/bindgen/ir/documentation.rs:7:79
[INFO] [stdout]   |
[INFO] [stdout] 7 | use crate::bindgen::config::{Config, DocumentationLength, DocumentationStyle, Language};
[INFO] [stdout]   |                                                                               ^^^^^^^^
[INFO] [stdout] 
[INFO] [stdout] 
[INFO] [stdout] warning: unused import: `DeprecatedNoteKind`
[INFO] [stdout]   --> src/bindgen/ir/enumeration.rs:13:58
[INFO] [stdout]    |
[INFO] [stdout] 13 |     AnnotationSet, AnnotationValue, Cfg, ConditionWrite, DeprecatedNoteKind, Documentation, Field,
[INFO] [stdout]    |                                                          ^^^^^^^^^^^^^^^^^^
[INFO] [stdout] 
[INFO] [stdout] 
[INFO] [stdout] warning: unused import: `Language`
[INFO] [stdout]  --> src/bindgen/ir/field.rs:6:38
[INFO] [stdout]   |
[INFO] [stdout] 6 | use crate::bindgen::config::{Config, Language};
[INFO] [stdout]   |                                      ^^^^^^^^
[INFO] [stdout] 
[INFO] [stdout] 
[INFO] [stdout] warning: unused import: `Language`
[INFO] [stdout]   --> src/bindgen/ir/function.rs:11:38
[INFO] [stdout]    |
[INFO] [stdout] 11 | use crate::bindgen::config::{Config, Language, Layout};
[INFO] [stdout]    |                                      ^^^^^^^^
[INFO] [stdout] 
[INFO] [stdout] 
[INFO] [stdout] warning: unused import: `Language`
[INFO] [stdout]  --> src/bindgen/ir/generic_path.rs:7:38
[INFO] [stdout]   |
[INFO] [stdout] 7 | use crate::bindgen::config::{Config, Language};
[INFO] [stdout]   |                                      ^^^^^^^^
[INFO] [stdout] 
[INFO] [stdout] 
[INFO] [stdout] warning: unused import: `Language`
[INFO] [stdout]  --> src/bindgen/ir/opaque.rs:7:38
[INFO] [stdout]   |
[INFO] [stdout] 7 | use crate::bindgen::config::{Config, Language};
[INFO] [stdout]   |                                      ^^^^^^^^
[INFO] [stdout] 
[INFO] [stdout] 
[INFO] [stdout] warning: unused import: `Language`
[INFO] [stdout]   --> src/bindgen/ir/ty.rs:11:38
[INFO] [stdout]    |
[INFO] [stdout] 11 | use crate::bindgen::config::{Config, Language};
[INFO] [stdout]    |                                      ^^^^^^^^
[INFO] [stdout] 
[INFO] [stdout] 
[INFO] [stdout] warning: unused import: `Language`
[INFO] [stdout]   --> src/bindgen/ir/typedef.rs:10:38
[INFO] [stdout]    |
[INFO] [stdout] 10 | use crate::bindgen::config::{Config, Language};
[INFO] [stdout]    |                                      ^^^^^^^^
[INFO] [stdout] 
[INFO] [stdout] 
[INFO] [stdout] warning: unused import: `Field`
[INFO] [stdout]   --> src/bindgen/ir/typedef.rs:14:56
[INFO] [stdout]    |
[INFO] [stdout] 14 |     AnnotationSet, Cfg, ConditionWrite, Documentation, Field, GenericArgument, GenericParams, Item,
[INFO] [stdout]    |                                                        ^^^^^
[INFO] [stdout] 
[INFO] [stdout] 
[INFO] [stdout] warning: unused import: `Language`
[INFO] [stdout]  --> src/bindgen/ir/union.rs:9:38
[INFO] [stdout]   |
[INFO] [stdout] 9 | use crate::bindgen::config::{Config, Language, LayoutConfig};
[INFO] [stdout]   |                                      ^^^^^^^^
[INFO] [stdout] 
[INFO] [stdout] 
[INFO] [stdout] warning: unused import: `Language`
[INFO] [stdout]  --> src/bindgen/library.rs:9:38
[INFO] [stdout]   |
[INFO] [stdout] 9 | use crate::bindgen::config::{Config, Language, SortKey};
[INFO] [stdout]   |                                      ^^^^^^^^
[INFO] [stdout] 
[INFO] [stdout] 
[INFO] [stdout] warning: unused import: `std::fmt`
[INFO] [stdout]  --> src/bindgen/mangle.rs:5:5
[INFO] [stdout]   |
[INFO] [stdout] 5 | use std::fmt;
[INFO] [stdout]   |     ^^^^^^^^
[INFO] [stdout] 
[INFO] [stdout] 
[INFO] [stdout] warning: unused import: `super::writer::Source`
[INFO] [stdout]   --> src/bindgen/mangle.rs:11:5
[INFO] [stdout]    |
[INFO] [stdout] 11 | use super::writer::Source;
[INFO] [stdout]    |     ^^^^^^^^^^^^^^^^^^^^^
[INFO] [stdout] 
[INFO] [stdout] 
[INFO] [stdout] warning: unused imports: `Braces` and `Language`
[INFO] [stdout]  --> src/bindgen/writer.rs:9:30
[INFO] [stdout]   |
[INFO] [stdout] 9 | use crate::bindgen::config::{Braces, Config, Language};
[INFO] [stdout]   |                              ^^^^^^          ^^^^^^^^
[INFO] [stdout] 
[INFO] [stdout] 
[INFO] [stdout] warning: unused import: `Language`
[INFO] [stdout]  --> src/bindgen/builder.rs:9:38
[INFO] [stdout]   |
[INFO] [stdout] 9 | use crate::bindgen::config::{Config, Language, Profile};
[INFO] [stdout]   |                                      ^^^^^^^^
[INFO] [stdout]   |
[INFO] [stdout]   = note: `#[warn(unused_imports)]` on by default
[INFO] [stdout] 
[INFO] [stdout] 
[INFO] [stdout] warning: unused import: `Language`
[INFO] [stdout]   --> src/bindgen/cdecl.rs:11:30
[INFO] [stdout]    |
[INFO] [stdout] 11 | use crate::bindgen::{Config, Language, reserved};
[INFO] [stdout]    |                              ^^^^^^^^
[INFO] [stdout] 
[INFO] [stdout] 
[INFO] [stdout] warning: unused import: `super::ir::PrimitiveType`
[INFO] [stdout]   --> src/bindgen/cdecl.rs:13:5
[INFO] [stdout]    |
[INFO] [stdout] 13 | use super::ir::PrimitiveType;
[INFO] [stdout]    |     ^^^^^^^^^^^^^^^^^^^^^^^^
[INFO] [stdout] 
[INFO] [stdout] 
[INFO] [stdout] warning: unused import: `Language`
[INFO] [stdout]   --> src/bindgen/ir/annotation.rs:10:38
[INFO] [stdout]    |
[INFO] [stdout] 10 | use crate::bindgen::config::{Config, Language};
[INFO] [stdout]    |                                      ^^^^^^^^
[INFO] [stdout] 
[INFO] [stdout] 
[INFO] [stdout] warning: unused import: `Language`
[INFO] [stdout]  --> src/bindgen/ir/cfg.rs:9:38
[INFO] [stdout]   |
[INFO] [stdout] 9 | use crate::bindgen::config::{Config, Language};
[INFO] [stdout]   |                                      ^^^^^^^^
[INFO] [stdout] 
[INFO] [stdout] 
[INFO] [stdout] warning: unused import: `crate::bindgen::declarationtyperesolver::DeclarationTypeResolver`
[INFO] [stdout]   --> src/bindgen/ir/constant.rs:13:5
[INFO] [stdout]    |
[INFO] [stdout] 13 | use crate::bindgen::declarationtyperesolver::DeclarationTypeResolver;
[INFO] [stdout]    |     ^^^^^^^^^^^^^^^^^^^^^^^^^^^^^^^^^^^^^^^^^^^^^^^^^^^^^^^^^^^^^^^^
[INFO] [stdout] 
[INFO] [stdout] 
[INFO] [stdout] warning: unused import: `Language`
[INFO] [stdout]  --> src/bindgen/ir/documentation.rs:7:79
[INFO] [stdout]   |
[INFO] [stdout] 7 | use crate::bindgen::config::{Config, DocumentationLength, DocumentationStyle, Language};
[INFO] [stdout]   |                                                                               ^^^^^^^^
[INFO] [stdout] 
[INFO] [stdout] 
[INFO] [stdout] warning: unused import: `DeprecatedNoteKind`
[INFO] [stdout]   --> src/bindgen/ir/enumeration.rs:13:58
[INFO] [stdout]    |
[INFO] [stdout] 13 |     AnnotationSet, AnnotationValue, Cfg, ConditionWrite, DeprecatedNoteKind, Documentation, Field,
[INFO] [stdout]    |                                                          ^^^^^^^^^^^^^^^^^^
[INFO] [stdout] 
[INFO] [stdout] 
[INFO] [stdout] warning: unused import: `Language`
[INFO] [stdout]  --> src/bindgen/ir/field.rs:6:38
[INFO] [stdout]   |
[INFO] [stdout] 6 | use crate::bindgen::config::{Config, Language};
[INFO] [stdout]   |                                      ^^^^^^^^
[INFO] [stdout] 
[INFO] [stdout] 
[INFO] [stdout] warning: unused import: `Language`
[INFO] [stdout]   --> src/bindgen/ir/function.rs:11:38
[INFO] [stdout]    |
[INFO] [stdout] 11 | use crate::bindgen::config::{Config, Language, Layout};
[INFO] [stdout]    |                                      ^^^^^^^^
[INFO] [stdout] 
[INFO] [stdout] 
[INFO] [stdout] warning: unused import: `Language`
[INFO] [stdout]  --> src/bindgen/ir/generic_path.rs:7:38
[INFO] [stdout]   |
[INFO] [stdout] 7 | use crate::bindgen::config::{Config, Language};
[INFO] [stdout]   |                                      ^^^^^^^^
[INFO] [stdout] 
[INFO] [stdout] 
[INFO] [stdout] warning: unused import: `Language`
[INFO] [stdout]  --> src/bindgen/ir/opaque.rs:7:38
[INFO] [stdout]   |
[INFO] [stdout] 7 | use crate::bindgen::config::{Config, Language};
[INFO] [stdout]   |                                      ^^^^^^^^
[INFO] [stdout] 
[INFO] [stdout] 
[INFO] [stdout] warning: unused import: `Language`
[INFO] [stdout]   --> src/bindgen/ir/ty.rs:11:38
[INFO] [stdout]    |
[INFO] [stdout] 11 | use crate::bindgen::config::{Config, Language};
[INFO] [stdout]    |                                      ^^^^^^^^
[INFO] [stdout] 
[INFO] [stdout] 
[INFO] [stdout] warning: unused import: `Language`
[INFO] [stdout]   --> src/bindgen/ir/typedef.rs:10:38
[INFO] [stdout]    |
[INFO] [stdout] 10 | use crate::bindgen::config::{Config, Language};
[INFO] [stdout]    |                                      ^^^^^^^^
[INFO] [stdout] 
[INFO] [stdout] 
[INFO] [stdout] warning: unused import: `Field`
[INFO] [stdout]   --> src/bindgen/ir/typedef.rs:14:56
[INFO] [stdout]    |
[INFO] [stdout] 14 |     AnnotationSet, Cfg, ConditionWrite, Documentation, Field, GenericArgument, GenericParams, Item,
[INFO] [stdout]    |                                                        ^^^^^
[INFO] [stdout] 
[INFO] [stdout] 
[INFO] [stdout] warning: unused import: `Language`
[INFO] [stdout]  --> src/bindgen/ir/union.rs:9:38
[INFO] [stdout]   |
[INFO] [stdout] 9 | use crate::bindgen::config::{Config, Language, LayoutConfig};
[INFO] [stdout]   |                                      ^^^^^^^^
[INFO] [stdout] 
[INFO] [stdout] 
[INFO] [stdout] warning: unused import: `Language`
[INFO] [stdout]  --> src/bindgen/library.rs:9:38
[INFO] [stdout]   |
[INFO] [stdout] 9 | use crate::bindgen::config::{Config, Language, SortKey};
[INFO] [stdout]   |                                      ^^^^^^^^
[INFO] [stdout] 
[INFO] [stdout] 
[INFO] [stdout] warning: unused import: `std::fmt`
[INFO] [stdout]  --> src/bindgen/mangle.rs:5:5
[INFO] [stdout]   |
[INFO] [stdout] 5 | use std::fmt;
[INFO] [stdout]   |     ^^^^^^^^
[INFO] [stdout] 
[INFO] [stdout] 
[INFO] [stdout] warning: unused import: `super::writer::Source`
[INFO] [stdout]   --> src/bindgen/mangle.rs:11:5
[INFO] [stdout]    |
[INFO] [stdout] 11 | use super::writer::Source;
[INFO] [stdout]    |     ^^^^^^^^^^^^^^^^^^^^^
[INFO] [stdout] 
[INFO] [stdout] 
[INFO] [stdout] warning: unused imports: `Braces` and `Language`
[INFO] [stdout]  --> src/bindgen/writer.rs:9:30
[INFO] [stdout]   |
[INFO] [stdout] 9 | use crate::bindgen::config::{Braces, Config, Language};
[INFO] [stdout]   |                              ^^^^^^          ^^^^^^^^
[INFO] [stdout] 
[INFO] [stdout] 
[INFO] [stdout] warning: unused variable: `next_is_pointer`
[INFO] [stdout]    --> src/bindgen/cdecl.rs:347:17
[INFO] [stdout]     |
[INFO] [stdout] 347 |             let next_is_pointer = iter_rev.peek().map_or(false, |x| x.is_ptr());
[INFO] [stdout]     |                 ^^^^^^^^^^^^^^^ help: if this is intentional, prefix it with an underscore: `_next_is_pointer`
[INFO] [stdout]     |
[INFO] [stdout]     = note: `#[warn(unused_variables)]` on by default
[INFO] [stdout] 
[INFO] [stdout] 
[INFO] [stdout] warning: unused variable: `is_const`
[INFO] [stdout]    --> src/bindgen/cdecl.rs:351:21
[INFO] [stdout]     |
[INFO] [stdout] 351 |                     is_const,
[INFO] [stdout]     |                     ^^^^^^^^ help: try ignoring the field: `is_const: _`
[INFO] [stdout] 
[INFO] [stdout] 
[INFO] [stdout] warning: unused variable: `is_nullable`
[INFO] [stdout]    --> src/bindgen/cdecl.rs:352:21
[INFO] [stdout]     |
[INFO] [stdout] 352 |                     is_nullable,
[INFO] [stdout]     |                     ^^^^^^^^^^^ help: try ignoring the field: `is_nullable: _`
[INFO] [stdout] 
[INFO] [stdout] 
[INFO] [stdout] warning: unused variable: `is_ref`
[INFO] [stdout]    --> src/bindgen/cdecl.rs:353:21
[INFO] [stdout]     |
[INFO] [stdout] 353 |                     is_ref,
[INFO] [stdout]     |                     ^^^^^^ help: try ignoring the field: `is_ref: _`
[INFO] [stdout] 
[INFO] [stdout] 
[INFO] [stdout] warning: unused variable: `last_was_pointer`
[INFO] [stdout]    --> src/bindgen/cdecl.rs:381:17
[INFO] [stdout]     |
[INFO] [stdout] 381 |         let mut last_was_pointer = false;
[INFO] [stdout]     |                 ^^^^^^^^^^^^^^^^ help: if this is intentional, prefix it with an underscore: `_last_was_pointer`
[INFO] [stdout] 
[INFO] [stdout] 
[INFO] [stdout] warning: unused variable: `constant`
[INFO] [stdout]    --> src/bindgen/cdecl.rs:389:40
[INFO] [stdout]     |
[INFO] [stdout] 389 |                 CDeclarator::Array(ref constant) => {
[INFO] [stdout]     |                                        ^^^^^^^^ help: if this is intentional, prefix it with an underscore: `_constant`
[INFO] [stdout] 
[INFO] [stdout] 
[INFO] [stdout] warning: unused variable: `args`
[INFO] [stdout]    --> src/bindgen/cdecl.rs:398:21
[INFO] [stdout]     |
[INFO] [stdout] 398 |                     ref args,
[INFO] [stdout]     |                     ^^^^^^^^ help: try ignoring the field: `args: _`
[INFO] [stdout] 
[INFO] [stdout] 
[INFO] [stdout] warning: unused variable: `layout`
[INFO] [stdout]    --> src/bindgen/cdecl.rs:399:21
[INFO] [stdout]     |
[INFO] [stdout] 399 |                     ref layout,
[INFO] [stdout]     |                     ^^^^^^^^^^ help: try ignoring the field: `layout: _`
[INFO] [stdout] 
[INFO] [stdout] 
[INFO] [stdout] warning: unused variable: `is_return`
[INFO] [stdout]    --> src/bindgen/cdecl.rs:401:21
[INFO] [stdout]     |
[INFO] [stdout] 401 |                     is_return,
[INFO] [stdout]     |                     ^^^^^^^^^ help: try ignoring the field: `is_return: _`
[INFO] [stdout] 
[INFO] [stdout] 
[INFO] [stdout] warning: variable does not need to be mutable
[INFO] [stdout]    --> src/bindgen/cdecl.rs:381:13
[INFO] [stdout]     |
[INFO] [stdout] 381 |         let mut last_was_pointer = false;
[INFO] [stdout]     |             ----^^^^^^^^^^^^^^^^
[INFO] [stdout]     |             |
[INFO] [stdout]     |             help: remove this `mut`
[INFO] [stdout]     |
[INFO] [stdout]     = note: `#[warn(unused_mut)]` on by default
[INFO] [stdout] 
[INFO] [stdout] 
[INFO] [stdout] warning: unused variable: `next_is_pointer`
[INFO] [stdout]    --> src/bindgen/cdecl.rs:347:17
[INFO] [stdout]     |
[INFO] [stdout] 347 |             let next_is_pointer = iter_rev.peek().map_or(false, |x| x.is_ptr());
[INFO] [stdout]     |                 ^^^^^^^^^^^^^^^ help: if this is intentional, prefix it with an underscore: `_next_is_pointer`
[INFO] [stdout]     |
[INFO] [stdout]     = note: `#[warn(unused_variables)]` on by default
[INFO] [stdout] 
[INFO] [stdout] 
[INFO] [stdout] warning: unused variable: `is_const`
[INFO] [stdout]    --> src/bindgen/cdecl.rs:351:21
[INFO] [stdout]     |
[INFO] [stdout] 351 |                     is_const,
[INFO] [stdout]     |                     ^^^^^^^^ help: try ignoring the field: `is_const: _`
[INFO] [stdout] 
[INFO] [stdout] 
[INFO] [stdout] warning: unused variable: `is_nullable`
[INFO] [stdout]    --> src/bindgen/cdecl.rs:352:21
[INFO] [stdout]     |
[INFO] [stdout] 352 |                     is_nullable,
[INFO] [stdout]     |                     ^^^^^^^^^^^ help: try ignoring the field: `is_nullable: _`
[INFO] [stdout] 
[INFO] [stdout] 
[INFO] [stdout] warning: unused variable: `is_ref`
[INFO] [stdout]    --> src/bindgen/cdecl.rs:353:21
[INFO] [stdout]     |
[INFO] [stdout] 353 |                     is_ref,
[INFO] [stdout]     |                     ^^^^^^ help: try ignoring the field: `is_ref: _`
[INFO] [stdout] 
[INFO] [stdout] 
[INFO] [stdout] warning: unused variable: `last_was_pointer`
[INFO] [stdout]    --> src/bindgen/cdecl.rs:381:17
[INFO] [stdout]     |
[INFO] [stdout] 381 |         let mut last_was_pointer = false;
[INFO] [stdout]     |                 ^^^^^^^^^^^^^^^^ help: if this is intentional, prefix it with an underscore: `_last_was_pointer`
[INFO] [stdout] 
[INFO] [stdout] 
[INFO] [stdout] warning: unused variable: `constant`
[INFO] [stdout]    --> src/bindgen/cdecl.rs:389:40
[INFO] [stdout]     |
[INFO] [stdout] 389 |                 CDeclarator::Array(ref constant) => {
[INFO] [stdout]     |                                        ^^^^^^^^ help: if this is intentional, prefix it with an underscore: `_constant`
[INFO] [stdout] 
[INFO] [stdout] 
[INFO] [stdout] warning: unused variable: `args`
[INFO] [stdout]    --> src/bindgen/cdecl.rs:398:21
[INFO] [stdout]     |
[INFO] [stdout] 398 |                     ref args,
[INFO] [stdout]     |                     ^^^^^^^^ help: try ignoring the field: `args: _`
[INFO] [stdout] 
[INFO] [stdout] 
[INFO] [stdout] warning: unused variable: `layout`
[INFO] [stdout]    --> src/bindgen/cdecl.rs:399:21
[INFO] [stdout]     |
[INFO] [stdout] 399 |                     ref layout,
[INFO] [stdout]     |                     ^^^^^^^^^^ help: try ignoring the field: `layout: _`
[INFO] [stdout] 
[INFO] [stdout] 
[INFO] [stdout] warning: unused variable: `is_return`
[INFO] [stdout]    --> src/bindgen/cdecl.rs:401:21
[INFO] [stdout]     |
[INFO] [stdout] 401 |                     is_return,
[INFO] [stdout]     |                     ^^^^^^^^^ help: try ignoring the field: `is_return: _`
[INFO] [stdout] 
[INFO] [stdout] 
[INFO] [stdout] warning: variable does not need to be mutable
[INFO] [stdout]    --> src/bindgen/cdecl.rs:381:13
[INFO] [stdout]     |
[INFO] [stdout] 381 |         let mut last_was_pointer = false;
[INFO] [stdout]     |             ----^^^^^^^^^^^^^^^^
[INFO] [stdout]     |             |
[INFO] [stdout]     |             help: remove this `mut`
[INFO] [stdout]     |
[INFO] [stdout]     = note: `#[warn(unused_mut)]` on by default
[INFO] [stdout] 
[INFO] [stdout] 
[INFO] [stdout] warning: unused variable: `config`
[INFO] [stdout]    --> src/bindgen/ir/cfg.rs:332:37
[INFO] [stdout]     |
[INFO] [stdout] 332 |     fn write_after<F: Write>(&self, config: &Config, out: &mut SourceWriter<F>) {
[INFO] [stdout]     |                                     ^^^^^^ help: if this is intentional, prefix it with an underscore: `_config`
[INFO] [stdout] 
[INFO] [stdout] 
[INFO] [stdout] warning: unused variable: `inline_tag_field`
[INFO] [stdout]    --> src/bindgen/ir/enumeration.rs:112:13
[INFO] [stdout]     |
[INFO] [stdout] 112 |             inline_tag_field: bool,
[INFO] [stdout]     |             ^^^^^^^^^^^^^^^^ help: if this is intentional, prefix it with an underscore: `_inline_tag_field`
[INFO] [stdout] 
[INFO] [stdout] 
[INFO] [stdout] warning: unused variable: `config`
[INFO] [stdout]    --> src/bindgen/ir/cfg.rs:332:37
[INFO] [stdout]     |
[INFO] [stdout] 332 |     fn write_after<F: Write>(&self, config: &Config, out: &mut SourceWriter<F>) {
[INFO] [stdout]     |                                     ^^^^^^ help: if this is intentional, prefix it with an underscore: `_config`
[INFO] [stdout] 
[INFO] [stdout] 
[INFO] [stdout] warning: unused variable: `inline_tag_field`
[INFO] [stdout]    --> src/bindgen/ir/enumeration.rs:112:13
[INFO] [stdout]     |
[INFO] [stdout] 112 |             inline_tag_field: bool,
[INFO] [stdout]     |             ^^^^^^^^^^^^^^^^ help: if this is intentional, prefix it with an underscore: `_inline_tag_field`
[INFO] [stdout] 
[INFO] [stdout] 
[INFO] [stdout] warning: field `0` is never read
[INFO] [stdout]   --> src/bindgen/cargo/cargo_lock.rs:14:8
[INFO] [stdout]    |
[INFO] [stdout] 14 |     Io(io::Error),
[INFO] [stdout]    |     -- ^^^^^^^^^
[INFO] [stdout]    |     |
[INFO] [stdout]    |     field in this variant
[INFO] [stdout]    |
[INFO] [stdout]    = note: `Error` has a derived impl for the trait `Debug`, but this is intentionally ignored during dead code analysis
[INFO] [stdout]    = note: `#[warn(dead_code)]` on by default
[INFO] [stdout] help: consider changing the field to be of unit type to suppress this warning while preserving the field numbering, or remove the field
[INFO] [stdout]    |
[INFO] [stdout] 14 |     Io(()),
[INFO] [stdout]    |        ~~
[INFO] [stdout] 
[INFO] [stdout] 
[INFO] [stdout] warning: field `0` is never read
[INFO] [stdout]   --> src/bindgen/cargo/cargo_lock.rs:16:10
[INFO] [stdout]    |
[INFO] [stdout] 16 |     Toml(toml::de::Error),
[INFO] [stdout]    |     ---- ^^^^^^^^^^^^^^^
[INFO] [stdout]    |     |
[INFO] [stdout]    |     field in this variant
[INFO] [stdout]    |
[INFO] [stdout]    = note: `Error` has a derived impl for the trait `Debug`, but this is intentionally ignored during dead code analysis
[INFO] [stdout] help: consider changing the field to be of unit type to suppress this warning while preserving the field numbering, or remove the field
[INFO] [stdout]    |
[INFO] [stdout] 16 |     Toml(()),
[INFO] [stdout]    |          ~~
[INFO] [stdout] 
[INFO] [stdout] 
[INFO] [stdout] warning: method `typedef` is never used
[INFO] [stdout]   --> src/bindgen/config.rs:53:19
[INFO] [stdout]    |
[INFO] [stdout] 52 | impl Language {
[INFO] [stdout]    | ------------- method in this implementation
[INFO] [stdout] 53 |     pub(crate) fn typedef(self) -> &'static str {
[INFO] [stdout]    |                   ^^^^^^^
[INFO] [stdout] 
[INFO] [stdout] 
[INFO] [stdout] warning: methods `derive_constructor`, `derive_lt`, `derive_lte`, `derive_gt`, `derive_gte`, and `derive_ostream` are never used
[INFO] [stdout]    --> src/bindgen/config.rs:453:19
[INFO] [stdout]     |
[INFO] [stdout] 452 | impl StructConfig {
[INFO] [stdout]     | ----------------- methods in this implementation
[INFO] [stdout] 453 |     pub(crate) fn derive_constructor(&self, annotations: &AnnotationSet) -> bool {
[INFO] [stdout]     |                   ^^^^^^^^^^^^^^^^^^
[INFO] [stdout] ...
[INFO] [stdout] 471 |     pub(crate) fn derive_lt(&self, annotations: &AnnotationSet) -> bool {
[INFO] [stdout]     |                   ^^^^^^^^^
[INFO] [stdout] ...
[INFO] [stdout] 477 |     pub(crate) fn derive_lte(&self, annotations: &AnnotationSet) -> bool {
[INFO] [stdout]     |                   ^^^^^^^^^^
[INFO] [stdout] ...
[INFO] [stdout] 483 |     pub(crate) fn derive_gt(&self, annotations: &AnnotationSet) -> bool {
[INFO] [stdout]     |                   ^^^^^^^^^
[INFO] [stdout] ...
[INFO] [stdout] 489 |     pub(crate) fn derive_gte(&self, annotations: &AnnotationSet) -> bool {
[INFO] [stdout]     |                   ^^^^^^^^^^
[INFO] [stdout] ...
[INFO] [stdout] 495 |     pub(crate) fn derive_ostream(&self, annotations: &AnnotationSet) -> bool {
[INFO] [stdout]     |                   ^^^^^^^^^^^^^^
[INFO] [stdout] 
[INFO] [stdout] 
[INFO] [stdout] warning: method `enum_class` is never used
[INFO] [stdout]    --> src/bindgen/config.rs:629:19
[INFO] [stdout]     |
[INFO] [stdout] 580 | impl EnumConfig {
[INFO] [stdout]     | --------------- method in this implementation
[INFO] [stdout] ...
[INFO] [stdout] 629 |     pub(crate) fn enum_class(&self, annotations: &AnnotationSet) -> bool {
[INFO] [stdout]     |                   ^^^^^^^^^^
[INFO] [stdout] 
[INFO] [stdout] 
[INFO] [stdout] warning: method `to_str` is never used
[INFO] [stdout]   --> src/bindgen/declarationtyperesolver.rs:10:12
[INFO] [stdout]    |
[INFO] [stdout] 9  | impl DeclarationType {
[INFO] [stdout]    | -------------------- method in this implementation
[INFO] [stdout] 10 |     pub fn to_str(self) -> &'static str {
[INFO] [stdout]    |            ^^^^^^
[INFO] [stdout] 
[INFO] [stdout] 
[INFO] [stdout] warning: variant `Enum` is never constructed
[INFO] [stdout]   --> src/bindgen/ir/annotation.rs:45:5
[INFO] [stdout]    |
[INFO] [stdout] 42 | pub enum DeprecatedNoteKind {
[INFO] [stdout]    |          ------------------ variant in this enum
[INFO] [stdout] ...
[INFO] [stdout] 45 |     Enum,
[INFO] [stdout]    |     ^^^^
[INFO] [stdout] 
[INFO] [stdout] 
[INFO] [stdout] warning: methods `can_be_constexpr` and `has_pointer_casts` are never used
[INFO] [stdout]    --> src/bindgen/ir/constant.rs:186:8
[INFO] [stdout]     |
[INFO] [stdout] 111 | impl Literal {
[INFO] [stdout]     | ------------ methods in this implementation
[INFO] [stdout] ...
[INFO] [stdout] 186 |     fn can_be_constexpr(&self) -> bool {
[INFO] [stdout]     |        ^^^^^^^^^^^^^^^^
[INFO] [stdout] ...
[INFO] [stdout] 215 |     fn has_pointer_casts(&self) -> bool {
[INFO] [stdout]     |        ^^^^^^^^^^^^^^^^^
[INFO] [stdout] 
[INFO] [stdout] 
[INFO] [stdout] warning: field `documentation` is never read
[INFO] [stdout]    --> src/bindgen/ir/constant.rs:559:9
[INFO] [stdout]     |
[INFO] [stdout] 552 | pub struct Constant {
[INFO] [stdout]     |            -------- field in this struct
[INFO] [stdout] ...
[INFO] [stdout] 559 |     pub documentation: Documentation,
[INFO] [stdout]     |         ^^^^^^^^^^^^^
[INFO] [stdout]     |
[INFO] [stdout]     = note: `Constant` has derived impls for the traits `Clone` and `Debug`, but these are intentionally ignored during dead code analysis
[INFO] [stdout] 
[INFO] [stdout] 
[INFO] [stdout] warning: method `write_declaration` is never used
[INFO] [stdout]    --> src/bindgen/ir/constant.rs:664:12
[INFO] [stdout]     |
[INFO] [stdout] 663 | impl Constant {
[INFO] [stdout]     | ------------- method in this implementation
[INFO] [stdout] 664 |     pub fn write_declaration<F: Write>(
[INFO] [stdout]     |            ^^^^^^^^^^^^^^^^^
[INFO] [stdout] 
[INFO] [stdout] 
[INFO] [stdout] warning: method `write_with_default` is never used
[INFO] [stdout]    --> src/bindgen/ir/generic_path.rs:128:12
[INFO] [stdout]     |
[INFO] [stdout] 65  | impl GenericParams {
[INFO] [stdout]     | ------------------ method in this implementation
[INFO] [stdout] ...
[INFO] [stdout] 128 |     pub fn write_with_default<F: Write>(&self, config: &Config, out: &mut SourceWriter<F>) {
[INFO] [stdout]     |            ^^^^^^^^^^^^^^^^^^
[INFO] [stdout] 
[INFO] [stdout] 
[INFO] [stdout] warning: field `documentation` is never read
[INFO] [stdout]   --> src/bindgen/ir/global.rs:23:9
[INFO] [stdout]    |
[INFO] [stdout] 16 | pub struct Static {
[INFO] [stdout]    |            ------ field in this struct
[INFO] [stdout] ...
[INFO] [stdout] 23 |     pub documentation: Documentation,
[INFO] [stdout]    |         ^^^^^^^^^^^^^
[INFO] [stdout]    |
[INFO] [stdout]    = note: `Static` has derived impls for the traits `Clone` and `Debug`, but these are intentionally ignored during dead code analysis
[INFO] [stdout] 
[INFO] [stdout] 
[INFO] [stdout] warning: method `emit_bitflags_binop` is never used
[INFO] [stdout]    --> src/bindgen/ir/structure.rs:206:8
[INFO] [stdout]     |
[INFO] [stdout] 44  | impl Struct {
[INFO] [stdout]     | ----------- method in this implementation
[INFO] [stdout] ...
[INFO] [stdout] 206 |     fn emit_bitflags_binop<F: Write>(
[INFO] [stdout]     |        ^^^^^^^^^^^^^^^^^^^
[INFO] [stdout] 
[INFO] [stdout] 
[INFO] [stdout] warning: method `can_cmp_order` is never used
[INFO] [stdout]    --> src/bindgen/ir/ty.rs:302:8
[INFO] [stdout]     |
[INFO] [stdout] 53  | impl PrimitiveType {
[INFO] [stdout]     | ------------------ method in this implementation
[INFO] [stdout] ...
[INFO] [stdout] 302 |     fn can_cmp_order(&self) -> bool {
[INFO] [stdout]     |        ^^^^^^^^^^^^^
[INFO] [stdout] 
[INFO] [stdout] 
[INFO] [stdout] warning: methods `is_ptr` and `can_cmp_order` are never used
[INFO] [stdout]    --> src/bindgen/ir/ty.rs:547:12
[INFO] [stdout]     |
[INFO] [stdout] 411 | impl Type {
[INFO] [stdout]     | --------- methods in this implementation
[INFO] [stdout] ...
[INFO] [stdout] 547 |     pub fn is_ptr(&self) -> bool {
[INFO] [stdout]     |            ^^^^^^
[INFO] [stdout] ...
[INFO] [stdout] 985 |     pub fn can_cmp_order(&self) -> bool {
[INFO] [stdout]     |            ^^^^^^^^^^^^^
[INFO] [stdout] 
[INFO] [stdout] 
[INFO] [stdout] warning: field `0` is never read
[INFO] [stdout]   --> src/bindgen/cargo/cargo_lock.rs:14:8
[INFO] [stdout]    |
[INFO] [stdout] 14 |     Io(io::Error),
[INFO] [stdout]    |     -- ^^^^^^^^^
[INFO] [stdout]    |     |
[INFO] [stdout]    |     field in this variant
[INFO] [stdout]    |
[INFO] [stdout]    = note: `Error` has a derived impl for the trait `Debug`, but this is intentionally ignored during dead code analysis
[INFO] [stdout]    = note: `#[warn(dead_code)]` on by default
[INFO] [stdout] help: consider changing the field to be of unit type to suppress this warning while preserving the field numbering, or remove the field
[INFO] [stdout]    |
[INFO] [stdout] 14 |     Io(()),
[INFO] [stdout]    |        ~~
[INFO] [stdout] 
[INFO] [stdout] 
[INFO] [stdout] warning: field `0` is never read
[INFO] [stdout]   --> src/bindgen/cargo/cargo_lock.rs:16:10
[INFO] [stdout]    |
[INFO] [stdout] 16 |     Toml(toml::de::Error),
[INFO] [stdout]    |     ---- ^^^^^^^^^^^^^^^
[INFO] [stdout]    |     |
[INFO] [stdout]    |     field in this variant
[INFO] [stdout]    |
[INFO] [stdout]    = note: `Error` has a derived impl for the trait `Debug`, but this is intentionally ignored during dead code analysis
[INFO] [stdout] help: consider changing the field to be of unit type to suppress this warning while preserving the field numbering, or remove the field
[INFO] [stdout]    |
[INFO] [stdout] 16 |     Toml(()),
[INFO] [stdout]    |          ~~
[INFO] [stdout] 
[INFO] [stdout] 
[INFO] [stdout] warning: method `typedef` is never used
[INFO] [stdout]   --> src/bindgen/config.rs:53:19
[INFO] [stdout]    |
[INFO] [stdout] 52 | impl Language {
[INFO] [stdout]    | ------------- method in this implementation
[INFO] [stdout] 53 |     pub(crate) fn typedef(self) -> &'static str {
[INFO] [stdout]    |                   ^^^^^^^
[INFO] [stdout] 
[INFO] [stdout] 
[INFO] [stdout] warning: methods `derive_constructor`, `derive_lt`, `derive_lte`, `derive_gt`, `derive_gte`, and `derive_ostream` are never used
[INFO] [stdout]    --> src/bindgen/config.rs:453:19
[INFO] [stdout]     |
[INFO] [stdout] 452 | impl StructConfig {
[INFO] [stdout]     | ----------------- methods in this implementation
[INFO] [stdout] 453 |     pub(crate) fn derive_constructor(&self, annotations: &AnnotationSet) -> bool {
[INFO] [stdout]     |                   ^^^^^^^^^^^^^^^^^^
[INFO] [stdout] ...
[INFO] [stdout] 471 |     pub(crate) fn derive_lt(&self, annotations: &AnnotationSet) -> bool {
[INFO] [stdout]     |                   ^^^^^^^^^
[INFO] [stdout] ...
[INFO] [stdout] 477 |     pub(crate) fn derive_lte(&self, annotations: &AnnotationSet) -> bool {
[INFO] [stdout]     |                   ^^^^^^^^^^
[INFO] [stdout] ...
[INFO] [stdout] 483 |     pub(crate) fn derive_gt(&self, annotations: &AnnotationSet) -> bool {
[INFO] [stdout]     |                   ^^^^^^^^^
[INFO] [stdout] ...
[INFO] [stdout] 489 |     pub(crate) fn derive_gte(&self, annotations: &AnnotationSet) -> bool {
[INFO] [stdout]     |                   ^^^^^^^^^^
[INFO] [stdout] ...
[INFO] [stdout] 495 |     pub(crate) fn derive_ostream(&self, annotations: &AnnotationSet) -> bool {
[INFO] [stdout]     |                   ^^^^^^^^^^^^^^
[INFO] [stdout] 
[INFO] [stdout] 
[INFO] [stdout] warning: method `enum_class` is never used
[INFO] [stdout]    --> src/bindgen/config.rs:629:19
[INFO] [stdout]     |
[INFO] [stdout] 580 | impl EnumConfig {
[INFO] [stdout]     | --------------- method in this implementation
[INFO] [stdout] ...
[INFO] [stdout] 629 |     pub(crate) fn enum_class(&self, annotations: &AnnotationSet) -> bool {
[INFO] [stdout]     |                   ^^^^^^^^^^
[INFO] [stdout] 
[INFO] [stdout] 
[INFO] [stdout] warning: method `to_str` is never used
[INFO] [stdout]   --> src/bindgen/declarationtyperesolver.rs:10:12
[INFO] [stdout]    |
[INFO] [stdout] 9  | impl DeclarationType {
[INFO] [stdout]    | -------------------- method in this implementation
[INFO] [stdout] 10 |     pub fn to_str(self) -> &'static str {
[INFO] [stdout]    |            ^^^^^^
[INFO] [stdout] 
[INFO] [stdout] 
[INFO] [stdout] warning: variant `Enum` is never constructed
[INFO] [stdout]   --> src/bindgen/ir/annotation.rs:45:5
[INFO] [stdout]    |
[INFO] [stdout] 42 | pub enum DeprecatedNoteKind {
[INFO] [stdout]    |          ------------------ variant in this enum
[INFO] [stdout] ...
[INFO] [stdout] 45 |     Enum,
[INFO] [stdout]    |     ^^^^
[INFO] [stdout] 
[INFO] [stdout] 
[INFO] [stdout] warning: methods `can_be_constexpr` and `has_pointer_casts` are never used
[INFO] [stdout]    --> src/bindgen/ir/constant.rs:186:8
[INFO] [stdout]     |
[INFO] [stdout] 111 | impl Literal {
[INFO] [stdout]     | ------------ methods in this implementation
[INFO] [stdout] ...
[INFO] [stdout] 186 |     fn can_be_constexpr(&self) -> bool {
[INFO] [stdout]     |        ^^^^^^^^^^^^^^^^
[INFO] [stdout] ...
[INFO] [stdout] 215 |     fn has_pointer_casts(&self) -> bool {
[INFO] [stdout]     |        ^^^^^^^^^^^^^^^^^
[INFO] [stdout] 
[INFO] [stdout] 
[INFO] [stdout] warning: field `documentation` is never read
[INFO] [stdout]    --> src/bindgen/ir/constant.rs:559:9
[INFO] [stdout]     |
[INFO] [stdout] 552 | pub struct Constant {
[INFO] [stdout]     |            -------- field in this struct
[INFO] [stdout] ...
[INFO] [stdout] 559 |     pub documentation: Documentation,
[INFO] [stdout]     |         ^^^^^^^^^^^^^
[INFO] [stdout]     |
[INFO] [stdout]     = note: `Constant` has derived impls for the traits `Clone` and `Debug`, but these are intentionally ignored during dead code analysis
[INFO] [stdout] 
[INFO] [stdout] 
[INFO] [stdout] warning: method `write_declaration` is never used
[INFO] [stdout]    --> src/bindgen/ir/constant.rs:664:12
[INFO] [stdout]     |
[INFO] [stdout] 663 | impl Constant {
[INFO] [stdout]     | ------------- method in this implementation
[INFO] [stdout] 664 |     pub fn write_declaration<F: Write>(
[INFO] [stdout]     |            ^^^^^^^^^^^^^^^^^
[INFO] [stdout] 
[INFO] [stdout] 
[INFO] [stdout] warning: method `write_with_default` is never used
[INFO] [stdout]    --> src/bindgen/ir/generic_path.rs:128:12
[INFO] [stdout]     |
[INFO] [stdout] 65  | impl GenericParams {
[INFO] [stdout]     | ------------------ method in this implementation
[INFO] [stdout] ...
[INFO] [stdout] 128 |     pub fn write_with_default<F: Write>(&self, config: &Config, out: &mut SourceWriter<F>) {
[INFO] [stdout]     |            ^^^^^^^^^^^^^^^^^^
[INFO] [stdout] 
[INFO] [stdout] 
[INFO] [stdout] warning: field `documentation` is never read
[INFO] [stdout]   --> src/bindgen/ir/global.rs:23:9
[INFO] [stdout]    |
[INFO] [stdout] 16 | pub struct Static {
[INFO] [stdout]    |            ------ field in this struct
[INFO] [stdout] ...
[INFO] [stdout] 23 |     pub documentation: Documentation,
[INFO] [stdout]    |         ^^^^^^^^^^^^^
[INFO] [stdout]    |
[INFO] [stdout]    = note: `Static` has derived impls for the traits `Clone` and `Debug`, but these are intentionally ignored during dead code analysis
[INFO] [stdout] 
[INFO] [stdout] 
[INFO] [stdout] warning: method `emit_bitflags_binop` is never used
[INFO] [stdout]    --> src/bindgen/ir/structure.rs:206:8
[INFO] [stdout]     |
[INFO] [stdout] 44  | impl Struct {
[INFO] [stdout]     | ----------- method in this implementation
[INFO] [stdout] ...
[INFO] [stdout] 206 |     fn emit_bitflags_binop<F: Write>(
[INFO] [stdout]     |        ^^^^^^^^^^^^^^^^^^^
[INFO] [stdout] 
[INFO] [stdout] 
[INFO] [stdout] warning: method `can_cmp_order` is never used
[INFO] [stdout]    --> src/bindgen/ir/ty.rs:302:8
[INFO] [stdout]     |
[INFO] [stdout] 53  | impl PrimitiveType {
[INFO] [stdout]     | ------------------ method in this implementation
[INFO] [stdout] ...
[INFO] [stdout] 302 |     fn can_cmp_order(&self) -> bool {
[INFO] [stdout]     |        ^^^^^^^^^^^^^
[INFO] [stdout] 
[INFO] [stdout] 
[INFO] [stdout] warning: methods `is_ptr` and `can_cmp_order` are never used
[INFO] [stdout]    --> src/bindgen/ir/ty.rs:547:12
[INFO] [stdout]     |
[INFO] [stdout] 411 | impl Type {
[INFO] [stdout]     | --------- methods in this implementation
[INFO] [stdout] ...
[INFO] [stdout] 547 |     pub fn is_ptr(&self) -> bool {
[INFO] [stdout]     |            ^^^^^^
[INFO] [stdout] ...
[INFO] [stdout] 985 |     pub fn can_cmp_order(&self) -> bool {
[INFO] [stdout]     |            ^^^^^^^^^^^^^
[INFO] [stdout] 
[INFO] [stdout] 
[INFO] [stdout] warning: method `pop_set_spaces` is never used
[INFO] [stdout]    --> src/bindgen/writer.rs:121:12
[INFO] [stdout]     |
[INFO] [stdout] 59  | impl<'a, F: Write> SourceWriter<'a, F> {
[INFO] [stdout]     | -------------------------------------- method in this implementation
[INFO] [stdout] ...
[INFO] [stdout] 121 |     pub fn pop_set_spaces(&mut self) {
[INFO] [stdout]     |            ^^^^^^^^^^^^^^
[INFO] [stdout] 
[INFO] [stdout] 
[INFO] [stderr]     Finished `test` profile [unoptimized + debuginfo] target(s) in 5.79s
[INFO] running `Command { std: "docker" "inspect" "1224c89931d4b3b6bbe5b4f24366672a62a482e659938d39500f84d22f1bcaa9", kill_on_drop: false }`
[INFO] running `Command { std: "docker" "rm" "-f" "1224c89931d4b3b6bbe5b4f24366672a62a482e659938d39500f84d22f1bcaa9", kill_on_drop: false }`
[INFO] [stdout] 1224c89931d4b3b6bbe5b4f24366672a62a482e659938d39500f84d22f1bcaa9
[INFO] running `Command { std: "docker" "create" "-v" "/var/lib/crater-agent-workspace/builds/worker-1-tc1/target:/opt/rustwide/target:rw,Z" "-v" "/var/lib/crater-agent-workspace/builds/worker-1-tc1/source:/opt/rustwide/workdir:ro,Z" "-v" "/var/lib/crater-agent-workspace/cargo-home:/opt/rustwide/cargo-home:ro,Z" "-v" "/var/lib/crater-agent-workspace/rustup-home:/opt/rustwide/rustup-home:ro,Z" "-e" "SOURCE_DIR=/opt/rustwide/workdir" "-e" "CARGO_TARGET_DIR=/opt/rustwide/target" "-e" "CARGO_INCREMENTAL=0" "-e" "RUST_BACKTRACE=full" "-e" "RUSTFLAGS=--cap-lints=warn" "-e" "RUSTDOCFLAGS=--cap-lints=warn" "-e" "CARGO_HOME=/opt/rustwide/cargo-home" "-e" "RUSTUP_HOME=/opt/rustwide/rustup-home" "-w" "/opt/rustwide/workdir" "-m" "1610612736" "--user" "0:0" "--network" "none" "ghcr.io/rust-lang/crates-build-env/linux@sha256:f3a9d4ad9d972b27faf3965f35b62e55ba32bbce8f20bc8fe909558a86702fde" "/opt/rustwide/cargo-home/bin/cargo" "+1.83.0" "test" "--frozen", kill_on_drop: false }`
[INFO] [stdout] e04409dbe97a59eab1ec65c2a181fac94ff643a29877e93f5e584b0a0b457b30
[INFO] running `Command { std: "docker" "start" "-a" "e04409dbe97a59eab1ec65c2a181fac94ff643a29877e93f5e584b0a0b457b30", kill_on_drop: false }`
[INFO] [stderr] warning: unused import: `Language`
[INFO] [stderr]  --> src/bindgen/builder.rs:9:38
[INFO] [stderr]   |
[INFO] [stderr] 9 | use crate::bindgen::config::{Config, Language, Profile};
[INFO] [stderr]   |                                      ^^^^^^^^
[INFO] [stderr]   |
[INFO] [stderr]   = note: `#[warn(unused_imports)]` on by default
[INFO] [stderr] 
[INFO] [stderr] warning: unused import: `Language`
[INFO] [stderr]   --> src/bindgen/cdecl.rs:11:30
[INFO] [stderr]    |
[INFO] [stderr] 11 | use crate::bindgen::{Config, Language, reserved};
[INFO] [stderr]    |                              ^^^^^^^^
[INFO] [stderr] 
[INFO] [stderr] warning: unused import: `super::ir::PrimitiveType`
[INFO] [stderr]   --> src/bindgen/cdecl.rs:13:5
[INFO] [stderr]    |
[INFO] [stderr] 13 | use super::ir::PrimitiveType;
[INFO] [stderr]    |     ^^^^^^^^^^^^^^^^^^^^^^^^
[INFO] [stderr] 
[INFO] [stderr] warning: unused import: `Language`
[INFO] [stderr]   --> src/bindgen/ir/annotation.rs:10:38
[INFO] [stderr]    |
[INFO] [stderr] 10 | use crate::bindgen::config::{Config, Language};
[INFO] [stderr]    |                                      ^^^^^^^^
[INFO] [stderr] 
[INFO] [stderr] warning: unused import: `Language`
[INFO] [stderr]  --> src/bindgen/ir/cfg.rs:9:38
[INFO] [stderr]   |
[INFO] [stderr] 9 | use crate::bindgen::config::{Config, Language};
[INFO] [stderr]   |                                      ^^^^^^^^
[INFO] [stderr] 
[INFO] [stderr] warning: unused import: `crate::bindgen::declarationtyperesolver::DeclarationTypeResolver`
[INFO] [stderr]   --> src/bindgen/ir/constant.rs:13:5
[INFO] [stderr]    |
[INFO] [stderr] 13 | use crate::bindgen::declarationtyperesolver::DeclarationTypeResolver;
[INFO] [stderr]    |     ^^^^^^^^^^^^^^^^^^^^^^^^^^^^^^^^^^^^^^^^^^^^^^^^^^^^^^^^^^^^^^^^
[INFO] [stderr] 
[INFO] [stderr] warning: unused import: `Language`
[INFO] [stderr]  --> src/bindgen/ir/documentation.rs:7:79
[INFO] [stderr]   |
[INFO] [stderr] 7 | use crate::bindgen::config::{Config, DocumentationLength, DocumentationStyle, Language};
[INFO] [stderr]   |                                                                               ^^^^^^^^
[INFO] [stderr] 
[INFO] [stderr] warning: unused import: `DeprecatedNoteKind`
[INFO] [stderr]   --> src/bindgen/ir/enumeration.rs:13:58
[INFO] [stderr]    |
[INFO] [stderr] 13 |     AnnotationSet, AnnotationValue, Cfg, ConditionWrite, DeprecatedNoteKind, Documentation, Field,
[INFO] [stderr]    |                                                          ^^^^^^^^^^^^^^^^^^
[INFO] [stderr] 
[INFO] [stderr] warning: unused import: `Language`
[INFO] [stderr]  --> src/bindgen/ir/field.rs:6:38
[INFO] [stderr]   |
[INFO] [stderr] 6 | use crate::bindgen::config::{Config, Language};
[INFO] [stderr]   |                                      ^^^^^^^^
[INFO] [stderr] 
[INFO] [stderr] warning: unused import: `Language`
[INFO] [stderr]   --> src/bindgen/ir/function.rs:11:38
[INFO] [stderr]    |
[INFO] [stderr] 11 | use crate::bindgen::config::{Config, Language, Layout};
[INFO] [stderr]    |                                      ^^^^^^^^
[INFO] [stderr] 
[INFO] [stderr] warning: unused import: `Language`
[INFO] [stderr]  --> src/bindgen/ir/generic_path.rs:7:38
[INFO] [stderr]   |
[INFO] [stderr] 7 | use crate::bindgen::config::{Config, Language};
[INFO] [stderr]   |                                      ^^^^^^^^
[INFO] [stderr] 
[INFO] [stderr] warning: unused import: `Language`
[INFO] [stderr]  --> src/bindgen/ir/opaque.rs:7:38
[INFO] [stderr]   |
[INFO] [stderr] 7 | use crate::bindgen::config::{Config, Language};
[INFO] [stderr]   |                                      ^^^^^^^^
[INFO] [stderr] 
[INFO] [stderr] warning: unused import: `Language`
[INFO] [stderr]   --> src/bindgen/ir/ty.rs:11:38
[INFO] [stderr]    |
[INFO] [stderr] 11 | use crate::bindgen::config::{Config, Language};
[INFO] [stderr]    |                                      ^^^^^^^^
[INFO] [stderr] 
[INFO] [stderr] warning: unused import: `Language`
[INFO] [stderr]   --> src/bindgen/ir/typedef.rs:10:38
[INFO] [stderr]    |
[INFO] [stderr] 10 | use crate::bindgen::config::{Config, Language};
[INFO] [stderr]    |                                      ^^^^^^^^
[INFO] [stderr] 
[INFO] [stderr] warning: unused import: `Field`
[INFO] [stderr]   --> src/bindgen/ir/typedef.rs:14:56
[INFO] [stderr]    |
[INFO] [stderr] 14 |     AnnotationSet, Cfg, ConditionWrite, Documentation, Field, GenericArgument, GenericParams, Item,
[INFO] [stderr]    |                                                        ^^^^^
[INFO] [stderr] 
[INFO] [stderr] warning: unused import: `Language`
[INFO] [stderr]  --> src/bindgen/ir/union.rs:9:38
[INFO] [stderr]   |
[INFO] [stderr] 9 | use crate::bindgen::config::{Config, Language, LayoutConfig};
[INFO] [stderr]   |                                      ^^^^^^^^
[INFO] [stderr] 
[INFO] [stderr] warning: unused import: `Language`
[INFO] [stderr]  --> src/bindgen/library.rs:9:38
[INFO] [stderr]   |
[INFO] [stderr] 9 | use crate::bindgen::config::{Config, Language, SortKey};
[INFO] [stderr]   |                                      ^^^^^^^^
[INFO] [stderr] 
[INFO] [stderr] warning: unused import: `std::fmt`
[INFO] [stderr]  --> src/bindgen/mangle.rs:5:5
[INFO] [stderr]   |
[INFO] [stderr] 5 | use std::fmt;
[INFO] [stderr]   |     ^^^^^^^^
[INFO] [stderr] 
[INFO] [stderr] warning: unused import: `super::writer::Source`
[INFO] [stderr]   --> src/bindgen/mangle.rs:11:5
[INFO] [stderr]    |
[INFO] [stderr] 11 | use super::writer::Source;
[INFO] [stderr]    |     ^^^^^^^^^^^^^^^^^^^^^
[INFO] [stderr] 
[INFO] [stderr] warning: unused imports: `Braces` and `Language`
[INFO] [stderr]  --> src/bindgen/writer.rs:9:30
[INFO] [stderr]   |
[INFO] [stderr] 9 | use crate::bindgen::config::{Braces, Config, Language};
[INFO] [stderr]   |                              ^^^^^^          ^^^^^^^^
[INFO] [stderr] 
[INFO] [stderr] warning: unused variable: `next_is_pointer`
[INFO] [stderr]    --> src/bindgen/cdecl.rs:347:17
[INFO] [stderr]     |
[INFO] [stderr] 347 |             let next_is_pointer = iter_rev.peek().map_or(false, |x| x.is_ptr());
[INFO] [stderr]     |                 ^^^^^^^^^^^^^^^ help: if this is intentional, prefix it with an underscore: `_next_is_pointer`
[INFO] [stderr]     |
[INFO] [stderr]     = note: `#[warn(unused_variables)]` on by default
[INFO] [stderr] 
[INFO] [stderr] warning: unused variable: `is_const`
[INFO] [stderr]    --> src/bindgen/cdecl.rs:351:21
[INFO] [stderr]     |
[INFO] [stderr] 351 |                     is_const,
[INFO] [stderr]     |                     ^^^^^^^^ help: try ignoring the field: `is_const: _`
[INFO] [stderr] 
[INFO] [stderr] warning: unused variable: `is_nullable`
[INFO] [stderr]    --> src/bindgen/cdecl.rs:352:21
[INFO] [stderr]     |
[INFO] [stderr] 352 |                     is_nullable,
[INFO] [stderr]     |                     ^^^^^^^^^^^ help: try ignoring the field: `is_nullable: _`
[INFO] [stderr] 
[INFO] [stderr] warning: unused variable: `is_ref`
[INFO] [stderr]    --> src/bindgen/cdecl.rs:353:21
[INFO] [stderr]     |
[INFO] [stderr] 353 |                     is_ref,
[INFO] [stderr]     |                     ^^^^^^ help: try ignoring the field: `is_ref: _`
[INFO] [stderr] 
[INFO] [stderr] warning: unused variable: `last_was_pointer`
[INFO] [stderr]    --> src/bindgen/cdecl.rs:381:17
[INFO] [stderr]     |
[INFO] [stderr] 381 |         let mut last_was_pointer = false;
[INFO] [stderr]     |                 ^^^^^^^^^^^^^^^^ help: if this is intentional, prefix it with an underscore: `_last_was_pointer`
[INFO] [stderr] 
[INFO] [stderr] warning: unused variable: `constant`
[INFO] [stderr]    --> src/bindgen/cdecl.rs:389:40
[INFO] [stderr]     |
[INFO] [stderr] 389 |                 CDeclarator::Array(ref constant) => {
[INFO] [stderr]     |                                        ^^^^^^^^ help: if this is intentional, prefix it with an underscore: `_constant`
[INFO] [stderr] 
[INFO] [stderr] warning: unused variable: `args`
[INFO] [stderr]    --> src/bindgen/cdecl.rs:398:21
[INFO] [stderr]     |
[INFO] [stderr] 398 |                     ref args,
[INFO] [stderr]     |                     ^^^^^^^^ help: try ignoring the field: `args: _`
[INFO] [stderr] 
[INFO] [stderr] warning: unused variable: `layout`
[INFO] [stderr]    --> src/bindgen/cdecl.rs:399:21
[INFO] [stderr]     |
[INFO] [stderr] 399 |                     ref layout,
[INFO] [stderr]     |                     ^^^^^^^^^^ help: try ignoring the field: `layout: _`
[INFO] [stderr] 
[INFO] [stderr] warning: unused variable: `is_return`
[INFO] [stderr]    --> src/bindgen/cdecl.rs:401:21
[INFO] [stderr]     |
[INFO] [stderr] 401 |                     is_return,
[INFO] [stderr]     |                     ^^^^^^^^^ help: try ignoring the field: `is_return: _`
[INFO] [stderr] 
[INFO] [stderr] warning: variable does not need to be mutable
[INFO] [stderr]    --> src/bindgen/cdecl.rs:381:13
[INFO] [stderr]     |
[INFO] [stderr] 381 |         let mut last_was_pointer = false;
[INFO] [stderr]     |             ----^^^^^^^^^^^^^^^^
[INFO] [stderr]     |             |
[INFO] [stderr]     |             help: remove this `mut`
[INFO] [stderr]     |
[INFO] [stderr]     = note: `#[warn(unused_mut)]` on by default
[INFO] [stderr] 
[INFO] [stderr] warning: unused variable: `config`
[INFO] [stderr]    --> src/bindgen/ir/cfg.rs:332:37
[INFO] [stderr]     |
[INFO] [stderr] 332 |     fn write_after<F: Write>(&self, config: &Config, out: &mut SourceWriter<F>) {
[INFO] [stderr]     |                                     ^^^^^^ help: if this is intentional, prefix it with an underscore: `_config`
[INFO] [stderr] 
[INFO] [stderr] warning: unused variable: `inline_tag_field`
[INFO] [stderr]    --> src/bindgen/ir/enumeration.rs:112:13
[INFO] [stderr]     |
[INFO] [stderr] 112 |             inline_tag_field: bool,
[INFO] [stderr]     |             ^^^^^^^^^^^^^^^^ help: if this is intentional, prefix it with an underscore: `_inline_tag_field`
[INFO] [stderr] 
[INFO] [stderr] warning: field `0` is never read
[INFO] [stderr]   --> src/bindgen/cargo/cargo_lock.rs:14:8
[INFO] [stderr]    |
[INFO] [stderr] 14 |     Io(io::Error),
[INFO] [stderr]    |     -- ^^^^^^^^^
[INFO] [stderr]    |     |
[INFO] [stderr]    |     field in this variant
[INFO] [stderr]    |
[INFO] [stderr]    = note: `Error` has a derived impl for the trait `Debug`, but this is intentionally ignored during dead code analysis
[INFO] [stderr]    = note: `#[warn(dead_code)]` on by default
[INFO] [stderr] help: consider changing the field to be of unit type to suppress this warning while preserving the field numbering, or remove the field
[INFO] [stderr]    |
[INFO] [stderr] 14 |     Io(()),
[INFO] [stderr]    |        ~~
[INFO] [stderr] 
[INFO] [stderr] warning: field `0` is never read
[INFO] [stderr]   --> src/bindgen/cargo/cargo_lock.rs:16:10
[INFO] [stderr]    |
[INFO] [stderr] 16 |     Toml(toml::de::Error),
[INFO] [stderr]    |     ---- ^^^^^^^^^^^^^^^
[INFO] [stderr]    |     |
[INFO] [stderr]    |     field in this variant
[INFO] [stderr]    |
[INFO] [stderr]    = note: `Error` has a derived impl for the trait `Debug`, but this is intentionally ignored during dead code analysis
[INFO] [stderr] help: consider changing the field to be of unit type to suppress this warning while preserving the field numbering, or remove the field
[INFO] [stderr]    |
[INFO] [stderr] 16 |     Toml(()),
[INFO] [stderr]    |          ~~
[INFO] [stderr] 
[INFO] [stderr] warning: method `typedef` is never used
[INFO] [stderr]   --> src/bindgen/config.rs:53:19
[INFO] [stderr]    |
[INFO] [stderr] 52 | impl Language {
[INFO] [stderr]    | ------------- method in this implementation
[INFO] [stderr] 53 |     pub(crate) fn typedef(self) -> &'static str {
[INFO] [stderr]    |                   ^^^^^^^
[INFO] [stderr] 
[INFO] [stderr] warning: methods `derive_constructor`, `derive_lt`, `derive_lte`, `derive_gt`, `derive_gte`, and `derive_ostream` are never used
[INFO] [stderr]    --> src/bindgen/config.rs:453:19
[INFO] [stderr]     |
[INFO] [stderr] 452 | impl StructConfig {
[INFO] [stderr]     | ----------------- methods in this implementation
[INFO] [stderr] 453 |     pub(crate) fn derive_constructor(&self, annotations: &AnnotationSet) -> bool {
[INFO] [stderr]     |                   ^^^^^^^^^^^^^^^^^^
[INFO] [stderr] ...
[INFO] [stderr] 471 |     pub(crate) fn derive_lt(&self, annotations: &AnnotationSet) -> bool {
[INFO] [stderr]     |                   ^^^^^^^^^
[INFO] [stderr] ...
[INFO] [stderr] 477 |     pub(crate) fn derive_lte(&self, annotations: &AnnotationSet) -> bool {
[INFO] [stderr]     |                   ^^^^^^^^^^
[INFO] [stderr] ...
[INFO] [stderr] 483 |     pub(crate) fn derive_gt(&self, annotations: &AnnotationSet) -> bool {
[INFO] [stderr]     |                   ^^^^^^^^^
[INFO] [stderr] ...
[INFO] [stderr] 489 |     pub(crate) fn derive_gte(&self, annotations: &AnnotationSet) -> bool {
[INFO] [stderr]     |                   ^^^^^^^^^^
[INFO] [stderr] ...
[INFO] [stderr] 495 |     pub(crate) fn derive_ostream(&self, annotations: &AnnotationSet) -> bool {
[INFO] [stderr]     |                   ^^^^^^^^^^^^^^
[INFO] [stderr] 
[INFO] [stderr] warning: method `enum_class` is never used
[INFO] [stderr]    --> src/bindgen/config.rs:629:19
[INFO] [stderr]     |
[INFO] [stderr] 580 | impl EnumConfig {
[INFO] [stderr]     | --------------- method in this implementation
[INFO] [stderr] ...
[INFO] [stderr] 629 |     pub(crate) fn enum_class(&self, annotations: &AnnotationSet) -> bool {
[INFO] [stderr]     |                   ^^^^^^^^^^
[INFO] [stderr] 
[INFO] [stderr] warning: method `to_str` is never used
[INFO] [stderr]   --> src/bindgen/declarationtyperesolver.rs:10:12
[INFO] [stderr]    |
[INFO] [stderr] 9  | impl DeclarationType {
[INFO] [stderr]    | -------------------- method in this implementation
[INFO] [stderr] 10 |     pub fn to_str(self) -> &'static str {
[INFO] [stderr]    |            ^^^^^^
[INFO] [stderr] 
[INFO] [stderr] warning: variant `Enum` is never constructed
[INFO] [stderr]   --> src/bindgen/ir/annotation.rs:45:5
[INFO] [stderr]    |
[INFO] [stderr] 42 | pub enum DeprecatedNoteKind {
[INFO] [stderr]    |          ------------------ variant in this enum
[INFO] [stderr] ...
[INFO] [stderr] 45 |     Enum,
[INFO] [stderr]    |     ^^^^
[INFO] [stderr] 
[INFO] [stderr] warning: methods `can_be_constexpr` and `has_pointer_casts` are never used
[INFO] [stderr]    --> src/bindgen/ir/constant.rs:186:8
[INFO] [stderr]     |
[INFO] [stderr] 111 | impl Literal {
[INFO] [stderr]     | ------------ methods in this implementation
[INFO] [stderr] ...
[INFO] [stderr] 186 |     fn can_be_constexpr(&self) -> bool {
[INFO] [stderr]     |        ^^^^^^^^^^^^^^^^
[INFO] [stderr] ...
[INFO] [stderr] 215 |     fn has_pointer_casts(&self) -> bool {
[INFO] [stderr]     |        ^^^^^^^^^^^^^^^^^
[INFO] [stderr] 
[INFO] [stderr] warning: field `documentation` is never read
[INFO] [stderr]    --> src/bindgen/ir/constant.rs:559:9
[INFO] [stderr]     |
[INFO] [stderr] 552 | pub struct Constant {
[INFO] [stderr]     |            -------- field in this struct
[INFO] [stderr] ...
[INFO] [stderr] 559 |     pub documentation: Documentation,
[INFO] [stderr]     |         ^^^^^^^^^^^^^
[INFO] [stderr]     |
[INFO] [stderr]     = note: `Constant` has derived impls for the traits `Clone` and `Debug`, but these are intentionally ignored during dead code analysis
[INFO] [stderr] 
[INFO] [stderr] warning: method `write_declaration` is never used
[INFO] [stderr]    --> src/bindgen/ir/constant.rs:664:12
[INFO] [stderr]     |
[INFO] [stderr] 663 | impl Constant {
[INFO] [stderr]     | ------------- method in this implementation
[INFO] [stderr] 664 |     pub fn write_declaration<F: Write>(
[INFO] [stderr]     |            ^^^^^^^^^^^^^^^^^
[INFO] [stderr] 
[INFO] [stderr] warning: method `write_with_default` is never used
[INFO] [stderr]    --> src/bindgen/ir/generic_path.rs:128:12
[INFO] [stderr]     |
[INFO] [stderr] 65  | impl GenericParams {
[INFO] [stderr]     | ------------------ method in this implementation
[INFO] [stderr] ...
[INFO] [stderr] 128 |     pub fn write_with_default<F: Write>(&self, config: &Config, out: &mut SourceWriter<F>) {
[INFO] [stderr]     |            ^^^^^^^^^^^^^^^^^^
[INFO] [stderr] 
[INFO] [stderr] warning: field `documentation` is never read
[INFO] [stderr]   --> src/bindgen/ir/global.rs:23:9
[INFO] [stderr]    |
[INFO] [stderr] 16 | pub struct Static {
[INFO] [stderr]    |            ------ field in this struct
[INFO] [stderr] ...
[INFO] [stderr] 23 |     pub documentation: Documentation,
[INFO] [stderr]    |         ^^^^^^^^^^^^^
[INFO] [stderr]    |
[INFO] [stderr]    = note: `Static` has derived impls for the traits `Clone` and `Debug`, but these are intentionally ignored during dead code analysis
[INFO] [stderr] 
[INFO] [stderr] warning: method `emit_bitflags_binop` is never used
[INFO] [stderr]    --> src/bindgen/ir/structure.rs:206:8
[INFO] [stderr]     |
[INFO] [stderr] 44  | impl Struct {
[INFO] [stderr]     | ----------- method in this implementation
[INFO] [stderr] ...
[INFO] [stderr] 206 |     fn emit_bitflags_binop<F: Write>(
[INFO] [stderr]     |        ^^^^^^^^^^^^^^^^^^^
[INFO] [stderr] 
[INFO] [stderr] warning: method `can_cmp_order` is never used
[INFO] [stderr]    --> src/bindgen/ir/ty.rs:302:8
[INFO] [stderr]     |
[INFO] [stderr] 53  | impl PrimitiveType {
[INFO] [stderr]     | ------------------ method in this implementation
[INFO] [stderr] ...
[INFO] [stderr] 302 |     fn can_cmp_order(&self) -> bool {
[INFO] [stderr]     |        ^^^^^^^^^^^^^
[INFO] [stderr] 
[INFO] [stderr] warning: methods `is_ptr` and `can_cmp_order` are never used
[INFO] [stderr]    --> src/bindgen/ir/ty.rs:547:12
[INFO] [stderr]     |
[INFO] [stderr] 411 | impl Type {
[INFO] [stderr]     | --------- methods in this implementation
[INFO] [stderr] ...
[INFO] [stderr] 547 |     pub fn is_ptr(&self) -> bool {
[INFO] [stderr]     |            ^^^^^^
[INFO] [stderr] ...
[INFO] [stderr] 985 |     pub fn can_cmp_order(&self) -> bool {
[INFO] [stderr]     |            ^^^^^^^^^^^^^
[INFO] [stderr] 
[INFO] [stderr] warning: `nbindgen` (lib) generated 47 warnings (run `cargo fix --lib -p nbindgen` to apply 21 suggestions)
[INFO] [stderr] warning: unused import: `nbindgen::*`
[INFO] [stderr]  --> tests/tests.rs:3:5
[INFO] [stderr]   |
[INFO] [stderr] 3 | use nbindgen::*;
[INFO] [stderr]   |     ^^^^^^^^^^^
[INFO] [stderr]   |
[INFO] [stderr]   = note: `#[warn(unused_imports)]` on by default
[INFO] [stderr] 
[INFO] [stderr] warning: method `pop_set_spaces` is never used
[INFO] [stderr]    --> src/bindgen/writer.rs:121:12
[INFO] [stderr]     |
[INFO] [stderr] 59  | impl<'a, F: Write> SourceWriter<'a, F> {
[INFO] [stderr]     | -------------------------------------- method in this implementation
[INFO] [stderr] ...
[INFO] [stderr] 121 |     pub fn pop_set_spaces(&mut self) {
[INFO] [stderr]     |            ^^^^^^^^^^^^^^
[INFO] [stderr] 
[INFO] [stderr] warning: `nbindgen` (test "tests") generated 1 warning (run `cargo fix --test "tests"` to apply 1 suggestion)
[INFO] [stderr] warning: `nbindgen` (bin "nbindgen" test) generated 48 warnings (47 duplicates)
[INFO] [stderr] warning: `nbindgen` (lib test) generated 47 warnings (47 duplicates)
[INFO] [stderr] warning: `nbindgen` (bin "nbindgen") generated 48 warnings (48 duplicates)
[INFO] [stderr]     Finished `test` profile [unoptimized + debuginfo] target(s) in 0.08s
[INFO] [stderr]      Running unittests src/lib.rs (/opt/rustwide/target/debug/deps/nbindgen-61945006b0f8229e)
[INFO] [stdout] 
[INFO] [stdout] running 1 test
[INFO] [stdout] test bindgen::mangle::generics ... ok
[INFO] [stdout] 
[INFO] [stdout] test result: ok. 1 passed; 0 failed; 0 ignored; 0 measured; 0 filtered out; finished in 0.00s
[INFO] [stdout] 
[INFO] [stderr]      Running unittests src/main.rs (/opt/rustwide/target/debug/deps/nbindgen-2ac2db6f329bfdac)
[INFO] [stdout] 
[INFO] [stdout] running 1 test
[INFO] [stdout] test bindgen::mangle::generics ... ok
[INFO] [stdout] 
[INFO] [stdout] test result: ok. 1 passed; 0 failed; 0 ignored; 0 measured; 0 filtered out; finished in 0.00s
[INFO] [stdout] 
[INFO] [stderr]      Running tests/depfile.rs (/opt/rustwide/target/debug/deps/depfile-94bc6b1dea86382e)
[INFO] [stdout] 
[INFO] [stdout] running 3 tests
[INFO] [stdout] test test_depfile_single_crate ... FAILED
[INFO] [stdout] test test_depfile_single_crate_config ... FAILED
[INFO] [stdout] test test_depfile_single_crate_default_config ... FAILED
[INFO] [stdout] 
[INFO] [stdout] failures:
[INFO] [stdout] 
[INFO] [stdout] ---- test_depfile_single_crate stdout ----
[INFO] [stdout] thread 'test_depfile_single_crate' panicked at tests/depfile.rs:31:5:
[INFO] [stdout] Configuring test project failed: stdout: `-- The C compiler identification is unknown
[INFO] [stdout] -- Detecting C compiler ABI info
[INFO] [stdout] -- Detecting C compiler ABI info - failed
[INFO] [stdout] -- Check for working C compiler: /usr/bin/cc
[INFO] [stdout] -- Check for working C compiler: /usr/bin/cc - broken
[INFO] [stdout] -- Configuring incomplete, errors occurred!
[INFO] [stdout] `, stderr: `CMake Error at /usr/share/cmake-3.22/Modules/CMakeDetermineSystem.cmake:181 (file):
[INFO] [stdout]   file failed to open for writing (No such file or directory):
[INFO] [stdout] 
[INFO] [stdout]     /opt/rustwide/workdir/tests/depfile/single_crate/build/CMakeFiles/CMakeOutput.log
[INFO] [stdout] Call Stack (most recent call first):
[INFO] [stdout]   CMakeLists.txt:3 (project)
[INFO] [stdout] 
[INFO] [stdout] 
[INFO] [stdout] CMake Error: Could not open file for write in copy operation /opt/rustwide/workdir/tests/depfile/single_crate/build/CMakeFiles/3.22.1/CMakeSystem.cmake.tmp
[INFO] [stdout] CMake Error: : System Error: No such file or directory
[INFO] [stdout] CMake Error at /usr/share/cmake-3.22/Modules/CMakeDetermineSystem.cmake:193 (configure_file):
[INFO] [stdout]   configure_file Problem configuring file
[INFO] [stdout] Call Stack (most recent call first):
[INFO] [stdout]   CMakeLists.txt:3 (project)
[INFO] [stdout] 
[INFO] [stdout] 
[INFO] [stdout] CMake Error at /usr/share/cmake-3.22/Modules/CMakeDetermineCompilerId.cmake:300 (file):
[INFO] [stdout]   file problem creating directory:
[INFO] [stdout]   /opt/rustwide/workdir/tests/depfile/single_crate/build/CMakeFiles/3.22.1/CompilerIdC
[INFO] [stdout] Call Stack (most recent call first):
[INFO] [stdout]   /usr/share/cmake-3.22/Modules/CMakeDetermineCompilerId.cmake:6 (CMAKE_DETERMINE_COMPILER_ID_BUILD)
[INFO] [stdout]   /usr/share/cmake-3.22/Modules/CMakeDetermineCompilerId.cmake:59 (__determine_compiler_id_test)
[INFO] [stdout]   /usr/share/cmake-3.22/Modules/CMakeDetermineCCompiler.cmake:123 (CMAKE_DETERMINE_COMPILER_ID)
[INFO] [stdout]   CMakeLists.txt:3 (project)
[INFO] [stdout] 
[INFO] [stdout] 
[INFO] [stdout] CMake Error at /usr/share/cmake-3.22/Modules/CMakeDetermineCompilerId.cmake:300 (file):
[INFO] [stdout]   file problem creating directory:
[INFO] [stdout]   /opt/rustwide/workdir/tests/depfile/single_crate/build/CMakeFiles/3.22.1/CompilerIdC
[INFO] [stdout] Call Stack (most recent call first):
[INFO] [stdout]   /usr/share/cmake-3.22/Modules/CMakeDetermineCompilerId.cmake:6 (CMAKE_DETERMINE_COMPILER_ID_BUILD)
[INFO] [stdout]   /usr/share/cmake-3.22/Modules/CMakeDetermineCompilerId.cmake:59 (__determine_compiler_id_test)
[INFO] [stdout]   /usr/share/cmake-3.22/Modules/CMakeDetermineCCompiler.cmake:123 (CMAKE_DETERMINE_COMPILER_ID)
[INFO] [stdout]   CMakeLists.txt:3 (project)
[INFO] [stdout] 
[INFO] [stdout] 
[INFO] [stdout] CMake Error at /usr/share/cmake-3.22/Modules/CMakeDetermineCompilerId.cmake:300 (file):
[INFO] [stdout]   file problem creating directory:
[INFO] [stderr] error: test failed, to rerun pass `--test depfile`
[INFO] [stdout]   /opt/rustwide/workdir/tests/depfile/single_crate/build/CMakeFiles/3.22.1/CompilerIdC
[INFO] [stdout] Call Stack (most recent call first):
[INFO] [stdout]   /usr/share/cmake-3.22/Modules/CMakeDetermineCompilerId.cmake:6 (CMAKE_DETERMINE_COMPILER_ID_BUILD)
[INFO] [stdout]   /usr/share/cmake-3.22/Modules/CMakeDetermineCompilerId.cmake:59 (__determine_compiler_id_test)
[INFO] [stdout]   /usr/share/cmake-3.22/Modules/CMakeDetermineCCompiler.cmake:123 (CMAKE_DETERMINE_COMPILER_ID)
[INFO] [stdout]   CMakeLists.txt:3 (project)
[INFO] [stdout] 
[INFO] [stdout] 
[INFO] [stdout] CMake Error at /usr/share/cmake-3.22/Modules/CMakeDetermineCompilerId.cmake:300 (file):
[INFO] [stdout]   file problem creating directory:
[INFO] [stdout]   /opt/rustwide/workdir/tests/depfile/single_crate/build/CMakeFiles/3.22.1/CompilerIdC
[INFO] [stdout] Call Stack (most recent call first):
[INFO] [stdout]   /usr/share/cmake-3.22/Modules/CMakeDetermineCompilerId.cmake:6 (CMAKE_DETERMINE_COMPILER_ID_BUILD)
[INFO] [stdout]   /usr/share/cmake-3.22/Modules/CMakeDetermineCompilerId.cmake:59 (__determine_compiler_id_test)
[INFO] [stdout]   /usr/share/cmake-3.22/Modules/CMakeDetermineCCompiler.cmake:123 (CMAKE_DETERMINE_COMPILER_ID)
[INFO] [stdout]   CMakeLists.txt:3 (project)
[INFO] [stdout] 
[INFO] [stdout] 
[INFO] [stdout] CMake Error at /usr/share/cmake-3.22/Modules/CMakeDetermineCompilerId.cmake:300 (file):
[INFO] [stdout]   file problem creating directory:
[INFO] [stdout]   /opt/rustwide/workdir/tests/depfile/single_crate/build/CMakeFiles/3.22.1/CompilerIdC
[INFO] [stdout] Call Stack (most recent call first):
[INFO] [stdout]   /usr/share/cmake-3.22/Modules/CMakeDetermineCompilerId.cmake:6 (CMAKE_DETERMINE_COMPILER_ID_BUILD)
[INFO] [stdout]   /usr/share/cmake-3.22/Modules/CMakeDetermineCompilerId.cmake:59 (__determine_compiler_id_test)
[INFO] [stdout]   /usr/share/cmake-3.22/Modules/CMakeDetermineCCompiler.cmake:123 (CMAKE_DETERMINE_COMPILER_ID)
[INFO] [stdout]   CMakeLists.txt:3 (project)
[INFO] [stdout] 
[INFO] [stdout] 
[INFO] [stdout] CMake Error at /usr/share/cmake-3.22/Modules/CMakeDetermineCompilerId.cmake:300 (file):
[INFO] [stdout]   file problem creating directory:
[INFO] [stdout]   /opt/rustwide/workdir/tests/depfile/single_crate/build/CMakeFiles/3.22.1/CompilerIdC
[INFO] [stdout] Call Stack (most recent call first):
[INFO] [stdout]   /usr/share/cmake-3.22/Modules/CMakeDetermineCompilerId.cmake:6 (CMAKE_DETERMINE_COMPILER_ID_BUILD)
[INFO] [stdout]   /usr/share/cmake-3.22/Modules/CMakeDetermineCompilerId.cmake:59 (__determine_compiler_id_test)
[INFO] [stdout]   /usr/share/cmake-3.22/Modules/CMakeDetermineCCompiler.cmake:123 (CMAKE_DETERMINE_COMPILER_ID)
[INFO] [stdout]   CMakeLists.txt:3 (project)
[INFO] [stdout] 
[INFO] [stdout] 
[INFO] [stdout] CMake Error at /usr/share/cmake-3.22/Modules/CMakeDetermineCompilerId.cmake:300 (file):
[INFO] [stdout]   file problem creating directory:
[INFO] [stdout]   /opt/rustwide/workdir/tests/depfile/single_crate/build/CMakeFiles/3.22.1/CompilerIdC
[INFO] [stdout] Call Stack (most recent call first):
[INFO] [stdout]   /usr/share/cmake-3.22/Modules/CMakeDetermineCompilerId.cmake:6 (CMAKE_DETERMINE_COMPILER_ID_BUILD)
[INFO] [stdout]   /usr/share/cmake-3.22/Modules/CMakeDetermineCompilerId.cmake:59 (__determine_compiler_id_test)
[INFO] [stdout]   /usr/share/cmake-3.22/Modules/CMakeDetermineCCompiler.cmake:123 (CMAKE_DETERMINE_COMPILER_ID)
[INFO] [stdout]   CMakeLists.txt:3 (project)
[INFO] [stdout] 
[INFO] [stdout] 
[INFO] [stdout] CMake Error at /usr/share/cmake-3.22/Modules/CMakeDetermineCompilerId.cmake:300 (file):
[INFO] [stdout]   file problem creating directory:
[INFO] [stdout]   /opt/rustwide/workdir/tests/depfile/single_crate/build/CMakeFiles/3.22.1/CompilerIdC
[INFO] [stdout] Call Stack (most recent call first):
[INFO] [stdout]   /usr/share/cmake-3.22/Modules/CMakeDetermineCompilerId.cmake:6 (CMAKE_DETERMINE_COMPILER_ID_BUILD)
[INFO] [stdout]   /usr/share/cmake-3.22/Modules/CMakeDetermineCompilerId.cmake:59 (__determine_compiler_id_test)
[INFO] [stdout]   /usr/share/cmake-3.22/Modules/CMakeDetermineCCompiler.cmake:123 (CMAKE_DETERMINE_COMPILER_ID)
[INFO] [stdout]   CMakeLists.txt:3 (project)
[INFO] [stdout] 
[INFO] [stdout] 
[INFO] [stdout] CMake Error at /usr/share/cmake-3.22/Modules/CMakeDetermineCompilerId.cmake:300 (file):
[INFO] [stdout]   file problem creating directory:
[INFO] [stdout]   /opt/rustwide/workdir/tests/depfile/single_crate/build/CMakeFiles/3.22.1/CompilerIdC
[INFO] [stdout] Call Stack (most recent call first):
[INFO] [stdout]   /usr/share/cmake-3.22/Modules/CMakeDetermineCompilerId.cmake:6 (CMAKE_DETERMINE_COMPILER_ID_BUILD)
[INFO] [stdout]   /usr/share/cmake-3.22/Modules/CMakeDetermineCompilerId.cmake:59 (__determine_compiler_id_test)
[INFO] [stdout]   /usr/share/cmake-3.22/Modules/CMakeDetermineCCompiler.cmake:123 (CMAKE_DETERMINE_COMPILER_ID)
[INFO] [stdout]   CMakeLists.txt:3 (project)
[INFO] [stdout] 
[INFO] [stdout] 
[INFO] [stdout] CMake Error at /usr/share/cmake-3.22/Modules/CMakeDetermineCompilerId.cmake:300 (file):
[INFO] [stdout]   file problem creating directory:
[INFO] [stdout]   /opt/rustwide/workdir/tests/depfile/single_crate/build/CMakeFiles/3.22.1/CompilerIdC
[INFO] [stdout] Call Stack (most recent call first):
[INFO] [stdout]   /usr/share/cmake-3.22/Modules/CMakeDetermineCompilerId.cmake:6 (CMAKE_DETERMINE_COMPILER_ID_BUILD)
[INFO] [stdout]   /usr/share/cmake-3.22/Modules/CMakeDetermineCompilerId.cmake:59 (__determine_compiler_id_test)
[INFO] [stdout]   /usr/share/cmake-3.22/Modules/CMakeDetermineCCompiler.cmake:123 (CMAKE_DETERMINE_COMPILER_ID)
[INFO] [stdout]   CMakeLists.txt:3 (project)
[INFO] [stdout] 
[INFO] [stdout] 
[INFO] [stdout] CMake Error at /usr/share/cmake-3.22/Modules/CMakeDetermineCompilerId.cmake:300 (file):
[INFO] [stdout]   file problem creating directory:
[INFO] [stdout]   /opt/rustwide/workdir/tests/depfile/single_crate/build/CMakeFiles/3.22.1/CompilerIdC
[INFO] [stdout] Call Stack (most recent call first):
[INFO] [stdout]   /usr/share/cmake-3.22/Modules/CMakeDetermineCompilerId.cmake:6 (CMAKE_DETERMINE_COMPILER_ID_BUILD)
[INFO] [stdout]   /usr/share/cmake-3.22/Modules/CMakeDetermineCompilerId.cmake:59 (__determine_compiler_id_test)
[INFO] [stdout]   /usr/share/cmake-3.22/Modules/CMakeDetermineCCompiler.cmake:123 (CMAKE_DETERMINE_COMPILER_ID)
[INFO] [stdout]   CMakeLists.txt:3 (project)
[INFO] [stdout] 
[INFO] [stdout] 
[INFO] [stdout] CMake Error at /usr/share/cmake-3.22/Modules/CMakeDetermineCompilerId.cmake:300 (file):
[INFO] [stdout]   file problem creating directory:
[INFO] [stdout]   /opt/rustwide/workdir/tests/depfile/single_crate/build/CMakeFiles/3.22.1/CompilerIdC
[INFO] [stdout] Call Stack (most recent call first):
[INFO] [stdout]   /usr/share/cmake-3.22/Modules/CMakeDetermineCompilerId.cmake:6 (CMAKE_DETERMINE_COMPILER_ID_BUILD)
[INFO] [stdout]   /usr/share/cmake-3.22/Modules/CMakeDetermineCompilerId.cmake:59 (__determine_compiler_id_test)
[INFO] [stdout]   /usr/share/cmake-3.22/Modules/CMakeDetermineCCompiler.cmake:123 (CMAKE_DETERMINE_COMPILER_ID)
[INFO] [stdout]   CMakeLists.txt:3 (project)
[INFO] [stdout] 
[INFO] [stdout] 
[INFO] [stdout] CMake Error at /usr/share/cmake-3.22/Modules/CMakeDetermineCompilerId.cmake:1075 (file):
[INFO] [stdout]   file failed to open for writing (No such file or directory):
[INFO] [stdout] 
[INFO] [stdout]     /opt/rustwide/workdir/tests/depfile/single_crate/build/CMakeFiles/CMakeError.log
[INFO] [stdout] Call Stack (most recent call first):
[INFO] [stdout]   /usr/share/cmake-3.22/Modules/CMakeDetermineCompilerId.cmake:81 (CMAKE_DETERMINE_COMPILER_ID_VENDOR)
[INFO] [stdout]   /usr/share/cmake-3.22/Modules/CMakeDetermineCCompiler.cmake:123 (CMAKE_DETERMINE_COMPILER_ID)
[INFO] [stdout]   CMakeLists.txt:3 (project)
[INFO] [stdout] 
[INFO] [stdout] 
[INFO] [stdout] CMake Error at /usr/share/cmake-3.22/Modules/CMakeDetermineCompilerId.cmake:1075 (file):
[INFO] [stdout]   file failed to open for writing (No such file or directory):
[INFO] [stdout] 
[INFO] [stdout]     /opt/rustwide/workdir/tests/depfile/single_crate/build/CMakeFiles/CMakeError.log
[INFO] [stdout] Call Stack (most recent call first):
[INFO] [stdout]   /usr/share/cmake-3.22/Modules/CMakeDetermineCompilerId.cmake:81 (CMAKE_DETERMINE_COMPILER_ID_VENDOR)
[INFO] [stdout]   /usr/share/cmake-3.22/Modules/CMakeDetermineCCompiler.cmake:123 (CMAKE_DETERMINE_COMPILER_ID)
[INFO] [stdout]   CMakeLists.txt:3 (project)
[INFO] [stdout] 
[INFO] [stdout] 
[INFO] [stdout] CMake Error: Could not open file for write in copy operation /opt/rustwide/workdir/tests/depfile/single_crate/build/CMakeFiles/3.22.1/CMakeCCompiler.cmake.tmp
[INFO] [stdout] CMake Error: : System Error: No such file or directory
[INFO] [stdout] CMake Error at /usr/share/cmake-3.22/Modules/CMakeDetermineCCompiler.cmake:226 (configure_file):
[INFO] [stdout]   configure_file Problem configuring file
[INFO] [stdout] Call Stack (most recent call first):
[INFO] [stdout]   CMakeLists.txt:3 (project)
[INFO] [stdout] 
[INFO] [stdout] 
[INFO] [stdout] CMake Error: Could not find cmake module file: /opt/rustwide/workdir/tests/depfile/single_crate/build/CMakeFiles/3.22.1/CMakeCCompiler.cmake
[INFO] [stdout] CMake Error at /usr/share/cmake-3.22/Modules/CMakeDetermineCompilerABI.cmake:49 (try_compile):
[INFO] [stdout]   Unknown extension ".c" for file
[INFO] [stdout] 
[INFO] [stdout]     /usr/share/cmake-3.22/Modules/CMakeCCompilerABI.c
[INFO] [stdout] 
[INFO] [stdout]   try_compile() works only for enabled languages.  Currently these are:
[INFO] [stdout] 
[INFO] [stdout]     C
[INFO] [stdout] 
[INFO] [stdout]   See project() command to enable other languages.
[INFO] [stdout] Call Stack (most recent call first):
[INFO] [stdout]   /usr/share/cmake-3.22/Modules/CMakeTestCCompiler.cmake:26 (CMAKE_DETERMINE_COMPILER_ABI)
[INFO] [stdout]   CMakeLists.txt:3 (project)
[INFO] [stdout] 
[INFO] [stdout] 
[INFO] [stdout] CMake Error at /usr/share/cmake-3.22/Modules/CMakeDetermineCompilerABI.cmake:188 (file):
[INFO] [stdout]   file failed to open for writing (No such file or directory):
[INFO] [stdout] 
[INFO] [stdout]     /opt/rustwide/workdir/tests/depfile/single_crate/build/CMakeFiles/CMakeError.log
[INFO] [stdout] Call Stack (most recent call first):
[INFO] [stdout]   /usr/share/cmake-3.22/Modules/CMakeTestCCompiler.cmake:26 (CMAKE_DETERMINE_COMPILER_ABI)
[INFO] [stdout]   CMakeLists.txt:3 (project)
[INFO] [stdout] 
[INFO] [stdout] 
[INFO] [stdout] CMake Error at /usr/share/cmake-3.22/Modules/CMakeTestCCompiler.cmake:41 (file):
[INFO] [stdout]   file failed to open for writing (No such file or directory):
[INFO] [stdout] 
[INFO] [stdout]     /opt/rustwide/workdir/tests/depfile/single_crate/build/CMakeFiles/CMakeTmp/testCCompiler.c
[INFO] [stdout] Call Stack (most recent call first):
[INFO] [stdout]   CMakeLists.txt:3 (project)
[INFO] [stdout] 
[INFO] [stdout] 
[INFO] [stdout] CMake Error at /usr/share/cmake-3.22/Modules/CMakeTestCCompiler.cmake:56 (try_compile):
[INFO] [stdout]   Unknown extension ".c" for file
[INFO] [stdout] 
[INFO] [stdout]     /opt/rustwide/workdir/tests/depfile/single_crate/build/CMakeFiles/CMakeTmp/testCCompiler.c
[INFO] [stdout] 
[INFO] [stdout]   try_compile() works only for enabled languages.  Currently these are:
[INFO] [stdout] 
[INFO] [stdout]     C
[INFO] [stdout] 
[INFO] [stdout]   See project() command to enable other languages.
[INFO] [stdout] Call Stack (most recent call first):
[INFO] [stdout]   CMakeLists.txt:3 (project)
[INFO] [stdout] 
[INFO] [stdout] 
[INFO] [stdout] CMake Error at /usr/share/cmake-3.22/Modules/CMakeTestCCompiler.cmake:65 (file):
[INFO] [stdout]   file failed to open for writing (No such file or directory):
[INFO] [stdout] 
[INFO] [stdout]     /opt/rustwide/workdir/tests/depfile/single_crate/build/CMakeFiles/CMakeError.log
[INFO] [stdout] Call Stack (most recent call first):
[INFO] [stdout]   CMakeLists.txt:3 (project)
[INFO] [stdout] 
[INFO] [stdout] 
[INFO] [stdout] CMake Error at /usr/share/cmake-3.22/Modules/CMakeTestCCompiler.cmake:69 (message):
[INFO] [stdout]   The C compiler
[INFO] [stdout] 
[INFO] [stdout]     "/usr/bin/cc"
[INFO] [stdout] 
[INFO] [stdout]   is not able to compile a simple test program.
[INFO] [stdout] 
[INFO] [stdout]   It fails with the following output:
[INFO] [stdout] 
[INFO] [stdout]     
[INFO] [stdout] 
[INFO] [stdout]   
[INFO] [stdout] 
[INFO] [stdout]   CMake will not be able to correctly generate this project.
[INFO] [stdout] Call Stack (most recent call first):
[INFO] [stdout]   CMakeLists.txt:3 (project)
[INFO] [stdout] 
[INFO] [stdout] 
[INFO] [stdout] CMake Error: Cannot open file for write: /opt/rustwide/workdir/tests/depfile/single_crate/build/CMakeCache.txt.tmpc67ff
[INFO] [stdout] CMake Error: : System Error: No such file or directory
[INFO] [stdout] CMake Error: Unable to open cache file for save. /opt/rustwide/workdir/tests/depfile/single_crate/build/CMakeCache.txt
[INFO] [stdout] CMake Error: : System Error: No such file or directory
[INFO] [stdout] `
[INFO] [stdout] stack backtrace:
[INFO] [stdout]    0:     0x652732f87d8a - std::backtrace_rs::backtrace::libunwind::trace::h5a5b8284f2d0c266
[INFO] [stdout]                                at /rustc/90b35a6239c3d8bdabc530a6a0816f7ff89a0aaf/library/std/src/../../backtrace/src/backtrace/libunwind.rs:116:5
[INFO] [stdout]    1:     0x652732f87d8a - std::backtrace_rs::backtrace::trace_unsynchronized::h76d4f1c9b0b875e3
[INFO] [stdout]                                at /rustc/90b35a6239c3d8bdabc530a6a0816f7ff89a0aaf/library/std/src/../../backtrace/src/backtrace/mod.rs:66:5
[INFO] [stdout]    2:     0x652732f87d8a - std::sys::backtrace::_print_fmt::hc4546b8364a537c6
[INFO] [stdout]                                at /rustc/90b35a6239c3d8bdabc530a6a0816f7ff89a0aaf/library/std/src/sys/backtrace.rs:66:9
[INFO] [stdout]    3:     0x652732f87d8a - <std::sys::backtrace::BacktraceLock::print::DisplayBacktrace as core::fmt::Display>::fmt::h5b6bd5631a6d1f6b
[INFO] [stdout]                                at /rustc/90b35a6239c3d8bdabc530a6a0816f7ff89a0aaf/library/std/src/sys/backtrace.rs:39:26
[INFO] [stdout]    4:     0x652732faddb3 - core::fmt::rt::Argument::fmt::h270f6602a2b96f62
[INFO] [stdout]                                at /rustc/90b35a6239c3d8bdabc530a6a0816f7ff89a0aaf/library/core/src/fmt/rt.rs:177:76
[INFO] [stdout]    5:     0x652732faddb3 - core::fmt::write::h7550c97b06c86515
[INFO] [stdout]                                at /rustc/90b35a6239c3d8bdabc530a6a0816f7ff89a0aaf/library/core/src/fmt/mod.rs:1186:21
[INFO] [stdout]    6:     0x652732f84db3 - std::io::Write::write_fmt::h509ff860e5956e5e
[INFO] [stdout]                                at /rustc/90b35a6239c3d8bdabc530a6a0816f7ff89a0aaf/library/std/src/io/mod.rs:1839:15
[INFO] [stdout]    7:     0x652732f87bd2 - std::sys::backtrace::BacktraceLock::print::h2395ccd2c84ba3aa
[INFO] [stdout]                                at /rustc/90b35a6239c3d8bdabc530a6a0816f7ff89a0aaf/library/std/src/sys/backtrace.rs:42:9
[INFO] [stdout]    8:     0x652732f891ea - std::panicking::default_hook::{{closure}}::he19d4c7230e07961
[INFO] [stdout]                                at /rustc/90b35a6239c3d8bdabc530a6a0816f7ff89a0aaf/library/std/src/panicking.rs:268:22
[INFO] [stdout]    9:     0x652732f88ff4 - std::panicking::default_hook::hf614597d3c67bbdb
[INFO] [stdout]                                at /rustc/90b35a6239c3d8bdabc530a6a0816f7ff89a0aaf/library/std/src/panicking.rs:292:9
[INFO] [stdout]   10:     0x652732f53ec9 - <alloc::boxed::Box<F,A> as core::ops::function::Fn<Args>>::call::h39b51ce4599c23d1
[INFO] [stdout]                                at /rustc/90b35a6239c3d8bdabc530a6a0816f7ff89a0aaf/library/alloc/src/boxed.rs:2468:9
[INFO] [stdout]   11:     0x652732f53ec9 - test::test_main::{{closure}}::he977ae839a582784
[INFO] [stdout]                                at /rustc/90b35a6239c3d8bdabc530a6a0816f7ff89a0aaf/library/test/src/lib.rs:133:21
[INFO] [stdout]   12:     0x652732f89888 - <alloc::boxed::Box<F,A> as core::ops::function::Fn<Args>>::call::h9455091b6b06f9fb
[INFO] [stdout]                                at /rustc/90b35a6239c3d8bdabc530a6a0816f7ff89a0aaf/library/alloc/src/boxed.rs:2468:9
[INFO] [stdout]   13:     0x652732f89888 - std::panicking::rust_panic_with_hook::h8942133a8b252070
[INFO] [stdout]                                at /rustc/90b35a6239c3d8bdabc530a6a0816f7ff89a0aaf/library/std/src/panicking.rs:809:13
[INFO] [stdout]   14:     0x652732f8964a - std::panicking::begin_panic_handler::{{closure}}::hb5f5963570096b29
[INFO] [stdout]                                at /rustc/90b35a6239c3d8bdabc530a6a0816f7ff89a0aaf/library/std/src/panicking.rs:674:13
[INFO] [stdout]   15:     0x652732f88269 - std::sys::backtrace::__rust_end_short_backtrace::h6208cedc1922feda
[INFO] [stdout]                                at /rustc/90b35a6239c3d8bdabc530a6a0816f7ff89a0aaf/library/std/src/sys/backtrace.rs:170:18
[INFO] [stdout]   16:     0x652732f892dc - rust_begin_unwind
[INFO] [stdout]                                at /rustc/90b35a6239c3d8bdabc530a6a0816f7ff89a0aaf/library/std/src/panicking.rs:665:5
[INFO] [stdout]   17:     0x652732f09b10 - core::panicking::panic_fmt::h0c3082644d1bf418
[INFO] [stdout]                                at /rustc/90b35a6239c3d8bdabc530a6a0816f7ff89a0aaf/library/core/src/panicking.rs:74:14
[INFO] [stdout]   18:     0x652732f112be - depfile::test_project::h0b99ec6416330aa9
[INFO] [stdout]                                at /opt/rustwide/workdir/tests/depfile.rs:31:5
[INFO] [stdout]   19:     0x652732f125b2 - depfile::test_depfile_single_crate::h5fa0122c9e63a9d1
[INFO] [stdout]                                at /opt/rustwide/workdir/tests/depfile.rs:103:13
[INFO] [stdout]   20:     0x652732f12587 - depfile::test_depfile_single_crate::{{closure}}::ha35264abf733dfc2
[INFO] [stdout]                                at /opt/rustwide/workdir/tests/depfile.rs:102:33
[INFO] [stdout]   21:     0x652732f168e6 - core::ops::function::FnOnce::call_once::hbde2c34e708e7ddd
[INFO] [stdout]                                at /rustc/90b35a6239c3d8bdabc530a6a0816f7ff89a0aaf/library/core/src/ops/function.rs:250:5
[INFO] [stdout]   22:     0x652732f5888b - core::ops::function::FnOnce::call_once::h109cf8051a59b34e
[INFO] [stdout]                                at /rustc/90b35a6239c3d8bdabc530a6a0816f7ff89a0aaf/library/core/src/ops/function.rs:250:5
[INFO] [stdout]   23:     0x652732f5888b - test::__rust_begin_short_backtrace::hf4fff89d377446ba
[INFO] [stdout]                                at /rustc/90b35a6239c3d8bdabc530a6a0816f7ff89a0aaf/library/test/src/lib.rs:621:18
[INFO] [stdout]   24:     0x652732f580c7 - test::run_test_in_process::{{closure}}::h0e39181dd7ee5a43
[INFO] [stdout]                                at /rustc/90b35a6239c3d8bdabc530a6a0816f7ff89a0aaf/library/test/src/lib.rs:644:60
[INFO] [stdout]   25:     0x652732f580c7 - <core::panic::unwind_safe::AssertUnwindSafe<F> as core::ops::function::FnOnce<()>>::call_once::hc5a66a30f0bdfd1f
[INFO] [stdout]                                at /rustc/90b35a6239c3d8bdabc530a6a0816f7ff89a0aaf/library/core/src/panic/unwind_safe.rs:272:9
[INFO] [stdout]   26:     0x652732f580c7 - std::panicking::try::do_call::h873b7cf639554a5e
[INFO] [stdout]                                at /rustc/90b35a6239c3d8bdabc530a6a0816f7ff89a0aaf/library/std/src/panicking.rs:557:40
[INFO] [stdout]   27:     0x652732f580c7 - std::panicking::try::hdb19862fad9c8bd1
[INFO] [stdout]                                at /rustc/90b35a6239c3d8bdabc530a6a0816f7ff89a0aaf/library/std/src/panicking.rs:520:19
[INFO] [stdout]   28:     0x652732f580c7 - std::panic::catch_unwind::h281fe732d236d260
[INFO] [stdout]                                at /rustc/90b35a6239c3d8bdabc530a6a0816f7ff89a0aaf/library/std/src/panic.rs:358:14
[INFO] [stdout]   29:     0x652732f580c7 - test::run_test_in_process::h949b6df8457ed338
[INFO] [stdout]                                at /rustc/90b35a6239c3d8bdabc530a6a0816f7ff89a0aaf/library/test/src/lib.rs:644:27
[INFO] [stdout]   30:     0x652732f580c7 - test::run_test::{{closure}}::h52c556a6d4740e10
[INFO] [stdout]                                at /rustc/90b35a6239c3d8bdabc530a6a0816f7ff89a0aaf/library/test/src/lib.rs:565:43
[INFO] [stdout]   31:     0x652732f1d3a4 - test::run_test::{{closure}}::h4237f6381c45ccb9
[INFO] [stdout]                                at /rustc/90b35a6239c3d8bdabc530a6a0816f7ff89a0aaf/library/test/src/lib.rs:595:41
[INFO] [stdout]   32:     0x652732f1d3a4 - std::sys::backtrace::__rust_begin_short_backtrace::h505c97a579eca628
[INFO] [stdout]                                at /rustc/90b35a6239c3d8bdabc530a6a0816f7ff89a0aaf/library/std/src/sys/backtrace.rs:154:18
[INFO] [stdout]   33:     0x652732f20a6e - std::thread::Builder::spawn_unchecked_::{{closure}}::{{closure}}::h9e86b2e2bc107ea3
[INFO] [stdout]                                at /rustc/90b35a6239c3d8bdabc530a6a0816f7ff89a0aaf/library/std/src/thread/mod.rs:538:17
[INFO] [stdout]   34:     0x652732f20a6e - <core::panic::unwind_safe::AssertUnwindSafe<F> as core::ops::function::FnOnce<()>>::call_once::h8b06ddb275ff4a25
[INFO] [stdout]                                at /rustc/90b35a6239c3d8bdabc530a6a0816f7ff89a0aaf/library/core/src/panic/unwind_safe.rs:272:9
[INFO] [stdout]   35:     0x652732f20a6e - std::panicking::try::do_call::hb26ecd7cd9a9355d
[INFO] [stdout]                                at /rustc/90b35a6239c3d8bdabc530a6a0816f7ff89a0aaf/library/std/src/panicking.rs:557:40
[INFO] [stdout]   36:     0x652732f20a6e - std::panicking::try::h8ddeca9d705f9069
[INFO] [stdout]                                at /rustc/90b35a6239c3d8bdabc530a6a0816f7ff89a0aaf/library/std/src/panicking.rs:520:19
[INFO] [stdout]   37:     0x652732f20a6e - std::panic::catch_unwind::h49e1c33078844c46
[INFO] [stdout]                                at /rustc/90b35a6239c3d8bdabc530a6a0816f7ff89a0aaf/library/std/src/panic.rs:358:14
[INFO] [stdout]   38:     0x652732f20a6e - std::thread::Builder::spawn_unchecked_::{{closure}}::h6073db6ff56ad35d
[INFO] [stdout]                                at /rustc/90b35a6239c3d8bdabc530a6a0816f7ff89a0aaf/library/std/src/thread/mod.rs:537:30
[INFO] [stdout]   39:     0x652732f20a6e - core::ops::function::FnOnce::call_once{{vtable.shim}}::h2c5a5f3779c774f1
[INFO] [stdout]                                at /rustc/90b35a6239c3d8bdabc530a6a0816f7ff89a0aaf/library/core/src/ops/function.rs:250:5
[INFO] [stdout]   40:     0x652732f8e09b - <alloc::boxed::Box<F,A> as core::ops::function::FnOnce<Args>>::call_once::hf75717d9f28faebf
[INFO] [stdout]                                at /rustc/90b35a6239c3d8bdabc530a6a0816f7ff89a0aaf/library/alloc/src/boxed.rs:2454:9
[INFO] [stdout]   41:     0x652732f8e09b - <alloc::boxed::Box<F,A> as core::ops::function::FnOnce<Args>>::call_once::h7bd883a5f3c5f3c1
[INFO] [stdout]                                at /rustc/90b35a6239c3d8bdabc530a6a0816f7ff89a0aaf/library/alloc/src/boxed.rs:2454:9
[INFO] [stdout]   42:     0x652732f8e09b - std::sys::pal::unix::thread::Thread::new::thread_start::hcc78f3943333fa94
[INFO] [stdout]                                at /rustc/90b35a6239c3d8bdabc530a6a0816f7ff89a0aaf/library/std/src/sys/pal/unix/thread.rs:105:17
[INFO] [stdout]   43:     0x79043423eac3 - <unknown>
[INFO] [stdout]   44:     0x7904342cfa04 - clone
[INFO] [stdout]   45:                0x0 - <unknown>
[INFO] [stdout] 
[INFO] [stdout] ---- test_depfile_single_crate_config stdout ----
[INFO] [stdout] thread 'test_depfile_single_crate_config' panicked at tests/depfile.rs:31:5:
[INFO] [stdout] Configuring test project failed: stdout: `-- The C compiler identification is unknown
[INFO] [stdout] -- Detecting C compiler ABI info
[INFO] [stdout] -- Detecting C compiler ABI info - failed
[INFO] [stdout] -- Check for working C compiler: /usr/bin/cc
[INFO] [stdout] -- Check for working C compiler: /usr/bin/cc - broken
[INFO] [stdout] -- Configuring incomplete, errors occurred!
[INFO] [stdout] `, stderr: `CMake Error at /usr/share/cmake-3.22/Modules/CMakeDetermineSystem.cmake:181 (file):
[INFO] [stdout]   file failed to open for writing (No such file or directory):
[INFO] [stdout] 
[INFO] [stdout]     /opt/rustwide/workdir/tests/depfile/single_crate_config/build/CMakeFiles/CMakeOutput.log
[INFO] [stdout] Call Stack (most recent call first):
[INFO] [stdout]   CMakeLists.txt:3 (project)
[INFO] [stdout] 
[INFO] [stdout] 
[INFO] [stdout] CMake Error: Could not open file for write in copy operation /opt/rustwide/workdir/tests/depfile/single_crate_config/build/CMakeFiles/3.22.1/CMakeSystem.cmake.tmp
[INFO] [stdout] CMake Error: : System Error: No such file or directory
[INFO] [stdout] CMake Error at /usr/share/cmake-3.22/Modules/CMakeDetermineSystem.cmake:193 (configure_file):
[INFO] [stdout]   configure_file Problem configuring file
[INFO] [stdout] Call Stack (most recent call first):
[INFO] [stdout]   CMakeLists.txt:3 (project)
[INFO] [stdout] 
[INFO] [stdout] 
[INFO] [stdout] CMake Error at /usr/share/cmake-3.22/Modules/CMakeDetermineCompilerId.cmake:300 (file):
[INFO] [stdout]   file problem creating directory:
[INFO] [stdout]   /opt/rustwide/workdir/tests/depfile/single_crate_config/build/CMakeFiles/3.22.1/CompilerIdC
[INFO] [stdout] Call Stack (most recent call first):
[INFO] [stdout]   /usr/share/cmake-3.22/Modules/CMakeDetermineCompilerId.cmake:6 (CMAKE_DETERMINE_COMPILER_ID_BUILD)
[INFO] [stdout]   /usr/share/cmake-3.22/Modules/CMakeDetermineCompilerId.cmake:59 (__determine_compiler_id_test)
[INFO] [stdout]   /usr/share/cmake-3.22/Modules/CMakeDetermineCCompiler.cmake:123 (CMAKE_DETERMINE_COMPILER_ID)
[INFO] [stdout]   CMakeLists.txt:3 (project)
[INFO] [stdout] 
[INFO] [stdout] 
[INFO] [stdout] CMake Error at /usr/share/cmake-3.22/Modules/CMakeDetermineCompilerId.cmake:300 (file):
[INFO] [stdout]   file problem creating directory:
[INFO] [stdout]   /opt/rustwide/workdir/tests/depfile/single_crate_config/build/CMakeFiles/3.22.1/CompilerIdC
[INFO] [stdout] Call Stack (most recent call first):
[INFO] [stdout]   /usr/share/cmake-3.22/Modules/CMakeDetermineCompilerId.cmake:6 (CMAKE_DETERMINE_COMPILER_ID_BUILD)
[INFO] [stdout]   /usr/share/cmake-3.22/Modules/CMakeDetermineCompilerId.cmake:59 (__determine_compiler_id_test)
[INFO] [stdout]   /usr/share/cmake-3.22/Modules/CMakeDetermineCCompiler.cmake:123 (CMAKE_DETERMINE_COMPILER_ID)
[INFO] [stdout]   CMakeLists.txt:3 (project)
[INFO] [stdout] 
[INFO] [stdout] 
[INFO] [stdout] CMake Error at /usr/share/cmake-3.22/Modules/CMakeDetermineCompilerId.cmake:300 (file):
[INFO] [stdout]   file problem creating directory:
[INFO] [stdout]   /opt/rustwide/workdir/tests/depfile/single_crate_config/build/CMakeFiles/3.22.1/CompilerIdC
[INFO] [stdout] Call Stack (most recent call first):
[INFO] [stdout]   /usr/share/cmake-3.22/Modules/CMakeDetermineCompilerId.cmake:6 (CMAKE_DETERMINE_COMPILER_ID_BUILD)
[INFO] [stdout]   /usr/share/cmake-3.22/Modules/CMakeDetermineCompilerId.cmake:59 (__determine_compiler_id_test)
[INFO] [stdout]   /usr/share/cmake-3.22/Modules/CMakeDetermineCCompiler.cmake:123 (CMAKE_DETERMINE_COMPILER_ID)
[INFO] [stdout]   CMakeLists.txt:3 (project)
[INFO] [stdout] 
[INFO] [stdout] 
[INFO] [stdout] CMake Error at /usr/share/cmake-3.22/Modules/CMakeDetermineCompilerId.cmake:300 (file):
[INFO] [stdout]   file problem creating directory:
[INFO] [stdout]   /opt/rustwide/workdir/tests/depfile/single_crate_config/build/CMakeFiles/3.22.1/CompilerIdC
[INFO] [stdout] Call Stack (most recent call first):
[INFO] [stdout]   /usr/share/cmake-3.22/Modules/CMakeDetermineCompilerId.cmake:6 (CMAKE_DETERMINE_COMPILER_ID_BUILD)
[INFO] [stdout]   /usr/share/cmake-3.22/Modules/CMakeDetermineCompilerId.cmake:59 (__determine_compiler_id_test)
[INFO] [stdout]   /usr/share/cmake-3.22/Modules/CMakeDetermineCCompiler.cmake:123 (CMAKE_DETERMINE_COMPILER_ID)
[INFO] [stdout]   CMakeLists.txt:3 (project)
[INFO] [stdout] 
[INFO] [stdout] 
[INFO] [stdout] CMake Error at /usr/share/cmake-3.22/Modules/CMakeDetermineCompilerId.cmake:300 (file):
[INFO] [stdout]   file problem creating directory:
[INFO] [stdout]   /opt/rustwide/workdir/tests/depfile/single_crate_config/build/CMakeFiles/3.22.1/CompilerIdC
[INFO] [stdout] Call Stack (most recent call first):
[INFO] [stdout]   /usr/share/cmake-3.22/Modules/CMakeDetermineCompilerId.cmake:6 (CMAKE_DETERMINE_COMPILER_ID_BUILD)
[INFO] [stdout]   /usr/share/cmake-3.22/Modules/CMakeDetermineCompilerId.cmake:59 (__determine_compiler_id_test)
[INFO] [stdout]   /usr/share/cmake-3.22/Modules/CMakeDetermineCCompiler.cmake:123 (CMAKE_DETERMINE_COMPILER_ID)
[INFO] [stdout]   CMakeLists.txt:3 (project)
[INFO] [stdout] 
[INFO] [stdout] 
[INFO] [stdout] CMake Error at /usr/share/cmake-3.22/Modules/CMakeDetermineCompilerId.cmake:300 (file):
[INFO] [stdout]   file problem creating directory:
[INFO] [stdout]   /opt/rustwide/workdir/tests/depfile/single_crate_config/build/CMakeFiles/3.22.1/CompilerIdC
[INFO] [stdout] Call Stack (most recent call first):
[INFO] [stdout]   /usr/share/cmake-3.22/Modules/CMakeDetermineCompilerId.cmake:6 (CMAKE_DETERMINE_COMPILER_ID_BUILD)
[INFO] [stdout]   /usr/share/cmake-3.22/Modules/CMakeDetermineCompilerId.cmake:59 (__determine_compiler_id_test)
[INFO] [stdout]   /usr/share/cmake-3.22/Modules/CMakeDetermineCCompiler.cmake:123 (CMAKE_DETERMINE_COMPILER_ID)
[INFO] [stdout]   CMakeLists.txt:3 (project)
[INFO] [stdout] 
[INFO] [stdout] 
[INFO] [stdout] CMake Error at /usr/share/cmake-3.22/Modules/CMakeDetermineCompilerId.cmake:300 (file):
[INFO] [stdout]   file problem creating directory:
[INFO] [stdout]   /opt/rustwide/workdir/tests/depfile/single_crate_config/build/CMakeFiles/3.22.1/CompilerIdC
[INFO] [stdout] Call Stack (most recent call first):
[INFO] [stdout]   /usr/share/cmake-3.22/Modules/CMakeDetermineCompilerId.cmake:6 (CMAKE_DETERMINE_COMPILER_ID_BUILD)
[INFO] [stdout]   /usr/share/cmake-3.22/Modules/CMakeDetermineCompilerId.cmake:59 (__determine_compiler_id_test)
[INFO] [stdout]   /usr/share/cmake-3.22/Modules/CMakeDetermineCCompiler.cmake:123 (CMAKE_DETERMINE_COMPILER_ID)
[INFO] [stdout]   CMakeLists.txt:3 (project)
[INFO] [stdout] 
[INFO] [stdout] 
[INFO] [stdout] CMake Error at /usr/share/cmake-3.22/Modules/CMakeDetermineCompilerId.cmake:300 (file):
[INFO] [stdout]   file problem creating directory:
[INFO] [stdout]   /opt/rustwide/workdir/tests/depfile/single_crate_config/build/CMakeFiles/3.22.1/CompilerIdC
[INFO] [stdout] Call Stack (most recent call first):
[INFO] [stdout]   /usr/share/cmake-3.22/Modules/CMakeDetermineCompilerId.cmake:6 (CMAKE_DETERMINE_COMPILER_ID_BUILD)
[INFO] [stdout]   /usr/share/cmake-3.22/Modules/CMakeDetermineCompilerId.cmake:59 (__determine_compiler_id_test)
[INFO] [stdout]   /usr/share/cmake-3.22/Modules/CMakeDetermineCCompiler.cmake:123 (CMAKE_DETERMINE_COMPILER_ID)
[INFO] [stdout]   CMakeLists.txt:3 (project)
[INFO] [stdout] 
[INFO] [stdout] 
[INFO] [stdout] CMake Error at /usr/share/cmake-3.22/Modules/CMakeDetermineCompilerId.cmake:300 (file):
[INFO] [stdout]   file problem creating directory:
[INFO] [stdout]   /opt/rustwide/workdir/tests/depfile/single_crate_config/build/CMakeFiles/3.22.1/CompilerIdC
[INFO] [stdout] Call Stack (most recent call first):
[INFO] [stdout]   /usr/share/cmake-3.22/Modules/CMakeDetermineCompilerId.cmake:6 (CMAKE_DETERMINE_COMPILER_ID_BUILD)
[INFO] [stdout]   /usr/share/cmake-3.22/Modules/CMakeDetermineCompilerId.cmake:59 (__determine_compiler_id_test)
[INFO] [stdout]   /usr/share/cmake-3.22/Modules/CMakeDetermineCCompiler.cmake:123 (CMAKE_DETERMINE_COMPILER_ID)
[INFO] [stdout]   CMakeLists.txt:3 (project)
[INFO] [stdout] 
[INFO] [stdout] 
[INFO] [stdout] CMake Error at /usr/share/cmake-3.22/Modules/CMakeDetermineCompilerId.cmake:300 (file):
[INFO] [stdout]   file problem creating directory:
[INFO] [stdout]   /opt/rustwide/workdir/tests/depfile/single_crate_config/build/CMakeFiles/3.22.1/CompilerIdC
[INFO] [stdout] Call Stack (most recent call first):
[INFO] [stdout]   /usr/share/cmake-3.22/Modules/CMakeDetermineCompilerId.cmake:6 (CMAKE_DETERMINE_COMPILER_ID_BUILD)
[INFO] [stdout]   /usr/share/cmake-3.22/Modules/CMakeDetermineCompilerId.cmake:59 (__determine_compiler_id_test)
[INFO] [stdout]   /usr/share/cmake-3.22/Modules/CMakeDetermineCCompiler.cmake:123 (CMAKE_DETERMINE_COMPILER_ID)
[INFO] [stdout]   CMakeLists.txt:3 (project)
[INFO] [stdout] 
[INFO] [stdout] 
[INFO] [stdout] CMake Error at /usr/share/cmake-3.22/Modules/CMakeDetermineCompilerId.cmake:300 (file):
[INFO] [stdout]   file problem creating directory:
[INFO] [stdout]   /opt/rustwide/workdir/tests/depfile/single_crate_config/build/CMakeFiles/3.22.1/CompilerIdC
[INFO] [stdout] Call Stack (most recent call first):
[INFO] [stdout]   /usr/share/cmake-3.22/Modules/CMakeDetermineCompilerId.cmake:6 (CMAKE_DETERMINE_COMPILER_ID_BUILD)
[INFO] [stdout]   /usr/share/cmake-3.22/Modules/CMakeDetermineCompilerId.cmake:59 (__determine_compiler_id_test)
[INFO] [stdout]   /usr/share/cmake-3.22/Modules/CMakeDetermineCCompiler.cmake:123 (CMAKE_DETERMINE_COMPILER_ID)
[INFO] [stdout]   CMakeLists.txt:3 (project)
[INFO] [stdout] 
[INFO] [stdout] 
[INFO] [stdout] CMake Error at /usr/share/cmake-3.22/Modules/CMakeDetermineCompilerId.cmake:300 (file):
[INFO] [stdout]   file problem creating directory:
[INFO] [stdout]   /opt/rustwide/workdir/tests/depfile/single_crate_config/build/CMakeFiles/3.22.1/CompilerIdC
[INFO] [stdout] Call Stack (most recent call first):
[INFO] [stdout]   /usr/share/cmake-3.22/Modules/CMakeDetermineCompilerId.cmake:6 (CMAKE_DETERMINE_COMPILER_ID_BUILD)
[INFO] [stdout]   /usr/share/cmake-3.22/Modules/CMakeDetermineCompilerId.cmake:59 (__determine_compiler_id_test)
[INFO] [stdout]   /usr/share/cmake-3.22/Modules/CMakeDetermineCCompiler.cmake:123 (CMAKE_DETERMINE_COMPILER_ID)
[INFO] [stdout]   CMakeLists.txt:3 (project)
[INFO] [stdout] 
[INFO] [stdout] 
[INFO] [stdout] CMake Error at /usr/share/cmake-3.22/Modules/CMakeDetermineCompilerId.cmake:1075 (file):
[INFO] [stdout]   file failed to open for writing (No such file or directory):
[INFO] [stdout] 
[INFO] [stdout]     /opt/rustwide/workdir/tests/depfile/single_crate_config/build/CMakeFiles/CMakeError.log
[INFO] [stdout] Call Stack (most recent call first):
[INFO] [stdout]   /usr/share/cmake-3.22/Modules/CMakeDetermineCompilerId.cmake:81 (CMAKE_DETERMINE_COMPILER_ID_VENDOR)
[INFO] [stdout]   /usr/share/cmake-3.22/Modules/CMakeDetermineCCompiler.cmake:123 (CMAKE_DETERMINE_COMPILER_ID)
[INFO] [stdout]   CMakeLists.txt:3 (project)
[INFO] [stdout] 
[INFO] [stdout] 
[INFO] [stdout] CMake Error at /usr/share/cmake-3.22/Modules/CMakeDetermineCompilerId.cmake:1075 (file):
[INFO] [stdout]   file failed to open for writing (No such file or directory):
[INFO] [stdout] 
[INFO] [stdout]     /opt/rustwide/workdir/tests/depfile/single_crate_config/build/CMakeFiles/CMakeError.log
[INFO] [stdout] Call Stack (most recent call first):
[INFO] [stdout]   /usr/share/cmake-3.22/Modules/CMakeDetermineCompilerId.cmake:81 (CMAKE_DETERMINE_COMPILER_ID_VENDOR)
[INFO] [stdout]   /usr/share/cmake-3.22/Modules/CMakeDetermineCCompiler.cmake:123 (CMAKE_DETERMINE_COMPILER_ID)
[INFO] [stdout]   CMakeLists.txt:3 (project)
[INFO] [stdout] 
[INFO] [stdout] 
[INFO] [stdout] CMake Error: Could not open file for write in copy operation /opt/rustwide/workdir/tests/depfile/single_crate_config/build/CMakeFiles/3.22.1/CMakeCCompiler.cmake.tmp
[INFO] [stdout] CMake Error: : System Error: No such file or directory
[INFO] [stdout] CMake Error at /usr/share/cmake-3.22/Modules/CMakeDetermineCCompiler.cmake:226 (configure_file):
[INFO] [stdout]   configure_file Problem configuring file
[INFO] [stdout] Call Stack (most recent call first):
[INFO] [stdout]   CMakeLists.txt:3 (project)
[INFO] [stdout] 
[INFO] [stdout] 
[INFO] [stdout] CMake Error: Could not find cmake module file: /opt/rustwide/workdir/tests/depfile/single_crate_config/build/CMakeFiles/3.22.1/CMakeCCompiler.cmake
[INFO] [stdout] CMake Error at /usr/share/cmake-3.22/Modules/CMakeDetermineCompilerABI.cmake:49 (try_compile):
[INFO] [stdout]   Unknown extension ".c" for file
[INFO] [stdout] 
[INFO] [stdout]     /usr/share/cmake-3.22/Modules/CMakeCCompilerABI.c
[INFO] [stdout] 
[INFO] [stdout]   try_compile() works only for enabled languages.  Currently these are:
[INFO] [stdout] 
[INFO] [stdout]     C
[INFO] [stdout] 
[INFO] [stdout]   See project() command to enable other languages.
[INFO] [stdout] Call Stack (most recent call first):
[INFO] [stdout]   /usr/share/cmake-3.22/Modules/CMakeTestCCompiler.cmake:26 (CMAKE_DETERMINE_COMPILER_ABI)
[INFO] [stdout]   CMakeLists.txt:3 (project)
[INFO] [stdout] 
[INFO] [stdout] 
[INFO] [stdout] CMake Error at /usr/share/cmake-3.22/Modules/CMakeDetermineCompilerABI.cmake:188 (file):
[INFO] [stdout]   file failed to open for writing (No such file or directory):
[INFO] [stdout] 
[INFO] [stdout]     /opt/rustwide/workdir/tests/depfile/single_crate_config/build/CMakeFiles/CMakeError.log
[INFO] [stdout] Call Stack (most recent call first):
[INFO] [stdout]   /usr/share/cmake-3.22/Modules/CMakeTestCCompiler.cmake:26 (CMAKE_DETERMINE_COMPILER_ABI)
[INFO] [stdout]   CMakeLists.txt:3 (project)
[INFO] [stdout] 
[INFO] [stdout] 
[INFO] [stdout] CMake Error at /usr/share/cmake-3.22/Modules/CMakeTestCCompiler.cmake:41 (file):
[INFO] [stdout]   file failed to open for writing (No such file or directory):
[INFO] [stdout] 
[INFO] [stdout]     /opt/rustwide/workdir/tests/depfile/single_crate_config/build/CMakeFiles/CMakeTmp/testCCompiler.c
[INFO] [stdout] Call Stack (most recent call first):
[INFO] [stdout]   CMakeLists.txt:3 (project)
[INFO] [stdout] 
[INFO] [stdout] 
[INFO] [stdout] CMake Error at /usr/share/cmake-3.22/Modules/CMakeTestCCompiler.cmake:56 (try_compile):
[INFO] [stdout]   Unknown extension ".c" for file
[INFO] [stdout] 
[INFO] [stdout]     /opt/rustwide/workdir/tests/depfile/single_crate_config/build/CMakeFiles/CMakeTmp/testCCompiler.c
[INFO] [stdout] 
[INFO] [stdout]   try_compile() works only for enabled languages.  Currently these are:
[INFO] [stdout] 
[INFO] [stdout]     C
[INFO] [stdout] 
[INFO] [stdout]   See project() command to enable other languages.
[INFO] [stdout] Call Stack (most recent call first):
[INFO] [stdout]   CMakeLists.txt:3 (project)
[INFO] [stdout] 
[INFO] [stdout] 
[INFO] [stdout] CMake Error at /usr/share/cmake-3.22/Modules/CMakeTestCCompiler.cmake:65 (file):
[INFO] [stdout]   file failed to open for writing (No such file or directory):
[INFO] [stdout] 
[INFO] [stdout]     /opt/rustwide/workdir/tests/depfile/single_crate_config/build/CMakeFiles/CMakeError.log
[INFO] [stdout] Call Stack (most recent call first):
[INFO] [stdout]   CMakeLists.txt:3 (project)
[INFO] [stdout] 
[INFO] [stdout] 
[INFO] [stdout] CMake Error at /usr/share/cmake-3.22/Modules/CMakeTestCCompiler.cmake:69 (message):
[INFO] [stdout]   The C compiler
[INFO] [stdout] 
[INFO] [stdout]     "/usr/bin/cc"
[INFO] [stdout] 
[INFO] [stdout]   is not able to compile a simple test program.
[INFO] [stdout] 
[INFO] [stdout]   It fails with the following output:
[INFO] [stdout] 
[INFO] [stdout]     
[INFO] [stdout] 
[INFO] [stdout]   
[INFO] [stdout] 
[INFO] [stdout]   CMake will not be able to correctly generate this project.
[INFO] [stdout] Call Stack (most recent call first):
[INFO] [stdout]   CMakeLists.txt:3 (project)
[INFO] [stdout] 
[INFO] [stdout] 
[INFO] [stdout] CMake Error: Cannot open file for write: /opt/rustwide/workdir/tests/depfile/single_crate_config/build/CMakeCache.txt.tmp2410a
[INFO] [stdout] CMake Error: : System Error: No such file or directory
[INFO] [stdout] CMake Error: Unable to open cache file for save. /opt/rustwide/workdir/tests/depfile/single_crate_config/build/CMakeCache.txt
[INFO] [stdout] CMake Error: : System Error: No such file or directory
[INFO] [stdout] `
[INFO] [stdout] stack backtrace:
[INFO] [stdout]    0:     0x652732f87d8a - std::backtrace_rs::backtrace::libunwind::trace::h5a5b8284f2d0c266
[INFO] [stdout]                                at /rustc/90b35a6239c3d8bdabc530a6a0816f7ff89a0aaf/library/std/src/../../backtrace/src/backtrace/libunwind.rs:116:5
[INFO] [stdout]    1:     0x652732f87d8a - std::backtrace_rs::backtrace::trace_unsynchronized::h76d4f1c9b0b875e3
[INFO] [stdout]                                at /rustc/90b35a6239c3d8bdabc530a6a0816f7ff89a0aaf/library/std/src/../../backtrace/src/backtrace/mod.rs:66:5
[INFO] [stdout]    2:     0x652732f87d8a - std::sys::backtrace::_print_fmt::hc4546b8364a537c6
[INFO] [stdout]                                at /rustc/90b35a6239c3d8bdabc530a6a0816f7ff89a0aaf/library/std/src/sys/backtrace.rs:66:9
[INFO] [stdout]    3:     0x652732f87d8a - <std::sys::backtrace::BacktraceLock::print::DisplayBacktrace as core::fmt::Display>::fmt::h5b6bd5631a6d1f6b
[INFO] [stdout]                                at /rustc/90b35a6239c3d8bdabc530a6a0816f7ff89a0aaf/library/std/src/sys/backtrace.rs:39:26
[INFO] [stdout]    4:     0x652732faddb3 - core::fmt::rt::Argument::fmt::h270f6602a2b96f62
[INFO] [stdout]                                at /rustc/90b35a6239c3d8bdabc530a6a0816f7ff89a0aaf/library/core/src/fmt/rt.rs:177:76
[INFO] [stdout]    5:     0x652732faddb3 - core::fmt::write::h7550c97b06c86515
[INFO] [stdout]                                at /rustc/90b35a6239c3d8bdabc530a6a0816f7ff89a0aaf/library/core/src/fmt/mod.rs:1186:21
[INFO] [stdout]    6:     0x652732f84db3 - std::io::Write::write_fmt::h509ff860e5956e5e
[INFO] [stdout]                                at /rustc/90b35a6239c3d8bdabc530a6a0816f7ff89a0aaf/library/std/src/io/mod.rs:1839:15
[INFO] [stdout]    7:     0x652732f87bd2 - std::sys::backtrace::BacktraceLock::print::h2395ccd2c84ba3aa
[INFO] [stdout]                                at /rustc/90b35a6239c3d8bdabc530a6a0816f7ff89a0aaf/library/std/src/sys/backtrace.rs:42:9
[INFO] [stdout]    8:     0x652732f891ea - std::panicking::default_hook::{{closure}}::he19d4c7230e07961
[INFO] [stdout]                                at /rustc/90b35a6239c3d8bdabc530a6a0816f7ff89a0aaf/library/std/src/panicking.rs:268:22
[INFO] [stdout]    9:     0x652732f88ff4 - std::panicking::default_hook::hf614597d3c67bbdb
[INFO] [stdout]                                at /rustc/90b35a6239c3d8bdabc530a6a0816f7ff89a0aaf/library/std/src/panicking.rs:292:9
[INFO] [stdout]   10:     0x652732f53ec9 - <alloc::boxed::Box<F,A> as core::ops::function::Fn<Args>>::call::h39b51ce4599c23d1
[INFO] [stdout]                                at /rustc/90b35a6239c3d8bdabc530a6a0816f7ff89a0aaf/library/alloc/src/boxed.rs:2468:9
[INFO] [stdout]   11:     0x652732f53ec9 - test::test_main::{{closure}}::he977ae839a582784
[INFO] [stdout]                                at /rustc/90b35a6239c3d8bdabc530a6a0816f7ff89a0aaf/library/test/src/lib.rs:133:21
[INFO] [stdout]   12:     0x652732f89888 - <alloc::boxed::Box<F,A> as core::ops::function::Fn<Args>>::call::h9455091b6b06f9fb
[INFO] [stdout]                                at /rustc/90b35a6239c3d8bdabc530a6a0816f7ff89a0aaf/library/alloc/src/boxed.rs:2468:9
[INFO] [stdout]   13:     0x652732f89888 - std::panicking::rust_panic_with_hook::h8942133a8b252070
[INFO] [stdout]                                at /rustc/90b35a6239c3d8bdabc530a6a0816f7ff89a0aaf/library/std/src/panicking.rs:809:13
[INFO] [stdout]   14:     0x652732f8964a - std::panicking::begin_panic_handler::{{closure}}::hb5f5963570096b29
[INFO] [stdout]                                at /rustc/90b35a6239c3d8bdabc530a6a0816f7ff89a0aaf/library/std/src/panicking.rs:674:13
[INFO] [stdout]   15:     0x652732f88269 - std::sys::backtrace::__rust_end_short_backtrace::h6208cedc1922feda
[INFO] [stdout]                                at /rustc/90b35a6239c3d8bdabc530a6a0816f7ff89a0aaf/library/std/src/sys/backtrace.rs:170:18
[INFO] [stdout]   16:     0x652732f892dc - rust_begin_unwind
[INFO] [stdout]                                at /rustc/90b35a6239c3d8bdabc530a6a0816f7ff89a0aaf/library/std/src/panicking.rs:665:5
[INFO] [stdout]   17:     0x652732f09b10 - core::panicking::panic_fmt::h0c3082644d1bf418
[INFO] [stdout]                                at /rustc/90b35a6239c3d8bdabc530a6a0816f7ff89a0aaf/library/core/src/panicking.rs:74:14
[INFO] [stdout]   18:     0x652732f112be - depfile::test_project::h0b99ec6416330aa9
[INFO] [stdout]                                at /opt/rustwide/workdir/tests/depfile.rs:31:5
[INFO] [stdout]   19:     0x652732f12562 - depfile::test_depfile_single_crate_config::h8b35b70322e5e09e
[INFO] [stdout]                                at /opt/rustwide/workdir/tests/depfile.rs:103:13
[INFO] [stdout]   20:     0x652732f12537 - depfile::test_depfile_single_crate_config::{{closure}}::hb6b9465bc30d4fd0
[INFO] [stdout]                                at /opt/rustwide/workdir/tests/depfile.rs:102:33
[INFO] [stdout]   21:     0x652732f16996 - core::ops::function::FnOnce::call_once::hebb91510fb9ea38a
[INFO] [stdout]                                at /rustc/90b35a6239c3d8bdabc530a6a0816f7ff89a0aaf/library/core/src/ops/function.rs:250:5
[INFO] [stdout]   22:     0x652732f5888b - core::ops::function::FnOnce::call_once::h109cf8051a59b34e
[INFO] [stdout]                                at /rustc/90b35a6239c3d8bdabc530a6a0816f7ff89a0aaf/library/core/src/ops/function.rs:250:5
[INFO] [stdout]   23:     0x652732f5888b - test::__rust_begin_short_backtrace::hf4fff89d377446ba
[INFO] [stdout]                                at /rustc/90b35a6239c3d8bdabc530a6a0816f7ff89a0aaf/library/test/src/lib.rs:621:18
[INFO] [stdout]   24:     0x652732f580c7 - test::run_test_in_process::{{closure}}::h0e39181dd7ee5a43
[INFO] [stdout]                                at /rustc/90b35a6239c3d8bdabc530a6a0816f7ff89a0aaf/library/test/src/lib.rs:644:60
[INFO] [stdout]   25:     0x652732f580c7 - <core::panic::unwind_safe::AssertUnwindSafe<F> as core::ops::function::FnOnce<()>>::call_once::hc5a66a30f0bdfd1f
[INFO] [stdout]                                at /rustc/90b35a6239c3d8bdabc530a6a0816f7ff89a0aaf/library/core/src/panic/unwind_safe.rs:272:9
[INFO] [stdout]   26:     0x652732f580c7 - std::panicking::try::do_call::h873b7cf639554a5e
[INFO] [stdout]                                at /rustc/90b35a6239c3d8bdabc530a6a0816f7ff89a0aaf/library/std/src/panicking.rs:557:40
[INFO] [stdout]   27:     0x652732f580c7 - std::panicking::try::hdb19862fad9c8bd1
[INFO] [stdout]                                at /rustc/90b35a6239c3d8bdabc530a6a0816f7ff89a0aaf/library/std/src/panicking.rs:520:19
[INFO] [stdout]   28:     0x652732f580c7 - std::panic::catch_unwind::h281fe732d236d260
[INFO] [stdout]                                at /rustc/90b35a6239c3d8bdabc530a6a0816f7ff89a0aaf/library/std/src/panic.rs:358:14
[INFO] [stdout]   29:     0x652732f580c7 - test::run_test_in_process::h949b6df8457ed338
[INFO] [stdout]                                at /rustc/90b35a6239c3d8bdabc530a6a0816f7ff89a0aaf/library/test/src/lib.rs:644:27
[INFO] [stdout]   30:     0x652732f580c7 - test::run_test::{{closure}}::h52c556a6d4740e10
[INFO] [stdout]                                at /rustc/90b35a6239c3d8bdabc530a6a0816f7ff89a0aaf/library/test/src/lib.rs:565:43
[INFO] [stdout]   31:     0x652732f1d3a4 - test::run_test::{{closure}}::h4237f6381c45ccb9
[INFO] [stdout]                                at /rustc/90b35a6239c3d8bdabc530a6a0816f7ff89a0aaf/library/test/src/lib.rs:595:41
[INFO] [stdout]   32:     0x652732f1d3a4 - std::sys::backtrace::__rust_begin_short_backtrace::h505c97a579eca628
[INFO] [stdout]                                at /rustc/90b35a6239c3d8bdabc530a6a0816f7ff89a0aaf/library/std/src/sys/backtrace.rs:154:18
[INFO] [stdout]   33:     0x652732f20a6e - std::thread::Builder::spawn_unchecked_::{{closure}}::{{closure}}::h9e86b2e2bc107ea3
[INFO] [stdout]                                at /rustc/90b35a6239c3d8bdabc530a6a0816f7ff89a0aaf/library/std/src/thread/mod.rs:538:17
[INFO] [stdout]   34:     0x652732f20a6e - <core::panic::unwind_safe::AssertUnwindSafe<F> as core::ops::function::FnOnce<()>>::call_once::h8b06ddb275ff4a25
[INFO] [stdout]                                at /rustc/90b35a6239c3d8bdabc530a6a0816f7ff89a0aaf/library/core/src/panic/unwind_safe.rs:272:9
[INFO] [stdout]   35:     0x652732f20a6e - std::panicking::try::do_call::hb26ecd7cd9a9355d
[INFO] [stdout]                                at /rustc/90b35a6239c3d8bdabc530a6a0816f7ff89a0aaf/library/std/src/panicking.rs:557:40
[INFO] [stdout]   36:     0x652732f20a6e - std::panicking::try::h8ddeca9d705f9069
[INFO] [stdout]                                at /rustc/90b35a6239c3d8bdabc530a6a0816f7ff89a0aaf/library/std/src/panicking.rs:520:19
[INFO] [stdout]   37:     0x652732f20a6e - std::panic::catch_unwind::h49e1c33078844c46
[INFO] [stdout]                                at /rustc/90b35a6239c3d8bdabc530a6a0816f7ff89a0aaf/library/std/src/panic.rs:358:14
[INFO] [stdout]   38:     0x652732f20a6e - std::thread::Builder::spawn_unchecked_::{{closure}}::h6073db6ff56ad35d
[INFO] [stdout]                                at /rustc/90b35a6239c3d8bdabc530a6a0816f7ff89a0aaf/library/std/src/thread/mod.rs:537:30
[INFO] [stdout]   39:     0x652732f20a6e - core::ops::function::FnOnce::call_once{{vtable.shim}}::h2c5a5f3779c774f1
[INFO] [stdout]                                at /rustc/90b35a6239c3d8bdabc530a6a0816f7ff89a0aaf/library/core/src/ops/function.rs:250:5
[INFO] [stdout]   40:     0x652732f8e09b - <alloc::boxed::Box<F,A> as core::ops::function::FnOnce<Args>>::call_once::hf75717d9f28faebf
[INFO] [stdout]                                at /rustc/90b35a6239c3d8bdabc530a6a0816f7ff89a0aaf/library/alloc/src/boxed.rs:2454:9
[INFO] [stdout]   41:     0x652732f8e09b - <alloc::boxed::Box<F,A> as core::ops::function::FnOnce<Args>>::call_once::h7bd883a5f3c5f3c1
[INFO] [stdout]                                at /rustc/90b35a6239c3d8bdabc530a6a0816f7ff89a0aaf/library/alloc/src/boxed.rs:2454:9
[INFO] [stdout]   42:     0x652732f8e09b - std::sys::pal::unix::thread::Thread::new::thread_start::hcc78f3943333fa94
[INFO] [stdout]                                at /rustc/90b35a6239c3d8bdabc530a6a0816f7ff89a0aaf/library/std/src/sys/pal/unix/thread.rs:105:17
[INFO] [stdout]   43:     0x79043423eac3 - <unknown>
[INFO] [stdout]   44:     0x7904342cfa04 - clone
[INFO] [stdout]   45:                0x0 - <unknown>
[INFO] [stdout] 
[INFO] [stdout] ---- test_depfile_single_crate_default_config stdout ----
[INFO] [stdout] thread 'test_depfile_single_crate_default_config' panicked at tests/depfile.rs:31:5:
[INFO] [stdout] Configuring test project failed: stdout: `-- The C compiler identification is unknown
[INFO] [stdout] -- Detecting C compiler ABI info
[INFO] [stdout] -- Detecting C compiler ABI info - failed
[INFO] [stdout] -- Check for working C compiler: /usr/bin/cc
[INFO] [stdout] -- Check for working C compiler: /usr/bin/cc - broken
[INFO] [stdout] -- Configuring incomplete, errors occurred!
[INFO] [stdout] `, stderr: `CMake Error at /usr/share/cmake-3.22/Modules/CMakeDetermineSystem.cmake:181 (file):
[INFO] [stdout]   file failed to open for writing (No such file or directory):
[INFO] [stdout] 
[INFO] [stdout]     /opt/rustwide/workdir/tests/depfile/single_crate_default_config/build/CMakeFiles/CMakeOutput.log
[INFO] [stdout] Call Stack (most recent call first):
[INFO] [stdout]   CMakeLists.txt:3 (project)
[INFO] [stdout] 
[INFO] [stdout] 
[INFO] [stdout] CMake Error: Could not open file for write in copy operation /opt/rustwide/workdir/tests/depfile/single_crate_default_config/build/CMakeFiles/3.22.1/CMakeSystem.cmake.tmp
[INFO] [stdout] CMake Error: : System Error: No such file or directory
[INFO] [stdout] CMake Error at /usr/share/cmake-3.22/Modules/CMakeDetermineSystem.cmake:193 (configure_file):
[INFO] [stdout]   configure_file Problem configuring file
[INFO] [stdout] Call Stack (most recent call first):
[INFO] [stdout]   CMakeLists.txt:3 (project)
[INFO] [stdout] 
[INFO] [stdout] 
[INFO] [stdout] CMake Error at /usr/share/cmake-3.22/Modules/CMakeDetermineCompilerId.cmake:300 (file):
[INFO] [stdout]   file problem creating directory:
[INFO] [stdout]   /opt/rustwide/workdir/tests/depfile/single_crate_default_config/build/CMakeFiles/3.22.1/CompilerIdC
[INFO] [stdout] Call Stack (most recent call first):
[INFO] [stdout]   /usr/share/cmake-3.22/Modules/CMakeDetermineCompilerId.cmake:6 (CMAKE_DETERMINE_COMPILER_ID_BUILD)
[INFO] [stdout]   /usr/share/cmake-3.22/Modules/CMakeDetermineCompilerId.cmake:59 (__determine_compiler_id_test)
[INFO] [stdout]   /usr/share/cmake-3.22/Modules/CMakeDetermineCCompiler.cmake:123 (CMAKE_DETERMINE_COMPILER_ID)
[INFO] [stdout]   CMakeLists.txt:3 (project)
[INFO] [stdout] 
[INFO] [stdout] 
[INFO] [stdout] CMake Error at /usr/share/cmake-3.22/Modules/CMakeDetermineCompilerId.cmake:300 (file):
[INFO] [stdout]   file problem creating directory:
[INFO] [stdout]   /opt/rustwide/workdir/tests/depfile/single_crate_default_config/build/CMakeFiles/3.22.1/CompilerIdC
[INFO] [stdout] Call Stack (most recent call first):
[INFO] [stdout]   /usr/share/cmake-3.22/Modules/CMakeDetermineCompilerId.cmake:6 (CMAKE_DETERMINE_COMPILER_ID_BUILD)
[INFO] [stdout]   /usr/share/cmake-3.22/Modules/CMakeDetermineCompilerId.cmake:59 (__determine_compiler_id_test)
[INFO] [stdout]   /usr/share/cmake-3.22/Modules/CMakeDetermineCCompiler.cmake:123 (CMAKE_DETERMINE_COMPILER_ID)
[INFO] [stdout]   CMakeLists.txt:3 (project)
[INFO] [stdout] 
[INFO] [stdout] 
[INFO] [stdout] CMake Error at /usr/share/cmake-3.22/Modules/CMakeDetermineCompilerId.cmake:300 (file):
[INFO] [stdout]   file problem creating directory:
[INFO] [stdout]   /opt/rustwide/workdir/tests/depfile/single_crate_default_config/build/CMakeFiles/3.22.1/CompilerIdC
[INFO] [stdout] Call Stack (most recent call first):
[INFO] [stdout]   /usr/share/cmake-3.22/Modules/CMakeDetermineCompilerId.cmake:6 (CMAKE_DETERMINE_COMPILER_ID_BUILD)
[INFO] [stdout]   /usr/share/cmake-3.22/Modules/CMakeDetermineCompilerId.cmake:59 (__determine_compiler_id_test)
[INFO] [stdout]   /usr/share/cmake-3.22/Modules/CMakeDetermineCCompiler.cmake:123 (CMAKE_DETERMINE_COMPILER_ID)
[INFO] [stdout]   CMakeLists.txt:3 (project)
[INFO] [stdout] 
[INFO] [stdout] 
[INFO] [stdout] CMake Error at /usr/share/cmake-3.22/Modules/CMakeDetermineCompilerId.cmake:300 (file):
[INFO] [stdout]   file problem creating directory:
[INFO] [stdout]   /opt/rustwide/workdir/tests/depfile/single_crate_default_config/build/CMakeFiles/3.22.1/CompilerIdC
[INFO] [stdout] Call Stack (most recent call first):
[INFO] [stdout]   /usr/share/cmake-3.22/Modules/CMakeDetermineCompilerId.cmake:6 (CMAKE_DETERMINE_COMPILER_ID_BUILD)
[INFO] [stdout]   /usr/share/cmake-3.22/Modules/CMakeDetermineCompilerId.cmake:59 (__determine_compiler_id_test)
[INFO] [stdout]   /usr/share/cmake-3.22/Modules/CMakeDetermineCCompiler.cmake:123 (CMAKE_DETERMINE_COMPILER_ID)
[INFO] [stdout]   CMakeLists.txt:3 (project)
[INFO] [stdout] 
[INFO] [stdout] 
[INFO] [stdout] CMake Error at /usr/share/cmake-3.22/Modules/CMakeDetermineCompilerId.cmake:300 (file):
[INFO] [stdout]   file problem creating directory:
[INFO] [stdout]   /opt/rustwide/workdir/tests/depfile/single_crate_default_config/build/CMakeFiles/3.22.1/CompilerIdC
[INFO] [stdout] Call Stack (most recent call first):
[INFO] [stdout]   /usr/share/cmake-3.22/Modules/CMakeDetermineCompilerId.cmake:6 (CMAKE_DETERMINE_COMPILER_ID_BUILD)
[INFO] [stdout]   /usr/share/cmake-3.22/Modules/CMakeDetermineCompilerId.cmake:59 (__determine_compiler_id_test)
[INFO] [stdout]   /usr/share/cmake-3.22/Modules/CMakeDetermineCCompiler.cmake:123 (CMAKE_DETERMINE_COMPILER_ID)
[INFO] [stdout]   CMakeLists.txt:3 (project)
[INFO] [stdout] 
[INFO] [stdout] 
[INFO] [stdout] CMake Error at /usr/share/cmake-3.22/Modules/CMakeDetermineCompilerId.cmake:300 (file):
[INFO] [stdout]   file problem creating directory:
[INFO] [stdout]   /opt/rustwide/workdir/tests/depfile/single_crate_default_config/build/CMakeFiles/3.22.1/CompilerIdC
[INFO] [stdout] Call Stack (most recent call first):
[INFO] [stdout]   /usr/share/cmake-3.22/Modules/CMakeDetermineCompilerId.cmake:6 (CMAKE_DETERMINE_COMPILER_ID_BUILD)
[INFO] [stdout]   /usr/share/cmake-3.22/Modules/CMakeDetermineCompilerId.cmake:59 (__determine_compiler_id_test)
[INFO] [stdout]   /usr/share/cmake-3.22/Modules/CMakeDetermineCCompiler.cmake:123 (CMAKE_DETERMINE_COMPILER_ID)
[INFO] [stdout]   CMakeLists.txt:3 (project)
[INFO] [stdout] 
[INFO] [stdout] 
[INFO] [stdout] CMake Error at /usr/share/cmake-3.22/Modules/CMakeDetermineCompilerId.cmake:300 (file):
[INFO] [stdout]   file problem creating directory:
[INFO] [stdout]   /opt/rustwide/workdir/tests/depfile/single_crate_default_config/build/CMakeFiles/3.22.1/CompilerIdC
[INFO] [stdout] Call Stack (most recent call first):
[INFO] [stdout]   /usr/share/cmake-3.22/Modules/CMakeDetermineCompilerId.cmake:6 (CMAKE_DETERMINE_COMPILER_ID_BUILD)
[INFO] [stdout]   /usr/share/cmake-3.22/Modules/CMakeDetermineCompilerId.cmake:59 (__determine_compiler_id_test)
[INFO] [stdout]   /usr/share/cmake-3.22/Modules/CMakeDetermineCCompiler.cmake:123 (CMAKE_DETERMINE_COMPILER_ID)
[INFO] [stdout]   CMakeLists.txt:3 (project)
[INFO] [stdout] 
[INFO] [stdout] 
[INFO] [stdout] CMake Error at /usr/share/cmake-3.22/Modules/CMakeDetermineCompilerId.cmake:300 (file):
[INFO] [stdout]   file problem creating directory:
[INFO] [stdout]   /opt/rustwide/workdir/tests/depfile/single_crate_default_config/build/CMakeFiles/3.22.1/CompilerIdC
[INFO] [stdout] Call Stack (most recent call first):
[INFO] [stdout]   /usr/share/cmake-3.22/Modules/CMakeDetermineCompilerId.cmake:6 (CMAKE_DETERMINE_COMPILER_ID_BUILD)
[INFO] [stdout]   /usr/share/cmake-3.22/Modules/CMakeDetermineCompilerId.cmake:59 (__determine_compiler_id_test)
[INFO] [stdout]   /usr/share/cmake-3.22/Modules/CMakeDetermineCCompiler.cmake:123 (CMAKE_DETERMINE_COMPILER_ID)
[INFO] [stdout]   CMakeLists.txt:3 (project)
[INFO] [stdout] 
[INFO] [stdout] 
[INFO] [stdout] CMake Error at /usr/share/cmake-3.22/Modules/CMakeDetermineCompilerId.cmake:300 (file):
[INFO] [stdout]   file problem creating directory:
[INFO] [stdout]   /opt/rustwide/workdir/tests/depfile/single_crate_default_config/build/CMakeFiles/3.22.1/CompilerIdC
[INFO] [stdout] Call Stack (most recent call first):
[INFO] [stdout]   /usr/share/cmake-3.22/Modules/CMakeDetermineCompilerId.cmake:6 (CMAKE_DETERMINE_COMPILER_ID_BUILD)
[INFO] [stdout]   /usr/share/cmake-3.22/Modules/CMakeDetermineCompilerId.cmake:59 (__determine_compiler_id_test)
[INFO] [stdout]   /usr/share/cmake-3.22/Modules/CMakeDetermineCCompiler.cmake:123 (CMAKE_DETERMINE_COMPILER_ID)
[INFO] [stdout]   CMakeLists.txt:3 (project)
[INFO] [stdout] 
[INFO] [stdout] 
[INFO] [stdout] CMake Error at /usr/share/cmake-3.22/Modules/CMakeDetermineCompilerId.cmake:300 (file):
[INFO] [stdout]   file problem creating directory:
[INFO] [stdout]   /opt/rustwide/workdir/tests/depfile/single_crate_default_config/build/CMakeFiles/3.22.1/CompilerIdC
[INFO] [stdout] Call Stack (most recent call first):
[INFO] [stdout]   /usr/share/cmake-3.22/Modules/CMakeDetermineCompilerId.cmake:6 (CMAKE_DETERMINE_COMPILER_ID_BUILD)
[INFO] [stdout]   /usr/share/cmake-3.22/Modules/CMakeDetermineCompilerId.cmake:59 (__determine_compiler_id_test)
[INFO] [stdout]   /usr/share/cmake-3.22/Modules/CMakeDetermineCCompiler.cmake:123 (CMAKE_DETERMINE_COMPILER_ID)
[INFO] [stdout]   CMakeLists.txt:3 (project)
[INFO] [stdout] 
[INFO] [stdout] 
[INFO] [stdout] CMake Error at /usr/share/cmake-3.22/Modules/CMakeDetermineCompilerId.cmake:300 (file):
[INFO] [stdout]   file problem creating directory:
[INFO] [stdout]   /opt/rustwide/workdir/tests/depfile/single_crate_default_config/build/CMakeFiles/3.22.1/CompilerIdC
[INFO] [stdout] Call Stack (most recent call first):
[INFO] [stdout]   /usr/share/cmake-3.22/Modules/CMakeDetermineCompilerId.cmake:6 (CMAKE_DETERMINE_COMPILER_ID_BUILD)
[INFO] [stdout]   /usr/share/cmake-3.22/Modules/CMakeDetermineCompilerId.cmake:59 (__determine_compiler_id_test)
[INFO] [stdout]   /usr/share/cmake-3.22/Modules/CMakeDetermineCCompiler.cmake:123 (CMAKE_DETERMINE_COMPILER_ID)
[INFO] [stdout]   CMakeLists.txt:3 (project)
[INFO] [stdout] 
[INFO] [stdout] 
[INFO] [stdout] CMake Error at /usr/share/cmake-3.22/Modules/CMakeDetermineCompilerId.cmake:300 (file):
[INFO] [stdout]   file problem creating directory:
[INFO] [stdout]   /opt/rustwide/workdir/tests/depfile/single_crate_default_config/build/CMakeFiles/3.22.1/CompilerIdC
[INFO] [stdout] Call Stack (most recent call first):
[INFO] [stdout]   /usr/share/cmake-3.22/Modules/CMakeDetermineCompilerId.cmake:6 (CMAKE_DETERMINE_COMPILER_ID_BUILD)
[INFO] [stdout]   /usr/share/cmake-3.22/Modules/CMakeDetermineCompilerId.cmake:59 (__determine_compiler_id_test)
[INFO] [stdout]   /usr/share/cmake-3.22/Modules/CMakeDetermineCCompiler.cmake:123 (CMAKE_DETERMINE_COMPILER_ID)
[INFO] [stdout]   CMakeLists.txt:3 (project)
[INFO] [stdout] 
[INFO] [stdout] 
[INFO] [stdout] CMake Error at /usr/share/cmake-3.22/Modules/CMakeDetermineCompilerId.cmake:1075 (file):
[INFO] [stdout]   file failed to open for writing (No such file or directory):
[INFO] [stdout] 
[INFO] [stdout]     /opt/rustwide/workdir/tests/depfile/single_crate_default_config/build/CMakeFiles/CMakeError.log
[INFO] [stdout] Call Stack (most recent call first):
[INFO] [stdout]   /usr/share/cmake-3.22/Modules/CMakeDetermineCompilerId.cmake:81 (CMAKE_DETERMINE_COMPILER_ID_VENDOR)
[INFO] [stdout]   /usr/share/cmake-3.22/Modules/CMakeDetermineCCompiler.cmake:123 (CMAKE_DETERMINE_COMPILER_ID)
[INFO] [stdout]   CMakeLists.txt:3 (project)
[INFO] [stdout] 
[INFO] [stdout] 
[INFO] [stdout] CMake Error at /usr/share/cmake-3.22/Modules/CMakeDetermineCompilerId.cmake:1075 (file):
[INFO] [stdout]   file failed to open for writing (No such file or directory):
[INFO] [stdout] 
[INFO] [stdout]     /opt/rustwide/workdir/tests/depfile/single_crate_default_config/build/CMakeFiles/CMakeError.log
[INFO] [stdout] Call Stack (most recent call first):
[INFO] [stdout]   /usr/share/cmake-3.22/Modules/CMakeDetermineCompilerId.cmake:81 (CMAKE_DETERMINE_COMPILER_ID_VENDOR)
[INFO] [stdout]   /usr/share/cmake-3.22/Modules/CMakeDetermineCCompiler.cmake:123 (CMAKE_DETERMINE_COMPILER_ID)
[INFO] [stdout]   CMakeLists.txt:3 (project)
[INFO] [stdout] 
[INFO] [stdout] 
[INFO] [stdout] CMake Error: Could not open file for write in copy operation /opt/rustwide/workdir/tests/depfile/single_crate_default_config/build/CMakeFiles/3.22.1/CMakeCCompiler.cmake.tmp
[INFO] [stdout] CMake Error: : System Error: No such file or directory
[INFO] [stdout] CMake Error at /usr/share/cmake-3.22/Modules/CMakeDetermineCCompiler.cmake:226 (configure_file):
[INFO] [stdout]   configure_file Problem configuring file
[INFO] [stdout] Call Stack (most recent call first):
[INFO] [stdout]   CMakeLists.txt:3 (project)
[INFO] [stdout] 
[INFO] [stdout] 
[INFO] [stdout] CMake Error: Could not find cmake module file: /opt/rustwide/workdir/tests/depfile/single_crate_default_config/build/CMakeFiles/3.22.1/CMakeCCompiler.cmake
[INFO] [stdout] CMake Error at /usr/share/cmake-3.22/Modules/CMakeDetermineCompilerABI.cmake:49 (try_compile):
[INFO] [stdout]   Unknown extension ".c" for file
[INFO] [stdout] 
[INFO] [stdout]     /usr/share/cmake-3.22/Modules/CMakeCCompilerABI.c
[INFO] [stdout] 
[INFO] [stdout]   try_compile() works only for enabled languages.  Currently these are:
[INFO] [stdout] 
[INFO] [stdout]     C
[INFO] [stdout] 
[INFO] [stdout]   See project() command to enable other languages.
[INFO] [stdout] Call Stack (most recent call first):
[INFO] [stdout]   /usr/share/cmake-3.22/Modules/CMakeTestCCompiler.cmake:26 (CMAKE_DETERMINE_COMPILER_ABI)
[INFO] [stdout]   CMakeLists.txt:3 (project)
[INFO] [stdout] 
[INFO] [stdout] 
[INFO] [stdout] CMake Error at /usr/share/cmake-3.22/Modules/CMakeDetermineCompilerABI.cmake:188 (file):
[INFO] [stdout]   file failed to open for writing (No such file or directory):
[INFO] [stdout] 
[INFO] [stdout]     /opt/rustwide/workdir/tests/depfile/single_crate_default_config/build/CMakeFiles/CMakeError.log
[INFO] [stdout] Call Stack (most recent call first):
[INFO] [stdout]   /usr/share/cmake-3.22/Modules/CMakeTestCCompiler.cmake:26 (CMAKE_DETERMINE_COMPILER_ABI)
[INFO] [stdout]   CMakeLists.txt:3 (project)
[INFO] [stdout] 
[INFO] [stdout] 
[INFO] [stdout] CMake Error at /usr/share/cmake-3.22/Modules/CMakeTestCCompiler.cmake:41 (file):
[INFO] [stdout]   file failed to open for writing (No such file or directory):
[INFO] [stdout] 
[INFO] [stdout]     /opt/rustwide/workdir/tests/depfile/single_crate_default_config/build/CMakeFiles/CMakeTmp/testCCompiler.c
[INFO] [stdout] Call Stack (most recent call first):
[INFO] [stdout]   CMakeLists.txt:3 (project)
[INFO] [stdout] 
[INFO] [stdout] 
[INFO] [stdout] CMake Error at /usr/share/cmake-3.22/Modules/CMakeTestCCompiler.cmake:56 (try_compile):
[INFO] [stdout]   Unknown extension ".c" for file
[INFO] [stdout] 
[INFO] [stdout]     /opt/rustwide/workdir/tests/depfile/single_crate_default_config/build/CMakeFiles/CMakeTmp/testCCompiler.c
[INFO] [stdout] 
[INFO] [stdout]   try_compile() works only for enabled languages.  Currently these are:
[INFO] [stdout] 
[INFO] [stdout]     C
[INFO] [stdout] 
[INFO] [stdout]   See project() command to enable other languages.
[INFO] [stdout] Call Stack (most recent call first):
[INFO] [stdout]   CMakeLists.txt:3 (project)
[INFO] [stdout] 
[INFO] [stdout] 
[INFO] [stdout] CMake Error at /usr/share/cmake-3.22/Modules/CMakeTestCCompiler.cmake:65 (file):
[INFO] [stdout]   file failed to open for writing (No such file or directory):
[INFO] [stdout] 
[INFO] [stdout]     /opt/rustwide/workdir/tests/depfile/single_crate_default_config/build/CMakeFiles/CMakeError.log
[INFO] [stdout] Call Stack (most recent call first):
[INFO] [stdout]   CMakeLists.txt:3 (project)
[INFO] [stdout] 
[INFO] [stdout] 
[INFO] [stdout] CMake Error at /usr/share/cmake-3.22/Modules/CMakeTestCCompiler.cmake:69 (message):
[INFO] [stdout]   The C compiler
[INFO] [stdout] 
[INFO] [stdout]     "/usr/bin/cc"
[INFO] [stdout] 
[INFO] [stdout]   is not able to compile a simple test program.
[INFO] [stdout] 
[INFO] [stdout]   It fails with the following output:
[INFO] [stdout] 
[INFO] [stdout]     
[INFO] [stdout] 
[INFO] [stdout]   
[INFO] [stdout] 
[INFO] [stdout]   CMake will not be able to correctly generate this project.
[INFO] [stdout] Call Stack (most recent call first):
[INFO] [stdout]   CMakeLists.txt:3 (project)
[INFO] [stdout] 
[INFO] [stdout] 
[INFO] [stdout] CMake Error: Cannot open file for write: /opt/rustwide/workdir/tests/depfile/single_crate_default_config/build/CMakeCache.txt.tmp004a7
[INFO] [stdout] CMake Error: : System Error: No such file or directory
[INFO] [stdout] CMake Error: Unable to open cache file for save. /opt/rustwide/workdir/tests/depfile/single_crate_default_config/build/CMakeCache.txt
[INFO] [stdout] CMake Error: : System Error: No such file or directory
[INFO] [stdout] `
[INFO] [stdout] stack backtrace:
[INFO] [stdout]    0:     0x652732f87d8a - std::backtrace_rs::backtrace::libunwind::trace::h5a5b8284f2d0c266
[INFO] [stdout]                                at /rustc/90b35a6239c3d8bdabc530a6a0816f7ff89a0aaf/library/std/src/../../backtrace/src/backtrace/libunwind.rs:116:5
[INFO] [stdout]    1:     0x652732f87d8a - std::backtrace_rs::backtrace::trace_unsynchronized::h76d4f1c9b0b875e3
[INFO] [stdout]                                at /rustc/90b35a6239c3d8bdabc530a6a0816f7ff89a0aaf/library/std/src/../../backtrace/src/backtrace/mod.rs:66:5
[INFO] [stdout]    2:     0x652732f87d8a - std::sys::backtrace::_print_fmt::hc4546b8364a537c6
[INFO] [stdout]                                at /rustc/90b35a6239c3d8bdabc530a6a0816f7ff89a0aaf/library/std/src/sys/backtrace.rs:66:9
[INFO] [stdout]    3:     0x652732f87d8a - <std::sys::backtrace::BacktraceLock::print::DisplayBacktrace as core::fmt::Display>::fmt::h5b6bd5631a6d1f6b
[INFO] [stdout]                                at /rustc/90b35a6239c3d8bdabc530a6a0816f7ff89a0aaf/library/std/src/sys/backtrace.rs:39:26
[INFO] [stdout]    4:     0x652732faddb3 - core::fmt::rt::Argument::fmt::h270f6602a2b96f62
[INFO] [stdout]                                at /rustc/90b35a6239c3d8bdabc530a6a0816f7ff89a0aaf/library/core/src/fmt/rt.rs:177:76
[INFO] [stdout]    5:     0x652732faddb3 - core::fmt::write::h7550c97b06c86515
[INFO] [stdout]                                at /rustc/90b35a6239c3d8bdabc530a6a0816f7ff89a0aaf/library/core/src/fmt/mod.rs:1186:21
[INFO] [stdout]    6:     0x652732f84db3 - std::io::Write::write_fmt::h509ff860e5956e5e
[INFO] [stdout]                                at /rustc/90b35a6239c3d8bdabc530a6a0816f7ff89a0aaf/library/std/src/io/mod.rs:1839:15
[INFO] [stdout]    7:     0x652732f87bd2 - std::sys::backtrace::BacktraceLock::print::h2395ccd2c84ba3aa
[INFO] [stdout]                                at /rustc/90b35a6239c3d8bdabc530a6a0816f7ff89a0aaf/library/std/src/sys/backtrace.rs:42:9
[INFO] [stdout]    8:     0x652732f891ea - std::panicking::default_hook::{{closure}}::he19d4c7230e07961
[INFO] [stdout]                                at /rustc/90b35a6239c3d8bdabc530a6a0816f7ff89a0aaf/library/std/src/panicking.rs:268:22
[INFO] [stdout]    9:     0x652732f88ff4 - std::panicking::default_hook::hf614597d3c67bbdb
[INFO] [stdout]                                at /rustc/90b35a6239c3d8bdabc530a6a0816f7ff89a0aaf/library/std/src/panicking.rs:292:9
[INFO] [stdout]   10:     0x652732f53ec9 - <alloc::boxed::Box<F,A> as core::ops::function::Fn<Args>>::call::h39b51ce4599c23d1
[INFO] [stdout]                                at /rustc/90b35a6239c3d8bdabc530a6a0816f7ff89a0aaf/library/alloc/src/boxed.rs:2468:9
[INFO] [stdout]   11:     0x652732f53ec9 - test::test_main::{{closure}}::he977ae839a582784
[INFO] [stdout]                                at /rustc/90b35a6239c3d8bdabc530a6a0816f7ff89a0aaf/library/test/src/lib.rs:133:21
[INFO] [stdout]   12:     0x652732f89888 - <alloc::boxed::Box<F,A> as core::ops::function::Fn<Args>>::call::h9455091b6b06f9fb
[INFO] [stdout]                                at /rustc/90b35a6239c3d8bdabc530a6a0816f7ff89a0aaf/library/alloc/src/boxed.rs:2468:9
[INFO] [stdout]   13:     0x652732f89888 - std::panicking::rust_panic_with_hook::h8942133a8b252070
[INFO] [stdout]                                at /rustc/90b35a6239c3d8bdabc530a6a0816f7ff89a0aaf/library/std/src/panicking.rs:809:13
[INFO] [stdout]   14:     0x652732f8964a - std::panicking::begin_panic_handler::{{closure}}::hb5f5963570096b29
[INFO] [stdout]                                at /rustc/90b35a6239c3d8bdabc530a6a0816f7ff89a0aaf/library/std/src/panicking.rs:674:13
[INFO] [stdout]   15:     0x652732f88269 - std::sys::backtrace::__rust_end_short_backtrace::h6208cedc1922feda
[INFO] [stdout]                                at /rustc/90b35a6239c3d8bdabc530a6a0816f7ff89a0aaf/library/std/src/sys/backtrace.rs:170:18
[INFO] [stdout]   16:     0x652732f892dc - rust_begin_unwind
[INFO] [stdout]                                at /rustc/90b35a6239c3d8bdabc530a6a0816f7ff89a0aaf/library/std/src/panicking.rs:665:5
[INFO] [stdout]   17:     0x652732f09b10 - core::panicking::panic_fmt::h0c3082644d1bf418
[INFO] [stdout]                                at /rustc/90b35a6239c3d8bdabc530a6a0816f7ff89a0aaf/library/core/src/panicking.rs:74:14
[INFO] [stdout]   18:     0x652732f112be - depfile::test_project::h0b99ec6416330aa9
[INFO] [stdout]                                at /opt/rustwide/workdir/tests/depfile.rs:31:5
[INFO] [stdout]   19:     0x652732f12512 - depfile::test_depfile_single_crate_default_config::h8d61cb778aa9dcfb
[INFO] [stdout]                                at /opt/rustwide/workdir/tests/depfile.rs:103:13
[INFO] [stdout]   20:     0x652732f124e7 - depfile::test_depfile_single_crate_default_config::{{closure}}::h2edf5198b3e3d36a
[INFO] [stdout]                                at /opt/rustwide/workdir/tests/depfile.rs:102:33
[INFO] [stdout]   21:     0x652732f168a6 - core::ops::function::FnOnce::call_once::h61765463f895276b
[INFO] [stdout]                                at /rustc/90b35a6239c3d8bdabc530a6a0816f7ff89a0aaf/library/core/src/ops/function.rs:250:5
[INFO] [stdout]   22:     0x652732f5888b - core::ops::function::FnOnce::call_once::h109cf8051a59b34e
[INFO] [stdout]                                at /rustc/90b35a6239c3d8bdabc530a6a0816f7ff89a0aaf/library/core/src/ops/function.rs:250:5
[INFO] [stdout]   23:     0x652732f5888b - test::__rust_begin_short_backtrace::hf4fff89d377446ba
[INFO] [stdout]                                at /rustc/90b35a6239c3d8bdabc530a6a0816f7ff89a0aaf/library/test/src/lib.rs:621:18
[INFO] [stdout]   24:     0x652732f580c7 - test::run_test_in_process::{{closure}}::h0e39181dd7ee5a43
[INFO] [stdout]                                at /rustc/90b35a6239c3d8bdabc530a6a0816f7ff89a0aaf/library/test/src/lib.rs:644:60
[INFO] [stdout]   25:     0x652732f580c7 - <core::panic::unwind_safe::AssertUnwindSafe<F> as core::ops::function::FnOnce<()>>::call_once::hc5a66a30f0bdfd1f
[INFO] [stdout]                                at /rustc/90b35a6239c3d8bdabc530a6a0816f7ff89a0aaf/library/core/src/panic/unwind_safe.rs:272:9
[INFO] [stdout]   26:     0x652732f580c7 - std::panicking::try::do_call::h873b7cf639554a5e
[INFO] [stdout]                                at /rustc/90b35a6239c3d8bdabc530a6a0816f7ff89a0aaf/library/std/src/panicking.rs:557:40
[INFO] [stdout]   27:     0x652732f580c7 - std::panicking::try::hdb19862fad9c8bd1
[INFO] [stdout]                                at /rustc/90b35a6239c3d8bdabc530a6a0816f7ff89a0aaf/library/std/src/panicking.rs:520:19
[INFO] [stdout]   28:     0x652732f580c7 - std::panic::catch_unwind::h281fe732d236d260
[INFO] [stdout]                                at /rustc/90b35a6239c3d8bdabc530a6a0816f7ff89a0aaf/library/std/src/panic.rs:358:14
[INFO] [stdout]   29:     0x652732f580c7 - test::run_test_in_process::h949b6df8457ed338
[INFO] [stdout]                                at /rustc/90b35a6239c3d8bdabc530a6a0816f7ff89a0aaf/library/test/src/lib.rs:644:27
[INFO] [stdout]   30:     0x652732f580c7 - test::run_test::{{closure}}::h52c556a6d4740e10
[INFO] [stdout]                                at /rustc/90b35a6239c3d8bdabc530a6a0816f7ff89a0aaf/library/test/src/lib.rs:565:43
[INFO] [stdout]   31:     0x652732f1d3a4 - test::run_test::{{closure}}::h4237f6381c45ccb9
[INFO] [stdout]                                at /rustc/90b35a6239c3d8bdabc530a6a0816f7ff89a0aaf/library/test/src/lib.rs:595:41
[INFO] [stdout]   32:     0x652732f1d3a4 - std::sys::backtrace::__rust_begin_short_backtrace::h505c97a579eca628
[INFO] [stdout]                                at /rustc/90b35a6239c3d8bdabc530a6a0816f7ff89a0aaf/library/std/src/sys/backtrace.rs:154:18
[INFO] [stdout]   33:     0x652732f20a6e - std::thread::Builder::spawn_unchecked_::{{closure}}::{{closure}}::h9e86b2e2bc107ea3
[INFO] [stdout]                                at /rustc/90b35a6239c3d8bdabc530a6a0816f7ff89a0aaf/library/std/src/thread/mod.rs:538:17
[INFO] [stdout]   34:     0x652732f20a6e - <core::panic::unwind_safe::AssertUnwindSafe<F> as core::ops::function::FnOnce<()>>::call_once::h8b06ddb275ff4a25
[INFO] [stdout]                                at /rustc/90b35a6239c3d8bdabc530a6a0816f7ff89a0aaf/library/core/src/panic/unwind_safe.rs:272:9
[INFO] [stdout]   35:     0x652732f20a6e - std::panicking::try::do_call::hb26ecd7cd9a9355d
[INFO] [stdout]                                at /rustc/90b35a6239c3d8bdabc530a6a0816f7ff89a0aaf/library/std/src/panicking.rs:557:40
[INFO] [stdout]   36:     0x652732f20a6e - std::panicking::try::h8ddeca9d705f9069
[INFO] [stdout]                                at /rustc/90b35a6239c3d8bdabc530a6a0816f7ff89a0aaf/library/std/src/panicking.rs:520:19
[INFO] [stdout]   37:     0x652732f20a6e - std::panic::catch_unwind::h49e1c33078844c46
[INFO] [stdout]                                at /rustc/90b35a6239c3d8bdabc530a6a0816f7ff89a0aaf/library/std/src/panic.rs:358:14
[INFO] [stdout]   38:     0x652732f20a6e - std::thread::Builder::spawn_unchecked_::{{closure}}::h6073db6ff56ad35d
[INFO] [stdout]                                at /rustc/90b35a6239c3d8bdabc530a6a0816f7ff89a0aaf/library/std/src/thread/mod.rs:537:30
[INFO] [stdout]   39:     0x652732f20a6e - core::ops::function::FnOnce::call_once{{vtable.shim}}::h2c5a5f3779c774f1
[INFO] [stdout]                                at /rustc/90b35a6239c3d8bdabc530a6a0816f7ff89a0aaf/library/core/src/ops/function.rs:250:5
[INFO] [stdout]   40:     0x652732f8e09b - <alloc::boxed::Box<F,A> as core::ops::function::FnOnce<Args>>::call_once::hf75717d9f28faebf
[INFO] [stdout]                                at /rustc/90b35a6239c3d8bdabc530a6a0816f7ff89a0aaf/library/alloc/src/boxed.rs:2454:9
[INFO] [stdout]   41:     0x652732f8e09b - <alloc::boxed::Box<F,A> as core::ops::function::FnOnce<Args>>::call_once::h7bd883a5f3c5f3c1
[INFO] [stdout]                                at /rustc/90b35a6239c3d8bdabc530a6a0816f7ff89a0aaf/library/alloc/src/boxed.rs:2454:9
[INFO] [stdout]   42:     0x652732f8e09b - std::sys::pal::unix::thread::Thread::new::thread_start::hcc78f3943333fa94
[INFO] [stdout]                                at /rustc/90b35a6239c3d8bdabc530a6a0816f7ff89a0aaf/library/std/src/sys/pal/unix/thread.rs:105:17
[INFO] [stdout]   43:     0x79043423eac3 - <unknown>
[INFO] [stdout]   44:     0x7904342cfa04 - clone
[INFO] [stdout]   45:                0x0 - <unknown>
[INFO] [stdout] 
[INFO] [stdout] 
[INFO] [stdout] failures:
[INFO] [stdout]     test_depfile_single_crate
[INFO] [stdout]     test_depfile_single_crate_config
[INFO] [stdout]     test_depfile_single_crate_default_config
[INFO] [stdout] 
[INFO] [stdout] test result: FAILED. 0 passed; 3 failed; 0 ignored; 0 measured; 0 filtered out; finished in 0.11s
[INFO] [stdout] 
[INFO] running `Command { std: "docker" "inspect" "e04409dbe97a59eab1ec65c2a181fac94ff643a29877e93f5e584b0a0b457b30", kill_on_drop: false }`
[INFO] running `Command { std: "docker" "rm" "-f" "e04409dbe97a59eab1ec65c2a181fac94ff643a29877e93f5e584b0a0b457b30", kill_on_drop: false }`
[INFO] [stdout] e04409dbe97a59eab1ec65c2a181fac94ff643a29877e93f5e584b0a0b457b30
