[INFO] cloning repository https://github.com/arjandepooter/raytracing
[INFO] running `Command { std: "git" "-c" "credential.helper=" "-c" "credential.helper=/workspace/cargo-home/bin/git-credential-null" "clone" "--bare" "https://github.com/arjandepooter/raytracing" "/workspace/cache/git-repos/https%3A%2F%2Fgithub.com%2Farjandepooter%2Fraytracing", kill_on_drop: false }`
[INFO] [stderr] Cloning into bare repository '/workspace/cache/git-repos/https%3A%2F%2Fgithub.com%2Farjandepooter%2Fraytracing'...
[INFO] running `Command { std: "git" "rev-parse" "HEAD", kill_on_drop: false }`
[INFO] [stdout] d3ac52c41c167edf4b128e755008fd2ba5a654e6
[INFO] testing arjandepooter/raytracing against 1.83.0 for beta-1.84.0-4-retry
[INFO] running `Command { std: "git" "clone" "/workspace/cache/git-repos/https%3A%2F%2Fgithub.com%2Farjandepooter%2Fraytracing" "/workspace/builds/worker-0-tc1/source", kill_on_drop: false }`
[INFO] [stderr] Cloning into '/workspace/builds/worker-0-tc1/source'...
[INFO] [stderr] done.
[INFO] validating manifest of git repo https://github.com/arjandepooter/raytracing on toolchain 1.83.0
[INFO] running `Command { std: CARGO_HOME="/workspace/cargo-home" RUSTUP_HOME="/workspace/rustup-home" "/workspace/cargo-home/bin/cargo" "+1.83.0" "metadata" "--manifest-path" "Cargo.toml" "--no-deps", kill_on_drop: false }`
[INFO] started tweaking git repo https://github.com/arjandepooter/raytracing
[INFO] finished tweaking git repo https://github.com/arjandepooter/raytracing
[INFO] tweaked toml for git repo https://github.com/arjandepooter/raytracing written to /workspace/builds/worker-0-tc1/source/Cargo.toml
[INFO] crate git repo https://github.com/arjandepooter/raytracing already has a lockfile, it will not be regenerated
[INFO] running `Command { std: CARGO_HOME="/workspace/cargo-home" RUSTUP_HOME="/workspace/rustup-home" "/workspace/cargo-home/bin/cargo" "+1.83.0" "fetch" "--manifest-path" "Cargo.toml", kill_on_drop: false }`
[INFO] running `Command { std: "docker" "create" "-v" "/var/lib/crater-agent-workspace/builds/worker-0-tc1/target:/opt/rustwide/target:rw,Z" "-v" "/var/lib/crater-agent-workspace/builds/worker-0-tc1/source:/opt/rustwide/workdir:ro,Z" "-v" "/var/lib/crater-agent-workspace/cargo-home:/opt/rustwide/cargo-home:ro,Z" "-v" "/var/lib/crater-agent-workspace/rustup-home:/opt/rustwide/rustup-home:ro,Z" "-e" "SOURCE_DIR=/opt/rustwide/workdir" "-e" "CARGO_TARGET_DIR=/opt/rustwide/target" "-e" "CARGO_HOME=/opt/rustwide/cargo-home" "-e" "RUSTUP_HOME=/opt/rustwide/rustup-home" "-w" "/opt/rustwide/workdir" "-m" "1610612736" "--user" "0:0" "--network" "none" "ghcr.io/rust-lang/crates-build-env/linux@sha256:f3a9d4ad9d972b27faf3965f35b62e55ba32bbce8f20bc8fe909558a86702fde" "/opt/rustwide/cargo-home/bin/cargo" "+1.83.0" "metadata" "--no-deps" "--format-version=1", kill_on_drop: false }`
[INFO] [stdout] 308bb3a11d1bff15c30e3416a0d3aca6ce7b37d3ecc1dd953b8003a324593557
[INFO] running `Command { std: "docker" "start" "-a" "308bb3a11d1bff15c30e3416a0d3aca6ce7b37d3ecc1dd953b8003a324593557", kill_on_drop: false }`
[INFO] running `Command { std: "docker" "inspect" "308bb3a11d1bff15c30e3416a0d3aca6ce7b37d3ecc1dd953b8003a324593557", kill_on_drop: false }`
[INFO] running `Command { std: "docker" "rm" "-f" "308bb3a11d1bff15c30e3416a0d3aca6ce7b37d3ecc1dd953b8003a324593557", kill_on_drop: false }`
[INFO] [stdout] 308bb3a11d1bff15c30e3416a0d3aca6ce7b37d3ecc1dd953b8003a324593557
[INFO] running `Command { std: "docker" "create" "-v" "/var/lib/crater-agent-workspace/builds/worker-0-tc1/target:/opt/rustwide/target:rw,Z" "-v" "/var/lib/crater-agent-workspace/builds/worker-0-tc1/source:/opt/rustwide/workdir:ro,Z" "-v" "/var/lib/crater-agent-workspace/cargo-home:/opt/rustwide/cargo-home:ro,Z" "-v" "/var/lib/crater-agent-workspace/rustup-home:/opt/rustwide/rustup-home:ro,Z" "-e" "SOURCE_DIR=/opt/rustwide/workdir" "-e" "CARGO_TARGET_DIR=/opt/rustwide/target" "-e" "CARGO_INCREMENTAL=0" "-e" "RUST_BACKTRACE=full" "-e" "RUSTFLAGS=--cap-lints=warn" "-e" "RUSTDOCFLAGS=--cap-lints=warn" "-e" "CARGO_HOME=/opt/rustwide/cargo-home" "-e" "RUSTUP_HOME=/opt/rustwide/rustup-home" "-w" "/opt/rustwide/workdir" "-m" "1610612736" "--user" "0:0" "--network" "none" "ghcr.io/rust-lang/crates-build-env/linux@sha256:f3a9d4ad9d972b27faf3965f35b62e55ba32bbce8f20bc8fe909558a86702fde" "/opt/rustwide/cargo-home/bin/cargo" "+1.83.0" "build" "--frozen" "--message-format=json", kill_on_drop: false }`
[INFO] [stdout] f1d40fbc3e0c484eda2b66916a466519413c646d3866b48a009a3ecce9319379
[INFO] running `Command { std: "docker" "start" "-a" "f1d40fbc3e0c484eda2b66916a466519413c646d3866b48a009a3ecce9319379", kill_on_drop: false }`
[INFO] [stderr]    Compiling autocfg v1.0.1
[INFO] [stderr]    Compiling scopeguard v1.1.0
[INFO] [stderr]    Compiling libc v0.2.112
[INFO] [stderr]    Compiling lazy_static v1.4.0
[INFO] [stderr]    Compiling crossbeam-utils v0.8.6
[INFO] [stderr]    Compiling crossbeam-epoch v0.9.6
[INFO] [stderr]    Compiling rayon-core v1.12.1
[INFO] [stderr]    Compiling simd-adler32 v0.3.7
[INFO] [stderr]    Compiling crc32fast v1.3.0
[INFO] [stderr]    Compiling libm v0.2.8
[INFO] [stderr]    Compiling either v1.6.1
[INFO] [stderr]    Compiling remove_dir_all v0.5.3
[INFO] [stderr]    Compiling fastrand v1.6.0
[INFO] [stderr]    Compiling ppv-lite86 v0.2.16
[INFO] [stderr]    Compiling weezl v0.1.5
[INFO] [stderr]    Compiling anyhow v1.0.79
[INFO] [stderr]    Compiling lock_api v0.4.6
[INFO] [stderr]    Compiling bytemuck v1.14.0
[INFO] [stderr]    Compiling bitflags v1.3.2
[INFO] [stderr]    Compiling miniz_oxide v0.7.1
[INFO] [stderr]    Compiling zune-inflate v0.2.54
[INFO] [stderr]    Compiling fdeflate v0.3.4
[INFO] [stderr]    Compiling bit_field v0.10.2
[INFO] [stderr]    Compiling quick-error v1.2.3
[INFO] [stderr]    Compiling lebe v0.5.2
[INFO] [stderr]    Compiling half v2.2.1
[INFO] [stderr]    Compiling fnv v1.0.7
[INFO] [stderr]    Compiling spin v0.9.8
[INFO] [stderr]    Compiling color_quant v1.1.0
[INFO] [stderr]    Compiling bit-vec v0.6.3
[INFO] [stderr]    Compiling smallvec v1.13.1
[INFO] [stderr]    Compiling memoffset v0.6.5
[INFO] [stderr]    Compiling num-traits v0.2.17
[INFO] [stderr]    Compiling rayon v1.5.1
[INFO] [stderr]    Compiling bit-set v0.5.2
[INFO] [stderr]    Compiling gif v0.12.0
[INFO] [stderr]    Compiling qoi v0.4.1
[INFO] [stderr]    Compiling flume v0.11.0
[INFO] [stderr]    Compiling bitflags v2.4.2
[INFO] [stderr]    Compiling regex-syntax v0.8.2
[INFO] [stderr]    Compiling byteorder v1.4.3
[INFO] [stderr]    Compiling flate2 v1.0.28
[INFO] [stderr]    Compiling unarray v0.1.4
[INFO] [stderr]    Compiling crossbeam-deque v0.8.1
[INFO] [stderr]    Compiling getrandom v0.2.4
[INFO] [stderr]    Compiling wait-timeout v0.2.0
[INFO] [stderr]    Compiling tempfile v3.3.0
[INFO] [stderr]    Compiling rand_core v0.6.3
[INFO] [stderr]    Compiling rusty-fork v0.3.0
[INFO] [stderr]    Compiling rand_chacha v0.3.1
[INFO] [stderr]    Compiling rand_xorshift v0.3.0
[INFO] [stderr]    Compiling png v0.17.11
[INFO] [stderr]    Compiling exr v1.71.0
[INFO] [stderr]    Compiling rand v0.8.4
[INFO] [stderr]    Compiling approx v0.5.1
[INFO] [stderr]    Compiling proptest v1.4.0
[INFO] [stderr]    Compiling jpeg-decoder v0.3.1
[INFO] [stderr]    Compiling tiff v0.9.1
[INFO] [stderr]    Compiling image v0.24.8
[INFO] [stderr]    Compiling raytracing v0.1.0 (/opt/rustwide/workdir)
[INFO] [stdout] warning: trait `Transform` is never used
[INFO] [stdout]  --> src/core/transformations.rs:3:7
[INFO] [stdout]   |
[INFO] [stdout] 3 | trait Transform {
[INFO] [stdout]   |       ^^^^^^^^^
[INFO] [stdout]   |
[INFO] [stdout]   = note: `#[warn(dead_code)]` on by default
[INFO] [stdout] 
[INFO] [stdout] 
[INFO] [stderr]     Finished `dev` profile [unoptimized + debuginfo] target(s) in 30.54s
[INFO] running `Command { std: "docker" "inspect" "f1d40fbc3e0c484eda2b66916a466519413c646d3866b48a009a3ecce9319379", kill_on_drop: false }`
[INFO] running `Command { std: "docker" "rm" "-f" "f1d40fbc3e0c484eda2b66916a466519413c646d3866b48a009a3ecce9319379", kill_on_drop: false }`
[INFO] [stdout] f1d40fbc3e0c484eda2b66916a466519413c646d3866b48a009a3ecce9319379
[INFO] running `Command { std: "docker" "create" "-v" "/var/lib/crater-agent-workspace/builds/worker-0-tc1/target:/opt/rustwide/target:rw,Z" "-v" "/var/lib/crater-agent-workspace/builds/worker-0-tc1/source:/opt/rustwide/workdir:ro,Z" "-v" "/var/lib/crater-agent-workspace/cargo-home:/opt/rustwide/cargo-home:ro,Z" "-v" "/var/lib/crater-agent-workspace/rustup-home:/opt/rustwide/rustup-home:ro,Z" "-e" "SOURCE_DIR=/opt/rustwide/workdir" "-e" "CARGO_TARGET_DIR=/opt/rustwide/target" "-e" "CARGO_INCREMENTAL=0" "-e" "RUST_BACKTRACE=full" "-e" "RUSTFLAGS=--cap-lints=warn" "-e" "RUSTDOCFLAGS=--cap-lints=warn" "-e" "CARGO_HOME=/opt/rustwide/cargo-home" "-e" "RUSTUP_HOME=/opt/rustwide/rustup-home" "-w" "/opt/rustwide/workdir" "-m" "1610612736" "--user" "0:0" "--network" "none" "ghcr.io/rust-lang/crates-build-env/linux@sha256:f3a9d4ad9d972b27faf3965f35b62e55ba32bbce8f20bc8fe909558a86702fde" "/opt/rustwide/cargo-home/bin/cargo" "+1.83.0" "test" "--frozen" "--no-run" "--message-format=json", kill_on_drop: false }`
[INFO] [stdout] 75e639fb9717c8b1ab9c7d1580a8565f8ba7d3ae7841210074b86a1245edb5f1
[INFO] running `Command { std: "docker" "start" "-a" "75e639fb9717c8b1ab9c7d1580a8565f8ba7d3ae7841210074b86a1245edb5f1", kill_on_drop: false }`
[INFO] [stdout] warning: trait `Transform` is never used
[INFO] [stdout]  --> src/core/transformations.rs:3:7
[INFO] [stdout]   |
[INFO] [stdout] 3 | trait Transform {
[INFO] [stdout]   |       ^^^^^^^^^
[INFO] [stdout]   |
[INFO] [stdout]   = note: `#[warn(dead_code)]` on by default
[INFO] [stdout] 
[INFO] [stdout] 
[INFO] [stderr]    Compiling raytracing v0.1.0 (/opt/rustwide/workdir)
[INFO] [stderr]     Finished `test` profile [unoptimized + debuginfo] target(s) in 3.94s
[INFO] running `Command { std: "docker" "inspect" "75e639fb9717c8b1ab9c7d1580a8565f8ba7d3ae7841210074b86a1245edb5f1", kill_on_drop: false }`
[INFO] running `Command { std: "docker" "rm" "-f" "75e639fb9717c8b1ab9c7d1580a8565f8ba7d3ae7841210074b86a1245edb5f1", kill_on_drop: false }`
[INFO] [stdout] 75e639fb9717c8b1ab9c7d1580a8565f8ba7d3ae7841210074b86a1245edb5f1
[INFO] running `Command { std: "docker" "create" "-v" "/var/lib/crater-agent-workspace/builds/worker-0-tc1/target:/opt/rustwide/target:rw,Z" "-v" "/var/lib/crater-agent-workspace/builds/worker-0-tc1/source:/opt/rustwide/workdir:ro,Z" "-v" "/var/lib/crater-agent-workspace/cargo-home:/opt/rustwide/cargo-home:ro,Z" "-v" "/var/lib/crater-agent-workspace/rustup-home:/opt/rustwide/rustup-home:ro,Z" "-e" "SOURCE_DIR=/opt/rustwide/workdir" "-e" "CARGO_TARGET_DIR=/opt/rustwide/target" "-e" "CARGO_INCREMENTAL=0" "-e" "RUST_BACKTRACE=full" "-e" "RUSTFLAGS=--cap-lints=warn" "-e" "RUSTDOCFLAGS=--cap-lints=warn" "-e" "CARGO_HOME=/opt/rustwide/cargo-home" "-e" "RUSTUP_HOME=/opt/rustwide/rustup-home" "-w" "/opt/rustwide/workdir" "-m" "1610612736" "--user" "0:0" "--network" "none" "ghcr.io/rust-lang/crates-build-env/linux@sha256:f3a9d4ad9d972b27faf3965f35b62e55ba32bbce8f20bc8fe909558a86702fde" "/opt/rustwide/cargo-home/bin/cargo" "+1.83.0" "test" "--frozen", kill_on_drop: false }`
[INFO] [stdout] 6e81ce3e60b184721f1c47e36b06951af45ee8b1ebd149f4b760e15fcadd26d0
[INFO] running `Command { std: "docker" "start" "-a" "6e81ce3e60b184721f1c47e36b06951af45ee8b1ebd149f4b760e15fcadd26d0", kill_on_drop: false }`
[INFO] [stderr] warning: trait `Transform` is never used
[INFO] [stderr]  --> src/core/transformations.rs:3:7
[INFO] [stderr]   |
[INFO] [stderr] 3 | trait Transform {
[INFO] [stderr]   |       ^^^^^^^^^
[INFO] [stderr]   |
[INFO] [stderr]   = note: `#[warn(dead_code)]` on by default
[INFO] [stderr] 
[INFO] [stderr] warning: `raytracing` (lib) generated 1 warning
[INFO] [stderr]     Finished `test` profile [unoptimized + debuginfo] target(s) in 0.07s
[INFO] [stderr]      Running unittests src/lib.rs (/opt/rustwide/target/debug/deps/raytracing-484da9194dc3ffdd)
[INFO] [stdout] 
[INFO] [stdout] running 51 tests
[INFO] [stdout] test core::color::tests::test_color_mul_scalar ... ok
[INFO] [stdout] test core::color::tests::test_color_sub ... ok
[INFO] [stdout] test core::matrix::tests::test_matrix_cols ... ok
[INFO] [stdout] test core::matrix::tests::test_matrix_from_float ... ok
[INFO] [stdout] test core::color::tests::test_color_add ... ok
[INFO] [stdout] test core::color::tests::test_color_mul ... ok
[INFO] [stdout] test core::canvas::tests::test_canvas_index ... ok
[INFO] [stdout] test core::matrix::tests::test_matrix_identity ... ok
[INFO] [stdout] test core::matrix::tests::test_matrix_inverse ... ok
[INFO] [stdout] test core::matrix::tests::test_matrix_mul ... ok
[INFO] [stdout] test core::matrix::tests::test_matrix_rows ... ok
[INFO] [stdout] test core::matrix::tests::test_matrix_index ... ok
[INFO] [stdout] test core::matrix::tests::test_matrix_index_mut ... ok
[INFO] [stdout] test core::matrix::tests::test_matrix_transpose ... ok
[INFO] [stdout] test core::transformations::tests::test_scale_point ... ok
[INFO] [stdout] test core::point::tests::test_point_sub_vec3 ... ok
[INFO] [stdout] test core::transformations::tests::test_reflection ... ok
[INFO] [stdout] test core::transformations::tests::test_rotate_x ... ok
[INFO] [stdout] test core::point::tests::test_point_sub_point ... ok
[INFO] [stdout] test core::point::tests::test_point_add_vec3 ... ok
[INFO] [stdout] test core::canvas::tests::test_canvas_index_mut ... ok
[INFO] [stdout] test core::transformations::tests::test_scale_vec3 ... ok
[INFO] [stdout] test core::transformations::tests::test_translate_point ... ok
[INFO] [stdout] test core::vec3::tests::test_f64_mul_vec3 ... ok
[INFO] [stdout] test core::vec3::tests::test_vec3_add_vec3 ... ok
[INFO] [stdout] test core::vec3::tests::test_vec3_cross ... ok
[INFO] [stdout] test core::vec3::tests::test_vec3_dot ... ok
[INFO] [stdout] test core::vec3::tests::test_vec3_magnitude ... ok
[INFO] [stdout] test core::vec3::tests::test_vec3_mul_f64 ... ok
[INFO] [stdout] test core::vec3::tests::test_vec3_neg ... ok
[INFO] [stdout] test core::vec3::tests::test_vec3_normalize ... ok
[INFO] [stdout] test core::vec3::tests::test_vec3_div_f64 ... ok
[INFO] [stdout] test core::transformations::tests::test_rotate_z_full_circle ... ok
[INFO] [stdout] test core::vec3::tests::test_vec3_mul_div_identity ... ok
[INFO] [stdout] test core::vec3::tests::test_vec3_normalize_zero ... ok
[INFO] [stdout] test core::vec3::tests::test_vec3_sub_vec3 ... ok
[INFO] [stdout] test core::vec3::tests::test_vec3_negate_twice_identity ... ok
[INFO] [stdout] test core::transformations::tests::test_rotate_y_full_circle ... ok
[INFO] [stdout] test core::transformations::tests::test_rotate_x_full_circle ... ok
[INFO] [stdout] test core::vec3::tests::test_vec3_mul_f64_commutative ... ok
[INFO] [stdout] test core::transformations::tests::test_translate_vec3_noop ... ok
[INFO] [stdout] test core::vec3::tests::test_vec3_sub_add_identity ... ok
[INFO] [stdout] test core::transformations::tests::test_scale_with_inverse ... ok
[INFO] [stdout] test core::transformations::tests::test_translate_with_inverse ... ok
[INFO] [stdout] test core::vec3::tests::test_vec3_sub_self_zero ... ok
[INFO] [stdout] test core::vec3::tests::test_normalize_magnitude ... ok
[INFO] [stdout] test core::point::tests::test_point_add_sub_vec3_identity ... ok
[INFO] [stdout] test core::vec3::tests::test_vec3_add_commutative ... ok
[INFO] [stdout] test core::vec3::tests::test_vec3_sub_sub_identity ... ok
[INFO] [stdout] test core::matrix::tests::test_matrix_mul_identity ... ok
[INFO] [stdout] test core::matrix::tests::test_matrix_mul_associative ... ok
[INFO] [stdout] 
[INFO] [stdout] test result: ok. 51 passed; 0 failed; 0 ignored; 0 measured; 0 filtered out; finished in 0.20s
[INFO] [stdout] 
[INFO] [stderr]      Running unittests src/main.rs (/opt/rustwide/target/debug/deps/raytracing-173f61a8b8637f26)
[INFO] [stdout] 
[INFO] [stderr]    Doc-tests raytracing
[INFO] [stdout] running 0 tests
[INFO] [stdout] 
[INFO] [stdout] test result: ok. 0 passed; 0 failed; 0 ignored; 0 measured; 0 filtered out; finished in 0.00s
[INFO] [stdout] 
[INFO] [stdout] 
[INFO] [stdout] running 14 tests
[INFO] [stdout] test src/core/matrix.rs - core::matrix::Matrix<R,C>::new (line 24) - compile fail ... ok
[INFO] [stdout] test src/core/matrix.rs - core::matrix::Matrix<R,C>::identity (line 53) - compile fail ... ok
[INFO] [stdout] test src/core/matrix.rs - core::matrix::Matrix<R,C>::new (line 18) ... ok
[INFO] [stdout] test src/core/color.rs - core::color::Color::clamp (line 44) ... FAILED
[INFO] [stdout] test src/core/canvas.rs - core::canvas::Canvas (line 9) ... ok
[INFO] [stdout] test src/core/point.rs - core::point::Point::x (line 41) ... ok
[INFO] [stdout] test src/core/point.rs - core::point::Point::new (line 28) ... ok
[INFO] [stdout] test src/core/vec3.rs - core::vec3::Vec3 (line 11) ... ok
[INFO] [stdout] test src/core/color.rs - core::color::Color::new (line 19) ... ok
[INFO] [stdout] test src/core/point.rs - core::point::Point (line 11) ... ok
[INFO] [stdout] test src/core/matrix.rs - core::matrix::Matrix<R,C>::identity (line 37) ... ok
[INFO] [stdout] test src/core/point.rs - core::point::Point::y (line 56) ... ok
[INFO] [stdout] test src/core/point.rs - core::point::Point::z (line 71) ... ok
[INFO] [stdout] test src/core/matrix.rs - core::matrix::Matrix<R,C>::transpose (line 81) ... ok
[INFO] [stdout] 
[INFO] [stdout] failures:
[INFO] [stdout] 
[INFO] [stdout] ---- src/core/color.rs - core::color::Color::clamp (line 44) stdout ----
[INFO] [stdout] error: linking with `cc` failed: exit status: 1
[INFO] [stdout]   |
[INFO] [stdout]   = note: LC_ALL="C" PATH="/opt/rustwide/rustup-home/toolchains/1.83.0-x86_64-unknown-linux-gnu/lib/rustlib/x86_64-unknown-linux-gnu/bin:/opt/rustwide/cargo-home/bin:/usr/local/sbin:/usr/local/bin:/usr/sbin:/usr/bin:/sbin:/bin" VSLANG="1033" "cc" "-m64" "/tmp/rustcWWJjmL/symbols.o" "/tmp/rustdoctestkkZsnU/rust_out.rust_out.cb03291d53e4e161-cgu.0.rcgu.o" "/tmp/rustdoctestkkZsnU/rust_out.1s7umcihpz0t7nkz1uc2ifee9.rcgu.o" "-Wl,--as-needed" "-Wl,-Bstatic" "/opt/rustwide/target/debug/deps/libraytracing-d5f37fbb102257cc.rlib" "/opt/rustwide/target/debug/deps/libimage-f195d46d3a9c8650.rlib" "/opt/rustwide/target/debug/deps/libqoi-435baee22127c7e0.rlib" "/opt/rustwide/target/debug/deps/libbytemuck-9e59273c4ff6bc68.rlib" "/opt/rustwide/target/debug/deps/libpng-2473362faa249845.rlib" "/opt/rustwide/target/debug/deps/libfdeflate-d8ad92265140a185.rlib" "/opt/rustwide/target/debug/deps/libbitflags-d3511f9afe014f87.rlib" "/opt/rustwide/target/debug/deps/libexr-ec8912c47ea418d3.rlib" "/opt/rustwide/target/debug/deps/libflume-34779c06c88fa424.rlib" "/opt/rustwide/target/debug/deps/libzune_inflate-ff3e89ecc00464c9.rlib" "/opt/rustwide/target/debug/deps/libbit_field-671e3719d5db9d0f.rlib" "/opt/rustwide/target/debug/deps/liblebe-c4d515f4329a434e.rlib" "/opt/rustwide/target/debug/deps/libhalf-1eac5319209aede5.rlib" "/opt/rustwide/target/debug/deps/libsmallvec-b95a4ce293f037a0.rlib" "/opt/rustwide/target/debug/deps/libgif-cab4e88aa81f4c52.rlib" "/opt/rustwide/target/debug/deps/libcolor_quant-e46f291c0baaaa18.rlib" "/opt/rustwide/target/debug/deps/libbyteorder-5d5f73111cbae703.rlib" "/opt/rustwide/target/debug/deps/libtiff-bca56cb68b534481.rlib" "/opt/rustwide/target/debug/deps/libflate2-4e344169970bb708.rlib" "/opt/rustwide/target/debug/deps/libminiz_oxide-6789b37824154595.rlib" "/opt/rustwide/target/debug/deps/libsimd_adler32-0fcf3a545d599d96.rlib" "/opt/rustwide/target/debug/deps/libcrc32fast-40c0c7d27ffb6485.rlib" "/opt/rustwide/target/debug/deps/libweezl-091de95641adb974.rlib" "/opt/rustwide/target/debug/deps/libjpeg_decoder-f5bd5c000a48a641.rlib" "/opt/rustwide/target/debug/deps/librayon-0d0870c51001e944.rlib" "/opt/rustwide/target/debug/deps/librayon_core-340e83afac5cd37d.rlib" "/opt/rustwide/target/debug/deps/libcrossbeam_deque-9009cdf720ab9f1e.rlib" "/opt/rustwide/target/debug/deps/libcrossbeam_epoch-a70435cf85585331.rlib" "/opt/rustwide/target/debug/deps/libmemoffset-8d65c7ed5653b144.rlib" "/opt/rustwide/target/debug/deps/libscopeguard-158c5911326f9fbb.rlib" "/opt/rustwide/target/debug/deps/libcrossbeam_utils-18083dc5079fb03c.rlib" "/opt/rustwide/target/debug/deps/liblazy_static-8c0bb59ebbb3df6c.rlib" "/opt/rustwide/target/debug/deps/libcfg_if-8217498f8667ada9.rlib" "/opt/rustwide/target/debug/deps/libeither-8f495d9f9e4c9980.rlib" "/opt/rustwide/target/debug/deps/libanyhow-ab7f2e17e1882fea.rlib" "/opt/rustwide/target/debug/deps/libapprox-ebf886a6932296f7.rlib" "/opt/rustwide/target/debug/deps/libnum_traits-79380e93428fdbd4.rlib" "/opt/rustwide/rustup-home/toolchains/1.83.0-x86_64-unknown-linux-gnu/lib/rustlib/x86_64-unknown-linux-gnu/lib/libstd-ca74a2d9c5166d9f.rlib" "/opt/rustwide/rustup-home/toolchains/1.83.0-x86_64-unknown-linux-gnu/lib/rustlib/x86_64-unknown-linux-gnu/lib/libpanic_unwind-e31ab23316ed5080.rlib" "/opt/rustwide/rustup-home/toolchains/1.83.0-x86_64-unknown-linux-gnu/lib/rustlib/x86_64-unknown-linux-gnu/lib/libobject-27dc4aa955912662.rlib" "/opt/rustwide/rustup-home/toolchains/1.83.0-x86_64-unknown-linux-gnu/lib/rustlib/x86_64-unknown-linux-gnu/lib/libmemchr-bd0d6cccce077b99.rlib" "/opt/rustwide/rustup-home/toolchains/1.83.0-x86_64-unknown-linux-gnu/lib/rustlib/x86_64-unknown-linux-gnu/lib/libaddr2line-8d001680935b5e3c.rlib" "/opt/rustwide/rustup-home/toolchains/1.83.0-x86_64-unknown-linux-gnu/lib/rustlib/x86_64-unknown-linux-gnu/lib/libgimli-ba8ce71964f984f4.rlib" "/opt/rustwide/rustup-home/toolchains/1.83.0-x86_64-unknown-linux-gnu/lib/rustlib/x86_64-unknown-linux-gnu/lib/librustc_demangle-99a73526abcec14b.rlib" "/opt/rustwide/rustup-home/toolchains/1.83.0-x86_64-unknown-linux-gnu/lib/rustlib/x86_64-unknown-linux-gnu/lib/libstd_detect-63ac0d22cff92579.rlib" "/opt/rustwide/rustup-home/toolchains/1.83.0-x86_64-unknown-linux-gnu/lib/rustlib/x86_64-unknown-linux-gnu/lib/libhashbrown-9057355c92c922d5.rlib" "/opt/rustwide/rustup-home/toolchains/1.83.0-x86_64-unknown-linux-gnu/lib/rustlib/x86_64-unknown-linux-gnu/lib/librustc_std_workspace_alloc-358be9bc1f6bab04.rlib" "/opt/rustwide/rustup-home/toolchains/1.83.0-x86_64-unknown-linux-gnu/lib/rustlib/x86_64-unknown-linux-gnu/lib/libminiz_oxide-aca15549d5bff974.rlib" "/opt/rustwide/rustup-home/toolchains/1.83.0-x86_64-unknown-linux-gnu/lib/rustlib/x86_64-unknown-linux-gnu/lib/libadler-8251d2cef7072448.rlib" "/opt/rustwide/rustup-home/toolchains/1.83.0-x86_64-unknown-linux-gnu/lib/rustlib/x86_64-unknown-linux-gnu/lib/libunwind-7d50b86011c66411.rlib" "/opt/rustwide/rustup-home/toolchains/1.83.0-x86_64-unknown-linux-gnu/lib/rustlib/x86_64-unknown-linux-gnu/lib/libcfg_if-51ea098fce5006bf.rlib" "/opt/rustwide/rustup-home/toolchains/1.83.0-x86_64-unknown-linux-gnu/lib/rustlib/x86_64-unknown-linux-gnu/lib/liblibc-5a14e0d0b712e731.rlib" "/opt/rustwide/rustup-home/toolchains/1.83.0-x86_64-unknown-linux-gnu/lib/rustlib/x86_64-unknown-linux-gnu/lib/liballoc-8b83dbf3a7b8f999.rlib" "/opt/rustwide/rustup-home/toolchains/1.83.0-x86_64-unknown-linux-gnu/lib/rustlib/x86_64-unknown-linux-gnu/lib/librustc_std_workspace_core-c6fd227bdc7b39ff.rlib" "/opt/rustwide/rustup-home/toolchains/1.83.0-x86_64-unknown-linux-gnu/lib/rustlib/x86_64-unknown-linux-gnu/lib/libcore-959d3389fa3da8a5.rlib" "/opt/rustwide/rustup-home/toolchains/1.83.0-x86_64-unknown-linux-gnu/lib/rustlib/x86_64-unknown-linux-gnu/lib/libcompiler_builtins-abe05db089cc2c62.rlib" "-Wl,-Bdynamic" "-lgcc_s" "-lutil" "-lrt" "-lpthread" "-lm" "-ldl" "-lc" "-Wl,--eh-frame-hdr" "-Wl,-z,noexecstack" "-L" "/opt/rustwide/rustup-home/toolchains/1.83.0-x86_64-unknown-linux-gnu/lib/rustlib/x86_64-unknown-linux-gnu/lib" "-o" "/tmp/rustdoctestkkZsnU/rust_out" "-Wl,--gc-sections" "-pie" "-Wl,-z,relro,-z,now" "-nodefaultlibs"
[INFO] [stdout]   = note: collect2: fatal error: ld terminated with signal 9 [Killed]
[INFO] [stdout]           compilation terminated.
[INFO] [stdout]           
[INFO] [stdout] 
[INFO] [stdout] error: aborting due to 1 previous error
[INFO] [stdout] 
[INFO] [stdout] Couldn't compile the test.
[INFO] [stdout] 
[INFO] [stdout] failures:
[INFO] [stdout]     src/core/color.rs - core::color::Color::clamp (line 44)
[INFO] [stdout] 
[INFO] [stdout] test result: FAILED. 13 passed; 1 failed; 0 ignored; 0 measured; 0 filtered out; finished in 8.77s
[INFO] [stdout] 
[INFO] [stderr] error: doctest failed, to rerun pass `--doc`
[INFO] running `Command { std: "docker" "inspect" "6e81ce3e60b184721f1c47e36b06951af45ee8b1ebd149f4b760e15fcadd26d0", kill_on_drop: false }`
[INFO] running `Command { std: "docker" "rm" "-f" "6e81ce3e60b184721f1c47e36b06951af45ee8b1ebd149f4b760e15fcadd26d0", kill_on_drop: false }`
[INFO] [stdout] 6e81ce3e60b184721f1c47e36b06951af45ee8b1ebd149f4b760e15fcadd26d0
