[INFO] cloning repository https://github.com/arinzecomie/money-balancer-main
[INFO] running `Command { std: "git" "-c" "credential.helper=" "-c" "credential.helper=/workspace/cargo-home/bin/git-credential-null" "clone" "--bare" "https://github.com/arinzecomie/money-balancer-main" "/workspace/cache/git-repos/https%3A%2F%2Fgithub.com%2Farinzecomie%2Fmoney-balancer-main", kill_on_drop: false }`
[INFO] [stderr] Cloning into bare repository '/workspace/cache/git-repos/https%3A%2F%2Fgithub.com%2Farinzecomie%2Fmoney-balancer-main'...
[INFO] running `Command { std: "git" "rev-parse" "HEAD", kill_on_drop: false }`
[INFO] [stdout] a4ecf0ba93f406fb61e3329001681e4850137a29
[INFO] testing arinzecomie/money-balancer-main against 1.83.0 for beta-1.84.0-4-retry
[INFO] running `Command { std: "git" "clone" "/workspace/cache/git-repos/https%3A%2F%2Fgithub.com%2Farinzecomie%2Fmoney-balancer-main" "/workspace/builds/worker-0-tc1/source", kill_on_drop: false }`
[INFO] [stderr] Cloning into '/workspace/builds/worker-0-tc1/source'...
[INFO] [stderr] done.
[INFO] validating manifest of git repo https://github.com/arinzecomie/money-balancer-main on toolchain 1.83.0
[INFO] running `Command { std: CARGO_HOME="/workspace/cargo-home" RUSTUP_HOME="/workspace/rustup-home" "/workspace/cargo-home/bin/cargo" "+1.83.0" "metadata" "--manifest-path" "Cargo.toml" "--no-deps", kill_on_drop: false }`
[INFO] started tweaking git repo https://github.com/arinzecomie/money-balancer-main
[INFO] finished tweaking git repo https://github.com/arinzecomie/money-balancer-main
[INFO] tweaked toml for git repo https://github.com/arinzecomie/money-balancer-main written to /workspace/builds/worker-0-tc1/source/Cargo.toml
[INFO] crate git repo https://github.com/arinzecomie/money-balancer-main already has a lockfile, it will not be regenerated
[INFO] running `Command { std: CARGO_HOME="/workspace/cargo-home" RUSTUP_HOME="/workspace/rustup-home" "/workspace/cargo-home/bin/cargo" "+1.83.0" "fetch" "--manifest-path" "Cargo.toml", kill_on_drop: false }`
[INFO] [stderr]     Updating crates.io index
[INFO] [stderr]  Downloading crates ...
[INFO] [stderr]   Downloaded uuid-macro-internal v1.1.2
[INFO] [stderr]   Downloaded serial_test v0.9.0
[INFO] [stderr]   Downloaded iana-time-zone v0.1.47
[INFO] [stderr]   Downloaded serial_test_derive v0.9.0
[INFO] [stderr]   Downloaded rust-embed-impl v6.3.0
[INFO] [stderr]   Downloaded envconfig_derive v0.10.0
[INFO] [stderr]   Downloaded rust-embed-utils v7.3.0
[INFO] [stderr]   Downloaded envconfig v0.10.0
[INFO] [stderr]   Downloaded sea-orm-migration v0.9.2
[INFO] [stderr]   Downloaded blowfish v0.7.0
[INFO] [stderr]   Downloaded multer v2.0.3
[INFO] [stderr]   Downloaded ouroboros_macro v0.15.4
[INFO] [stderr]   Downloaded rust_decimal v1.26.1
[INFO] [stderr]   Downloaded sea-orm-cli v0.9.2
[INFO] [stderr]   Downloaded pwhash v1.0.0
[INFO] [stderr]   Downloaded ouroboros v0.15.4
[INFO] [stderr]   Downloaded sea-query v0.26.3
[INFO] [stderr]   Downloaded sea-orm-macros v0.9.2
[INFO] [stderr]   Downloaded dotenvy v0.15.3
[INFO] [stderr]   Downloaded sea-orm v0.9.2
[INFO] [stderr]   Downloaded rust-embed v6.4.1
[INFO] [stderr]   Downloaded sea-schema v0.9.3
[INFO] running `Command { std: "docker" "create" "-v" "/var/lib/crater-agent-workspace/builds/worker-0-tc1/target:/opt/rustwide/target:rw,Z" "-v" "/var/lib/crater-agent-workspace/builds/worker-0-tc1/source:/opt/rustwide/workdir:ro,Z" "-v" "/var/lib/crater-agent-workspace/cargo-home:/opt/rustwide/cargo-home:ro,Z" "-v" "/var/lib/crater-agent-workspace/rustup-home:/opt/rustwide/rustup-home:ro,Z" "-e" "SOURCE_DIR=/opt/rustwide/workdir" "-e" "CARGO_TARGET_DIR=/opt/rustwide/target" "-e" "CARGO_HOME=/opt/rustwide/cargo-home" "-e" "RUSTUP_HOME=/opt/rustwide/rustup-home" "-w" "/opt/rustwide/workdir" "-m" "1610612736" "--user" "0:0" "--network" "none" "ghcr.io/rust-lang/crates-build-env/linux@sha256:f3a9d4ad9d972b27faf3965f35b62e55ba32bbce8f20bc8fe909558a86702fde" "/opt/rustwide/cargo-home/bin/cargo" "+1.83.0" "metadata" "--no-deps" "--format-version=1", kill_on_drop: false }`
[INFO] [stdout] 5b089234a97efca50076e6f84ea88e0275b37ca0d27214887886633104ff625d
[INFO] running `Command { std: "docker" "start" "-a" "5b089234a97efca50076e6f84ea88e0275b37ca0d27214887886633104ff625d", kill_on_drop: false }`
[INFO] running `Command { std: "docker" "inspect" "5b089234a97efca50076e6f84ea88e0275b37ca0d27214887886633104ff625d", kill_on_drop: false }`
[INFO] running `Command { std: "docker" "rm" "-f" "5b089234a97efca50076e6f84ea88e0275b37ca0d27214887886633104ff625d", kill_on_drop: false }`
[INFO] [stdout] 5b089234a97efca50076e6f84ea88e0275b37ca0d27214887886633104ff625d
[INFO] running `Command { std: "docker" "create" "-v" "/var/lib/crater-agent-workspace/builds/worker-0-tc1/target:/opt/rustwide/target:rw,Z" "-v" "/var/lib/crater-agent-workspace/builds/worker-0-tc1/source:/opt/rustwide/workdir:ro,Z" "-v" "/var/lib/crater-agent-workspace/cargo-home:/opt/rustwide/cargo-home:ro,Z" "-v" "/var/lib/crater-agent-workspace/rustup-home:/opt/rustwide/rustup-home:ro,Z" "-e" "SOURCE_DIR=/opt/rustwide/workdir" "-e" "CARGO_TARGET_DIR=/opt/rustwide/target" "-e" "CARGO_INCREMENTAL=0" "-e" "RUST_BACKTRACE=full" "-e" "RUSTFLAGS=--cap-lints=warn" "-e" "RUSTDOCFLAGS=--cap-lints=warn" "-e" "CARGO_HOME=/opt/rustwide/cargo-home" "-e" "RUSTUP_HOME=/opt/rustwide/rustup-home" "-w" "/opt/rustwide/workdir" "-m" "1610612736" "--user" "0:0" "--network" "none" "ghcr.io/rust-lang/crates-build-env/linux@sha256:f3a9d4ad9d972b27faf3965f35b62e55ba32bbce8f20bc8fe909558a86702fde" "/opt/rustwide/cargo-home/bin/cargo" "+1.83.0" "build" "--frozen" "--message-format=json", kill_on_drop: false }`
[INFO] [stdout] cb4a884570f21483b4f074b7ce17ca6db31eaade2d5c093cae36c20099c5e14f
[INFO] running `Command { std: "docker" "start" "-a" "cb4a884570f21483b4f074b7ce17ca6db31eaade2d5c093cae36c20099c5e14f", kill_on_drop: false }`
[INFO] [stderr]    Compiling proc-macro2 v1.0.43
[INFO] [stderr]    Compiling quote v1.0.21
[INFO] [stderr]    Compiling unicode-ident v1.0.3
[INFO] [stderr]    Compiling syn v1.0.99
[INFO] [stderr]    Compiling autocfg v1.1.0
[INFO] [stderr]    Compiling libc v0.2.132
[INFO] [stderr]    Compiling once_cell v1.14.0
[INFO] [stderr]    Compiling value-bag v1.0.0-alpha.9
[INFO] [stderr]    Compiling futures-core v0.3.24
[INFO] [stderr]    Compiling memchr v2.5.0
[INFO] [stderr]    Compiling pin-project-lite v0.2.9
[INFO] [stderr]    Compiling generic-array v0.14.6
[INFO] [stderr]    Compiling slab v0.4.7
[INFO] [stderr]    Compiling futures-io v0.3.24
[INFO] [stderr]    Compiling log v0.4.17
[INFO] [stderr]    Compiling serde_derive v1.0.144
[INFO] [stderr]    Compiling pin-utils v0.1.0
[INFO] [stderr]    Compiling futures-task v0.3.24
[INFO] [stderr]    Compiling futures-channel v0.3.24
[INFO] [stderr]    Compiling itoa v1.0.3
[INFO] [stderr]    Compiling subtle v2.4.1
[INFO] [stderr]    Compiling cc v1.0.73
[INFO] [stderr]    Compiling serde v1.0.144
[INFO] [stderr]    Compiling socket2 v0.4.7
[INFO] [stderr]    Compiling getrandom v0.2.7
[INFO] [stderr]    Compiling signal-hook-registry v1.4.0
[INFO] [stderr]    Compiling bytes v1.2.1
[INFO] [stderr]    Compiling ahash v0.7.6
[INFO] [stderr]    Compiling fastrand v1.8.0
[INFO] [stderr]    Compiling cpufeatures v0.2.5
[INFO] [stderr]    Compiling pkg-config v0.3.25
[INFO] [stderr]    Compiling cache-padded v1.2.0
[INFO] [stderr]    Compiling concurrent-queue v1.2.4
[INFO] [stderr]    Compiling polling v2.3.0
[INFO] [stderr]    Compiling num-traits v0.2.15
[INFO] [stderr]    Compiling parking v2.0.0
[INFO] [stderr]    Compiling futures-sink v0.3.24
[INFO] [stderr]    Compiling waker-fn v1.1.0
[INFO] [stderr]    Compiling hashbrown v0.12.3
[INFO] [stderr]    Compiling smallvec v1.9.0
[INFO] [stderr]    Compiling futures-lite v1.12.0
[INFO] [stderr]    Compiling block-buffer v0.10.3
[INFO] [stderr]    Compiling crypto-common v0.1.6
[INFO] [stderr]    Compiling lock_api v0.4.8
[INFO] [stderr]    Compiling async-io v1.9.0
[INFO] [stderr]    Compiling percent-encoding v2.2.0
[INFO] [stderr]    Compiling futures-util v0.3.24
[INFO] [stderr]    Compiling event-listener v2.5.3
[INFO] [stderr]    Compiling openssl-sys v0.9.75
[INFO] [stderr]    Compiling digest v0.10.3
[INFO] [stderr]    Compiling tokio v1.21.0
[INFO] [stderr]    Compiling num_threads v0.1.6
[INFO] [stderr]    Compiling scopeguard v1.1.0
[INFO] [stderr]    Compiling time-macros v0.2.4
[INFO] [stderr]    Compiling unicode-segmentation v1.9.0
[INFO] [stderr]    Compiling rand_core v0.6.3
[INFO] [stderr]    Compiling num_cpus v1.13.1
[INFO] [stderr]    Compiling num-integer v0.1.45
[INFO] [stderr]    Compiling tinyvec_macros v0.1.0
[INFO] [stderr]    Compiling tinyvec v1.6.0
[INFO] [stderr]    Compiling rand_chacha v0.3.1
[INFO] [stderr]    Compiling async-task v4.3.0
[INFO] [stderr]    Compiling signal-hook v0.3.14
[INFO] [stderr]    Compiling rand v0.8.5
[INFO] [stderr]    Compiling sha2 v0.10.5
[INFO] [stderr]    Compiling async-channel v1.7.1
[INFO] [stderr]    Compiling async-process v1.5.0
[INFO] [stderr]    Compiling proc-macro-error-attr v1.0.4
[INFO] [stderr]    Compiling unicode-normalization v0.1.21
[INFO] [stderr]    Compiling crossbeam-utils v0.8.11
[INFO] [stderr]    Compiling openssl v0.10.41
[INFO] [stderr]    Compiling unicode-bidi v0.3.8
[INFO] [stderr]    Compiling foreign-types-shared v0.1.1
[INFO] [stderr]    Compiling serde_json v1.0.85
[INFO] [stderr]    Compiling atomic-waker v1.0.0
[INFO] [stderr]    Compiling foreign-types v0.3.2
[INFO] [stderr]    Compiling blocking v1.2.0
[INFO] [stderr]    Compiling async-executor v1.4.1
[INFO] [stderr]    Compiling async-lock v2.5.0
[INFO] [stderr]    Compiling proc-macro-error v1.0.4
[INFO] [stderr]    Compiling native-tls v0.2.10
[INFO] [stderr]    Compiling ryu v1.0.11
[INFO] [stderr]    Compiling idna v0.3.0
[INFO] [stderr]    Compiling time v0.3.14
[INFO] [stderr]    Compiling form_urlencoded v1.1.0
[INFO] [stderr]    Compiling indexmap v1.9.1
[INFO] [stderr]    Compiling tracing-core v0.1.29
[INFO] [stderr]    Compiling openssl-probe v0.1.5
[INFO] [stderr]    Compiling rust_decimal v1.26.1
[INFO] [stderr]    Compiling either v1.8.0
[INFO] [stderr]    Compiling url v2.3.1
[INFO] [stderr]    Compiling heck v0.3.3
[INFO] [stderr]    Compiling iana-time-zone v0.1.47
[INFO] [stderr]    Compiling spin v0.9.4
[INFO] [stderr]    Compiling num-bigint v0.4.3
[INFO] [stderr]    Compiling yansi v0.5.1
[INFO] [stderr]    Compiling parking_lot_core v0.8.5
[INFO] [stderr]    Compiling instant v0.1.12
[INFO] [stderr]    Compiling fnv v1.0.7
[INFO] [stderr]    Compiling proc-macro2-diagnostics v0.9.1
[INFO] [stderr]    Compiling vcpkg v0.2.15
[INFO] [stderr]    Compiling http v0.2.8
[INFO] [stderr]    Compiling dirs-sys v0.3.7
[INFO] [stderr]    Compiling crossbeam-queue v0.3.6
[INFO] [stderr]    Compiling minimal-lexical v0.2.1
[INFO] [stderr]    Compiling libsqlite3-sys v0.24.2
[INFO] [stderr]    Compiling httparse v1.8.0
[INFO] [stderr]    Compiling dirs v4.0.0
[INFO] [stderr]    Compiling parking_lot v0.11.2
[INFO] [stderr]    Compiling nom v7.1.1
[INFO] [stderr]    Compiling itertools v0.10.3
[INFO] [stderr]    Compiling heck v0.4.0
[INFO] [stderr]    Compiling cipher v0.3.0
[INFO] [stderr]    Compiling universal-hash v0.4.1
[INFO] [stderr]    Compiling unicode_categories v0.1.1
[INFO] [stderr]    Compiling crc-catalog v2.1.0
[INFO] [stderr]    Compiling try-lock v0.2.3
[INFO] [stderr]    Compiling crc v3.0.0
[INFO] [stderr]    Compiling polyval v0.5.3
[INFO] [stderr]    Compiling futures-intrusive v0.4.0
[INFO] [stderr]    Compiling dotenvy v0.15.3
[INFO] [stderr]    Compiling ctor v0.1.23
[INFO] [stderr]    Compiling futures-macro v0.3.24
[INFO] [stderr]    Compiling thiserror-impl v1.0.34
[INFO] [stderr]    Compiling tokio-macros v1.8.0
[INFO] [stderr]    Compiling mio v0.8.4
[INFO] [stderr]    Compiling openssl-macros v0.1.0
[INFO] [stderr]    Compiling tracing-attributes v0.1.22
[INFO] [stderr]    Compiling thiserror v1.0.34
[INFO] [stderr]    Compiling tracing v0.1.36
[INFO] [stderr]    Compiling pin-project-internal v1.0.12
[INFO] [stderr]    Compiling uuid-macro-internal v1.1.2
[INFO] [stderr]    Compiling async-global-executor v2.3.0
[INFO] [stderr]    Compiling futures-executor v0.3.24
[INFO] [stderr]    Compiling futures v0.3.24
[INFO] [stderr]    Compiling pin-project v1.0.12
[INFO] [stderr]    Compiling kv-log-macro v1.0.7
[INFO] [stderr]    Compiling async-attributes v1.1.2
[INFO] [stderr]    Compiling async-std v1.12.0
[INFO] [stderr]    Compiling async-native-tls v0.4.0
[INFO] [stderr]    Compiling sqlformat v0.1.8
[INFO] [stderr]    Compiling stringprep v0.1.2
[INFO] [stderr]    Compiling atoi v1.0.0
[INFO] [stderr]    Compiling hashlink v0.8.0
[INFO] [stderr]    Compiling rustversion v1.0.9
[INFO] [stderr]    Compiling hex v0.4.3
[INFO] [stderr]    Compiling byteorder v1.4.3
[INFO] [stderr]    Compiling regex-syntax v0.6.27
[INFO] [stderr]    Compiling uuid v1.1.2
[INFO] [stderr]    Compiling chrono v0.4.22
[INFO] [stderr]    Compiling paste v1.0.9
[INFO] [stderr]    Compiling sqlx-rt v0.6.1
[INFO] [stderr]    Compiling flume v0.10.14
[INFO] [stderr]    Compiling sea-query-derive v0.2.0
[INFO] [stderr]    Compiling sea-query-driver v0.2.2
[INFO] [stderr]    Compiling pear_codegen v0.2.3
[INFO] [stderr]    Compiling ghash v0.4.4
[INFO] [stderr]    Compiling ctr v0.8.0
[INFO] [stderr]    Compiling aes v0.7.5
[INFO] [stderr]    Compiling http-body v0.4.5
[INFO] [stderr]    Compiling hmac v0.12.1
[INFO] [stderr]    Compiling aead v0.4.3
[INFO] [stderr]    Compiling cookie v0.16.0
[INFO] [stderr]    Compiling async-trait v0.1.57
[INFO] [stderr]    Compiling httpdate v1.0.2
[INFO] [stderr]    Compiling tower-service v0.3.2
[INFO] [stderr]    Compiling inlinable_string v0.1.15
[INFO] [stderr]    Compiling parking_lot_core v0.9.3
[INFO] [stderr]    Compiling ref-cast v1.0.9
[INFO] [stderr]    Compiling aes-gcm v0.9.4
[INFO] [stderr]    Compiling sea-query v0.26.3
[INFO] [stderr]    Compiling hkdf v0.12.3
[INFO] [stderr]    Compiling regex-automata v0.1.10
[INFO] [stderr]    Compiling tokio-util v0.7.4
[INFO] [stderr]    Compiling pear v0.2.3
[INFO] [stderr]    Compiling sqlx-core v0.6.1
[INFO] [stderr]    Compiling async-stream-impl v0.3.3
[INFO] [stderr]    Compiling ref-cast-impl v1.0.9
[INFO] [stderr]    Compiling digest v0.9.0
[INFO] [stderr]    Compiling atty v0.2.14
[INFO] [stderr]    Compiling aho-corasick v0.7.19
[INFO] [stderr]    Compiling uncased v0.9.7
[INFO] [stderr]    Compiling os_str_bytes v6.3.0
[INFO] [stderr]    Compiling Inflector v0.11.4
[INFO] [stderr]    Compiling async-stream v0.3.3
[INFO] [stderr]    Compiling clap_lex v0.2.4
[INFO] [stderr]    Compiling regex v1.6.0
[INFO] [stderr]    Compiling ouroboros_macro v0.15.4
[INFO] [stderr]    Compiling matchers v0.1.0
[INFO] [stderr]    Compiling sea-strum_macros v0.23.0
[INFO] [stderr]    Compiling tracing-log v0.1.3
[INFO] [stderr]    Compiling sharded-slab v0.1.4
[INFO] [stderr]    Compiling want v0.3.0
[INFO] [stderr]    Compiling clap_derive v3.2.18
[INFO] [stderr]    Compiling bae v0.1.7
[INFO] [stderr]    Compiling sea-schema-derive v0.1.0
[INFO] [stderr]    Compiling devise_core v0.3.1
[INFO] [stderr]    Compiling block-buffer v0.9.0
[INFO] [stderr]    Compiling stable-pattern v0.1.0
[INFO] [stderr]    Compiling thread_local v1.1.4
[INFO] [stderr]    Compiling strsim v0.10.0
[INFO] [stderr]    Compiling aliasable v0.1.3
[INFO] [stderr]    Compiling termcolor v1.1.3
[INFO] [stderr]    Compiling state v0.5.3
[INFO] [stderr]    Compiling same-file v1.0.6
[INFO] [stderr]    Compiling textwrap v0.15.0
[INFO] [stderr]    Compiling ansi_term v0.12.1
[INFO] [stderr]    Compiling encoding_rs v0.8.31
[INFO] [stderr]    Compiling devise_codegen v0.3.1
[INFO] [stderr]    Compiling walkdir v2.3.2
[INFO] [stderr]    Compiling tracing-subscriber v0.3.15
[INFO] [stderr]    Compiling ouroboros v0.15.4
[INFO] [stderr]    Compiling sea-schema v0.9.3
[INFO] [stderr]    Compiling sqlx-macros v0.6.1
[INFO] [stderr]    Compiling sea-orm-macros v0.9.2
[INFO] [stderr]    Compiling hyper v0.14.20
[INFO] [stderr]    Compiling clap v3.2.20
[INFO] [stderr]    Compiling sea-strum v0.23.0
[INFO] [stderr]    Compiling h2 v0.3.14
[INFO] [stderr]    Compiling ring v0.16.20
[INFO] [stderr]    Compiling atomic v0.5.1
[INFO] [stderr]    Compiling figment v0.10.7
[INFO] [stderr]    Compiling multer v2.0.3
[INFO] [stderr]    Compiling dotenv v0.15.0
[INFO] [stderr]    Compiling rocket_http v0.5.0-rc.2
[INFO] [stderr]    Compiling sea-orm-cli v0.9.2
[INFO] [stderr]    Compiling devise v0.3.1
[INFO] [stderr]    Compiling rust-embed-utils v7.3.0
[INFO] [stderr]    Compiling parking_lot v0.12.1
[INFO] [stderr]    Compiling toml v0.5.9
[INFO] [stderr]    Compiling sqlx v0.6.1
[INFO] [stderr]    Compiling sea-orm v0.9.2
[INFO] [stderr]    Compiling cipher v0.2.5
[INFO] [stderr]    Compiling crypto-mac v0.10.1
[INFO] [stderr]    Compiling rocket v0.5.0-rc.2
[INFO] [stderr]    Compiling spin v0.5.2
[INFO] [stderr]    Compiling mime v0.3.16
[INFO] [stderr]    Compiling remove_dir_all v0.5.3
[INFO] [stderr]    Compiling glob v0.3.0
[INFO] [stderr]    Compiling unicode-xid v0.2.3
[INFO] [stderr]    Compiling untrusted v0.7.1
[INFO] [stderr]    Compiling rocket_codegen v0.5.0-rc.2
[INFO] [stderr]    Compiling tempfile v3.3.0
[INFO] [stderr]    Compiling hmac v0.10.1
[INFO] [stderr]    Compiling blowfish v0.7.0
[INFO] [stderr]    Compiling rust-embed-impl v6.3.0
[INFO] [stderr]    Compiling sha2 v0.9.9
[INFO] [stderr]    Compiling sha-1 v0.9.8
[INFO] [stderr]    Compiling md-5 v0.9.1
[INFO] [stderr]    Compiling dashmap v5.4.0
[INFO] [stderr]    Compiling ubyte v0.10.3
[INFO] [stderr]    Compiling pem v1.1.0
[INFO] [stderr]    Compiling tokio-stream v0.1.9
[INFO] [stderr]    Compiling simple_asn1 v0.6.2
[INFO] [stderr]    Compiling envconfig_derive v0.10.0
[INFO] [stderr]    Compiling serial_test_derive v0.9.0
[INFO] [stderr]    Compiling money-balancer v1.2.0 (/opt/rustwide/workdir)
[INFO] [stderr]    Compiling binascii v0.1.4
[INFO] [stderr]    Compiling jsonwebtoken v8.1.1
[INFO] [stderr]    Compiling rust-embed v6.4.1
[INFO] [stderr]    Compiling pwhash v1.0.0
[INFO] [stderr]    Compiling envconfig v0.10.0
[INFO] [stderr]    Compiling sea-orm-migration v0.9.2
[INFO] [stderr]    Compiling serial_test v0.9.0
[INFO] [stderr]    Compiling migration v1.0.0 (/opt/rustwide/workdir/migration)
[INFO] [stdout] warning: unused import: `super::debt::Entity as Debt`
[INFO] [stdout]  --> src/model/prelude.rs:3:9
[INFO] [stdout]   |
[INFO] [stdout] 3 | pub use super::debt::Entity as Debt;
[INFO] [stdout]   |         ^^^^^^^^^^^^^^^^^^^^^^^^^^^
[INFO] [stdout]   |
[INFO] [stdout]   = note: `#[warn(unused_imports)]` on by default
[INFO] [stdout] 
[INFO] [stdout] 
[INFO] [stdout] warning: unused import: `super::group::Entity as Group`
[INFO] [stdout]  --> src/model/prelude.rs:4:9
[INFO] [stdout]   |
[INFO] [stdout] 4 | pub use super::group::Entity as Group;
[INFO] [stdout]   |         ^^^^^^^^^^^^^^^^^^^^^^^^^^^^^
[INFO] [stdout] 
[INFO] [stdout] 
[INFO] [stdout] warning: unused import: `super::group_member::Entity as GroupMember`
[INFO] [stdout]  --> src/model/prelude.rs:5:9
[INFO] [stdout]   |
[INFO] [stdout] 5 | pub use super::group_member::Entity as GroupMember;
[INFO] [stdout]   |         ^^^^^^^^^^^^^^^^^^^^^^^^^^^^^^^^^^^^^^^^^^
[INFO] [stdout] 
[INFO] [stdout] 
[INFO] [stdout] warning: unused import: `super::transaction::Entity as Transaction`
[INFO] [stdout]  --> src/model/prelude.rs:6:9
[INFO] [stdout]   |
[INFO] [stdout] 6 | pub use super::transaction::Entity as Transaction;
[INFO] [stdout]   |         ^^^^^^^^^^^^^^^^^^^^^^^^^^^^^^^^^^^^^^^^^
[INFO] [stdout] 
[INFO] [stdout] 
[INFO] [stdout] warning: unused import: `super::user::Entity as User`
[INFO] [stdout]  --> src/model/prelude.rs:7:9
[INFO] [stdout]   |
[INFO] [stdout] 7 | pub use super::user::Entity as User;
[INFO] [stdout]   |         ^^^^^^^^^^^^^^^^^^^^^^^^^^^
[INFO] [stdout] 
[INFO] [stdout] 
[INFO] [stdout] warning: unused import: `available_providers`
[INFO] [stdout]   --> src/routes/auth.rs:40:10
[INFO] [stdout]    |
[INFO] [stdout] 40 | async fn available_providers(
[INFO] [stdout]    |          ^^^^^^^^^^^^^^^^^^^
[INFO] [stdout] 
[INFO] [stdout] 
[INFO] [stdout] warning: unused import: `local`
[INFO] [stdout]   --> src/routes/auth.rs:54:10
[INFO] [stdout]    |
[INFO] [stdout] 54 | async fn local(
[INFO] [stdout]    |          ^^^^^
[INFO] [stdout] 
[INFO] [stdout] 
[INFO] [stdout] warning: unused import: `proxy_redirect`
[INFO] [stdout]   --> src/routes/auth.rs:69:10
[INFO] [stdout]    |
[INFO] [stdout] 69 | async fn proxy_redirect() -> Redirect {
[INFO] [stdout]    |          ^^^^^^^^^^^^^^
[INFO] [stdout] 
[INFO] [stdout] 
[INFO] [stdout] warning: unused import: `proxy`
[INFO] [stdout]   --> src/routes/auth.rs:74:10
[INFO] [stdout]    |
[INFO] [stdout] 74 | async fn proxy(
[INFO] [stdout]    |          ^^^^^
[INFO] [stdout] 
[INFO] [stdout] 
[INFO] [stdout] warning: unused import: `index`
[INFO] [stdout]   --> src/routes/client.rs:34:4
[INFO] [stdout]    |
[INFO] [stdout] 34 | fn index() -> Option<(ContentType, Cow<'static, [u8]>)> {
[INFO] [stdout]    |    ^^^^^
[INFO] [stdout] 
[INFO] [stdout] 
[INFO] [stdout] warning: unused import: `client_root`
[INFO] [stdout]   --> src/routes/client.rs:39:4
[INFO] [stdout]    |
[INFO] [stdout] 39 | fn client_root(file: PathBuf) -> Option<(ContentType, Cow<'static, [u8]>)> {
[INFO] [stdout]    |    ^^^^^^^^^^^
[INFO] [stdout] 
[INFO] [stdout] 
[INFO] [stdout] warning: unused import: `client_static`
[INFO] [stdout]   --> src/routes/client.rs:44:4
[INFO] [stdout]    |
[INFO] [stdout] 44 | fn client_static(file: PathBuf) -> Option<(ContentType, Cow<'static, [u8]>)> {
[INFO] [stdout]    |    ^^^^^^^^^^^^^
[INFO] [stdout] 
[INFO] [stdout] 
[INFO] [stdout] warning: unused import: `get_all_groups`
[INFO] [stdout]   --> src/routes/group.rs:24:10
[INFO] [stdout]    |
[INFO] [stdout] 24 | async fn get_all_groups(
[INFO] [stdout]    |          ^^^^^^^^^^^^^^
[INFO] [stdout] 
[INFO] [stdout] 
[INFO] [stdout] warning: unused import: `get_group`
[INFO] [stdout]   --> src/routes/group.rs:32:10
[INFO] [stdout]    |
[INFO] [stdout] 32 | async fn get_group(
[INFO] [stdout]    |          ^^^^^^^^^
[INFO] [stdout] 
[INFO] [stdout] 
[INFO] [stdout] warning: unused import: `create_group`
[INFO] [stdout]   --> src/routes/group.rs:44:10
[INFO] [stdout]    |
[INFO] [stdout] 44 | async fn create_group(
[INFO] [stdout]    |          ^^^^^^^^^^^^
[INFO] [stdout] 
[INFO] [stdout] 
[INFO] [stdout] warning: unused import: `get_group_members`
[INFO] [stdout]   --> src/routes/group.rs:57:10
[INFO] [stdout]    |
[INFO] [stdout] 57 | async fn get_group_members(
[INFO] [stdout]    |          ^^^^^^^^^^^^^^^^^
[INFO] [stdout] 
[INFO] [stdout] 
[INFO] [stdout] warning: unused import: `create_group_member`
[INFO] [stdout]   --> src/routes/group.rs:72:10
[INFO] [stdout]    |
[INFO] [stdout] 72 | async fn create_group_member(
[INFO] [stdout]    |          ^^^^^^^^^^^^^^^^^^^
[INFO] [stdout] 
[INFO] [stdout] 
[INFO] [stdout] warning: unused import: `get_group_transactions`
[INFO] [stdout]   --> src/routes/group.rs:88:10
[INFO] [stdout]    |
[INFO] [stdout] 88 | async fn get_group_transactions(
[INFO] [stdout]    |          ^^^^^^^^^^^^^^^^^^^^^^
[INFO] [stdout] 
[INFO] [stdout] 
[INFO] [stdout] warning: unused import: `create_group_tansaction`
[INFO] [stdout]    --> src/routes/group.rs:103:10
[INFO] [stdout]     |
[INFO] [stdout] 103 | async fn create_group_tansaction(
[INFO] [stdout]     |          ^^^^^^^^^^^^^^^^^^^^^^^
[INFO] [stdout] 
[INFO] [stdout] 
[INFO] [stdout] warning: unused import: `delete_group_transaction`
[INFO] [stdout]    --> src/routes/group.rs:129:10
[INFO] [stdout]     |
[INFO] [stdout] 129 | async fn delete_group_transaction(
[INFO] [stdout]     |          ^^^^^^^^^^^^^^^^^^^^^^^^
[INFO] [stdout] 
[INFO] [stdout] 
[INFO] [stdout] warning: unused import: `get_group_debts`
[INFO] [stdout]    --> src/routes/group.rs:145:10
[INFO] [stdout]     |
[INFO] [stdout] 145 | async fn get_group_debts(
[INFO] [stdout]     |          ^^^^^^^^^^^^^^^
[INFO] [stdout] 
[INFO] [stdout] 
[INFO] [stdout] warning: unused import: `swagger`
[INFO] [stdout]   --> src/routes/swagger.rs:13:10
[INFO] [stdout]    |
[INFO] [stdout] 13 | async fn swagger() -> (ContentType, Cow<'static, [u8]>) {
[INFO] [stdout]    |          ^^^^^^^
[INFO] [stdout] 
[INFO] [stdout] 
[INFO] [stdout] warning: unused import: `openapi`
[INFO] [stdout]   --> src/routes/swagger.rs:21:10
[INFO] [stdout]    |
[INFO] [stdout] 21 | async fn openapi() -> (ContentType, Cow<'static, [u8]>) {
[INFO] [stdout]    |          ^^^^^^^
[INFO] [stdout] 
[INFO] [stdout] 
[INFO] [stdout] warning: unused import: `get_current_user`
[INFO] [stdout]   --> src/routes/user.rs:55:10
[INFO] [stdout]    |
[INFO] [stdout] 55 | async fn get_current_user(
[INFO] [stdout]    |          ^^^^^^^^^^^^^^^^
[INFO] [stdout] 
[INFO] [stdout] 
[INFO] [stdout] warning: unused import: `create_user`
[INFO] [stdout]   --> src/routes/user.rs:64:10
[INFO] [stdout]    |
[INFO] [stdout] 64 | async fn create_user(
[INFO] [stdout]    |          ^^^^^^^^^^^
[INFO] [stdout] 
[INFO] [stdout] 
[INFO] [stdout] warning: unused import: `token`
[INFO] [stdout]   --> src/routes/user.rs:89:10
[INFO] [stdout]    |
[INFO] [stdout] 89 | async fn token(
[INFO] [stdout]    |          ^^^^^
[INFO] [stdout] 
[INFO] [stdout] 
[INFO] [stderr]     Finished `dev` profile [unoptimized + debuginfo] target(s) in 4m 36s
[INFO] running `Command { std: "docker" "inspect" "cb4a884570f21483b4f074b7ce17ca6db31eaade2d5c093cae36c20099c5e14f", kill_on_drop: false }`
[INFO] running `Command { std: "docker" "rm" "-f" "cb4a884570f21483b4f074b7ce17ca6db31eaade2d5c093cae36c20099c5e14f", kill_on_drop: false }`
[INFO] [stdout] cb4a884570f21483b4f074b7ce17ca6db31eaade2d5c093cae36c20099c5e14f
[INFO] running `Command { std: "docker" "create" "-v" "/var/lib/crater-agent-workspace/builds/worker-0-tc1/target:/opt/rustwide/target:rw,Z" "-v" "/var/lib/crater-agent-workspace/builds/worker-0-tc1/source:/opt/rustwide/workdir:ro,Z" "-v" "/var/lib/crater-agent-workspace/cargo-home:/opt/rustwide/cargo-home:ro,Z" "-v" "/var/lib/crater-agent-workspace/rustup-home:/opt/rustwide/rustup-home:ro,Z" "-e" "SOURCE_DIR=/opt/rustwide/workdir" "-e" "CARGO_TARGET_DIR=/opt/rustwide/target" "-e" "CARGO_INCREMENTAL=0" "-e" "RUST_BACKTRACE=full" "-e" "RUSTFLAGS=--cap-lints=warn" "-e" "RUSTDOCFLAGS=--cap-lints=warn" "-e" "CARGO_HOME=/opt/rustwide/cargo-home" "-e" "RUSTUP_HOME=/opt/rustwide/rustup-home" "-w" "/opt/rustwide/workdir" "-m" "1610612736" "--user" "0:0" "--network" "none" "ghcr.io/rust-lang/crates-build-env/linux@sha256:f3a9d4ad9d972b27faf3965f35b62e55ba32bbce8f20bc8fe909558a86702fde" "/opt/rustwide/cargo-home/bin/cargo" "+1.83.0" "test" "--frozen" "--no-run" "--message-format=json", kill_on_drop: false }`
[INFO] [stdout] 6cead2308eebc2eed6ad407a15bdddf7a3031ef9efbb01dda7c87d6ce3decf08
[INFO] running `Command { std: "docker" "start" "-a" "6cead2308eebc2eed6ad407a15bdddf7a3031ef9efbb01dda7c87d6ce3decf08", kill_on_drop: false }`
[INFO] [stderr]    Compiling money-balancer v1.2.0 (/opt/rustwide/workdir)
[INFO] [stdout] warning: unused import: `super::debt::Entity as Debt`
[INFO] [stdout]  --> src/model/prelude.rs:3:9
[INFO] [stdout]   |
[INFO] [stdout] 3 | pub use super::debt::Entity as Debt;
[INFO] [stdout]   |         ^^^^^^^^^^^^^^^^^^^^^^^^^^^
[INFO] [stdout]   |
[INFO] [stdout]   = note: `#[warn(unused_imports)]` on by default
[INFO] [stdout] 
[INFO] [stdout] 
[INFO] [stdout] warning: unused import: `super::group::Entity as Group`
[INFO] [stdout]  --> src/model/prelude.rs:4:9
[INFO] [stdout]   |
[INFO] [stdout] 4 | pub use super::group::Entity as Group;
[INFO] [stdout]   |         ^^^^^^^^^^^^^^^^^^^^^^^^^^^^^
[INFO] [stdout] 
[INFO] [stdout] 
[INFO] [stdout] warning: unused import: `super::group_member::Entity as GroupMember`
[INFO] [stdout]  --> src/model/prelude.rs:5:9
[INFO] [stdout]   |
[INFO] [stdout] 5 | pub use super::group_member::Entity as GroupMember;
[INFO] [stdout]   |         ^^^^^^^^^^^^^^^^^^^^^^^^^^^^^^^^^^^^^^^^^^
[INFO] [stdout] 
[INFO] [stdout] 
[INFO] [stdout] warning: unused import: `super::transaction::Entity as Transaction`
[INFO] [stdout]  --> src/model/prelude.rs:6:9
[INFO] [stdout]   |
[INFO] [stdout] 6 | pub use super::transaction::Entity as Transaction;
[INFO] [stdout]   |         ^^^^^^^^^^^^^^^^^^^^^^^^^^^^^^^^^^^^^^^^^
[INFO] [stdout] 
[INFO] [stdout] 
[INFO] [stdout] warning: unused import: `super::user::Entity as User`
[INFO] [stdout]  --> src/model/prelude.rs:7:9
[INFO] [stdout]   |
[INFO] [stdout] 7 | pub use super::user::Entity as User;
[INFO] [stdout]   |         ^^^^^^^^^^^^^^^^^^^^^^^^^^^
[INFO] [stdout] 
[INFO] [stdout] 
[INFO] [stdout] warning: unused import: `available_providers`
[INFO] [stdout]   --> src/routes/auth.rs:40:10
[INFO] [stdout]    |
[INFO] [stdout] 40 | async fn available_providers(
[INFO] [stdout]    |          ^^^^^^^^^^^^^^^^^^^
[INFO] [stdout] 
[INFO] [stdout] 
[INFO] [stdout] warning: unused import: `local`
[INFO] [stdout]   --> src/routes/auth.rs:54:10
[INFO] [stdout]    |
[INFO] [stdout] 54 | async fn local(
[INFO] [stdout]    |          ^^^^^
[INFO] [stdout] 
[INFO] [stdout] 
[INFO] [stdout] warning: unused import: `proxy_redirect`
[INFO] [stdout]   --> src/routes/auth.rs:69:10
[INFO] [stdout]    |
[INFO] [stdout] 69 | async fn proxy_redirect() -> Redirect {
[INFO] [stdout]    |          ^^^^^^^^^^^^^^
[INFO] [stdout] 
[INFO] [stdout] 
[INFO] [stdout] warning: unused import: `proxy`
[INFO] [stdout]   --> src/routes/auth.rs:74:10
[INFO] [stdout]    |
[INFO] [stdout] 74 | async fn proxy(
[INFO] [stdout]    |          ^^^^^
[INFO] [stdout] 
[INFO] [stdout] 
[INFO] [stdout] warning: unused import: `index`
[INFO] [stdout]   --> src/routes/client.rs:34:4
[INFO] [stdout]    |
[INFO] [stdout] 34 | fn index() -> Option<(ContentType, Cow<'static, [u8]>)> {
[INFO] [stdout]    |    ^^^^^
[INFO] [stdout] 
[INFO] [stdout] 
[INFO] [stdout] warning: unused import: `client_root`
[INFO] [stdout]   --> src/routes/client.rs:39:4
[INFO] [stdout]    |
[INFO] [stdout] 39 | fn client_root(file: PathBuf) -> Option<(ContentType, Cow<'static, [u8]>)> {
[INFO] [stdout]    |    ^^^^^^^^^^^
[INFO] [stdout] 
[INFO] [stdout] 
[INFO] [stdout] warning: unused import: `client_static`
[INFO] [stdout]   --> src/routes/client.rs:44:4
[INFO] [stdout]    |
[INFO] [stdout] 44 | fn client_static(file: PathBuf) -> Option<(ContentType, Cow<'static, [u8]>)> {
[INFO] [stdout]    |    ^^^^^^^^^^^^^
[INFO] [stdout] 
[INFO] [stdout] 
[INFO] [stdout] warning: unused import: `get_all_groups`
[INFO] [stdout]   --> src/routes/group.rs:24:10
[INFO] [stdout]    |
[INFO] [stdout] 24 | async fn get_all_groups(
[INFO] [stdout]    |          ^^^^^^^^^^^^^^
[INFO] [stdout] 
[INFO] [stdout] 
[INFO] [stdout] warning: unused import: `get_group`
[INFO] [stdout]   --> src/routes/group.rs:32:10
[INFO] [stdout]    |
[INFO] [stdout] 32 | async fn get_group(
[INFO] [stdout]    |          ^^^^^^^^^
[INFO] [stdout] 
[INFO] [stdout] 
[INFO] [stdout] warning: unused import: `create_group`
[INFO] [stdout]   --> src/routes/group.rs:44:10
[INFO] [stdout]    |
[INFO] [stdout] 44 | async fn create_group(
[INFO] [stdout]    |          ^^^^^^^^^^^^
[INFO] [stdout] 
[INFO] [stdout] 
[INFO] [stdout] warning: unused import: `get_group_members`
[INFO] [stdout]   --> src/routes/group.rs:57:10
[INFO] [stdout]    |
[INFO] [stdout] 57 | async fn get_group_members(
[INFO] [stdout]    |          ^^^^^^^^^^^^^^^^^
[INFO] [stdout] 
[INFO] [stdout] 
[INFO] [stdout] warning: unused import: `create_group_member`
[INFO] [stdout]   --> src/routes/group.rs:72:10
[INFO] [stdout]    |
[INFO] [stdout] 72 | async fn create_group_member(
[INFO] [stdout]    |          ^^^^^^^^^^^^^^^^^^^
[INFO] [stdout] 
[INFO] [stdout] 
[INFO] [stdout] warning: unused import: `get_group_transactions`
[INFO] [stdout]   --> src/routes/group.rs:88:10
[INFO] [stdout]    |
[INFO] [stdout] 88 | async fn get_group_transactions(
[INFO] [stdout]    |          ^^^^^^^^^^^^^^^^^^^^^^
[INFO] [stdout] 
[INFO] [stdout] 
[INFO] [stdout] warning: unused import: `create_group_tansaction`
[INFO] [stdout]    --> src/routes/group.rs:103:10
[INFO] [stdout]     |
[INFO] [stdout] 103 | async fn create_group_tansaction(
[INFO] [stdout]     |          ^^^^^^^^^^^^^^^^^^^^^^^
[INFO] [stdout] 
[INFO] [stdout] 
[INFO] [stdout] warning: unused import: `delete_group_transaction`
[INFO] [stdout]    --> src/routes/group.rs:129:10
[INFO] [stdout]     |
[INFO] [stdout] 129 | async fn delete_group_transaction(
[INFO] [stdout]     |          ^^^^^^^^^^^^^^^^^^^^^^^^
[INFO] [stdout] 
[INFO] [stdout] 
[INFO] [stdout] warning: unused import: `get_group_debts`
[INFO] [stdout]    --> src/routes/group.rs:145:10
[INFO] [stdout]     |
[INFO] [stdout] 145 | async fn get_group_debts(
[INFO] [stdout]     |          ^^^^^^^^^^^^^^^
[INFO] [stdout] 
[INFO] [stdout] 
[INFO] [stdout] warning: unused import: `swagger`
[INFO] [stdout]   --> src/routes/swagger.rs:13:10
[INFO] [stdout]    |
[INFO] [stdout] 13 | async fn swagger() -> (ContentType, Cow<'static, [u8]>) {
[INFO] [stdout]    |          ^^^^^^^
[INFO] [stdout] 
[INFO] [stdout] 
[INFO] [stdout] warning: unused import: `openapi`
[INFO] [stdout]   --> src/routes/swagger.rs:21:10
[INFO] [stdout]    |
[INFO] [stdout] 21 | async fn openapi() -> (ContentType, Cow<'static, [u8]>) {
[INFO] [stdout]    |          ^^^^^^^
[INFO] [stdout] 
[INFO] [stdout] 
[INFO] [stdout] warning: unused import: `get_current_user`
[INFO] [stdout]   --> src/routes/user.rs:55:10
[INFO] [stdout]    |
[INFO] [stdout] 55 | async fn get_current_user(
[INFO] [stdout]    |          ^^^^^^^^^^^^^^^^
[INFO] [stdout] 
[INFO] [stdout] 
[INFO] [stdout] warning: unused import: `create_user`
[INFO] [stdout]   --> src/routes/user.rs:64:10
[INFO] [stdout]    |
[INFO] [stdout] 64 | async fn create_user(
[INFO] [stdout]    |          ^^^^^^^^^^^
[INFO] [stdout] 
[INFO] [stdout] 
[INFO] [stdout] warning: unused import: `token`
[INFO] [stdout]   --> src/routes/user.rs:89:10
[INFO] [stdout]    |
[INFO] [stdout] 89 | async fn token(
[INFO] [stdout]    |          ^^^^^
[INFO] [stdout] 
[INFO] [stdout] 
[INFO] [stderr]     Finished `test` profile [unoptimized + debuginfo] target(s) in 18.46s
[INFO] running `Command { std: "docker" "inspect" "6cead2308eebc2eed6ad407a15bdddf7a3031ef9efbb01dda7c87d6ce3decf08", kill_on_drop: false }`
[INFO] running `Command { std: "docker" "rm" "-f" "6cead2308eebc2eed6ad407a15bdddf7a3031ef9efbb01dda7c87d6ce3decf08", kill_on_drop: false }`
[INFO] [stdout] 6cead2308eebc2eed6ad407a15bdddf7a3031ef9efbb01dda7c87d6ce3decf08
[INFO] running `Command { std: "docker" "create" "-v" "/var/lib/crater-agent-workspace/builds/worker-0-tc1/target:/opt/rustwide/target:rw,Z" "-v" "/var/lib/crater-agent-workspace/builds/worker-0-tc1/source:/opt/rustwide/workdir:ro,Z" "-v" "/var/lib/crater-agent-workspace/cargo-home:/opt/rustwide/cargo-home:ro,Z" "-v" "/var/lib/crater-agent-workspace/rustup-home:/opt/rustwide/rustup-home:ro,Z" "-e" "SOURCE_DIR=/opt/rustwide/workdir" "-e" "CARGO_TARGET_DIR=/opt/rustwide/target" "-e" "CARGO_INCREMENTAL=0" "-e" "RUST_BACKTRACE=full" "-e" "RUSTFLAGS=--cap-lints=warn" "-e" "RUSTDOCFLAGS=--cap-lints=warn" "-e" "CARGO_HOME=/opt/rustwide/cargo-home" "-e" "RUSTUP_HOME=/opt/rustwide/rustup-home" "-w" "/opt/rustwide/workdir" "-m" "1610612736" "--user" "0:0" "--network" "none" "ghcr.io/rust-lang/crates-build-env/linux@sha256:f3a9d4ad9d972b27faf3965f35b62e55ba32bbce8f20bc8fe909558a86702fde" "/opt/rustwide/cargo-home/bin/cargo" "+1.83.0" "test" "--frozen", kill_on_drop: false }`
[INFO] [stdout] ad7bf16b3ec3f0411b752721421baefb7b630cd02a660cb01277011b86c13bab
[INFO] running `Command { std: "docker" "start" "-a" "ad7bf16b3ec3f0411b752721421baefb7b630cd02a660cb01277011b86c13bab", kill_on_drop: false }`
[INFO] [stderr] warning: unused import: `super::debt::Entity as Debt`
[INFO] [stderr]  --> src/model/prelude.rs:3:9
[INFO] [stderr]   |
[INFO] [stderr] 3 | pub use super::debt::Entity as Debt;
[INFO] [stderr]   |         ^^^^^^^^^^^^^^^^^^^^^^^^^^^
[INFO] [stderr]   |
[INFO] [stderr]   = note: `#[warn(unused_imports)]` on by default
[INFO] [stderr] 
[INFO] [stderr] warning: unused import: `super::group::Entity as Group`
[INFO] [stderr]  --> src/model/prelude.rs:4:9
[INFO] [stderr]   |
[INFO] [stderr] 4 | pub use super::group::Entity as Group;
[INFO] [stderr]   |         ^^^^^^^^^^^^^^^^^^^^^^^^^^^^^
[INFO] [stderr] 
[INFO] [stderr] warning: unused import: `super::group_member::Entity as GroupMember`
[INFO] [stderr]  --> src/model/prelude.rs:5:9
[INFO] [stderr]   |
[INFO] [stderr] 5 | pub use super::group_member::Entity as GroupMember;
[INFO] [stderr]   |         ^^^^^^^^^^^^^^^^^^^^^^^^^^^^^^^^^^^^^^^^^^
[INFO] [stderr] 
[INFO] [stderr] warning: unused import: `super::transaction::Entity as Transaction`
[INFO] [stderr]  --> src/model/prelude.rs:6:9
[INFO] [stderr]   |
[INFO] [stderr] 6 | pub use super::transaction::Entity as Transaction;
[INFO] [stderr]   |         ^^^^^^^^^^^^^^^^^^^^^^^^^^^^^^^^^^^^^^^^^
[INFO] [stderr] 
[INFO] [stderr] warning: unused import: `super::user::Entity as User`
[INFO] [stderr]  --> src/model/prelude.rs:7:9
[INFO] [stderr]   |
[INFO] [stderr] 7 | pub use super::user::Entity as User;
[INFO] [stderr]   |         ^^^^^^^^^^^^^^^^^^^^^^^^^^^
[INFO] [stderr] 
[INFO] [stderr] warning: unused import: `available_providers`
[INFO] [stderr]   --> src/routes/auth.rs:40:10
[INFO] [stderr]    |
[INFO] [stderr] 40 | async fn available_providers(
[INFO] [stderr]    |          ^^^^^^^^^^^^^^^^^^^
[INFO] [stderr] 
[INFO] [stderr] warning: unused import: `local`
[INFO] [stderr]   --> src/routes/auth.rs:54:10
[INFO] [stderr]    |
[INFO] [stderr] 54 | async fn local(
[INFO] [stderr]    |          ^^^^^
[INFO] [stderr] 
[INFO] [stderr] warning: unused import: `proxy_redirect`
[INFO] [stderr]   --> src/routes/auth.rs:69:10
[INFO] [stderr]    |
[INFO] [stderr] 69 | async fn proxy_redirect() -> Redirect {
[INFO] [stderr]    |          ^^^^^^^^^^^^^^
[INFO] [stderr] 
[INFO] [stderr] warning: unused import: `proxy`
[INFO] [stderr]   --> src/routes/auth.rs:74:10
[INFO] [stderr]    |
[INFO] [stderr] 74 | async fn proxy(
[INFO] [stderr]    |          ^^^^^
[INFO] [stderr] 
[INFO] [stderr] warning: unused import: `index`
[INFO] [stderr]   --> src/routes/client.rs:34:4
[INFO] [stderr]    |
[INFO] [stderr] 34 | fn index() -> Option<(ContentType, Cow<'static, [u8]>)> {
[INFO] [stderr]    |    ^^^^^
[INFO] [stderr] 
[INFO] [stderr] warning: unused import: `client_root`
[INFO] [stderr]   --> src/routes/client.rs:39:4
[INFO] [stderr]    |
[INFO] [stderr] 39 | fn client_root(file: PathBuf) -> Option<(ContentType, Cow<'static, [u8]>)> {
[INFO] [stderr]    |    ^^^^^^^^^^^
[INFO] [stderr] 
[INFO] [stderr] warning: unused import: `client_static`
[INFO] [stderr]   --> src/routes/client.rs:44:4
[INFO] [stderr]    |
[INFO] [stderr] 44 | fn client_static(file: PathBuf) -> Option<(ContentType, Cow<'static, [u8]>)> {
[INFO] [stderr]    |    ^^^^^^^^^^^^^
[INFO] [stderr] 
[INFO] [stderr] warning: unused import: `get_all_groups`
[INFO] [stderr]   --> src/routes/group.rs:24:10
[INFO] [stderr]    |
[INFO] [stderr] 24 | async fn get_all_groups(
[INFO] [stderr]    |          ^^^^^^^^^^^^^^
[INFO] [stderr] 
[INFO] [stderr] warning: unused import: `get_group`
[INFO] [stderr]   --> src/routes/group.rs:32:10
[INFO] [stderr]    |
[INFO] [stderr] 32 | async fn get_group(
[INFO] [stderr]    |          ^^^^^^^^^
[INFO] [stderr] 
[INFO] [stderr] warning: unused import: `create_group`
[INFO] [stderr]   --> src/routes/group.rs:44:10
[INFO] [stderr]    |
[INFO] [stderr] 44 | async fn create_group(
[INFO] [stderr]    |          ^^^^^^^^^^^^
[INFO] [stderr] 
[INFO] [stderr] warning: unused import: `get_group_members`
[INFO] [stderr]   --> src/routes/group.rs:57:10
[INFO] [stderr]    |
[INFO] [stderr] 57 | async fn get_group_members(
[INFO] [stderr]    |          ^^^^^^^^^^^^^^^^^
[INFO] [stderr] 
[INFO] [stderr] warning: unused import: `create_group_member`
[INFO] [stderr]   --> src/routes/group.rs:72:10
[INFO] [stderr]    |
[INFO] [stderr] 72 | async fn create_group_member(
[INFO] [stderr]    |          ^^^^^^^^^^^^^^^^^^^
[INFO] [stderr] 
[INFO] [stderr] warning: unused import: `get_group_transactions`
[INFO] [stderr]   --> src/routes/group.rs:88:10
[INFO] [stderr]    |
[INFO] [stderr] 88 | async fn get_group_transactions(
[INFO] [stderr]    |          ^^^^^^^^^^^^^^^^^^^^^^
[INFO] [stderr] 
[INFO] [stderr] warning: unused import: `create_group_tansaction`
[INFO] [stderr]    --> src/routes/group.rs:103:10
[INFO] [stderr]     |
[INFO] [stderr] 103 | async fn create_group_tansaction(
[INFO] [stderr]     |          ^^^^^^^^^^^^^^^^^^^^^^^
[INFO] [stderr] 
[INFO] [stderr] warning: unused import: `delete_group_transaction`
[INFO] [stderr]    --> src/routes/group.rs:129:10
[INFO] [stderr]     |
[INFO] [stderr] 129 | async fn delete_group_transaction(
[INFO] [stderr]     |          ^^^^^^^^^^^^^^^^^^^^^^^^
[INFO] [stderr] 
[INFO] [stderr] warning: unused import: `get_group_debts`
[INFO] [stderr]    --> src/routes/group.rs:145:10
[INFO] [stderr]     |
[INFO] [stderr] 145 | async fn get_group_debts(
[INFO] [stderr]     |          ^^^^^^^^^^^^^^^
[INFO] [stderr] 
[INFO] [stderr] warning: unused import: `swagger`
[INFO] [stderr]   --> src/routes/swagger.rs:13:10
[INFO] [stderr]    |
[INFO] [stderr] 13 | async fn swagger() -> (ContentType, Cow<'static, [u8]>) {
[INFO] [stderr]    |          ^^^^^^^
[INFO] [stderr] 
[INFO] [stderr] warning: unused import: `openapi`
[INFO] [stderr]   --> src/routes/swagger.rs:21:10
[INFO] [stderr]    |
[INFO] [stderr] 21 | async fn openapi() -> (ContentType, Cow<'static, [u8]>) {
[INFO] [stderr]    |          ^^^^^^^
[INFO] [stderr] 
[INFO] [stderr] warning: unused import: `get_current_user`
[INFO] [stderr]   --> src/routes/user.rs:55:10
[INFO] [stderr]    |
[INFO] [stderr] 55 | async fn get_current_user(
[INFO] [stderr]    |          ^^^^^^^^^^^^^^^^
[INFO] [stderr] 
[INFO] [stderr] warning: unused import: `create_user`
[INFO] [stderr]   --> src/routes/user.rs:64:10
[INFO] [stderr]    |
[INFO] [stderr] 64 | async fn create_user(
[INFO] [stderr]    |          ^^^^^^^^^^^
[INFO] [stderr] 
[INFO] [stderr] warning: unused import: `token`
[INFO] [stderr]   --> src/routes/user.rs:89:10
[INFO] [stderr]    |
[INFO] [stderr] 89 | async fn token(
[INFO] [stderr]    |          ^^^^^
[INFO] [stderr] 
[INFO] [stderr] warning: `money-balancer` (bin "money-balancer" test) generated 26 warnings (run `cargo fix --bin "money-balancer" --tests` to apply 26 suggestions)
[INFO] [stderr]     Finished `test` profile [unoptimized + debuginfo] target(s) in 0.36s
[INFO] [stderr]      Running unittests src/main.rs (/opt/rustwide/target/debug/deps/money_balancer-1aecbe92273b2310)
[INFO] [stdout] 
[INFO] [stdout] running 2 tests
[INFO] [stdout] test routes::user::tests::test_create_user ... FAILED
[INFO] [stdout] test routes::user::tests::test_create_token ... FAILED
[INFO] [stdout] 
[INFO] [stdout] failures:
[INFO] [stdout] 
[INFO] [stdout] ---- routes::user::tests::test_create_user stdout ----
[INFO] [stdout] thread 'routes::user::tests::test_create_user' panicked at src/main.rs:72:63:
[INFO] [stdout] : Os { code: 30, kind: ReadOnlyFilesystem, message: "Read-only file system" }
[INFO] [stdout] stack backtrace:
[INFO] [stdout]    0:     0x60a034520fba - std::backtrace_rs::backtrace::libunwind::trace::h5a5b8284f2d0c266
[INFO] [stdout]                                at /rustc/90b35a6239c3d8bdabc530a6a0816f7ff89a0aaf/library/std/src/../../backtrace/src/backtrace/libunwind.rs:116:5
[INFO] [stdout]    1:     0x60a034520fba - std::backtrace_rs::backtrace::trace_unsynchronized::h76d4f1c9b0b875e3
[INFO] [stdout]                                at /rustc/90b35a6239c3d8bdabc530a6a0816f7ff89a0aaf/library/std/src/../../backtrace/src/backtrace/mod.rs:66:5
[INFO] [stdout]    2:     0x60a034520fba - std::sys::backtrace::_print_fmt::hc4546b8364a537c6
[INFO] [stdout]                                at /rustc/90b35a6239c3d8bdabc530a6a0816f7ff89a0aaf/library/std/src/sys/backtrace.rs:66:9
[INFO] [stdout]    3:     0x60a034520fba - <std::sys::backtrace::BacktraceLock::print::DisplayBacktrace as core::fmt::Display>::fmt::h5b6bd5631a6d1f6b
[INFO] [stdout]                                at /rustc/90b35a6239c3d8bdabc530a6a0816f7ff89a0aaf/library/std/src/sys/backtrace.rs:39:26
[INFO] [stdout]    4:     0x60a03454c533 - core::fmt::rt::Argument::fmt::h270f6602a2b96f62
[INFO] [stdout]                                at /rustc/90b35a6239c3d8bdabc530a6a0816f7ff89a0aaf/library/core/src/fmt/rt.rs:177:76
[INFO] [stdout]    5:     0x60a03454c533 - core::fmt::write::h7550c97b06c86515
[INFO] [stdout]                                at /rustc/90b35a6239c3d8bdabc530a6a0816f7ff89a0aaf/library/core/src/fmt/mod.rs:1186:21
[INFO] [stdout]    6:     0x60a03451dbd3 - std::io::Write::write_fmt::h509ff860e5956e5e
[INFO] [stdout]                                at /rustc/90b35a6239c3d8bdabc530a6a0816f7ff89a0aaf/library/std/src/io/mod.rs:1839:15
[INFO] [stdout]    7:     0x60a034520e02 - std::sys::backtrace::BacktraceLock::print::h2395ccd2c84ba3aa
[INFO] [stdout]                                at /rustc/90b35a6239c3d8bdabc530a6a0816f7ff89a0aaf/library/std/src/sys/backtrace.rs:42:9
[INFO] [stdout]    8:     0x60a03452241a - std::panicking::default_hook::{{closure}}::he19d4c7230e07961
[INFO] [stdout]                                at /rustc/90b35a6239c3d8bdabc530a6a0816f7ff89a0aaf/library/std/src/panicking.rs:268:22
[INFO] [stdout]    9:     0x60a034522224 - std::panicking::default_hook::hf614597d3c67bbdb
[INFO] [stdout]                                at /rustc/90b35a6239c3d8bdabc530a6a0816f7ff89a0aaf/library/std/src/panicking.rs:292:9
[INFO] [stdout]   10:     0x60a033ba88e9 - <alloc::boxed::Box<F,A> as core::ops::function::Fn<Args>>::call::h39b51ce4599c23d1
[INFO] [stdout]                                at /rustc/90b35a6239c3d8bdabc530a6a0816f7ff89a0aaf/library/alloc/src/boxed.rs:2468:9
[INFO] [stdout]   11:     0x60a033ba88e9 - test::test_main::{{closure}}::he977ae839a582784
[INFO] [stdout]                                at /rustc/90b35a6239c3d8bdabc530a6a0816f7ff89a0aaf/library/test/src/lib.rs:133:21
[INFO] [stdout]   12:     0x60a034522ab8 - <alloc::boxed::Box<F,A> as core::ops::function::Fn<Args>>::call::h9455091b6b06f9fb
[INFO] [stdout]                                at /rustc/90b35a6239c3d8bdabc530a6a0816f7ff89a0aaf/library/alloc/src/boxed.rs:2468:9
[INFO] [stdout]   13:     0x60a034522ab8 - std::panicking::rust_panic_with_hook::h8942133a8b252070
[INFO] [stdout]                                at /rustc/90b35a6239c3d8bdabc530a6a0816f7ff89a0aaf/library/std/src/panicking.rs:809:13
[INFO] [stdout]   14:     0x60a03452287a - std::panicking::begin_panic_handler::{{closure}}::hb5f5963570096b29
[INFO] [stdout]                                at /rustc/90b35a6239c3d8bdabc530a6a0816f7ff89a0aaf/library/std/src/panicking.rs:674:13
[INFO] [stdout]   15:     0x60a034521499 - std::sys::backtrace::__rust_end_short_backtrace::h6208cedc1922feda
[INFO] [stdout]                                at /rustc/90b35a6239c3d8bdabc530a6a0816f7ff89a0aaf/library/std/src/sys/backtrace.rs:170:18
[INFO] [stdout]   16:     0x60a03452250c - rust_begin_unwind
[INFO] [stdout]                                at /rustc/90b35a6239c3d8bdabc530a6a0816f7ff89a0aaf/library/std/src/panicking.rs:665:5
[INFO] [stdout]   17:     0x60a0339f9450 - core::panicking::panic_fmt::h0c3082644d1bf418
[INFO] [stdout]                                at /rustc/90b35a6239c3d8bdabc530a6a0816f7ff89a0aaf/library/core/src/panicking.rs:74:14
[INFO] [stdout]   18:     0x60a0339f98d6 - core::result::unwrap_failed::hd20b4aa073bda1e2
[INFO] [stdout]                                at /rustc/90b35a6239c3d8bdabc530a6a0816f7ff89a0aaf/library/core/src/result.rs:1700:5
[INFO] [stdout]   19:     0x60a033f7535f - core::result::Result<T,E>::expect::hd502edd4d6de9a72
[INFO] [stdout]                                at /rustc/90b35a6239c3d8bdabc530a6a0816f7ff89a0aaf/library/core/src/result.rs:1061:23
[INFO] [stdout]   20:     0x60a033b44933 - money_balancer::build_test_rocket::hde807d8e08f1ab48
[INFO] [stdout]                                at /opt/rustwide/workdir/src/main.rs:72:5
[INFO] [stdout]   21:     0x60a033b0d321 - money_balancer::routes::user::tests::test_create_user::{{closure}}::h0dd8e6850c69a468
[INFO] [stdout]                                at /opt/rustwide/workdir/src/routes/user.rs:164:38
[INFO] [stdout]   22:     0x60a033a0ccee - core::ops::function::FnOnce::call_once::h399548d2d7fcd058
[INFO] [stdout]                                at /rustc/90b35a6239c3d8bdabc530a6a0816f7ff89a0aaf/library/core/src/ops/function.rs:250:5
[INFO] [stdout]   23:     0x60a033c8a71e - serial_test::serial_code_lock::local_serial_core::hfba1aefcb0552d43
[INFO] [stdout]                                at /opt/rustwide/cargo-home/registry/src/index.crates.io-6f17d22bba15001f/serial_test-0.9.0/src/serial_code_lock.rs:27:5
[INFO] [stdout]   24:     0x60a033b0d2fb - money_balancer::routes::user::tests::test_create_user::h83ef3088905c5f6c
[INFO] [stdout]                                at /opt/rustwide/workdir/src/routes/user.rs:162:5
[INFO] [stdout]   25:     0x60a033b0d2b7 - money_balancer::routes::user::tests::test_create_user::{{closure}}::h74c06d87a9df4f0e
[INFO] [stdout]                                at /opt/rustwide/workdir/src/routes/user.rs:163:26
[INFO] [stdout]   26:     0x60a033a0cd46 - core::ops::function::FnOnce::call_once::h44b1e905a49b99e0
[INFO] [stdout]                                at /rustc/90b35a6239c3d8bdabc530a6a0816f7ff89a0aaf/library/core/src/ops/function.rs:250:5
[INFO] [stdout]   27:     0x60a033bad2ab - core::ops::function::FnOnce::call_once::h109cf8051a59b34e
[INFO] [stdout]                                at /rustc/90b35a6239c3d8bdabc530a6a0816f7ff89a0aaf/library/core/src/ops/function.rs:250:5
[INFO] [stdout]   28:     0x60a033bad2ab - test::__rust_begin_short_backtrace::hf4fff89d377446ba
[INFO] [stdout]                                at /rustc/90b35a6239c3d8bdabc530a6a0816f7ff89a0aaf/library/test/src/lib.rs:621:18
[INFO] [stdout]   29:     0x60a033bacae7 - test::run_test_in_process::{{closure}}::h0e39181dd7ee5a43
[INFO] [stdout]                                at /rustc/90b35a6239c3d8bdabc530a6a0816f7ff89a0aaf/library/test/src/lib.rs:644:60
[INFO] [stdout]   30:     0x60a033bacae7 - <core::panic::unwind_safe::AssertUnwindSafe<F> as core::ops::function::FnOnce<()>>::call_once::hc5a66a30f0bdfd1f
[INFO] [stdout]                                at /rustc/90b35a6239c3d8bdabc530a6a0816f7ff89a0aaf/library/core/src/panic/unwind_safe.rs:272:9
[INFO] [stdout]   31:     0x60a033bacae7 - std::panicking::try::do_call::h873b7cf639554a5e
[INFO] [stdout]                                at /rustc/90b35a6239c3d8bdabc530a6a0816f7ff89a0aaf/library/std/src/panicking.rs:557:40
[INFO] [stdout]   32:     0x60a033bacae7 - std::panicking::try::hdb19862fad9c8bd1
[INFO] [stdout]                                at /rustc/90b35a6239c3d8bdabc530a6a0816f7ff89a0aaf/library/std/src/panicking.rs:520:19
[INFO] [stdout]   33:     0x60a033bacae7 - std::panic::catch_unwind::h281fe732d236d260
[INFO] [stdout]                                at /rustc/90b35a6239c3d8bdabc530a6a0816f7ff89a0aaf/library/std/src/panic.rs:358:14
[INFO] [stdout]   34:     0x60a033bacae7 - test::run_test_in_process::h949b6df8457ed338
[INFO] [stdout]                                at /rustc/90b35a6239c3d8bdabc530a6a0816f7ff89a0aaf/library/test/src/lib.rs:644:27
[INFO] [stdout]   35:     0x60a033bacae7 - test::run_test::{{closure}}::h52c556a6d4740e10
[INFO] [stdout]                                at /rustc/90b35a6239c3d8bdabc530a6a0816f7ff89a0aaf/library/test/src/lib.rs:565:43
[INFO] [stdout]   36:     0x60a033b71dc4 - test::run_test::{{closure}}::h4237f6381c45ccb9
[INFO] [stdout]                                at /rustc/90b35a6239c3d8bdabc530a6a0816f7ff89a0aaf/library/test/src/lib.rs:595:41
[INFO] [stdout]   37:     0x60a033b71dc4 - std::sys::backtrace::__rust_begin_short_backtrace::h505c97a579eca628
[INFO] [stdout]                                at /rustc/90b35a6239c3d8bdabc530a6a0816f7ff89a0aaf/library/std/src/sys/backtrace.rs:154:18
[INFO] [stdout]   38:     0x60a033b7548e - std::thread::Builder::spawn_unchecked_::{{closure}}::{{closure}}::h9e86b2e2bc107ea3
[INFO] [stdout]                                at /rustc/90b35a6239c3d8bdabc530a6a0816f7ff89a0aaf/library/std/src/thread/mod.rs:538:17
[INFO] [stdout]   39:     0x60a033b7548e - <core::panic::unwind_safe::AssertUnwindSafe<F> as core::ops::function::FnOnce<()>>::call_once::h8b06ddb275ff4a25
[INFO] [stdout]                                at /rustc/90b35a6239c3d8bdabc530a6a0816f7ff89a0aaf/library/core/src/panic/unwind_safe.rs:272:9
[INFO] [stdout]   40:     0x60a033b7548e - std::panicking::try::do_call::hb26ecd7cd9a9355d
[INFO] [stdout]                                at /rustc/90b35a6239c3d8bdabc530a6a0816f7ff89a0aaf/library/std/src/panicking.rs:557:40
[INFO] [stdout]   41:     0x60a033b7548e - std::panicking::try::h8ddeca9d705f9069
[INFO] [stdout]                                at /rustc/90b35a6239c3d8bdabc530a6a0816f7ff89a0aaf/library/std/src/panicking.rs:520:19
[INFO] [stdout]   42:     0x60a033b7548e - std::panic::catch_unwind::h49e1c33078844c46
[INFO] [stdout]                                at /rustc/90b35a6239c3d8bdabc530a6a0816f7ff89a0aaf/library/std/src/panic.rs:358:14
[INFO] [stdout]   43:     0x60a033b7548e - std::thread::Builder::spawn_unchecked_::{{closure}}::h6073db6ff56ad35d
[INFO] [stdout]                                at /rustc/90b35a6239c3d8bdabc530a6a0816f7ff89a0aaf/library/std/src/thread/mod.rs:537:30
[INFO] [stdout]   44:     0x60a033b7548e - core::ops::function::FnOnce::call_once{{vtable.shim}}::h2c5a5f3779c774f1
[INFO] [stdout]                                at /rustc/90b35a6239c3d8bdabc530a6a0816f7ff89a0aaf/library/core/src/ops/function.rs:250:5
[INFO] [stdout]   45:     0x60a034526dab - <alloc::boxed::Box<F,A> as core::ops::function::FnOnce<Args>>::call_once::hf75717d9f28faebf
[INFO] [stdout]                                at /rustc/90b35a6239c3d8bdabc530a6a0816f7ff89a0aaf/library/alloc/src/boxed.rs:2454:9
[INFO] [stdout]   46:     0x60a034526dab - <alloc::boxed::Box<F,A> as core::ops::function::FnOnce<Args>>::call_once::h7bd883a5f3c5f3c1
[INFO] [stdout]                                at /rustc/90b35a6239c3d8bdabc530a6a0816f7ff89a0aaf/library/alloc/src/boxed.rs:2454:9
[INFO] [stdout]   47:     0x60a034526dab - std::sys::pal::unix::thread::Thread::new::thread_start::hcc78f3943333fa94
[INFO] [stdout]                                at /rustc/90b35a6239c3d8bdabc530a6a0816f7ff89a0aaf/library/std/src/sys/pal/unix/thread.rs:105:17
[INFO] [stdout]   48:     0x702a30f4bac3 - <unknown>
[INFO] [stdout]   49:     0x702a30fdca04 - clone
[INFO] [stdout]   50:                0x0 - <unknown>
[INFO] [stdout] 
[INFO] [stdout] ---- routes::user::tests::test_create_token stdout ----
[INFO] [stdout] thread 'routes::user::tests::test_create_token' panicked at src/main.rs:72:63:
[INFO] [stdout] : Os { code: 30, kind: ReadOnlyFilesystem, message: "Read-only file system" }
[INFO] [stdout] stack backtrace:
[INFO] [stdout]    0:     0x60a034520fba - std::backtrace_rs::backtrace::libunwind::trace::h5a5b8284f2d0c266
[INFO] [stdout]                                at /rustc/90b35a6239c3d8bdabc530a6a0816f7ff89a0aaf/library/std/src/../../backtrace/src/backtrace/libunwind.rs:116:5
[INFO] [stdout]    1:     0x60a034520fba - std::backtrace_rs::backtrace::trace_unsynchronized::h76d4f1c9b0b875e3
[INFO] [stdout]                                at /rustc/90b35a6239c3d8bdabc530a6a0816f7ff89a0aaf/library/std/src/../../backtrace/src/backtrace/mod.rs:66:5
[INFO] [stdout]    2:     0x60a034520fba - std::sys::backtrace::_print_fmt::hc4546b8364a537c6
[INFO] [stdout]                                at /rustc/90b35a6239c3d8bdabc530a6a0816f7ff89a0aaf/library/std/src/sys/backtrace.rs:66:9
[INFO] [stdout]    3:     0x60a034520fba - <std::sys::backtrace::BacktraceLock::print::DisplayBacktrace as core::fmt::Display>::fmt::h5b6bd5631a6d1f6b
[INFO] [stdout]                                at /rustc/90b35a6239c3d8bdabc530a6a0816f7ff89a0aaf/library/std/src/sys/backtrace.rs:39:26
[INFO] [stdout]    4:     0x60a03454c533 - core::fmt::rt::Argument::fmt::h270f6602a2b96f62
[INFO] [stdout]                                at /rustc/90b35a6239c3d8bdabc530a6a0816f7ff89a0aaf/library/core/src/fmt/rt.rs:177:76
[INFO] [stdout]    5:     0x60a03454c533 - core::fmt::write::h7550c97b06c86515
[INFO] [stdout]                                at /rustc/90b35a6239c3d8bdabc530a6a0816f7ff89a0aaf/library/core/src/fmt/mod.rs:1186:21
[INFO] [stdout]    6:     0x60a03451dbd3 - std::io::Write::write_fmt::h509ff860e5956e5e
[INFO] [stdout]                                at /rustc/90b35a6239c3d8bdabc530a6a0816f7ff89a0aaf/library/std/src/io/mod.rs:1839:15
[INFO] [stdout]    7:     0x60a034520e02 - std::sys::backtrace::BacktraceLock::print::h2395ccd2c84ba3aa
[INFO] [stdout]                                at /rustc/90b35a6239c3d8bdabc530a6a0816f7ff89a0aaf/library/std/src/sys/backtrace.rs:42:9
[INFO] [stdout]    8:     0x60a03452241a - std::panicking::default_hook::{{closure}}::he19d4c7230e07961
[INFO] [stdout]                                at /rustc/90b35a6239c3d8bdabc530a6a0816f7ff89a0aaf/library/std/src/panicking.rs:268:22
[INFO] [stdout]    9:     0x60a034522224 - std::panicking::default_hook::hf614597d3c67bbdb
[INFO] [stdout]                                at /rustc/90b35a6239c3d8bdabc530a6a0816f7ff89a0aaf/library/std/src/panicking.rs:292:9
[INFO] [stdout]   10:     0x60a033ba88e9 - <alloc::boxed::Box<F,A> as core::ops::function::Fn<Args>>::call::h39b51ce4599c23d1
[INFO] [stdout]                                at /rustc/90b35a6239c3d8bdabc530a6a0816f7ff89a0aaf/library/alloc/src/boxed.rs:2468:9
[INFO] [stdout]   11:     0x60a033ba88e9 - test::test_main::{{closure}}::he977ae839a582784
[INFO] [stdout]                                at /rustc/90b35a6239c3d8bdabc530a6a0816f7ff89a0aaf/library/test/src/lib.rs:133:21
[INFO] [stdout]   12:     0x60a034522ab8 - <alloc::boxed::Box<F,A> as core::ops::function::Fn<Args>>::call::h9455091b6b06f9fb
[INFO] [stdout]                                at /rustc/90b35a6239c3d8bdabc530a6a0816f7ff89a0aaf/library/alloc/src/boxed.rs:2468:9
[INFO] [stdout]   13:     0x60a034522ab8 - std::panicking::rust_panic_with_hook::h8942133a8b252070
[INFO] [stdout]                                at /rustc/90b35a6239c3d8bdabc530a6a0816f7ff89a0aaf/library/std/src/panicking.rs:809:13
[INFO] [stdout]   14:     0x60a03452287a - std::panicking::begin_panic_handler::{{closure}}::hb5f5963570096b29
[INFO] [stdout]                                at /rustc/90b35a6239c3d8bdabc530a6a0816f7ff89a0aaf/library/std/src/panicking.rs:674:13
[INFO] [stdout]   15:     0x60a034521499 - std::sys::backtrace::__rust_end_short_backtrace::h6208cedc1922feda
[INFO] [stdout]                                at /rustc/90b35a6239c3d8bdabc530a6a0816f7ff89a0aaf/library/std/src/sys/backtrace.rs:170:18
[INFO] [stdout]   16:     0x60a03452250c - rust_begin_unwind
[INFO] [stdout]                                at /rustc/90b35a6239c3d8bdabc530a6a0816f7ff89a0aaf/library/std/src/panicking.rs:665:5
[INFO] [stdout]   17:     0x60a0339f9450 - core::panicking::panic_fmt::h0c3082644d1bf418
[INFO] [stdout]                                at /rustc/90b35a6239c3d8bdabc530a6a0816f7ff89a0aaf/library/core/src/panicking.rs:74:14
[INFO] [stdout]   18:     0x60a0339f98d6 - core::result::unwrap_failed::hd20b4aa073bda1e2
[INFO] [stdout]                                at /rustc/90b35a6239c3d8bdabc530a6a0816f7ff89a0aaf/library/core/src/result.rs:1700:5
[INFO] [stdout]   19:     0x60a033f7535f - core::result::Result<T,E>::expect::hd502edd4d6de9a72
[INFO] [stdout]                                at /rustc/90b35a6239c3d8bdabc530a6a0816f7ff89a0aaf/library/core/src/result.rs:1061:23
[INFO] [stdout]   20:     0x60a033b44933 - money_balancer::build_test_rocket::hde807d8e08f1ab48
[INFO] [stdout]                                at /opt/rustwide/workdir/src/main.rs:72:5
[INFO] [stdout]   21:     0x60a033b0d731 - money_balancer::routes::user::tests::test_create_token::{{closure}}::h74a434285fe73ab9
[INFO] [stdout]                                at /opt/rustwide/workdir/src/routes/user.rs:181:38
[INFO] [stdout]   22:     0x60a033a0ce6e - core::ops::function::FnOnce::call_once::h5f7244b7c67aadba
[INFO] [stdout]                                at /rustc/90b35a6239c3d8bdabc530a6a0816f7ff89a0aaf/library/core/src/ops/function.rs:250:5
[INFO] [stdout]   23:     0x60a033c8a71e - serial_test::serial_code_lock::local_serial_core::hfba1aefcb0552d43
[INFO] [stdout]                                at /opt/rustwide/cargo-home/registry/src/index.crates.io-6f17d22bba15001f/serial_test-0.9.0/src/serial_code_lock.rs:27:5
[INFO] [stdout]   24:     0x60a033b0d70b - money_balancer::routes::user::tests::test_create_token::h6ac0117753ea4b26
[INFO] [stdout]                                at /opt/rustwide/workdir/src/routes/user.rs:179:5
[INFO] [stdout]   25:     0x60a033b0d6c7 - money_balancer::routes::user::tests::test_create_token::{{closure}}::he6a10dceeb1c89d9
[INFO] [stdout]                                at /opt/rustwide/workdir/src/routes/user.rs:180:27
[INFO] [stdout]   26:     0x60a033a0d016 - core::ops::function::FnOnce::call_once::h8014d83c071a5b00
[INFO] [stdout]                                at /rustc/90b35a6239c3d8bdabc530a6a0816f7ff89a0aaf/library/core/src/ops/function.rs:250:5
[INFO] [stdout]   27:     0x60a033bad2ab - core::ops::function::FnOnce::call_once::h109cf8051a59b34e
[INFO] [stdout]                                at /rustc/90b35a6239c3d8bdabc530a6a0816f7ff89a0aaf/library/core/src/ops/function.rs:250:5
[INFO] [stdout]   28:     0x60a033bad2ab - test::__rust_begin_short_backtrace::hf4fff89d377446ba
[INFO] [stdout]                                at /rustc/90b35a6239c3d8bdabc530a6a0816f7ff89a0aaf/library/test/src/lib.rs:621:18
[INFO] [stdout]   29:     0x60a033bacae7 - test::run_test_in_process::{{closure}}::h0e39181dd7ee5a43
[INFO] [stdout]                                at /rustc/90b35a6239c3d8bdabc530a6a0816f7ff89a0aaf/library/test/src/lib.rs:644:60
[INFO] [stdout]   30:     0x60a033bacae7 - <core::panic::unwind_safe::AssertUnwindSafe<F> as core::ops::function::FnOnce<()>>::call_once::hc5a66a30f0bdfd1f
[INFO] [stdout]                                at /rustc/90b35a6239c3d8bdabc530a6a0816f7ff89a0aaf/library/core/src/panic/unwind_safe.rs:272:9
[INFO] [stdout]   31:     0x60a033bacae7 - std::panicking::try::do_call::h873b7cf639554a5e
[INFO] [stdout]                                at /rustc/90b35a6239c3d8bdabc530a6a0816f7ff89a0aaf/library/std/src/panicking.rs:557:40
[INFO] [stdout]   32:     0x60a033bacae7 - std::panicking::try::hdb19862fad9c8bd1
[INFO] [stdout]                                at /rustc/90b35a6239c3d8bdabc530a6a0816f7ff89a0aaf/library/std/src/panicking.rs:520:19
[INFO] [stdout]   33:     0x60a033bacae7 - std::panic::catch_unwind::h281fe732d236d260
[INFO] [stdout]                                at /rustc/90b35a6239c3d8bdabc530a6a0816f7ff89a0aaf/library/std/src/panic.rs:358:14
[INFO] [stdout]   34:     0x60a033bacae7 - test::run_test_in_process::h949b6df8457ed338
[INFO] [stdout]                                at /rustc/90b35a6239c3d8bdabc530a6a0816f7ff89a0aaf/library/test/src/lib.rs:644:27
[INFO] [stdout]   35:     0x60a033bacae7 - test::run_test::{{closure}}::h52c556a6d4740e10
[INFO] [stdout]                                at /rustc/90b35a6239c3d8bdabc530a6a0816f7ff89a0aaf/library/test/src/lib.rs:565:43
[INFO] [stdout]   36:     0x60a033b71dc4 - test::run_test::{{closure}}::h4237f6381c45ccb9
[INFO] [stdout]                                at /rustc/90b35a6239c3d8bdabc530a6a0816f7ff89a0aaf/library/test/src/lib.rs:595:41
[INFO] [stdout]   37:     0x60a033b71dc4 - std::sys::backtrace::__rust_begin_short_backtrace::h505c97a579eca628
[INFO] [stdout]                                at /rustc/90b35a6239c3d8bdabc530a6a0816f7ff89a0aaf/library/std/src/sys/backtrace.rs:154:18
[INFO] [stdout]   38:     0x60a033b7548e - std::thread::Builder::spawn_unchecked_::{{closure}}::{{closure}}::h9e86b2e2bc107ea3
[INFO] [stdout]                                at /rustc/90b35a6239c3d8bdabc530a6a0816f7ff89a0aaf/library/std/src/thread/mod.rs:538:17
[INFO] [stdout]   39:     0x60a033b7548e - <core::panic::unwind_safe::AssertUnwindSafe<F> as core::ops::function::FnOnce<()>>::call_once::h8b06ddb275ff4a25
[INFO] [stdout]                                at /rustc/90b35a6239c3d8bdabc530a6a0816f7ff89a0aaf/library/core/src/panic/unwind_safe.rs:272:9
[INFO] [stdout]   40:     0x60a033b7548e - std::panicking::try::do_call::hb26ecd7cd9a9355d
[INFO] [stdout]                                at /rustc/90b35a6239c3d8bdabc530a6a0816f7ff89a0aaf/library/std/src/panicking.rs:557:40
[INFO] [stdout]   41:     0x60a033b7548e - std::panicking::try::h8ddeca9d705f9069
[INFO] [stdout]                                at /rustc/90b35a6239c3d8bdabc530a6a0816f7ff89a0aaf/library/std/src/panicking.rs:520:19
[INFO] [stdout]   42:     0x60a033b7548e - std::panic::catch_unwind::h49e1c33078844c46
[INFO] [stdout]                                at /rustc/90b35a6239c3d8bdabc530a6a0816f7ff89a0aaf/library/std/src/panic.rs:358:14
[INFO] [stdout]   43:     0x60a033b7548e - std::thread::Builder::spawn_unchecked_::{{closure}}::h6073db6ff56ad35d
[INFO] [stdout]                                at /rustc/90b35a6239c3d8bdabc530a6a0816f7ff89a0aaf/library/std/src/thread/mod.rs:537:30
[INFO] [stdout]   44:     0x60a033b7548e - core::ops::function::FnOnce::call_once{{vtable.shim}}::h2c5a5f3779c774f1
[INFO] [stdout]                                at /rustc/90b35a6239c3d8bdabc530a6a0816f7ff89a0aaf/library/core/src/ops/function.rs:250:5
[INFO] [stdout]   45:     0x60a034526dab - <alloc::boxed::Box<F,A> as core::ops::function::FnOnce<Args>>::call_once::hf75717d9f28faebf
[INFO] [stdout]                                at /rustc/90b35a6239c3d8bdabc530a6a0816f7ff89a0aaf/library/alloc/src/boxed.rs:2454:9
[INFO] [stdout]   46:     0x60a034526dab - <alloc::boxed::Box<F,A> as core::ops::function::FnOnce<Args>>::call_once::h7bd883a5f3c5f3c1
[INFO] [stdout]                                at /rustc/90b35a6239c3d8bdabc530a6a0816f7ff89a0aaf/library/alloc/src/boxed.rs:2454:9
[INFO] [stdout]   47:     0x60a034526dab - std::sys::pal::unix::thread::Thread::new::thread_start::hcc78f3943333fa94
[INFO] [stdout]                                at /rustc/90b35a6239c3d8bdabc530a6a0816f7ff89a0aaf/library/std/src/sys/pal/unix/thread.rs:105:17
[INFO] [stdout]   48:     0x702a30f4bac3 - <unknown>
[INFO] [stdout]   49:     0x702a30fdca04 - clone
[INFO] [stdout]   50:                0x0 - <unknown>
[INFO] [stdout] 
[INFO] [stdout] 
[INFO] [stdout] failures:
[INFO] [stdout]     routes::user::tests::test_create_token
[INFO] [stdout]     routes::user::tests::test_create_user
[INFO] [stdout] 
[INFO] [stdout] test result: FAILED. 0 passed; 2 failed; 0 ignored; 0 measured; 0 filtered out; finished in 0.13s
[INFO] [stdout] 
[INFO] [stderr] error: test failed, to rerun pass `--bin money-balancer`
[INFO] running `Command { std: "docker" "inspect" "ad7bf16b3ec3f0411b752721421baefb7b630cd02a660cb01277011b86c13bab", kill_on_drop: false }`
[INFO] running `Command { std: "docker" "rm" "-f" "ad7bf16b3ec3f0411b752721421baefb7b630cd02a660cb01277011b86c13bab", kill_on_drop: false }`
[INFO] [stdout] ad7bf16b3ec3f0411b752721421baefb7b630cd02a660cb01277011b86c13bab
