[INFO] cloning repository https://github.com/argencore/rustyGFX
[INFO] running `Command { std: "git" "-c" "credential.helper=" "-c" "credential.helper=/workspace/cargo-home/bin/git-credential-null" "clone" "--bare" "https://github.com/argencore/rustyGFX" "/workspace/cache/git-repos/https%3A%2F%2Fgithub.com%2Fargencore%2FrustyGFX", kill_on_drop: false }`
[INFO] [stderr] Cloning into bare repository '/workspace/cache/git-repos/https%3A%2F%2Fgithub.com%2Fargencore%2FrustyGFX'...
[INFO] running `Command { std: "git" "rev-parse" "HEAD", kill_on_drop: false }`
[INFO] [stdout] 7fd978623e0de016f5e7ed015fb1f720c658c162
[INFO] testing argencore/rustyGFX against 1.83.0 for beta-1.84.0-4-retry
[INFO] running `Command { std: "git" "clone" "/workspace/cache/git-repos/https%3A%2F%2Fgithub.com%2Fargencore%2FrustyGFX" "/workspace/builds/worker-1-tc1/source", kill_on_drop: false }`
[INFO] [stderr] Cloning into '/workspace/builds/worker-1-tc1/source'...
[INFO] [stderr] done.
[INFO] validating manifest of git repo https://github.com/argencore/rustyGFX on toolchain 1.83.0
[INFO] running `Command { std: CARGO_HOME="/workspace/cargo-home" RUSTUP_HOME="/workspace/rustup-home" "/workspace/cargo-home/bin/cargo" "+1.83.0" "metadata" "--manifest-path" "Cargo.toml" "--no-deps", kill_on_drop: false }`
[INFO] started tweaking git repo https://github.com/argencore/rustyGFX
[INFO] finished tweaking git repo https://github.com/argencore/rustyGFX
[INFO] tweaked toml for git repo https://github.com/argencore/rustyGFX written to /workspace/builds/worker-1-tc1/source/Cargo.toml
[INFO] crate git repo https://github.com/argencore/rustyGFX already has a lockfile, it will not be regenerated
[INFO] running `Command { std: CARGO_HOME="/workspace/cargo-home" RUSTUP_HOME="/workspace/rustup-home" "/workspace/cargo-home/bin/cargo" "+1.83.0" "fetch" "--manifest-path" "Cargo.toml", kill_on_drop: false }`
[INFO] [stderr] warning: no edition set: defaulting to the 2015 edition while the latest is 2021
[INFO] [stderr]     Updating crates.io index
[INFO] [stderr]  Downloading crates ...
[INFO] [stderr]   Downloaded quote v0.6.2
[INFO] [stderr]   Downloaded debug-builders v0.1.0
[INFO] [stderr]   Downloaded backtrace v0.1.8
[INFO] [stderr]   Downloaded inflate v0.4.2
[INFO] [stderr]   Downloaded gleam v0.5.0
[INFO] [stderr]   Downloaded x11-dl v2.17.5
[INFO] [stderr]   Downloaded serde_derive v1.0.59
[INFO] [stderr]   Downloaded syn v0.14.0
[INFO] [stderr]   Downloaded proc-macro2 v0.4.3
[INFO] [stderr]   Downloaded glium v0.21.0
[INFO] [stderr]   Downloaded glium v0.14.0
[INFO] [stderr]   Downloaded obj-rs v0.4.20
[INFO] running `Command { std: "docker" "create" "-v" "/var/lib/crater-agent-workspace/builds/worker-1-tc1/target:/opt/rustwide/target:rw,Z" "-v" "/var/lib/crater-agent-workspace/builds/worker-1-tc1/source:/opt/rustwide/workdir:ro,Z" "-v" "/var/lib/crater-agent-workspace/cargo-home:/opt/rustwide/cargo-home:ro,Z" "-v" "/var/lib/crater-agent-workspace/rustup-home:/opt/rustwide/rustup-home:ro,Z" "-e" "SOURCE_DIR=/opt/rustwide/workdir" "-e" "CARGO_TARGET_DIR=/opt/rustwide/target" "-e" "CARGO_HOME=/opt/rustwide/cargo-home" "-e" "RUSTUP_HOME=/opt/rustwide/rustup-home" "-w" "/opt/rustwide/workdir" "-m" "1610612736" "--user" "0:0" "--network" "none" "ghcr.io/rust-lang/crates-build-env/linux@sha256:f3a9d4ad9d972b27faf3965f35b62e55ba32bbce8f20bc8fe909558a86702fde" "/opt/rustwide/cargo-home/bin/cargo" "+1.83.0" "metadata" "--no-deps" "--format-version=1", kill_on_drop: false }`
[INFO] [stdout] 5d56f0b80fda7d4fe9a111528576ebafb8686c42722f2dadf53e0a5e71b9d48b
[INFO] running `Command { std: "docker" "start" "-a" "5d56f0b80fda7d4fe9a111528576ebafb8686c42722f2dadf53e0a5e71b9d48b", kill_on_drop: false }`
[INFO] running `Command { std: "docker" "inspect" "5d56f0b80fda7d4fe9a111528576ebafb8686c42722f2dadf53e0a5e71b9d48b", kill_on_drop: false }`
[INFO] running `Command { std: "docker" "rm" "-f" "5d56f0b80fda7d4fe9a111528576ebafb8686c42722f2dadf53e0a5e71b9d48b", kill_on_drop: false }`
[INFO] [stdout] 5d56f0b80fda7d4fe9a111528576ebafb8686c42722f2dadf53e0a5e71b9d48b
[INFO] running `Command { std: "docker" "create" "-v" "/var/lib/crater-agent-workspace/builds/worker-1-tc1/target:/opt/rustwide/target:rw,Z" "-v" "/var/lib/crater-agent-workspace/builds/worker-1-tc1/source:/opt/rustwide/workdir:ro,Z" "-v" "/var/lib/crater-agent-workspace/cargo-home:/opt/rustwide/cargo-home:ro,Z" "-v" "/var/lib/crater-agent-workspace/rustup-home:/opt/rustwide/rustup-home:ro,Z" "-e" "SOURCE_DIR=/opt/rustwide/workdir" "-e" "CARGO_TARGET_DIR=/opt/rustwide/target" "-e" "CARGO_INCREMENTAL=0" "-e" "RUST_BACKTRACE=full" "-e" "RUSTFLAGS=--cap-lints=warn" "-e" "RUSTDOCFLAGS=--cap-lints=warn" "-e" "CARGO_HOME=/opt/rustwide/cargo-home" "-e" "RUSTUP_HOME=/opt/rustwide/rustup-home" "-w" "/opt/rustwide/workdir" "-m" "1610612736" "--user" "0:0" "--network" "none" "ghcr.io/rust-lang/crates-build-env/linux@sha256:f3a9d4ad9d972b27faf3965f35b62e55ba32bbce8f20bc8fe909558a86702fde" "/opt/rustwide/cargo-home/bin/cargo" "+1.83.0" "build" "--frozen" "--message-format=json", kill_on_drop: false }`
[INFO] [stdout] 162f3dc1a81704eb0069079d19787967cea1fb79daa3c518e851c0a788a5e34f
[INFO] running `Command { std: "docker" "start" "-a" "162f3dc1a81704eb0069079d19787967cea1fb79daa3c518e851c0a788a5e34f", kill_on_drop: false }`
[INFO] [stderr] warning: no edition set: defaulting to the 2015 edition while the latest is 2021
[INFO] [stderr]    Compiling libc v0.2.41
[INFO] [stderr]    Compiling cfg-if v0.1.3
[INFO] [stderr]    Compiling bitflags v1.0.3
[INFO] [stderr]    Compiling cc v1.0.15
[INFO] [stderr]    Compiling lazy_static v1.0.0
[INFO] [stderr]    Compiling khronos_api v2.2.0
[INFO] [stderr]    Compiling winapi-build v0.1.1
[INFO] [stderr]    Compiling num-traits v0.2.4
[INFO] [stderr]    Compiling token_store v0.1.2
[INFO] [stderr]    Compiling nodrop v0.1.12
[INFO] [stderr]    Compiling unicode-xid v0.1.0
[INFO] [stderr]    Compiling bitflags v0.9.1
[INFO] [stderr]    Compiling scopeguard v0.3.3
[INFO] [stderr]    Compiling pkg-config v0.3.11
[INFO] [stderr]    Compiling num-integer v0.1.38
[INFO] [stderr]    Compiling memoffset v0.2.1
[INFO] [stderr]    Compiling log v0.4.1
[INFO] [stderr]    Compiling xml-rs v0.7.0
[INFO] [stderr]    Compiling arrayvec v0.4.7
[INFO] [stderr]    Compiling crossbeam-utils v0.2.2
[INFO] [stderr]    Compiling xml-rs v0.6.1
[INFO] [stderr]    Compiling khronos_api v1.0.1
[INFO] [stderr]    Compiling remove_dir_all v0.5.1
[INFO] [stderr]    Compiling proc-macro2 v0.4.3
[INFO] [stderr]    Compiling dbghelp-sys v0.2.0
[INFO] [stderr]    Compiling kernel32-sys v0.2.2
[INFO] [stderr]    Compiling rayon-core v1.4.0
[INFO] [stderr]    Compiling winapi v0.2.8
[INFO] [stderr]    Compiling byteorder v1.2.3
[INFO] [stderr]    Compiling log v0.3.9
[INFO] [stderr]    Compiling adler32 v1.0.2
[INFO] [stderr]    Compiling num-iter v0.1.37
[INFO] [stderr]    Compiling rand v0.4.2
[INFO] [stderr]    Compiling memmap v0.6.2
[INFO] [stderr]    Compiling wayland-scanner v0.12.5
[INFO] [stderr]    Compiling num_cpus v1.8.0
[INFO] [stderr]    Compiling shared_library v0.1.8
[INFO] [stderr]    Compiling either v1.5.0
[INFO] [stderr]    Compiling x11-dl v2.17.5
[INFO] [stderr]    Compiling debug-builders v0.1.0
[INFO] [stderr]    Compiling percent-encoding v1.0.1
[INFO] [stderr]    Compiling serde v1.0.59
[INFO] [stderr]    Compiling gl_generator v0.9.0
[INFO] [stderr]    Compiling crossbeam-epoch v0.3.1
[INFO] [stderr]    Compiling osmesa-sys v0.1.2
[INFO] [stderr]    Compiling deflate v0.7.18
[INFO] [stderr]    Compiling inflate v0.4.2
[INFO] [stderr]    Compiling smallvec v0.1.8
[INFO] [stderr]    Compiling crossbeam-deque v0.2.0
[INFO] [stderr]    Compiling rustc-demangle v0.1.8
[INFO] [stderr]    Compiling quote v0.6.2
[INFO] [stderr]    Compiling gl_generator v0.5.5
[INFO] [stderr]    Compiling color_quant v1.0.0
[INFO] [stderr]    Compiling lazy_static v0.1.16
[INFO] [stderr]    Compiling syn v0.14.0
[INFO] [stderr]    Compiling wayland-client v0.12.5
[INFO] [stderr]    Compiling wayland-protocols v0.12.5
[INFO] [stderr]    Compiling lzw v0.10.0
[INFO] [stderr]    Compiling scoped_threadpool v0.1.9
[INFO] [stderr]    Compiling tempfile v3.0.2
[INFO] [stderr]    Compiling gif v0.10.0
[INFO] [stderr]    Compiling libloading v0.5.0
[INFO] [stderr]    Compiling backtrace-sys v0.1.19
[INFO] [stderr]    Compiling glutin v0.14.0
[INFO] [stderr]    Compiling glium v0.21.0
[INFO] [stderr]    Compiling vec_map v0.6.0
[INFO] [stderr]    Compiling fnv v1.0.6
[INFO] [stderr]    Compiling glium v0.14.0
[INFO] [stderr]    Compiling smallvec v0.6.1
[INFO] [stderr]    Compiling rayon v1.0.1
[INFO] [stderr]    Compiling dlib v0.4.1
[INFO] [stderr]    Compiling wayland-sys v0.12.5
[INFO] [stderr]    Compiling num-rational v0.1.42
[INFO] [stderr]    Compiling png v0.12.0
[INFO] [stderr]    Compiling wayland-kbd v0.13.1
[INFO] [stderr]    Compiling jpeg-decoder v0.1.14
[INFO] [stderr]    Compiling num-derive v0.2.2
[INFO] [stderr]    Compiling serde_derive v1.0.59
[INFO] [stderr]    Compiling image v0.19.0
[INFO] [stderr]    Compiling wayland-window v0.13.3
[INFO] [stderr]    Compiling winit v0.12.0
[INFO] [stderr]    Compiling backtrace v0.1.8
[INFO] [stderr]    Compiling backtrace v0.3.8
[INFO] [stderr]    Compiling obj-rs v0.4.20
[INFO] [stderr]    Compiling rustyGFX v0.1.0 (/opt/rustwide/workdir)
[INFO] [stdout] warning: type `program_state` should have an upper camel case name
[INFO] [stdout]   --> src/main.rs:30:6
[INFO] [stdout]    |
[INFO] [stdout] 30 | enum program_state {
[INFO] [stdout]    |      ^^^^^^^^^^^^^ help: convert the identifier to upper camel case: `ProgramState`
[INFO] [stdout]    |
[INFO] [stdout]    = note: `#[warn(non_camel_case_types)]` on by default
[INFO] [stdout] 
[INFO] [stdout] 
[INFO] [stdout] warning: use of deprecated function `std::mem::uninitialized`: use `mem::MaybeUninit` instead
[INFO] [stdout]   --> src/matrix_math_helper.rs:18:1
[INFO] [stdout]    |
[INFO] [stdout] 18 | implement_vertex!(Vertex, position);
[INFO] [stdout]    | ^^^^^^^^^^^^^^^^^^^^^^^^^^^^^^^^^^^
[INFO] [stdout]    |
[INFO] [stdout]    = note: `#[warn(deprecated)]` on by default
[INFO] [stdout]    = note: this warning originates in the macro `implement_vertex` (in Nightly builds, run with -Z macro-backtrace for more info)
[INFO] [stdout] 
[INFO] [stdout] 
[INFO] [stdout] warning: use of deprecated function `std::mem::uninitialized`: use `mem::MaybeUninit` instead
[INFO] [stdout]   --> src/matrix_math_helper.rs:29:1
[INFO] [stdout]    |
[INFO] [stdout] 29 | implement_vertex!(Texture, tex_coords);
[INFO] [stdout]    | ^^^^^^^^^^^^^^^^^^^^^^^^^^^^^^^^^^^^^^
[INFO] [stdout]    |
[INFO] [stdout]    = note: this warning originates in the macro `implement_vertex` (in Nightly builds, run with -Z macro-backtrace for more info)
[INFO] [stdout] 
[INFO] [stdout] 
[INFO] [stdout] warning: use of deprecated function `std::mem::uninitialized`: use `mem::MaybeUninit` instead
[INFO] [stdout]   --> src/matrix_math_helper.rs:40:1
[INFO] [stdout]    |
[INFO] [stdout] 40 | implement_vertex!(Normal, normal);
[INFO] [stdout]    | ^^^^^^^^^^^^^^^^^^^^^^^^^^^^^^^^^
[INFO] [stdout]    |
[INFO] [stdout]    = note: this warning originates in the macro `implement_vertex` (in Nightly builds, run with -Z macro-backtrace for more info)
[INFO] [stdout] 
[INFO] [stdout] 
[INFO] [stdout] warning: use of deprecated function `std::mem::uninitialized`: use `mem::MaybeUninit` instead
[INFO] [stdout]   --> src/matrix_math_helper.rs:53:1
[INFO] [stdout]    |
[INFO] [stdout] 53 | implement_vertex!(Face, position, tex_coord, normal);
[INFO] [stdout]    | ^^^^^^^^^^^^^^^^^^^^^^^^^^^^^^^^^^^^^^^^^^^^^^^^^^^^
[INFO] [stdout]    |
[INFO] [stdout]    = note: this warning originates in the macro `implement_vertex` (in Nightly builds, run with -Z macro-backtrace for more info)
[INFO] [stdout] 
[INFO] [stdout] 
[INFO] [stdout] warning: use of deprecated function `std::mem::uninitialized`: use `mem::MaybeUninit` instead
[INFO] [stdout]   --> src/matrix_math_helper.rs:65:1
[INFO] [stdout]    |
[INFO] [stdout] 65 | implement_vertex!(PosTex, position, tex_coords);
[INFO] [stdout]    | ^^^^^^^^^^^^^^^^^^^^^^^^^^^^^^^^^^^^^^^^^^^^^^^
[INFO] [stdout]    |
[INFO] [stdout]    = note: this warning originates in the macro `implement_vertex` (in Nightly builds, run with -Z macro-backtrace for more info)
[INFO] [stdout] 
[INFO] [stdout] 
[INFO] [stdout] warning: use of deprecated function `std::mem::uninitialized`: use `mem::MaybeUninit` instead
[INFO] [stdout]   --> src/matrix_math_helper.rs:18:1
[INFO] [stdout]    |
[INFO] [stdout] 18 | implement_vertex!(Vertex, position);
[INFO] [stdout]    | ^^^^^^^^^^^^^^^^^^^^^^^^^^^^^^^^^^^
[INFO] [stdout]    |
[INFO] [stdout]    = note: this warning originates in the macro `implement_vertex` (in Nightly builds, run with -Z macro-backtrace for more info)
[INFO] [stdout] 
[INFO] [stdout] 
[INFO] [stdout] warning: use of deprecated function `std::mem::uninitialized`: use `mem::MaybeUninit` instead
[INFO] [stdout]   --> src/matrix_math_helper.rs:29:1
[INFO] [stdout]    |
[INFO] [stdout] 29 | implement_vertex!(Texture, tex_coords);
[INFO] [stdout]    | ^^^^^^^^^^^^^^^^^^^^^^^^^^^^^^^^^^^^^^
[INFO] [stdout]    |
[INFO] [stdout]    = note: this warning originates in the macro `implement_vertex` (in Nightly builds, run with -Z macro-backtrace for more info)
[INFO] [stdout] 
[INFO] [stdout] 
[INFO] [stdout] warning: use of deprecated function `std::mem::uninitialized`: use `mem::MaybeUninit` instead
[INFO] [stdout]   --> src/matrix_math_helper.rs:40:1
[INFO] [stdout]    |
[INFO] [stdout] 40 | implement_vertex!(Normal, normal);
[INFO] [stdout]    | ^^^^^^^^^^^^^^^^^^^^^^^^^^^^^^^^^
[INFO] [stdout]    |
[INFO] [stdout]    = note: this warning originates in the macro `implement_vertex` (in Nightly builds, run with -Z macro-backtrace for more info)
[INFO] [stdout] 
[INFO] [stdout] 
[INFO] [stdout] warning: use of deprecated function `std::mem::uninitialized`: use `mem::MaybeUninit` instead
[INFO] [stdout]   --> src/matrix_math_helper.rs:53:1
[INFO] [stdout]    |
[INFO] [stdout] 53 | implement_vertex!(Face, position, tex_coord, normal);
[INFO] [stdout]    | ^^^^^^^^^^^^^^^^^^^^^^^^^^^^^^^^^^^^^^^^^^^^^^^^^^^^
[INFO] [stdout]    |
[INFO] [stdout]    = note: this warning originates in the macro `implement_vertex` (in Nightly builds, run with -Z macro-backtrace for more info)
[INFO] [stdout] 
[INFO] [stdout] 
[INFO] [stdout] warning: use of deprecated function `std::mem::uninitialized`: use `mem::MaybeUninit` instead
[INFO] [stdout]   --> src/matrix_math_helper.rs:65:1
[INFO] [stdout]    |
[INFO] [stdout] 65 | implement_vertex!(PosTex, position, tex_coords);
[INFO] [stdout]    | ^^^^^^^^^^^^^^^^^^^^^^^^^^^^^^^^^^^^^^^^^^^^^^^
[INFO] [stdout]    |
[INFO] [stdout]    = note: this warning originates in the macro `implement_vertex` (in Nightly builds, run with -Z macro-backtrace for more info)
[INFO] [stdout] 
[INFO] [stdout] 
[INFO] [stdout] warning: use of deprecated function `std::mem::uninitialized`: use `mem::MaybeUninit` instead
[INFO] [stdout]   --> src/matrix_math_helper.rs:18:1
[INFO] [stdout]    |
[INFO] [stdout] 18 | implement_vertex!(Vertex, position);
[INFO] [stdout]    | ^^^^^^^^^^^^^^^^^^^^^^^^^^^^^^^^^^^
[INFO] [stdout]    |
[INFO] [stdout]    = note: this warning originates in the macro `implement_vertex` (in Nightly builds, run with -Z macro-backtrace for more info)
[INFO] [stdout] 
[INFO] [stdout] 
[INFO] [stdout] warning: use of deprecated function `std::mem::uninitialized`: use `mem::MaybeUninit` instead
[INFO] [stdout]   --> src/matrix_math_helper.rs:29:1
[INFO] [stdout]    |
[INFO] [stdout] 29 | implement_vertex!(Texture, tex_coords);
[INFO] [stdout]    | ^^^^^^^^^^^^^^^^^^^^^^^^^^^^^^^^^^^^^^
[INFO] [stdout]    |
[INFO] [stdout]    = note: this warning originates in the macro `implement_vertex` (in Nightly builds, run with -Z macro-backtrace for more info)
[INFO] [stdout] 
[INFO] [stdout] 
[INFO] [stdout] warning: use of deprecated function `std::mem::uninitialized`: use `mem::MaybeUninit` instead
[INFO] [stdout]   --> src/matrix_math_helper.rs:40:1
[INFO] [stdout]    |
[INFO] [stdout] 40 | implement_vertex!(Normal, normal);
[INFO] [stdout]    | ^^^^^^^^^^^^^^^^^^^^^^^^^^^^^^^^^
[INFO] [stdout]    |
[INFO] [stdout]    = note: this warning originates in the macro `implement_vertex` (in Nightly builds, run with -Z macro-backtrace for more info)
[INFO] [stdout] 
[INFO] [stdout] 
[INFO] [stdout] warning: use of deprecated function `std::mem::uninitialized`: use `mem::MaybeUninit` instead
[INFO] [stdout]   --> src/matrix_math_helper.rs:53:1
[INFO] [stdout]    |
[INFO] [stdout] 53 | implement_vertex!(Face, position, tex_coord, normal);
[INFO] [stdout]    | ^^^^^^^^^^^^^^^^^^^^^^^^^^^^^^^^^^^^^^^^^^^^^^^^^^^^
[INFO] [stdout]    |
[INFO] [stdout]    = note: this warning originates in the macro `implement_vertex` (in Nightly builds, run with -Z macro-backtrace for more info)
[INFO] [stdout] 
[INFO] [stdout] 
[INFO] [stdout] warning: use of deprecated function `std::mem::uninitialized`: use `mem::MaybeUninit` instead
[INFO] [stdout]   --> src/matrix_math_helper.rs:65:1
[INFO] [stdout]    |
[INFO] [stdout] 65 | implement_vertex!(PosTex, position, tex_coords);
[INFO] [stdout]    | ^^^^^^^^^^^^^^^^^^^^^^^^^^^^^^^^^^^^^^^^^^^^^^^
[INFO] [stdout]    |
[INFO] [stdout]    = note: this warning originates in the macro `implement_vertex` (in Nightly builds, run with -Z macro-backtrace for more info)
[INFO] [stdout] 
[INFO] [stdout] 
[INFO] [stdout] warning: value assigned to `state` is never read
[INFO] [stdout]   --> src/main.rs:43:13
[INFO] [stdout]    |
[INFO] [stdout] 43 |     let mut state = program_state::INITIALIZING;
[INFO] [stdout]    |             ^^^^^
[INFO] [stdout]    |
[INFO] [stdout]    = help: maybe it is overwritten before being read?
[INFO] [stdout]    = note: `#[warn(unused_assignments)]` on by default
[INFO] [stdout] 
[INFO] [stdout] 
[INFO] [stdout] warning: value passed to `state` is never read
[INFO] [stdout]   --> src/main.rs:71:9
[INFO] [stdout]    |
[INFO] [stdout] 71 |     mut state: program_state,
[INFO] [stdout]    |         ^^^^^
[INFO] [stdout]    |
[INFO] [stdout]    = help: maybe it is overwritten before being read?
[INFO] [stdout] 
[INFO] [stdout] 
[INFO] [stdout] warning: variants `STOPPING` and `STOPPED` are never constructed
[INFO] [stdout]   --> src/main.rs:34:5
[INFO] [stdout]    |
[INFO] [stdout] 30 | enum program_state {
[INFO] [stdout]    |      ------------- variants in this enum
[INFO] [stdout] ...
[INFO] [stdout] 34 |     STOPPING,
[INFO] [stdout]    |     ^^^^^^^^
[INFO] [stdout] 35 |     STOPPED,
[INFO] [stdout]    |     ^^^^^^^
[INFO] [stdout]    |
[INFO] [stdout]    = note: `program_state` has a derived impl for the trait `Clone`, but this is intentionally ignored during dead code analysis
[INFO] [stdout]    = note: `#[warn(dead_code)]` on by default
[INFO] [stdout] 
[INFO] [stdout] 
[INFO] [stdout] warning: variable `objectName` should have a snake case name
[INFO] [stdout]   --> src/main.rs:87:13
[INFO] [stdout]    |
[INFO] [stdout] 87 |     let mut objectName = object_parser::getObjectFileName(index);
[INFO] [stdout]    |             ^^^^^^^^^^ help: convert the identifier to snake case: `object_name`
[INFO] [stdout]    |
[INFO] [stdout]    = note: `#[warn(non_snake_case)]` on by default
[INFO] [stdout] 
[INFO] [stdout] 
[INFO] [stdout] warning: variable `posTex` should have a snake case name
[INFO] [stdout]   --> src/main.rs:97:13
[INFO] [stdout]    |
[INFO] [stdout] 97 |     let mut posTex = object_parser::posTex(&shape, &texels);
[INFO] [stdout]    |             ^^^^^^ help: convert the identifier to snake case: `pos_tex`
[INFO] [stdout] 
[INFO] [stdout] 
[INFO] [stdout] warning: variable `posTex` should have a snake case name
[INFO] [stdout]    --> src/main.rs:185:5
[INFO] [stdout]     |
[INFO] [stdout] 185 |     posTex: &Vec<object_parser::mat::PosTex>,
[INFO] [stdout]     |     ^^^^^^ help: convert the identifier to snake case: `pos_tex`
[INFO] [stdout] 
[INFO] [stdout] 
[INFO] [stdout] warning: unused `Result` that must be used
[INFO] [stdout]   --> src/shader_parser.rs:21:5
[INFO] [stdout]    |
[INFO] [stdout] 21 |     file.read_to_string(&mut contents);
[INFO] [stdout]    |     ^^^^^^^^^^^^^^^^^^^^^^^^^^^^^^^^^^
[INFO] [stdout]    |
[INFO] [stdout]    = note: this `Result` may be an `Err` variant, which should be handled
[INFO] [stdout]    = note: `#[warn(unused_must_use)]` on by default
[INFO] [stdout] help: use `let _ = ...` to ignore the resulting value
[INFO] [stdout]    |
[INFO] [stdout] 21 |     let _ = file.read_to_string(&mut contents);
[INFO] [stdout]    |     +++++++
[INFO] [stdout] 
[INFO] [stdout] 
[INFO] [stdout] warning: variable `fileName` should have a snake case name
[INFO] [stdout]   --> src/object_parser.rs:35:17
[INFO] [stdout]    |
[INFO] [stdout] 35 | pub fn vertices(fileName: &String) -> Vec<mat::Vertex> {
[INFO] [stdout]    |                 ^^^^^^^^ help: convert the identifier to snake case: `file_name`
[INFO] [stdout] 
[INFO] [stdout] 
[INFO] [stdout] warning: variable `vertStrings` should have a snake case name
[INFO] [stdout]   --> src/object_parser.rs:39:9
[INFO] [stdout]    |
[INFO] [stdout] 39 |     let vertStrings = fileSection(&fileName, "v".to_string());
[INFO] [stdout]    |         ^^^^^^^^^^^ help: convert the identifier to snake case: `vert_strings`
[INFO] [stdout] 
[INFO] [stdout] 
[INFO] [stdout] warning: function `unmodifiedTextures` should have a snake case name
[INFO] [stdout]   --> src/object_parser.rs:84:8
[INFO] [stdout]    |
[INFO] [stdout] 84 | pub fn unmodifiedTextures(fileName: &String) -> Vec<mat::Texture> {
[INFO] [stdout]    |        ^^^^^^^^^^^^^^^^^^ help: convert the identifier to snake case: `unmodified_textures`
[INFO] [stdout] 
[INFO] [stdout] 
[INFO] [stdout] warning: variable `fileName` should have a snake case name
[INFO] [stdout]   --> src/object_parser.rs:84:27
[INFO] [stdout]    |
[INFO] [stdout] 84 | pub fn unmodifiedTextures(fileName: &String) -> Vec<mat::Texture> {
[INFO] [stdout]    |                           ^^^^^^^^ help: convert the identifier to snake case: `file_name`
[INFO] [stdout] 
[INFO] [stdout] 
[INFO] [stdout] warning: variable `texStrings` should have a snake case name
[INFO] [stdout]   --> src/object_parser.rs:89:9
[INFO] [stdout]    |
[INFO] [stdout] 89 |     let texStrings = fileSection(&fileName, "vt".to_string());
[INFO] [stdout]    |         ^^^^^^^^^^ help: convert the identifier to snake case: `tex_strings`
[INFO] [stdout] 
[INFO] [stdout] 
[INFO] [stdout] warning: function `unmodifiedNormals` should have a snake case name
[INFO] [stdout]    --> src/object_parser.rs:117:8
[INFO] [stdout]     |
[INFO] [stdout] 117 | pub fn unmodifiedNormals(fileName: &String) -> Vec<mat::Normal> {
[INFO] [stdout]     |        ^^^^^^^^^^^^^^^^^ help: convert the identifier to snake case: `unmodified_normals`
[INFO] [stdout] 
[INFO] [stdout] 
[INFO] [stdout] warning: variable `fileName` should have a snake case name
[INFO] [stdout]    --> src/object_parser.rs:117:26
[INFO] [stdout]     |
[INFO] [stdout] 117 | pub fn unmodifiedNormals(fileName: &String) -> Vec<mat::Normal> {
[INFO] [stdout]     |                          ^^^^^^^^ help: convert the identifier to snake case: `file_name`
[INFO] [stdout] 
[INFO] [stdout] 
[INFO] [stdout] warning: variable `normalStrings` should have a snake case name
[INFO] [stdout]    --> src/object_parser.rs:121:9
[INFO] [stdout]     |
[INFO] [stdout] 121 |     let normalStrings = fileSection(&fileName, "vn".to_string());
[INFO] [stdout]     |         ^^^^^^^^^^^^^ help: convert the identifier to snake case: `normal_strings`
[INFO] [stdout] 
[INFO] [stdout] 
[INFO] [stdout] warning: variable `fileName` should have a snake case name
[INFO] [stdout]    --> src/object_parser.rs:162:14
[INFO] [stdout]     |
[INFO] [stdout] 162 | pub fn faces(fileName: &String) -> Vec<mat::Face> {
[INFO] [stdout]     |              ^^^^^^^^ help: convert the identifier to snake case: `file_name`
[INFO] [stdout] 
[INFO] [stdout] 
[INFO] [stdout] warning: variable `faceStrings` should have a snake case name
[INFO] [stdout]    --> src/object_parser.rs:166:9
[INFO] [stdout]     |
[INFO] [stdout] 166 |     let faceStrings = fileSection(&fileName, "f".to_string());
[INFO] [stdout]     |         ^^^^^^^^^^^ help: convert the identifier to snake case: `face_strings`
[INFO] [stdout] 
[INFO] [stdout] 
[INFO] [stdout] warning: variable `fileName` should have a snake case name
[INFO] [stdout]    --> src/object_parser.rs:206:18
[INFO] [stdout]     |
[INFO] [stdout] 206 | pub fn positions(fileName: String) -> Vec<mat::Vertex> {
[INFO] [stdout]     |                  ^^^^^^^^ help: convert the identifier to snake case: `file_name`
[INFO] [stdout] 
[INFO] [stdout] 
[INFO] [stdout] warning: variable `fileName` should have a snake case name
[INFO] [stdout]    --> src/object_parser.rs:232:15
[INFO] [stdout]     |
[INFO] [stdout] 232 | pub fn texels(fileName: String) -> Vec<mat::Texture> {
[INFO] [stdout]     |               ^^^^^^^^ help: convert the identifier to snake case: `file_name`
[INFO] [stdout] 
[INFO] [stdout] 
[INFO] [stdout] warning: variable `fileName` should have a snake case name
[INFO] [stdout]    --> src/object_parser.rs:253:16
[INFO] [stdout]     |
[INFO] [stdout] 253 | pub fn normals(fileName: String) -> Vec<mat::Normal> {
[INFO] [stdout]     |                ^^^^^^^^ help: convert the identifier to snake case: `file_name`
[INFO] [stdout] 
[INFO] [stdout] 
[INFO] [stdout] warning: function `posTex` should have a snake case name
[INFO] [stdout]    --> src/object_parser.rs:273:8
[INFO] [stdout]     |
[INFO] [stdout] 273 | pub fn posTex(positions: &Vec<mat::Vertex>, texels: &Vec<mat::Texture>) -> Vec<mat::PosTex> {
[INFO] [stdout]     |        ^^^^^^ help: convert the identifier to snake case: `pos_tex`
[INFO] [stdout] 
[INFO] [stdout] 
[INFO] [stdout] warning: variable `posTex` should have a snake case name
[INFO] [stdout]    --> src/object_parser.rs:275:13
[INFO] [stdout]     |
[INFO] [stdout] 275 |     let mut posTex: Vec<mat::PosTex> = Vec::new();
[INFO] [stdout]     |             ^^^^^^ help: convert the identifier to snake case: `pos_tex`
[INFO] [stdout] 
[INFO] [stdout] 
[INFO] [stdout] warning: function `getObjectFileName` should have a snake case name
[INFO] [stdout]    --> src/object_parser.rs:321:8
[INFO] [stdout]     |
[INFO] [stdout] 321 | pub fn getObjectFileName(index: usize) -> String {
[INFO] [stdout]     |        ^^^^^^^^^^^^^^^^^ help: convert the identifier to snake case: `get_object_file_name`
[INFO] [stdout] 
[INFO] [stdout] 
[INFO] [stdout] warning: unused `Result` that must be used
[INFO] [stdout]    --> src/object_parser.rs:326:5
[INFO] [stdout]     |
[INFO] [stdout] 326 |     file.read_to_string(&mut content);
[INFO] [stdout]     |     ^^^^^^^^^^^^^^^^^^^^^^^^^^^^^^^^^
[INFO] [stdout]     |
[INFO] [stdout]     = note: this `Result` may be an `Err` variant, which should be handled
[INFO] [stdout] help: use `let _ = ...` to ignore the resulting value
[INFO] [stdout]     |
[INFO] [stdout] 326 |     let _ = file.read_to_string(&mut content);
[INFO] [stdout]     |     +++++++
[INFO] [stdout] 
[INFO] [stdout] 
[INFO] [stdout] warning: function `fileSection` should have a snake case name
[INFO] [stdout]    --> src/object_parser.rs:338:8
[INFO] [stdout]     |
[INFO] [stdout] 338 | pub fn fileSection(ref fileName: &String, token: String) -> Vec<String> {
[INFO] [stdout]     |        ^^^^^^^^^^^ help: convert the identifier to snake case: `file_section`
[INFO] [stdout] 
[INFO] [stdout] 
[INFO] [stdout] warning: variable `fileName` should have a snake case name
[INFO] [stdout]    --> src/object_parser.rs:338:24
[INFO] [stdout]     |
[INFO] [stdout] 338 | pub fn fileSection(ref fileName: &String, token: String) -> Vec<String> {
[INFO] [stdout]     |                        ^^^^^^^^ help: convert the identifier to snake case: `file_name`
[INFO] [stdout] 
[INFO] [stdout] 
[INFO] [stdout] warning: variable `tokenLines` should have a snake case name
[INFO] [stdout]    --> src/object_parser.rs:343:13
[INFO] [stdout]     |
[INFO] [stdout] 343 |     let mut tokenLines: Vec<String> = Vec::new();
[INFO] [stdout]     |             ^^^^^^^^^^ help: convert the identifier to snake case: `token_lines`
[INFO] [stdout] 
[INFO] [stdout] 
[INFO] [stdout] warning: unused `Result` that must be used
[INFO] [stdout]    --> src/object_parser.rs:345:5
[INFO] [stdout]     |
[INFO] [stdout] 345 |     file.read_to_string(&mut content);
[INFO] [stdout]     |     ^^^^^^^^^^^^^^^^^^^^^^^^^^^^^^^^^
[INFO] [stdout]     |
[INFO] [stdout]     = note: this `Result` may be an `Err` variant, which should be handled
[INFO] [stdout] help: use `let _ = ...` to ignore the resulting value
[INFO] [stdout]     |
[INFO] [stdout] 345 |     let _ = file.read_to_string(&mut content);
[INFO] [stdout]     |     +++++++
[INFO] [stdout] 
[INFO] [stdout] 
[INFO] [stderr]     Finished `dev` profile [unoptimized + debuginfo] target(s) in 40.02s
[INFO] [stderr] warning: the following packages contain code that will be rejected by a future version of Rust: syn v0.14.0
[INFO] [stderr] note: to see what the problems were, use the option `--future-incompat-report`, or run `cargo report future-incompatibilities --id 1`
[INFO] running `Command { std: "docker" "inspect" "162f3dc1a81704eb0069079d19787967cea1fb79daa3c518e851c0a788a5e34f", kill_on_drop: false }`
[INFO] running `Command { std: "docker" "rm" "-f" "162f3dc1a81704eb0069079d19787967cea1fb79daa3c518e851c0a788a5e34f", kill_on_drop: false }`
[INFO] [stdout] 162f3dc1a81704eb0069079d19787967cea1fb79daa3c518e851c0a788a5e34f
[INFO] running `Command { std: "docker" "create" "-v" "/var/lib/crater-agent-workspace/builds/worker-1-tc1/target:/opt/rustwide/target:rw,Z" "-v" "/var/lib/crater-agent-workspace/builds/worker-1-tc1/source:/opt/rustwide/workdir:ro,Z" "-v" "/var/lib/crater-agent-workspace/cargo-home:/opt/rustwide/cargo-home:ro,Z" "-v" "/var/lib/crater-agent-workspace/rustup-home:/opt/rustwide/rustup-home:ro,Z" "-e" "SOURCE_DIR=/opt/rustwide/workdir" "-e" "CARGO_TARGET_DIR=/opt/rustwide/target" "-e" "CARGO_INCREMENTAL=0" "-e" "RUST_BACKTRACE=full" "-e" "RUSTFLAGS=--cap-lints=warn" "-e" "RUSTDOCFLAGS=--cap-lints=warn" "-e" "CARGO_HOME=/opt/rustwide/cargo-home" "-e" "RUSTUP_HOME=/opt/rustwide/rustup-home" "-w" "/opt/rustwide/workdir" "-m" "1610612736" "--user" "0:0" "--network" "none" "ghcr.io/rust-lang/crates-build-env/linux@sha256:f3a9d4ad9d972b27faf3965f35b62e55ba32bbce8f20bc8fe909558a86702fde" "/opt/rustwide/cargo-home/bin/cargo" "+1.83.0" "test" "--frozen" "--no-run" "--message-format=json", kill_on_drop: false }`
[INFO] [stdout] 76cd49933c4b6c30b1fe7d7fa22dc2d87ec831c76ec0bb331ec9d534bb7487b2
[INFO] running `Command { std: "docker" "start" "-a" "76cd49933c4b6c30b1fe7d7fa22dc2d87ec831c76ec0bb331ec9d534bb7487b2", kill_on_drop: false }`
[INFO] [stderr] warning: no edition set: defaulting to the 2015 edition while the latest is 2021
[INFO] [stderr]    Compiling rustyGFX v0.1.0 (/opt/rustwide/workdir)
[INFO] [stdout] warning: type `program_state` should have an upper camel case name
[INFO] [stdout]   --> src/main.rs:30:6
[INFO] [stdout]    |
[INFO] [stdout] 30 | enum program_state {
[INFO] [stdout]    |      ^^^^^^^^^^^^^ help: convert the identifier to upper camel case: `ProgramState`
[INFO] [stdout]    |
[INFO] [stdout]    = note: `#[warn(non_camel_case_types)]` on by default
[INFO] [stdout] 
[INFO] [stdout] 
[INFO] [stdout] warning: use of deprecated function `std::mem::uninitialized`: use `mem::MaybeUninit` instead
[INFO] [stdout]   --> src/matrix_math_helper.rs:18:1
[INFO] [stdout]    |
[INFO] [stdout] 18 | implement_vertex!(Vertex, position);
[INFO] [stdout]    | ^^^^^^^^^^^^^^^^^^^^^^^^^^^^^^^^^^^
[INFO] [stdout]    |
[INFO] [stdout]    = note: `#[warn(deprecated)]` on by default
[INFO] [stdout]    = note: this warning originates in the macro `implement_vertex` (in Nightly builds, run with -Z macro-backtrace for more info)
[INFO] [stdout] 
[INFO] [stdout] 
[INFO] [stdout] warning: use of deprecated function `std::mem::uninitialized`: use `mem::MaybeUninit` instead
[INFO] [stdout]   --> src/matrix_math_helper.rs:29:1
[INFO] [stdout]    |
[INFO] [stdout] 29 | implement_vertex!(Texture, tex_coords);
[INFO] [stdout]    | ^^^^^^^^^^^^^^^^^^^^^^^^^^^^^^^^^^^^^^
[INFO] [stdout]    |
[INFO] [stdout]    = note: this warning originates in the macro `implement_vertex` (in Nightly builds, run with -Z macro-backtrace for more info)
[INFO] [stdout] 
[INFO] [stdout] 
[INFO] [stdout] warning: use of deprecated function `std::mem::uninitialized`: use `mem::MaybeUninit` instead
[INFO] [stdout]   --> src/matrix_math_helper.rs:40:1
[INFO] [stdout]    |
[INFO] [stdout] 40 | implement_vertex!(Normal, normal);
[INFO] [stdout]    | ^^^^^^^^^^^^^^^^^^^^^^^^^^^^^^^^^
[INFO] [stdout]    |
[INFO] [stdout]    = note: this warning originates in the macro `implement_vertex` (in Nightly builds, run with -Z macro-backtrace for more info)
[INFO] [stdout] 
[INFO] [stdout] 
[INFO] [stdout] warning: use of deprecated function `std::mem::uninitialized`: use `mem::MaybeUninit` instead
[INFO] [stdout]   --> src/matrix_math_helper.rs:53:1
[INFO] [stdout]    |
[INFO] [stdout] 53 | implement_vertex!(Face, position, tex_coord, normal);
[INFO] [stdout]    | ^^^^^^^^^^^^^^^^^^^^^^^^^^^^^^^^^^^^^^^^^^^^^^^^^^^^
[INFO] [stdout]    |
[INFO] [stdout]    = note: this warning originates in the macro `implement_vertex` (in Nightly builds, run with -Z macro-backtrace for more info)
[INFO] [stdout] 
[INFO] [stdout] 
[INFO] [stdout] warning: use of deprecated function `std::mem::uninitialized`: use `mem::MaybeUninit` instead
[INFO] [stdout]   --> src/matrix_math_helper.rs:65:1
[INFO] [stdout]    |
[INFO] [stdout] 65 | implement_vertex!(PosTex, position, tex_coords);
[INFO] [stdout]    | ^^^^^^^^^^^^^^^^^^^^^^^^^^^^^^^^^^^^^^^^^^^^^^^
[INFO] [stdout]    |
[INFO] [stdout]    = note: this warning originates in the macro `implement_vertex` (in Nightly builds, run with -Z macro-backtrace for more info)
[INFO] [stdout] 
[INFO] [stdout] 
[INFO] [stdout] warning: use of deprecated function `std::mem::uninitialized`: use `mem::MaybeUninit` instead
[INFO] [stdout]   --> src/matrix_math_helper.rs:18:1
[INFO] [stdout]    |
[INFO] [stdout] 18 | implement_vertex!(Vertex, position);
[INFO] [stdout]    | ^^^^^^^^^^^^^^^^^^^^^^^^^^^^^^^^^^^
[INFO] [stdout]    |
[INFO] [stdout]    = note: this warning originates in the macro `implement_vertex` (in Nightly builds, run with -Z macro-backtrace for more info)
[INFO] [stdout] 
[INFO] [stdout] 
[INFO] [stdout] warning: use of deprecated function `std::mem::uninitialized`: use `mem::MaybeUninit` instead
[INFO] [stdout]   --> src/matrix_math_helper.rs:29:1
[INFO] [stdout]    |
[INFO] [stdout] 29 | implement_vertex!(Texture, tex_coords);
[INFO] [stdout]    | ^^^^^^^^^^^^^^^^^^^^^^^^^^^^^^^^^^^^^^
[INFO] [stdout]    |
[INFO] [stdout]    = note: this warning originates in the macro `implement_vertex` (in Nightly builds, run with -Z macro-backtrace for more info)
[INFO] [stdout] 
[INFO] [stdout] 
[INFO] [stdout] warning: use of deprecated function `std::mem::uninitialized`: use `mem::MaybeUninit` instead
[INFO] [stdout]   --> src/matrix_math_helper.rs:40:1
[INFO] [stdout]    |
[INFO] [stdout] 40 | implement_vertex!(Normal, normal);
[INFO] [stdout]    | ^^^^^^^^^^^^^^^^^^^^^^^^^^^^^^^^^
[INFO] [stdout]    |
[INFO] [stdout]    = note: this warning originates in the macro `implement_vertex` (in Nightly builds, run with -Z macro-backtrace for more info)
[INFO] [stdout] 
[INFO] [stdout] 
[INFO] [stdout] warning: use of deprecated function `std::mem::uninitialized`: use `mem::MaybeUninit` instead
[INFO] [stdout]   --> src/matrix_math_helper.rs:53:1
[INFO] [stdout]    |
[INFO] [stdout] 53 | implement_vertex!(Face, position, tex_coord, normal);
[INFO] [stdout]    | ^^^^^^^^^^^^^^^^^^^^^^^^^^^^^^^^^^^^^^^^^^^^^^^^^^^^
[INFO] [stdout]    |
[INFO] [stdout]    = note: this warning originates in the macro `implement_vertex` (in Nightly builds, run with -Z macro-backtrace for more info)
[INFO] [stdout] 
[INFO] [stdout] 
[INFO] [stdout] warning: use of deprecated function `std::mem::uninitialized`: use `mem::MaybeUninit` instead
[INFO] [stdout]   --> src/matrix_math_helper.rs:65:1
[INFO] [stdout]    |
[INFO] [stdout] 65 | implement_vertex!(PosTex, position, tex_coords);
[INFO] [stdout]    | ^^^^^^^^^^^^^^^^^^^^^^^^^^^^^^^^^^^^^^^^^^^^^^^
[INFO] [stdout]    |
[INFO] [stdout]    = note: this warning originates in the macro `implement_vertex` (in Nightly builds, run with -Z macro-backtrace for more info)
[INFO] [stdout] 
[INFO] [stdout] 
[INFO] [stdout] warning: use of deprecated function `std::mem::uninitialized`: use `mem::MaybeUninit` instead
[INFO] [stdout]   --> src/matrix_math_helper.rs:18:1
[INFO] [stdout]    |
[INFO] [stdout] 18 | implement_vertex!(Vertex, position);
[INFO] [stdout]    | ^^^^^^^^^^^^^^^^^^^^^^^^^^^^^^^^^^^
[INFO] [stdout]    |
[INFO] [stdout]    = note: this warning originates in the macro `implement_vertex` (in Nightly builds, run with -Z macro-backtrace for more info)
[INFO] [stdout] 
[INFO] [stdout] 
[INFO] [stdout] warning: use of deprecated function `std::mem::uninitialized`: use `mem::MaybeUninit` instead
[INFO] [stdout]   --> src/matrix_math_helper.rs:29:1
[INFO] [stdout]    |
[INFO] [stdout] 29 | implement_vertex!(Texture, tex_coords);
[INFO] [stdout]    | ^^^^^^^^^^^^^^^^^^^^^^^^^^^^^^^^^^^^^^
[INFO] [stdout]    |
[INFO] [stdout]    = note: this warning originates in the macro `implement_vertex` (in Nightly builds, run with -Z macro-backtrace for more info)
[INFO] [stdout] 
[INFO] [stdout] 
[INFO] [stdout] warning: use of deprecated function `std::mem::uninitialized`: use `mem::MaybeUninit` instead
[INFO] [stdout]   --> src/matrix_math_helper.rs:40:1
[INFO] [stdout]    |
[INFO] [stdout] 40 | implement_vertex!(Normal, normal);
[INFO] [stdout]    | ^^^^^^^^^^^^^^^^^^^^^^^^^^^^^^^^^
[INFO] [stdout]    |
[INFO] [stdout]    = note: this warning originates in the macro `implement_vertex` (in Nightly builds, run with -Z macro-backtrace for more info)
[INFO] [stdout] 
[INFO] [stdout] 
[INFO] [stdout] warning: use of deprecated function `std::mem::uninitialized`: use `mem::MaybeUninit` instead
[INFO] [stdout]   --> src/matrix_math_helper.rs:53:1
[INFO] [stdout]    |
[INFO] [stdout] 53 | implement_vertex!(Face, position, tex_coord, normal);
[INFO] [stdout]    | ^^^^^^^^^^^^^^^^^^^^^^^^^^^^^^^^^^^^^^^^^^^^^^^^^^^^
[INFO] [stdout]    |
[INFO] [stdout]    = note: this warning originates in the macro `implement_vertex` (in Nightly builds, run with -Z macro-backtrace for more info)
[INFO] [stdout] 
[INFO] [stdout] 
[INFO] [stdout] warning: use of deprecated function `std::mem::uninitialized`: use `mem::MaybeUninit` instead
[INFO] [stdout]   --> src/matrix_math_helper.rs:65:1
[INFO] [stdout]    |
[INFO] [stdout] 65 | implement_vertex!(PosTex, position, tex_coords);
[INFO] [stdout]    | ^^^^^^^^^^^^^^^^^^^^^^^^^^^^^^^^^^^^^^^^^^^^^^^
[INFO] [stdout]    |
[INFO] [stdout]    = note: this warning originates in the macro `implement_vertex` (in Nightly builds, run with -Z macro-backtrace for more info)
[INFO] [stdout] 
[INFO] [stdout] 
[INFO] [stdout] warning: value assigned to `state` is never read
[INFO] [stdout]   --> src/main.rs:43:13
[INFO] [stdout]    |
[INFO] [stdout] 43 |     let mut state = program_state::INITIALIZING;
[INFO] [stdout]    |             ^^^^^
[INFO] [stdout]    |
[INFO] [stdout]    = help: maybe it is overwritten before being read?
[INFO] [stdout]    = note: `#[warn(unused_assignments)]` on by default
[INFO] [stdout] 
[INFO] [stdout] 
[INFO] [stdout] warning: value passed to `state` is never read
[INFO] [stdout]   --> src/main.rs:71:9
[INFO] [stdout]    |
[INFO] [stdout] 71 |     mut state: program_state,
[INFO] [stdout]    |         ^^^^^
[INFO] [stdout]    |
[INFO] [stdout]    = help: maybe it is overwritten before being read?
[INFO] [stdout] 
[INFO] [stdout] 
[INFO] [stdout] warning: variants `STOPPING` and `STOPPED` are never constructed
[INFO] [stdout]   --> src/main.rs:34:5
[INFO] [stdout]    |
[INFO] [stdout] 30 | enum program_state {
[INFO] [stdout]    |      ------------- variants in this enum
[INFO] [stdout] ...
[INFO] [stdout] 34 |     STOPPING,
[INFO] [stdout]    |     ^^^^^^^^
[INFO] [stdout] 35 |     STOPPED,
[INFO] [stdout]    |     ^^^^^^^
[INFO] [stdout]    |
[INFO] [stdout]    = note: `program_state` has a derived impl for the trait `Clone`, but this is intentionally ignored during dead code analysis
[INFO] [stdout]    = note: `#[warn(dead_code)]` on by default
[INFO] [stdout] 
[INFO] [stdout] 
[INFO] [stdout] warning: variable `objectName` should have a snake case name
[INFO] [stdout]   --> src/main.rs:87:13
[INFO] [stdout]    |
[INFO] [stdout] 87 |     let mut objectName = object_parser::getObjectFileName(index);
[INFO] [stdout]    |             ^^^^^^^^^^ help: convert the identifier to snake case: `object_name`
[INFO] [stdout]    |
[INFO] [stdout]    = note: `#[warn(non_snake_case)]` on by default
[INFO] [stdout] 
[INFO] [stdout] 
[INFO] [stdout] warning: variable `posTex` should have a snake case name
[INFO] [stdout]   --> src/main.rs:97:13
[INFO] [stdout]    |
[INFO] [stdout] 97 |     let mut posTex = object_parser::posTex(&shape, &texels);
[INFO] [stdout]    |             ^^^^^^ help: convert the identifier to snake case: `pos_tex`
[INFO] [stdout] 
[INFO] [stdout] 
[INFO] [stdout] warning: variable `posTex` should have a snake case name
[INFO] [stdout]    --> src/main.rs:185:5
[INFO] [stdout]     |
[INFO] [stdout] 185 |     posTex: &Vec<object_parser::mat::PosTex>,
[INFO] [stdout]     |     ^^^^^^ help: convert the identifier to snake case: `pos_tex`
[INFO] [stdout] 
[INFO] [stdout] 
[INFO] [stdout] warning: unused `Result` that must be used
[INFO] [stdout]   --> src/shader_parser.rs:21:5
[INFO] [stdout]    |
[INFO] [stdout] 21 |     file.read_to_string(&mut contents);
[INFO] [stdout]    |     ^^^^^^^^^^^^^^^^^^^^^^^^^^^^^^^^^^
[INFO] [stdout]    |
[INFO] [stdout]    = note: this `Result` may be an `Err` variant, which should be handled
[INFO] [stdout]    = note: `#[warn(unused_must_use)]` on by default
[INFO] [stdout] help: use `let _ = ...` to ignore the resulting value
[INFO] [stdout]    |
[INFO] [stdout] 21 |     let _ = file.read_to_string(&mut contents);
[INFO] [stdout]    |     +++++++
[INFO] [stdout] 
[INFO] [stdout] 
[INFO] [stdout] warning: variable `fileName` should have a snake case name
[INFO] [stdout]   --> src/object_parser.rs:35:17
[INFO] [stdout]    |
[INFO] [stdout] 35 | pub fn vertices(fileName: &String) -> Vec<mat::Vertex> {
[INFO] [stdout]    |                 ^^^^^^^^ help: convert the identifier to snake case: `file_name`
[INFO] [stdout] 
[INFO] [stdout] 
[INFO] [stdout] warning: variable `vertStrings` should have a snake case name
[INFO] [stdout]   --> src/object_parser.rs:39:9
[INFO] [stdout]    |
[INFO] [stdout] 39 |     let vertStrings = fileSection(&fileName, "v".to_string());
[INFO] [stdout]    |         ^^^^^^^^^^^ help: convert the identifier to snake case: `vert_strings`
[INFO] [stdout] 
[INFO] [stdout] 
[INFO] [stdout] warning: function `unmodifiedTextures` should have a snake case name
[INFO] [stdout]   --> src/object_parser.rs:84:8
[INFO] [stdout]    |
[INFO] [stdout] 84 | pub fn unmodifiedTextures(fileName: &String) -> Vec<mat::Texture> {
[INFO] [stdout]    |        ^^^^^^^^^^^^^^^^^^ help: convert the identifier to snake case: `unmodified_textures`
[INFO] [stdout] 
[INFO] [stdout] 
[INFO] [stdout] warning: variable `fileName` should have a snake case name
[INFO] [stdout]   --> src/object_parser.rs:84:27
[INFO] [stdout]    |
[INFO] [stdout] 84 | pub fn unmodifiedTextures(fileName: &String) -> Vec<mat::Texture> {
[INFO] [stdout]    |                           ^^^^^^^^ help: convert the identifier to snake case: `file_name`
[INFO] [stdout] 
[INFO] [stdout] 
[INFO] [stdout] warning: variable `texStrings` should have a snake case name
[INFO] [stdout]   --> src/object_parser.rs:89:9
[INFO] [stdout]    |
[INFO] [stdout] 89 |     let texStrings = fileSection(&fileName, "vt".to_string());
[INFO] [stdout]    |         ^^^^^^^^^^ help: convert the identifier to snake case: `tex_strings`
[INFO] [stdout] 
[INFO] [stdout] 
[INFO] [stdout] warning: function `unmodifiedNormals` should have a snake case name
[INFO] [stdout]    --> src/object_parser.rs:117:8
[INFO] [stdout]     |
[INFO] [stdout] 117 | pub fn unmodifiedNormals(fileName: &String) -> Vec<mat::Normal> {
[INFO] [stdout]     |        ^^^^^^^^^^^^^^^^^ help: convert the identifier to snake case: `unmodified_normals`
[INFO] [stdout] 
[INFO] [stdout] 
[INFO] [stdout] warning: variable `fileName` should have a snake case name
[INFO] [stdout]    --> src/object_parser.rs:117:26
[INFO] [stdout]     |
[INFO] [stdout] 117 | pub fn unmodifiedNormals(fileName: &String) -> Vec<mat::Normal> {
[INFO] [stdout]     |                          ^^^^^^^^ help: convert the identifier to snake case: `file_name`
[INFO] [stdout] 
[INFO] [stdout] 
[INFO] [stdout] warning: variable `normalStrings` should have a snake case name
[INFO] [stdout]    --> src/object_parser.rs:121:9
[INFO] [stdout]     |
[INFO] [stdout] 121 |     let normalStrings = fileSection(&fileName, "vn".to_string());
[INFO] [stdout]     |         ^^^^^^^^^^^^^ help: convert the identifier to snake case: `normal_strings`
[INFO] [stdout] 
[INFO] [stdout] 
[INFO] [stdout] warning: variable `fileName` should have a snake case name
[INFO] [stdout]    --> src/object_parser.rs:162:14
[INFO] [stdout]     |
[INFO] [stdout] 162 | pub fn faces(fileName: &String) -> Vec<mat::Face> {
[INFO] [stdout]     |              ^^^^^^^^ help: convert the identifier to snake case: `file_name`
[INFO] [stdout] 
[INFO] [stdout] 
[INFO] [stdout] warning: variable `faceStrings` should have a snake case name
[INFO] [stdout]    --> src/object_parser.rs:166:9
[INFO] [stdout]     |
[INFO] [stdout] 166 |     let faceStrings = fileSection(&fileName, "f".to_string());
[INFO] [stdout]     |         ^^^^^^^^^^^ help: convert the identifier to snake case: `face_strings`
[INFO] [stdout] 
[INFO] [stdout] 
[INFO] [stdout] warning: variable `fileName` should have a snake case name
[INFO] [stdout]    --> src/object_parser.rs:206:18
[INFO] [stdout]     |
[INFO] [stdout] 206 | pub fn positions(fileName: String) -> Vec<mat::Vertex> {
[INFO] [stdout]     |                  ^^^^^^^^ help: convert the identifier to snake case: `file_name`
[INFO] [stdout] 
[INFO] [stdout] 
[INFO] [stdout] warning: variable `fileName` should have a snake case name
[INFO] [stdout]    --> src/object_parser.rs:232:15
[INFO] [stdout]     |
[INFO] [stdout] 232 | pub fn texels(fileName: String) -> Vec<mat::Texture> {
[INFO] [stdout]     |               ^^^^^^^^ help: convert the identifier to snake case: `file_name`
[INFO] [stdout] 
[INFO] [stdout] 
[INFO] [stdout] warning: variable `fileName` should have a snake case name
[INFO] [stdout]    --> src/object_parser.rs:253:16
[INFO] [stdout]     |
[INFO] [stdout] 253 | pub fn normals(fileName: String) -> Vec<mat::Normal> {
[INFO] [stdout]     |                ^^^^^^^^ help: convert the identifier to snake case: `file_name`
[INFO] [stdout] 
[INFO] [stdout] 
[INFO] [stdout] warning: function `posTex` should have a snake case name
[INFO] [stdout]    --> src/object_parser.rs:273:8
[INFO] [stdout]     |
[INFO] [stdout] 273 | pub fn posTex(positions: &Vec<mat::Vertex>, texels: &Vec<mat::Texture>) -> Vec<mat::PosTex> {
[INFO] [stdout]     |        ^^^^^^ help: convert the identifier to snake case: `pos_tex`
[INFO] [stdout] 
[INFO] [stdout] 
[INFO] [stdout] warning: variable `posTex` should have a snake case name
[INFO] [stdout]    --> src/object_parser.rs:275:13
[INFO] [stdout]     |
[INFO] [stdout] 275 |     let mut posTex: Vec<mat::PosTex> = Vec::new();
[INFO] [stdout]     |             ^^^^^^ help: convert the identifier to snake case: `pos_tex`
[INFO] [stdout] 
[INFO] [stdout] 
[INFO] [stdout] warning: function `test_posTex` should have a snake case name
[INFO] [stdout]    --> src/object_parser.rs:293:4
[INFO] [stdout]     |
[INFO] [stdout] 293 | fn test_posTex() {
[INFO] [stdout]     |    ^^^^^^^^^^^ help: convert the identifier to snake case: `test_pos_tex`
[INFO] [stdout] 
[INFO] [stdout] 
[INFO] [stdout] warning: variable `test_posTex` should have a snake case name
[INFO] [stdout]    --> src/object_parser.rs:300:9
[INFO] [stdout]     |
[INFO] [stdout] 300 |     let test_posTex = mat::PosTex {
[INFO] [stdout]     |         ^^^^^^^^^^^ help: convert the identifier to snake case: `test_pos_tex`
[INFO] [stdout] 
[INFO] [stdout] 
[INFO] [stdout] warning: variable `vVec` should have a snake case name
[INFO] [stdout]    --> src/object_parser.rs:304:13
[INFO] [stdout]     |
[INFO] [stdout] 304 |     let mut vVec: Vec<mat::Vertex> = Vec::new();
[INFO] [stdout]     |             ^^^^ help: convert the identifier to snake case: `v_vec`
[INFO] [stdout] 
[INFO] [stdout] 
[INFO] [stdout] warning: variable `tVec` should have a snake case name
[INFO] [stdout]    --> src/object_parser.rs:305:13
[INFO] [stdout]     |
[INFO] [stdout] 305 |     let mut tVec: Vec<mat::Texture> = Vec::new();
[INFO] [stdout]     |             ^^^^ help: convert the identifier to snake case: `t_vec`
[INFO] [stdout] 
[INFO] [stdout] 
[INFO] [stdout] warning: variable `test_posTex_vec` should have a snake case name
[INFO] [stdout]    --> src/object_parser.rs:308:9
[INFO] [stdout]     |
[INFO] [stdout] 308 |     let test_posTex_vec = posTex(&vVec, &tVec);
[INFO] [stdout]     |         ^^^^^^^^^^^^^^^ help: convert the identifier to snake case: `test_pos_tex_vec`
[INFO] [stdout] 
[INFO] [stdout] 
[INFO] [stdout] warning: function `getObjectFileName` should have a snake case name
[INFO] [stdout]    --> src/object_parser.rs:321:8
[INFO] [stdout]     |
[INFO] [stdout] 321 | pub fn getObjectFileName(index: usize) -> String {
[INFO] [stdout]     |        ^^^^^^^^^^^^^^^^^ help: convert the identifier to snake case: `get_object_file_name`
[INFO] [stdout] 
[INFO] [stdout] 
[INFO] [stdout] warning: unused `Result` that must be used
[INFO] [stdout]    --> src/object_parser.rs:326:5
[INFO] [stdout]     |
[INFO] [stdout] 326 |     file.read_to_string(&mut content);
[INFO] [stdout]     |     ^^^^^^^^^^^^^^^^^^^^^^^^^^^^^^^^^
[INFO] [stdout]     |
[INFO] [stdout]     = note: this `Result` may be an `Err` variant, which should be handled
[INFO] [stdout] help: use `let _ = ...` to ignore the resulting value
[INFO] [stdout]     |
[INFO] [stdout] 326 |     let _ = file.read_to_string(&mut content);
[INFO] [stdout]     |     +++++++
[INFO] [stdout] 
[INFO] [stdout] 
[INFO] [stdout] warning: function `fileSection` should have a snake case name
[INFO] [stdout]    --> src/object_parser.rs:338:8
[INFO] [stdout]     |
[INFO] [stdout] 338 | pub fn fileSection(ref fileName: &String, token: String) -> Vec<String> {
[INFO] [stdout]     |        ^^^^^^^^^^^ help: convert the identifier to snake case: `file_section`
[INFO] [stdout] 
[INFO] [stdout] 
[INFO] [stdout] warning: variable `fileName` should have a snake case name
[INFO] [stdout]    --> src/object_parser.rs:338:24
[INFO] [stdout]     |
[INFO] [stdout] 338 | pub fn fileSection(ref fileName: &String, token: String) -> Vec<String> {
[INFO] [stdout]     |                        ^^^^^^^^ help: convert the identifier to snake case: `file_name`
[INFO] [stdout] 
[INFO] [stdout] 
[INFO] [stdout] warning: variable `tokenLines` should have a snake case name
[INFO] [stdout]    --> src/object_parser.rs:343:13
[INFO] [stdout]     |
[INFO] [stdout] 343 |     let mut tokenLines: Vec<String> = Vec::new();
[INFO] [stdout]     |             ^^^^^^^^^^ help: convert the identifier to snake case: `token_lines`
[INFO] [stdout] 
[INFO] [stdout] 
[INFO] [stdout] warning: unused `Result` that must be used
[INFO] [stdout]    --> src/object_parser.rs:345:5
[INFO] [stdout]     |
[INFO] [stdout] 345 |     file.read_to_string(&mut content);
[INFO] [stdout]     |     ^^^^^^^^^^^^^^^^^^^^^^^^^^^^^^^^^
[INFO] [stdout]     |
[INFO] [stdout]     = note: this `Result` may be an `Err` variant, which should be handled
[INFO] [stdout] help: use `let _ = ...` to ignore the resulting value
[INFO] [stdout]     |
[INFO] [stdout] 345 |     let _ = file.read_to_string(&mut content);
[INFO] [stdout]     |     +++++++
[INFO] [stdout] 
[INFO] [stdout] 
[INFO] [stdout] warning: function `test_fileSelection` should have a snake case name
[INFO] [stdout]    --> src/object_parser.rs:359:4
[INFO] [stdout]     |
[INFO] [stdout] 359 | fn test_fileSelection() {
[INFO] [stdout]     |    ^^^^^^^^^^^^^^^^^^ help: convert the identifier to snake case: `test_file_selection`
[INFO] [stdout] 
[INFO] [stdout] 
[INFO] [stderr]     Finished `test` profile [unoptimized + debuginfo] target(s) in 1.08s
[INFO] [stderr] warning: the following packages contain code that will be rejected by a future version of Rust: syn v0.14.0
[INFO] [stderr] note: to see what the problems were, use the option `--future-incompat-report`, or run `cargo report future-incompatibilities --id 1`
[INFO] running `Command { std: "docker" "inspect" "76cd49933c4b6c30b1fe7d7fa22dc2d87ec831c76ec0bb331ec9d534bb7487b2", kill_on_drop: false }`
[INFO] running `Command { std: "docker" "rm" "-f" "76cd49933c4b6c30b1fe7d7fa22dc2d87ec831c76ec0bb331ec9d534bb7487b2", kill_on_drop: false }`
[INFO] [stdout] 76cd49933c4b6c30b1fe7d7fa22dc2d87ec831c76ec0bb331ec9d534bb7487b2
[INFO] running `Command { std: "docker" "create" "-v" "/var/lib/crater-agent-workspace/builds/worker-1-tc1/target:/opt/rustwide/target:rw,Z" "-v" "/var/lib/crater-agent-workspace/builds/worker-1-tc1/source:/opt/rustwide/workdir:ro,Z" "-v" "/var/lib/crater-agent-workspace/cargo-home:/opt/rustwide/cargo-home:ro,Z" "-v" "/var/lib/crater-agent-workspace/rustup-home:/opt/rustwide/rustup-home:ro,Z" "-e" "SOURCE_DIR=/opt/rustwide/workdir" "-e" "CARGO_TARGET_DIR=/opt/rustwide/target" "-e" "CARGO_INCREMENTAL=0" "-e" "RUST_BACKTRACE=full" "-e" "RUSTFLAGS=--cap-lints=warn" "-e" "RUSTDOCFLAGS=--cap-lints=warn" "-e" "CARGO_HOME=/opt/rustwide/cargo-home" "-e" "RUSTUP_HOME=/opt/rustwide/rustup-home" "-w" "/opt/rustwide/workdir" "-m" "1610612736" "--user" "0:0" "--network" "none" "ghcr.io/rust-lang/crates-build-env/linux@sha256:f3a9d4ad9d972b27faf3965f35b62e55ba32bbce8f20bc8fe909558a86702fde" "/opt/rustwide/cargo-home/bin/cargo" "+1.83.0" "test" "--frozen", kill_on_drop: false }`
[INFO] [stdout] b5057f4795e36b3c09432b4677f0414e6aa737e9f24f9872047dc04407bc3e71
[INFO] running `Command { std: "docker" "start" "-a" "b5057f4795e36b3c09432b4677f0414e6aa737e9f24f9872047dc04407bc3e71", kill_on_drop: false }`
[INFO] [stderr] warning: no edition set: defaulting to the 2015 edition while the latest is 2021
[INFO] [stderr] warning: type `program_state` should have an upper camel case name
[INFO] [stderr]   --> src/main.rs:30:6
[INFO] [stderr]    |
[INFO] [stderr] 30 | enum program_state {
[INFO] [stderr]    |      ^^^^^^^^^^^^^ help: convert the identifier to upper camel case: `ProgramState`
[INFO] [stderr]    |
[INFO] [stderr]    = note: `#[warn(non_camel_case_types)]` on by default
[INFO] [stderr] 
[INFO] [stderr] warning: use of deprecated function `std::mem::uninitialized`: use `mem::MaybeUninit` instead
[INFO] [stderr]   --> src/matrix_math_helper.rs:18:1
[INFO] [stderr]    |
[INFO] [stderr] 18 | implement_vertex!(Vertex, position);
[INFO] [stderr]    | ^^^^^^^^^^^^^^^^^^^^^^^^^^^^^^^^^^^
[INFO] [stderr]    |
[INFO] [stderr]    = note: `#[warn(deprecated)]` on by default
[INFO] [stderr]    = note: this warning originates in the macro `implement_vertex` (in Nightly builds, run with -Z macro-backtrace for more info)
[INFO] [stderr] 
[INFO] [stderr] warning: use of deprecated function `std::mem::uninitialized`: use `mem::MaybeUninit` instead
[INFO] [stderr]   --> src/matrix_math_helper.rs:29:1
[INFO] [stderr]    |
[INFO] [stderr] 29 | implement_vertex!(Texture, tex_coords);
[INFO] [stderr]    | ^^^^^^^^^^^^^^^^^^^^^^^^^^^^^^^^^^^^^^
[INFO] [stderr]    |
[INFO] [stderr]    = note: this warning originates in the macro `implement_vertex` (in Nightly builds, run with -Z macro-backtrace for more info)
[INFO] [stderr] 
[INFO] [stderr] warning: use of deprecated function `std::mem::uninitialized`: use `mem::MaybeUninit` instead
[INFO] [stderr]   --> src/matrix_math_helper.rs:40:1
[INFO] [stderr]    |
[INFO] [stderr] 40 | implement_vertex!(Normal, normal);
[INFO] [stderr]    | ^^^^^^^^^^^^^^^^^^^^^^^^^^^^^^^^^
[INFO] [stderr]    |
[INFO] [stderr]    = note: this warning originates in the macro `implement_vertex` (in Nightly builds, run with -Z macro-backtrace for more info)
[INFO] [stderr] 
[INFO] [stderr] warning: use of deprecated function `std::mem::uninitialized`: use `mem::MaybeUninit` instead
[INFO] [stderr]   --> src/matrix_math_helper.rs:53:1
[INFO] [stderr]    |
[INFO] [stderr] 53 | implement_vertex!(Face, position, tex_coord, normal);
[INFO] [stderr]    | ^^^^^^^^^^^^^^^^^^^^^^^^^^^^^^^^^^^^^^^^^^^^^^^^^^^^
[INFO] [stderr]    |
[INFO] [stderr]    = note: this warning originates in the macro `implement_vertex` (in Nightly builds, run with -Z macro-backtrace for more info)
[INFO] [stderr] 
[INFO] [stderr] warning: use of deprecated function `std::mem::uninitialized`: use `mem::MaybeUninit` instead
[INFO] [stderr]   --> src/matrix_math_helper.rs:65:1
[INFO] [stderr]    |
[INFO] [stderr] 65 | implement_vertex!(PosTex, position, tex_coords);
[INFO] [stderr]    | ^^^^^^^^^^^^^^^^^^^^^^^^^^^^^^^^^^^^^^^^^^^^^^^
[INFO] [stderr]    |
[INFO] [stderr]    = note: this warning originates in the macro `implement_vertex` (in Nightly builds, run with -Z macro-backtrace for more info)
[INFO] [stderr] 
[INFO] [stderr] warning: use of deprecated function `std::mem::uninitialized`: use `mem::MaybeUninit` instead
[INFO] [stderr]   --> src/matrix_math_helper.rs:18:1
[INFO] [stderr]    |
[INFO] [stderr] 18 | implement_vertex!(Vertex, position);
[INFO] [stderr]    | ^^^^^^^^^^^^^^^^^^^^^^^^^^^^^^^^^^^
[INFO] [stderr]    |
[INFO] [stderr]    = note: this warning originates in the macro `implement_vertex` (in Nightly builds, run with -Z macro-backtrace for more info)
[INFO] [stderr] 
[INFO] [stderr] warning: value assigned to `state` is never read
[INFO] [stderr]   --> src/main.rs:43:13
[INFO] [stderr]    |
[INFO] [stderr] 43 |     let mut state = program_state::INITIALIZING;
[INFO] [stderr]    |             ^^^^^
[INFO] [stderr]    |
[INFO] [stderr]    = help: maybe it is overwritten before being read?
[INFO] [stderr]    = note: `#[warn(unused_assignments)]` on by default
[INFO] [stderr] 
[INFO] [stderr] warning: value passed to `state` is never read
[INFO] [stderr]   --> src/main.rs:71:9
[INFO] [stderr]    |
[INFO] [stderr] 71 |     mut state: program_state,
[INFO] [stderr]    |         ^^^^^
[INFO] [stderr]    |
[INFO] [stderr]    = help: maybe it is overwritten before being read?
[INFO] [stderr] 
[INFO] [stderr] warning: variants `STOPPING` and `STOPPED` are never constructed
[INFO] [stderr]   --> src/main.rs:34:5
[INFO] [stderr]    |
[INFO] [stderr] 30 | enum program_state {
[INFO] [stderr]    |      ------------- variants in this enum
[INFO] [stderr] ...
[INFO] [stderr] 34 |     STOPPING,
[INFO] [stderr]    |     ^^^^^^^^
[INFO] [stderr] 35 |     STOPPED,
[INFO] [stderr]    |     ^^^^^^^
[INFO] [stderr]    |
[INFO] [stderr]    = note: `program_state` has a derived impl for the trait `Clone`, but this is intentionally ignored during dead code analysis
[INFO] [stderr]    = note: `#[warn(dead_code)]` on by default
[INFO] [stderr] 
[INFO] [stderr] warning: variable `objectName` should have a snake case name
[INFO] [stderr]   --> src/main.rs:87:13
[INFO] [stderr]    |
[INFO] [stderr] 87 |     let mut objectName = object_parser::getObjectFileName(index);
[INFO] [stderr]    |             ^^^^^^^^^^ help: convert the identifier to snake case: `object_name`
[INFO] [stderr]    |
[INFO] [stderr]    = note: `#[warn(non_snake_case)]` on by default
[INFO] [stderr] 
[INFO] [stderr] warning: variable `posTex` should have a snake case name
[INFO] [stderr]   --> src/main.rs:97:13
[INFO] [stderr]    |
[INFO] [stderr] 97 |     let mut posTex = object_parser::posTex(&shape, &texels);
[INFO] [stderr]    |             ^^^^^^ help: convert the identifier to snake case: `pos_tex`
[INFO] [stderr] 
[INFO] [stderr] warning: variable `posTex` should have a snake case name
[INFO] [stderr]    --> src/main.rs:185:5
[INFO] [stderr]     |
[INFO] [stderr] 185 |     posTex: &Vec<object_parser::mat::PosTex>,
[INFO] [stderr]     |     ^^^^^^ help: convert the identifier to snake case: `pos_tex`
[INFO] [stderr] 
[INFO] [stderr] warning: unused `Result` that must be used
[INFO] [stderr]   --> src/shader_parser.rs:21:5
[INFO] [stderr]    |
[INFO] [stderr] 21 |     file.read_to_string(&mut contents);
[INFO] [stderr]    |     ^^^^^^^^^^^^^^^^^^^^^^^^^^^^^^^^^^
[INFO] [stderr]    |
[INFO] [stderr]    = note: this `Result` may be an `Err` variant, which should be handled
[INFO] [stderr]    = note: `#[warn(unused_must_use)]` on by default
[INFO] [stderr] help: use `let _ = ...` to ignore the resulting value
[INFO] [stderr]    |
[INFO] [stderr] 21 |     let _ = file.read_to_string(&mut contents);
[INFO] [stderr]    |     +++++++
[INFO] [stderr] 
[INFO] [stderr] warning: variable `fileName` should have a snake case name
[INFO] [stderr]   --> src/object_parser.rs:35:17
[INFO] [stderr]    |
[INFO] [stderr] 35 | pub fn vertices(fileName: &String) -> Vec<mat::Vertex> {
[INFO] [stderr]    |                 ^^^^^^^^ help: convert the identifier to snake case: `file_name`
[INFO] [stderr] 
[INFO] [stderr] warning: variable `vertStrings` should have a snake case name
[INFO] [stderr]   --> src/object_parser.rs:39:9
[INFO] [stderr]    |
[INFO] [stderr] 39 |     let vertStrings = fileSection(&fileName, "v".to_string());
[INFO] [stderr]    |         ^^^^^^^^^^^ help: convert the identifier to snake case: `vert_strings`
[INFO] [stderr] 
[INFO] [stderr] warning: function `unmodifiedTextures` should have a snake case name
[INFO] [stderr]   --> src/object_parser.rs:84:8
[INFO] [stderr]    |
[INFO] [stderr] 84 | pub fn unmodifiedTextures(fileName: &String) -> Vec<mat::Texture> {
[INFO] [stderr]    |        ^^^^^^^^^^^^^^^^^^ help: convert the identifier to snake case: `unmodified_textures`
[INFO] [stderr] 
[INFO] [stderr] warning: variable `fileName` should have a snake case name
[INFO] [stderr]   --> src/object_parser.rs:84:27
[INFO] [stderr]    |
[INFO] [stderr] 84 | pub fn unmodifiedTextures(fileName: &String) -> Vec<mat::Texture> {
[INFO] [stderr]    |                           ^^^^^^^^ help: convert the identifier to snake case: `file_name`
[INFO] [stderr] 
[INFO] [stderr] warning: variable `texStrings` should have a snake case name
[INFO] [stderr]   --> src/object_parser.rs:89:9
[INFO] [stderr]    |
[INFO] [stderr] 89 |     let texStrings = fileSection(&fileName, "vt".to_string());
[INFO] [stderr]    |         ^^^^^^^^^^ help: convert the identifier to snake case: `tex_strings`
[INFO] [stderr] 
[INFO] [stderr] warning: function `unmodifiedNormals` should have a snake case name
[INFO] [stderr]    --> src/object_parser.rs:117:8
[INFO] [stderr]     |
[INFO] [stderr] 117 | pub fn unmodifiedNormals(fileName: &String) -> Vec<mat::Normal> {
[INFO] [stderr]     |        ^^^^^^^^^^^^^^^^^ help: convert the identifier to snake case: `unmodified_normals`
[INFO] [stderr] 
[INFO] [stderr] warning: variable `fileName` should have a snake case name
[INFO] [stderr]    --> src/object_parser.rs:117:26
[INFO] [stderr]     |
[INFO] [stderr] 117 | pub fn unmodifiedNormals(fileName: &String) -> Vec<mat::Normal> {
[INFO] [stderr]     |                          ^^^^^^^^ help: convert the identifier to snake case: `file_name`
[INFO] [stderr] 
[INFO] [stderr] warning: variable `normalStrings` should have a snake case name
[INFO] [stderr]    --> src/object_parser.rs:121:9
[INFO] [stderr]     |
[INFO] [stderr] 121 |     let normalStrings = fileSection(&fileName, "vn".to_string());
[INFO] [stderr]     |         ^^^^^^^^^^^^^ help: convert the identifier to snake case: `normal_strings`
[INFO] [stderr] 
[INFO] [stderr] warning: variable `fileName` should have a snake case name
[INFO] [stderr]    --> src/object_parser.rs:162:14
[INFO] [stderr]     |
[INFO] [stderr] 162 | pub fn faces(fileName: &String) -> Vec<mat::Face> {
[INFO] [stderr]     |              ^^^^^^^^ help: convert the identifier to snake case: `file_name`
[INFO] [stderr] 
[INFO] [stderr] warning: variable `faceStrings` should have a snake case name
[INFO] [stderr]    --> src/object_parser.rs:166:9
[INFO] [stderr]     |
[INFO] [stderr] 166 |     let faceStrings = fileSection(&fileName, "f".to_string());
[INFO] [stderr]     |         ^^^^^^^^^^^ help: convert the identifier to snake case: `face_strings`
[INFO] [stderr] 
[INFO] [stderr] warning: variable `fileName` should have a snake case name
[INFO] [stderr]    --> src/object_parser.rs:206:18
[INFO] [stderr]     |
[INFO] [stderr] 206 | pub fn positions(fileName: String) -> Vec<mat::Vertex> {
[INFO] [stderr]     |                  ^^^^^^^^ help: convert the identifier to snake case: `file_name`
[INFO] [stderr] 
[INFO] [stderr] warning: variable `fileName` should have a snake case name
[INFO] [stderr]    --> src/object_parser.rs:232:15
[INFO] [stderr]     |
[INFO] [stderr] 232 | pub fn texels(fileName: String) -> Vec<mat::Texture> {
[INFO] [stderr]     |               ^^^^^^^^ help: convert the identifier to snake case: `file_name`
[INFO] [stderr] 
[INFO] [stderr] warning: variable `fileName` should have a snake case name
[INFO] [stderr]    --> src/object_parser.rs:253:16
[INFO] [stderr]     |
[INFO] [stderr] 253 | pub fn normals(fileName: String) -> Vec<mat::Normal> {
[INFO] [stderr]     |                ^^^^^^^^ help: convert the identifier to snake case: `file_name`
[INFO] [stderr] 
[INFO] [stderr] warning: function `posTex` should have a snake case name
[INFO] [stderr]    --> src/object_parser.rs:273:8
[INFO] [stderr]     |
[INFO] [stderr] 273 | pub fn posTex(positions: &Vec<mat::Vertex>, texels: &Vec<mat::Texture>) -> Vec<mat::PosTex> {
[INFO] [stderr]     |        ^^^^^^ help: convert the identifier to snake case: `pos_tex`
[INFO] [stderr] 
[INFO] [stderr] warning: variable `posTex` should have a snake case name
[INFO] [stderr]    --> src/object_parser.rs:275:13
[INFO] [stderr]     |
[INFO] [stderr] 275 |     let mut posTex: Vec<mat::PosTex> = Vec::new();
[INFO] [stderr]     |             ^^^^^^ help: convert the identifier to snake case: `pos_tex`
[INFO] [stderr] 
[INFO] [stderr] warning: function `test_posTex` should have a snake case name
[INFO] [stderr]    --> src/object_parser.rs:293:4
[INFO] [stderr]     |
[INFO] [stderr] 293 | fn test_posTex() {
[INFO] [stderr]     |    ^^^^^^^^^^^ help: convert the identifier to snake case: `test_pos_tex`
[INFO] [stderr] 
[INFO] [stderr] warning: variable `test_posTex` should have a snake case name
[INFO] [stderr]    --> src/object_parser.rs:300:9
[INFO] [stderr]     |
[INFO] [stderr] 300 |     let test_posTex = mat::PosTex {
[INFO] [stderr]     |         ^^^^^^^^^^^ help: convert the identifier to snake case: `test_pos_tex`
[INFO] [stderr] 
[INFO] [stderr] warning: variable `vVec` should have a snake case name
[INFO] [stderr]    --> src/object_parser.rs:304:13
[INFO] [stderr]     |
[INFO] [stderr] 304 |     let mut vVec: Vec<mat::Vertex> = Vec::new();
[INFO] [stderr]     |             ^^^^ help: convert the identifier to snake case: `v_vec`
[INFO] [stderr] 
[INFO] [stderr] warning: variable `tVec` should have a snake case name
[INFO] [stderr]    --> src/object_parser.rs:305:13
[INFO] [stderr]     |
[INFO] [stderr] 305 |     let mut tVec: Vec<mat::Texture> = Vec::new();
[INFO] [stderr]     |             ^^^^ help: convert the identifier to snake case: `t_vec`
[INFO] [stderr] 
[INFO] [stderr] warning: variable `test_posTex_vec` should have a snake case name
[INFO] [stderr]    --> src/object_parser.rs:308:9
[INFO] [stderr]     |
[INFO] [stderr] 308 |     let test_posTex_vec = posTex(&vVec, &tVec);
[INFO] [stderr]     |         ^^^^^^^^^^^^^^^ help: convert the identifier to snake case: `test_pos_tex_vec`
[INFO] [stderr] 
[INFO] [stderr] warning: function `getObjectFileName` should have a snake case name
[INFO] [stderr]    --> src/object_parser.rs:321:8
[INFO] [stderr]     |
[INFO] [stderr] 321 | pub fn getObjectFileName(index: usize) -> String {
[INFO] [stderr]     |        ^^^^^^^^^^^^^^^^^ help: convert the identifier to snake case: `get_object_file_name`
[INFO] [stderr] 
[INFO] [stderr] warning: unused `Result` that must be used
[INFO] [stderr]    --> src/object_parser.rs:326:5
[INFO] [stderr]     |
[INFO] [stderr] 326 |     file.read_to_string(&mut content);
[INFO] [stderr]     |     ^^^^^^^^^^^^^^^^^^^^^^^^^^^^^^^^^
[INFO] [stderr]     |
[INFO] [stderr]     = note: this `Result` may be an `Err` variant, which should be handled
[INFO] [stderr] help: use `let _ = ...` to ignore the resulting value
[INFO] [stderr]     |
[INFO] [stderr] 326 |     let _ = file.read_to_string(&mut content);
[INFO] [stderr]     |     +++++++
[INFO] [stderr] 
[INFO] [stderr] warning: function `fileSection` should have a snake case name
[INFO] [stderr]    --> src/object_parser.rs:338:8
[INFO] [stderr]     |
[INFO] [stderr] 338 | pub fn fileSection(ref fileName: &String, token: String) -> Vec<String> {
[INFO] [stderr]     |        ^^^^^^^^^^^ help: convert the identifier to snake case: `file_section`
[INFO] [stderr] 
[INFO] [stderr] warning: variable `fileName` should have a snake case name
[INFO] [stderr]    --> src/object_parser.rs:338:24
[INFO] [stderr]     |
[INFO] [stderr] 338 | pub fn fileSection(ref fileName: &String, token: String) -> Vec<String> {
[INFO] [stderr]     |                        ^^^^^^^^ help: convert the identifier to snake case: `file_name`
[INFO] [stderr] 
[INFO] [stderr] warning: variable `tokenLines` should have a snake case name
[INFO] [stderr]    --> src/object_parser.rs:343:13
[INFO] [stderr]     |
[INFO] [stderr] 343 |     let mut tokenLines: Vec<String> = Vec::new();
[INFO] [stderr]     |             ^^^^^^^^^^ help: convert the identifier to snake case: `token_lines`
[INFO] [stderr] 
[INFO] [stderr] warning: unused `Result` that must be used
[INFO] [stderr]    --> src/object_parser.rs:345:5
[INFO] [stderr]     |
[INFO] [stderr] 345 |     file.read_to_string(&mut content);
[INFO] [stderr]     |     ^^^^^^^^^^^^^^^^^^^^^^^^^^^^^^^^^
[INFO] [stderr]     |
[INFO] [stderr]     = note: this `Result` may be an `Err` variant, which should be handled
[INFO] [stderr] help: use `let _ = ...` to ignore the resulting value
[INFO] [stderr]     |
[INFO] [stderr] 345 |     let _ = file.read_to_string(&mut content);
[INFO] [stderr]     |     +++++++
[INFO] [stderr] 
[INFO] [stderr] warning: function `test_fileSelection` should have a snake case name
[INFO] [stderr]    --> src/object_parser.rs:359:4
[INFO] [stderr]     |
[INFO] [stderr] 359 | fn test_fileSelection() {
[INFO] [stderr]     |    ^^^^^^^^^^^^^^^^^^ help: convert the identifier to snake case: `test_file_selection`
[INFO] [stderr] 
[INFO] [stderr] warning: `rustyGFX` (bin "rustyGFX" test) generated 50 warnings (9 duplicates)
[INFO] [stderr]     Finished `test` profile [unoptimized + debuginfo] target(s) in 0.09s
[INFO] [stderr] warning: the following packages contain code that will be rejected by a future version of Rust: syn v0.14.0
[INFO] [stderr] note: to see what the problems were, use the option `--future-incompat-report`, or run `cargo report future-incompatibilities --id 1`
[INFO] [stderr]      Running unittests src/main.rs (/opt/rustwide/target/debug/deps/rustyGFX-3ef051833320048d)
[INFO] [stdout] 
[INFO] [stdout] running 3 tests
[INFO] [stdout] test object_parser::test_posTex ... ok
[INFO] [stdout] test shader_parser::test_read_file ... ok
[INFO] [stderr] error: test failed, to rerun pass `--bin rustyGFX`
[INFO] [stdout] test object_parser::test_fileSelection ... FAILED
[INFO] [stdout] 
[INFO] [stdout] failures:
[INFO] [stdout] 
[INFO] [stdout] ---- object_parser::test_fileSelection stdout ----
[INFO] [stdout] thread 'object_parser::test_fileSelection' panicked at src/object_parser.rs:340:41:
[INFO] [stdout] unable to open file: Os { code: 2, kind: NotFound, message: "No such file or directory" }
[INFO] [stdout] stack backtrace:
[INFO] [stdout]    0:     0x59f9f819ffaa - std::backtrace_rs::backtrace::libunwind::trace::h5a5b8284f2d0c266
[INFO] [stdout]                                at /rustc/90b35a6239c3d8bdabc530a6a0816f7ff89a0aaf/library/std/src/../../backtrace/src/backtrace/libunwind.rs:116:5
[INFO] [stdout]    1:     0x59f9f819ffaa - std::backtrace_rs::backtrace::trace_unsynchronized::h76d4f1c9b0b875e3
[INFO] [stdout]                                at /rustc/90b35a6239c3d8bdabc530a6a0816f7ff89a0aaf/library/std/src/../../backtrace/src/backtrace/mod.rs:66:5
[INFO] [stdout]    2:     0x59f9f819ffaa - std::sys::backtrace::_print_fmt::hc4546b8364a537c6
[INFO] [stdout]                                at /rustc/90b35a6239c3d8bdabc530a6a0816f7ff89a0aaf/library/std/src/sys/backtrace.rs:66:9
[INFO] [stdout]    3:     0x59f9f819ffaa - <std::sys::backtrace::BacktraceLock::print::DisplayBacktrace as core::fmt::Display>::fmt::h5b6bd5631a6d1f6b
[INFO] [stdout]                                at /rustc/90b35a6239c3d8bdabc530a6a0816f7ff89a0aaf/library/std/src/sys/backtrace.rs:39:26
[INFO] [stdout]    4:     0x59f9f81c53d3 - core::fmt::rt::Argument::fmt::h270f6602a2b96f62
[INFO] [stdout]                                at /rustc/90b35a6239c3d8bdabc530a6a0816f7ff89a0aaf/library/core/src/fmt/rt.rs:177:76
[INFO] [stdout]    5:     0x59f9f81c53d3 - core::fmt::write::h7550c97b06c86515
[INFO] [stdout]                                at /rustc/90b35a6239c3d8bdabc530a6a0816f7ff89a0aaf/library/core/src/fmt/mod.rs:1186:21
[INFO] [stdout]    6:     0x59f9f819d173 - std::io::Write::write_fmt::h509ff860e5956e5e
[INFO] [stdout]                                at /rustc/90b35a6239c3d8bdabc530a6a0816f7ff89a0aaf/library/std/src/io/mod.rs:1839:15
[INFO] [stdout]    7:     0x59f9f819fdf2 - std::sys::backtrace::BacktraceLock::print::h2395ccd2c84ba3aa
[INFO] [stdout]                                at /rustc/90b35a6239c3d8bdabc530a6a0816f7ff89a0aaf/library/std/src/sys/backtrace.rs:42:9
[INFO] [stdout]    8:     0x59f9f81a140a - std::panicking::default_hook::{{closure}}::he19d4c7230e07961
[INFO] [stdout]                                at /rustc/90b35a6239c3d8bdabc530a6a0816f7ff89a0aaf/library/std/src/panicking.rs:268:22
[INFO] [stdout]    9:     0x59f9f81a1214 - std::panicking::default_hook::hf614597d3c67bbdb
[INFO] [stdout]                                at /rustc/90b35a6239c3d8bdabc530a6a0816f7ff89a0aaf/library/std/src/panicking.rs:292:9
[INFO] [stdout]   10:     0x59f9f8166fc9 - <alloc::boxed::Box<F,A> as core::ops::function::Fn<Args>>::call::h39b51ce4599c23d1
[INFO] [stdout]                                at /rustc/90b35a6239c3d8bdabc530a6a0816f7ff89a0aaf/library/alloc/src/boxed.rs:2468:9
[INFO] [stdout]   11:     0x59f9f8166fc9 - test::test_main::{{closure}}::he977ae839a582784
[INFO] [stdout]                                at /rustc/90b35a6239c3d8bdabc530a6a0816f7ff89a0aaf/library/test/src/lib.rs:133:21
[INFO] [stdout]   12:     0x59f9f81a1aa8 - <alloc::boxed::Box<F,A> as core::ops::function::Fn<Args>>::call::h9455091b6b06f9fb
[INFO] [stdout]                                at /rustc/90b35a6239c3d8bdabc530a6a0816f7ff89a0aaf/library/alloc/src/boxed.rs:2468:9
[INFO] [stdout]   13:     0x59f9f81a1aa8 - std::panicking::rust_panic_with_hook::h8942133a8b252070
[INFO] [stdout]                                at /rustc/90b35a6239c3d8bdabc530a6a0816f7ff89a0aaf/library/std/src/panicking.rs:809:13
[INFO] [stdout]   14:     0x59f9f81a186a - std::panicking::begin_panic_handler::{{closure}}::hb5f5963570096b29
[INFO] [stdout]                                at /rustc/90b35a6239c3d8bdabc530a6a0816f7ff89a0aaf/library/std/src/panicking.rs:674:13
[INFO] [stdout]   15:     0x59f9f81a0489 - std::sys::backtrace::__rust_end_short_backtrace::h6208cedc1922feda
[INFO] [stdout]                                at /rustc/90b35a6239c3d8bdabc530a6a0816f7ff89a0aaf/library/std/src/sys/backtrace.rs:170:18
[INFO] [stdout]   16:     0x59f9f81a14fc - rust_begin_unwind
[INFO] [stdout]                                at /rustc/90b35a6239c3d8bdabc530a6a0816f7ff89a0aaf/library/std/src/panicking.rs:665:5
[INFO] [stdout]   17:     0x59f9f812aa60 - core::panicking::panic_fmt::h0c3082644d1bf418
[INFO] [stdout]                                at /rustc/90b35a6239c3d8bdabc530a6a0816f7ff89a0aaf/library/core/src/panicking.rs:74:14
[INFO] [stdout]   18:     0x59f9f812ae06 - core::result::unwrap_failed::hd20b4aa073bda1e2
[INFO] [stdout]                                at /rustc/90b35a6239c3d8bdabc530a6a0816f7ff89a0aaf/library/core/src/result.rs:1700:5
[INFO] [stdout]   19:     0x59f9f812c67d - core::result::Result<T,E>::expect::h19f505ab23568c24
[INFO] [stdout]                                at /rustc/90b35a6239c3d8bdabc530a6a0816f7ff89a0aaf/library/core/src/result.rs:1061:23
[INFO] [stdout]   20:     0x59f9f812e390 - rustyGFX::object_parser::fileSection::hf6ab4f2babf3b380
[INFO] [stdout]                                at /opt/rustwide/workdir/src/object_parser.rs:340:20
[INFO] [stdout]   21:     0x59f9f812eb9f - rustyGFX::object_parser::test_fileSelection::ha8f9c16fb729c816
[INFO] [stdout]                                at /opt/rustwide/workdir/src/object_parser.rs:360:24
[INFO] [stdout]   22:     0x59f9f812eb17 - rustyGFX::object_parser::test_fileSelection::{{closure}}::h491487557b11a23a
[INFO] [stdout]                                at /opt/rustwide/workdir/src/object_parser.rs:359:24
[INFO] [stdout]   23:     0x59f9f812ba66 - core::ops::function::FnOnce::call_once::h0eb1cfb4db507ab0
[INFO] [stdout]                                at /rustc/90b35a6239c3d8bdabc530a6a0816f7ff89a0aaf/library/core/src/ops/function.rs:250:5
[INFO] [stdout]   24:     0x59f9f816b98b - core::ops::function::FnOnce::call_once::h109cf8051a59b34e
[INFO] [stdout]                                at /rustc/90b35a6239c3d8bdabc530a6a0816f7ff89a0aaf/library/core/src/ops/function.rs:250:5
[INFO] [stdout]   25:     0x59f9f816b98b - test::__rust_begin_short_backtrace::hf4fff89d377446ba
[INFO] [stdout]                                at /rustc/90b35a6239c3d8bdabc530a6a0816f7ff89a0aaf/library/test/src/lib.rs:621:18
[INFO] [stdout]   26:     0x59f9f816b1c7 - test::run_test_in_process::{{closure}}::h0e39181dd7ee5a43
[INFO] [stdout]                                at /rustc/90b35a6239c3d8bdabc530a6a0816f7ff89a0aaf/library/test/src/lib.rs:644:60
[INFO] [stdout]   27:     0x59f9f816b1c7 - <core::panic::unwind_safe::AssertUnwindSafe<F> as core::ops::function::FnOnce<()>>::call_once::hc5a66a30f0bdfd1f
[INFO] [stdout]                                at /rustc/90b35a6239c3d8bdabc530a6a0816f7ff89a0aaf/library/core/src/panic/unwind_safe.rs:272:9
[INFO] [stdout]   28:     0x59f9f816b1c7 - std::panicking::try::do_call::h873b7cf639554a5e
[INFO] [stdout]                                at /rustc/90b35a6239c3d8bdabc530a6a0816f7ff89a0aaf/library/std/src/panicking.rs:557:40
[INFO] [stdout]   29:     0x59f9f816b1c7 - std::panicking::try::hdb19862fad9c8bd1
[INFO] [stdout]                                at /rustc/90b35a6239c3d8bdabc530a6a0816f7ff89a0aaf/library/std/src/panicking.rs:520:19
[INFO] [stdout]   30:     0x59f9f816b1c7 - std::panic::catch_unwind::h281fe732d236d260
[INFO] [stdout]                                at /rustc/90b35a6239c3d8bdabc530a6a0816f7ff89a0aaf/library/std/src/panic.rs:358:14
[INFO] [stdout]   31:     0x59f9f816b1c7 - test::run_test_in_process::h949b6df8457ed338
[INFO] [stdout]                                at /rustc/90b35a6239c3d8bdabc530a6a0816f7ff89a0aaf/library/test/src/lib.rs:644:27
[INFO] [stdout]   32:     0x59f9f816b1c7 - test::run_test::{{closure}}::h52c556a6d4740e10
[INFO] [stdout]                                at /rustc/90b35a6239c3d8bdabc530a6a0816f7ff89a0aaf/library/test/src/lib.rs:565:43
[INFO] [stdout]   33:     0x59f9f81304a4 - test::run_test::{{closure}}::h4237f6381c45ccb9
[INFO] [stdout]                                at /rustc/90b35a6239c3d8bdabc530a6a0816f7ff89a0aaf/library/test/src/lib.rs:595:41
[INFO] [stdout]   34:     0x59f9f81304a4 - std::sys::backtrace::__rust_begin_short_backtrace::h505c97a579eca628
[INFO] [stdout]                                at /rustc/90b35a6239c3d8bdabc530a6a0816f7ff89a0aaf/library/std/src/sys/backtrace.rs:154:18
[INFO] [stdout]   35:     0x59f9f8133b6e - std::thread::Builder::spawn_unchecked_::{{closure}}::{{closure}}::h9e86b2e2bc107ea3
[INFO] [stdout]                                at /rustc/90b35a6239c3d8bdabc530a6a0816f7ff89a0aaf/library/std/src/thread/mod.rs:538:17
[INFO] [stdout]   36:     0x59f9f8133b6e - <core::panic::unwind_safe::AssertUnwindSafe<F> as core::ops::function::FnOnce<()>>::call_once::h8b06ddb275ff4a25
[INFO] [stdout]                                at /rustc/90b35a6239c3d8bdabc530a6a0816f7ff89a0aaf/library/core/src/panic/unwind_safe.rs:272:9
[INFO] [stdout]   37:     0x59f9f8133b6e - std::panicking::try::do_call::hb26ecd7cd9a9355d
[INFO] [stdout]                                at /rustc/90b35a6239c3d8bdabc530a6a0816f7ff89a0aaf/library/std/src/panicking.rs:557:40
[INFO] [stdout]   38:     0x59f9f8133b6e - std::panicking::try::h8ddeca9d705f9069
[INFO] [stdout]                                at /rustc/90b35a6239c3d8bdabc530a6a0816f7ff89a0aaf/library/std/src/panicking.rs:520:19
[INFO] [stdout]   39:     0x59f9f8133b6e - std::panic::catch_unwind::h49e1c33078844c46
[INFO] [stdout]                                at /rustc/90b35a6239c3d8bdabc530a6a0816f7ff89a0aaf/library/std/src/panic.rs:358:14
[INFO] [stdout]   40:     0x59f9f8133b6e - std::thread::Builder::spawn_unchecked_::{{closure}}::h6073db6ff56ad35d
[INFO] [stdout]                                at /rustc/90b35a6239c3d8bdabc530a6a0816f7ff89a0aaf/library/std/src/thread/mod.rs:537:30
[INFO] [stdout]   41:     0x59f9f8133b6e - core::ops::function::FnOnce::call_once{{vtable.shim}}::h2c5a5f3779c774f1
[INFO] [stdout]                                at /rustc/90b35a6239c3d8bdabc530a6a0816f7ff89a0aaf/library/core/src/ops/function.rs:250:5
[INFO] [stdout]   42:     0x59f9f81a580b - <alloc::boxed::Box<F,A> as core::ops::function::FnOnce<Args>>::call_once::hf75717d9f28faebf
[INFO] [stdout]                                at /rustc/90b35a6239c3d8bdabc530a6a0816f7ff89a0aaf/library/alloc/src/boxed.rs:2454:9
[INFO] [stdout]   43:     0x59f9f81a580b - <alloc::boxed::Box<F,A> as core::ops::function::FnOnce<Args>>::call_once::h7bd883a5f3c5f3c1
[INFO] [stdout]                                at /rustc/90b35a6239c3d8bdabc530a6a0816f7ff89a0aaf/library/alloc/src/boxed.rs:2454:9
[INFO] [stdout]   44:     0x59f9f81a580b - std::sys::pal::unix::thread::Thread::new::thread_start::hcc78f3943333fa94
[INFO] [stdout]                                at /rustc/90b35a6239c3d8bdabc530a6a0816f7ff89a0aaf/library/std/src/sys/pal/unix/thread.rs:105:17
[INFO] [stdout]   45:     0x7aa3ae3d7ac3 - <unknown>
[INFO] [stdout]   46:     0x7aa3ae468a04 - clone
[INFO] [stdout]   47:                0x0 - <unknown>
[INFO] [stdout] 
[INFO] [stdout] 
[INFO] [stdout] failures:
[INFO] [stdout]     object_parser::test_fileSelection
[INFO] [stdout] 
[INFO] [stdout] test result: FAILED. 2 passed; 1 failed; 0 ignored; 0 measured; 0 filtered out; finished in 0.08s
[INFO] [stdout] 
[INFO] running `Command { std: "docker" "inspect" "b5057f4795e36b3c09432b4677f0414e6aa737e9f24f9872047dc04407bc3e71", kill_on_drop: false }`
[INFO] running `Command { std: "docker" "rm" "-f" "b5057f4795e36b3c09432b4677f0414e6aa737e9f24f9872047dc04407bc3e71", kill_on_drop: false }`
[INFO] [stdout] b5057f4795e36b3c09432b4677f0414e6aa737e9f24f9872047dc04407bc3e71
