[INFO] cloning repository https://github.com/archer884/yogi
[INFO] running `Command { std: "git" "-c" "credential.helper=" "-c" "credential.helper=/workspace/cargo-home/bin/git-credential-null" "clone" "--bare" "https://github.com/archer884/yogi" "/workspace/cache/git-repos/https%3A%2F%2Fgithub.com%2Farcher884%2Fyogi", kill_on_drop: false }`
[INFO] [stderr] Cloning into bare repository '/workspace/cache/git-repos/https%3A%2F%2Fgithub.com%2Farcher884%2Fyogi'...
[INFO] running `Command { std: "git" "rev-parse" "HEAD", kill_on_drop: false }`
[INFO] [stdout] 0f9797c5c32394fb5488937aa49e2ba295090b5e
[INFO] testing archer884/yogi against beta-2024-12-08 for beta-1.84.0-4-retry
[INFO] running `Command { std: "git" "clone" "/workspace/cache/git-repos/https%3A%2F%2Fgithub.com%2Farcher884%2Fyogi" "/workspace/builds/worker-4-tc2/source", kill_on_drop: false }`
[INFO] [stderr] Cloning into '/workspace/builds/worker-4-tc2/source'...
[INFO] [stderr] done.
[INFO] validating manifest of git repo https://github.com/archer884/yogi on toolchain beta-2024-12-08
[INFO] running `Command { std: CARGO_HOME="/workspace/cargo-home" RUSTUP_HOME="/workspace/rustup-home" "/workspace/cargo-home/bin/cargo" "+beta-2024-12-08" "metadata" "--manifest-path" "Cargo.toml" "--no-deps", kill_on_drop: false }`
[INFO] removed /workspace/builds/worker-4-tc2/source/.cargo/config.toml
[INFO] started tweaking git repo https://github.com/archer884/yogi
[INFO] finished tweaking git repo https://github.com/archer884/yogi
[INFO] tweaked toml for git repo https://github.com/archer884/yogi written to /workspace/builds/worker-4-tc2/source/Cargo.toml
[INFO] crate git repo https://github.com/archer884/yogi already has a lockfile, it will not be regenerated
[INFO] running `Command { std: CARGO_HOME="/workspace/cargo-home" RUSTUP_HOME="/workspace/rustup-home" "/workspace/cargo-home/bin/cargo" "+beta-2024-12-08" "fetch" "--manifest-path" "Cargo.toml", kill_on_drop: false }`
[INFO] running `Command { std: "docker" "create" "-v" "/var/lib/crater-agent-workspace/builds/worker-4-tc2/target:/opt/rustwide/target:rw,Z" "-v" "/var/lib/crater-agent-workspace/builds/worker-4-tc2/source:/opt/rustwide/workdir:ro,Z" "-v" "/var/lib/crater-agent-workspace/cargo-home:/opt/rustwide/cargo-home:ro,Z" "-v" "/var/lib/crater-agent-workspace/rustup-home:/opt/rustwide/rustup-home:ro,Z" "-e" "SOURCE_DIR=/opt/rustwide/workdir" "-e" "CARGO_TARGET_DIR=/opt/rustwide/target" "-e" "CARGO_HOME=/opt/rustwide/cargo-home" "-e" "RUSTUP_HOME=/opt/rustwide/rustup-home" "-w" "/opt/rustwide/workdir" "-m" "1610612736" "--user" "0:0" "--network" "none" "ghcr.io/rust-lang/crates-build-env/linux@sha256:f3a9d4ad9d972b27faf3965f35b62e55ba32bbce8f20bc8fe909558a86702fde" "/opt/rustwide/cargo-home/bin/cargo" "+beta-2024-12-08" "metadata" "--no-deps" "--format-version=1", kill_on_drop: false }`
[INFO] [stdout] ecf07a0e0e4040b830eaafc2f2fb9047bf9ef96c474ed9663ae9edbc3180aa08
[INFO] running `Command { std: "docker" "start" "-a" "ecf07a0e0e4040b830eaafc2f2fb9047bf9ef96c474ed9663ae9edbc3180aa08", kill_on_drop: false }`
[INFO] running `Command { std: "docker" "inspect" "ecf07a0e0e4040b830eaafc2f2fb9047bf9ef96c474ed9663ae9edbc3180aa08", kill_on_drop: false }`
[INFO] running `Command { std: "docker" "rm" "-f" "ecf07a0e0e4040b830eaafc2f2fb9047bf9ef96c474ed9663ae9edbc3180aa08", kill_on_drop: false }`
[INFO] [stdout] ecf07a0e0e4040b830eaafc2f2fb9047bf9ef96c474ed9663ae9edbc3180aa08
[INFO] running `Command { std: "docker" "create" "-v" "/var/lib/crater-agent-workspace/builds/worker-4-tc2/target:/opt/rustwide/target:rw,Z" "-v" "/var/lib/crater-agent-workspace/builds/worker-4-tc2/source:/opt/rustwide/workdir:ro,Z" "-v" "/var/lib/crater-agent-workspace/cargo-home:/opt/rustwide/cargo-home:ro,Z" "-v" "/var/lib/crater-agent-workspace/rustup-home:/opt/rustwide/rustup-home:ro,Z" "-e" "SOURCE_DIR=/opt/rustwide/workdir" "-e" "CARGO_TARGET_DIR=/opt/rustwide/target" "-e" "CARGO_INCREMENTAL=0" "-e" "RUST_BACKTRACE=full" "-e" "RUSTFLAGS=--cap-lints=warn" "-e" "RUSTDOCFLAGS=--cap-lints=warn" "-e" "CARGO_HOME=/opt/rustwide/cargo-home" "-e" "RUSTUP_HOME=/opt/rustwide/rustup-home" "-w" "/opt/rustwide/workdir" "-m" "1610612736" "--user" "0:0" "--network" "none" "ghcr.io/rust-lang/crates-build-env/linux@sha256:f3a9d4ad9d972b27faf3965f35b62e55ba32bbce8f20bc8fe909558a86702fde" "/opt/rustwide/cargo-home/bin/cargo" "+beta-2024-12-08" "build" "--frozen" "--message-format=json", kill_on_drop: false }`
[INFO] [stdout] e8308b08fae77359f5b14a76f9f083263aabf2ec8d1ce03edbdaa07f17068e1b
[INFO] running `Command { std: "docker" "start" "-a" "e8308b08fae77359f5b14a76f9f083263aabf2ec8d1ce03edbdaa07f17068e1b", kill_on_drop: false }`
[INFO] [stderr]    Compiling proc-macro2 v1.0.86
[INFO] [stderr]    Compiling unicode-ident v1.0.12
[INFO] [stderr]    Compiling rustix v0.38.34
[INFO] [stderr]    Compiling utf8parse v0.2.2
[INFO] [stderr]    Compiling version_check v0.9.4
[INFO] [stderr]    Compiling cc v1.1.5
[INFO] [stderr]    Compiling bitflags v2.6.0
[INFO] [stderr]    Compiling linux-raw-sys v0.4.14
[INFO] [stderr]    Compiling cfg-if v1.0.0
[INFO] [stderr]    Compiling memchr v2.7.4
[INFO] [stderr]    Compiling colorchoice v1.0.1
[INFO] [stderr]    Compiling anstyle v1.0.7
[INFO] [stderr]    Compiling is_terminal_polyfill v1.70.0
[INFO] [stderr]    Compiling anstyle-query v1.1.0
[INFO] [stderr]    Compiling arrayref v0.3.7
[INFO] [stderr]    Compiling arrayvec v0.7.4
[INFO] [stderr]    Compiling constant_time_eq v0.3.0
[INFO] [stderr]    Compiling anstyle-parse v0.2.4
[INFO] [stderr]    Compiling regex-syntax v0.8.4
[INFO] [stderr]    Compiling once_cell v1.19.0
[INFO] [stderr]    Compiling heck v0.5.0
[INFO] [stderr]    Compiling zerocopy v0.7.35
[INFO] [stderr]    Compiling strsim v0.11.1
[INFO] [stderr]    Compiling clap_lex v0.7.1
[INFO] [stderr]    Compiling same-file v1.0.6
[INFO] [stderr]    Compiling allocator-api2 v0.2.18
[INFO] [stderr]    Compiling ahash v0.8.11
[INFO] [stderr]    Compiling anstream v0.6.14
[INFO] [stderr]    Compiling walkdir v2.5.0
[INFO] [stderr]    Compiling fmtsize v0.1.2 (https://github.com/archer884/fmtsize#8a925abf)
[INFO] [stderr]    Compiling bumpalo v3.16.0
[INFO] [stderr]    Compiling hashbrown v0.14.5
[INFO] [stderr]    Compiling aho-corasick v1.1.3
[INFO] [stderr]    Compiling quote v1.0.36
[INFO] [stderr]    Compiling syn v2.0.71
[INFO] [stderr]    Compiling blake3 v1.5.3
[INFO] [stderr]    Compiling terminal_size v0.3.0
[INFO] [stderr]    Compiling clap_builder v4.5.9
[INFO] [stderr]    Compiling imprint v0.2.3 (https://github.com/archer884/imprint#709d8640)
[INFO] [stderr]    Compiling regex-automata v0.4.7
[INFO] [stderr]    Compiling clap_derive v4.5.8
[INFO] [stderr]    Compiling regex v1.10.5
[INFO] [stderr]    Compiling clap v4.5.9
[INFO] [stderr]    Compiling yogi v0.3.2 (/opt/rustwide/workdir)
[INFO] [stderr]     Finished `dev` profile [unoptimized] target(s) in 9.37s
[INFO] running `Command { std: "docker" "inspect" "e8308b08fae77359f5b14a76f9f083263aabf2ec8d1ce03edbdaa07f17068e1b", kill_on_drop: false }`
[INFO] running `Command { std: "docker" "rm" "-f" "e8308b08fae77359f5b14a76f9f083263aabf2ec8d1ce03edbdaa07f17068e1b", kill_on_drop: false }`
[INFO] [stdout] e8308b08fae77359f5b14a76f9f083263aabf2ec8d1ce03edbdaa07f17068e1b
[INFO] running `Command { std: "docker" "create" "-v" "/var/lib/crater-agent-workspace/builds/worker-4-tc2/target:/opt/rustwide/target:rw,Z" "-v" "/var/lib/crater-agent-workspace/builds/worker-4-tc2/source:/opt/rustwide/workdir:ro,Z" "-v" "/var/lib/crater-agent-workspace/cargo-home:/opt/rustwide/cargo-home:ro,Z" "-v" "/var/lib/crater-agent-workspace/rustup-home:/opt/rustwide/rustup-home:ro,Z" "-e" "SOURCE_DIR=/opt/rustwide/workdir" "-e" "CARGO_TARGET_DIR=/opt/rustwide/target" "-e" "CARGO_INCREMENTAL=0" "-e" "RUST_BACKTRACE=full" "-e" "RUSTFLAGS=--cap-lints=warn" "-e" "RUSTDOCFLAGS=--cap-lints=warn" "-e" "CARGO_HOME=/opt/rustwide/cargo-home" "-e" "RUSTUP_HOME=/opt/rustwide/rustup-home" "-w" "/opt/rustwide/workdir" "-m" "1610612736" "--user" "0:0" "--network" "none" "ghcr.io/rust-lang/crates-build-env/linux@sha256:f3a9d4ad9d972b27faf3965f35b62e55ba32bbce8f20bc8fe909558a86702fde" "/opt/rustwide/cargo-home/bin/cargo" "+beta-2024-12-08" "test" "--frozen" "--no-run" "--message-format=json", kill_on_drop: false }`
[INFO] [stdout] 48cd0441f49b9e6e977b5d07690714d515345d87f2877b13cc26a1c0a4eb84a8
[INFO] running `Command { std: "docker" "start" "-a" "48cd0441f49b9e6e977b5d07690714d515345d87f2877b13cc26a1c0a4eb84a8", kill_on_drop: false }`
[INFO] [stderr]    Compiling yogi v0.3.2 (/opt/rustwide/workdir)
[INFO] [stderr]     Finished `test` profile [unoptimized] target(s) in 1.52s
[INFO] running `Command { std: "docker" "inspect" "48cd0441f49b9e6e977b5d07690714d515345d87f2877b13cc26a1c0a4eb84a8", kill_on_drop: false }`
[INFO] running `Command { std: "docker" "rm" "-f" "48cd0441f49b9e6e977b5d07690714d515345d87f2877b13cc26a1c0a4eb84a8", kill_on_drop: false }`
[INFO] [stdout] 48cd0441f49b9e6e977b5d07690714d515345d87f2877b13cc26a1c0a4eb84a8
[INFO] running `Command { std: "docker" "create" "-v" "/var/lib/crater-agent-workspace/builds/worker-4-tc2/target:/opt/rustwide/target:rw,Z" "-v" "/var/lib/crater-agent-workspace/builds/worker-4-tc2/source:/opt/rustwide/workdir:ro,Z" "-v" "/var/lib/crater-agent-workspace/cargo-home:/opt/rustwide/cargo-home:ro,Z" "-v" "/var/lib/crater-agent-workspace/rustup-home:/opt/rustwide/rustup-home:ro,Z" "-e" "SOURCE_DIR=/opt/rustwide/workdir" "-e" "CARGO_TARGET_DIR=/opt/rustwide/target" "-e" "CARGO_INCREMENTAL=0" "-e" "RUST_BACKTRACE=full" "-e" "RUSTFLAGS=--cap-lints=warn" "-e" "RUSTDOCFLAGS=--cap-lints=warn" "-e" "CARGO_HOME=/opt/rustwide/cargo-home" "-e" "RUSTUP_HOME=/opt/rustwide/rustup-home" "-w" "/opt/rustwide/workdir" "-m" "1610612736" "--user" "0:0" "--network" "none" "ghcr.io/rust-lang/crates-build-env/linux@sha256:f3a9d4ad9d972b27faf3965f35b62e55ba32bbce8f20bc8fe909558a86702fde" "/opt/rustwide/cargo-home/bin/cargo" "+beta-2024-12-08" "test" "--frozen", kill_on_drop: false }`
[INFO] [stdout] 2d9f0d84faa966cb6d9d30cf7ef5dc368cf62653ddcf8cfd4bb218973ed66b83
[INFO] running `Command { std: "docker" "start" "-a" "2d9f0d84faa966cb6d9d30cf7ef5dc368cf62653ddcf8cfd4bb218973ed66b83", kill_on_drop: false }`
[INFO] [stderr]     Finished `test` profile [unoptimized] target(s) in 0.06s
[INFO] [stderr]      Running unittests src/main.rs (/opt/rustwide/target/debug/deps/yogi-882d75993e61bb96)
[INFO] [stdout] 
[INFO] [stdout] running 5 tests
[INFO] [stdout] test multiple::tests::subtree_comparisons_ignore_subtree_files ... ok
[INFO] [stdout] test multiple::tests::subtree_comparisons_do_not_result_in_duplicate_base_files ... FAILED
[INFO] [stdout] test rank::tests::filenames_with_words_outrank_filenames_without ... ok
[INFO] [stdout] test rank::tests::files_distinguished_by_parenthetical_numbers_rank_lower ... ok
[INFO] [stdout] test rank::tests::segments_outweigh_words ... ok
[INFO] [stdout] 
[INFO] [stdout] failures:
[INFO] [stdout] 
[INFO] [stdout] ---- multiple::tests::subtree_comparisons_do_not_result_in_duplicate_base_files stdout ----
[INFO] [stdout] thread 'multiple::tests::subtree_comparisons_do_not_result_in_duplicate_base_files' panicked at src/multiple.rs:257:9:
[INFO] [stdout] assertion `left == right` failed
[INFO] [stdout]   left: ["/opt/rustwide/workdir/resource/test-folder/subfolder/sub-a-copy.txt", "/opt/rustwide/workdir/resource/test-folder/subfolder/sub-a.txt"]
[INFO] [stdout]  right: ["/opt/rustwide/workdir/resource/test-folder/subfolder/sub-a.txt", "/opt/rustwide/workdir/resource/test-folder/subfolder/sub-a-copy.txt"]
[INFO] [stdout] stack backtrace:
[INFO] [stdout]    0:     0x5d1e51f0983a - <std::sys::backtrace::BacktraceLock::print::DisplayBacktrace as core::fmt::Display>::fmt::h98c26ac25ffe89bb
[INFO] [stdout]    1:     0x5d1e51f30d03 - core::fmt::write::h0dd5f6e2238c7982
[INFO] [stdout]    2:     0x5d1e51f06663 - std::io::Write::write_fmt::h03bb0ca26e6faf8c
[INFO] [stdout]    3:     0x5d1e51f09682 - std::sys::backtrace::BacktraceLock::print::h5c19c1c038ee186d
[INFO] [stdout]    4:     0x5d1e51f0acbd - std::panicking::default_hook::{{closure}}::h77172f079a1fcb13
[INFO] [stdout]    5:     0x5d1e51f0aac7 - std::panicking::default_hook::he5f8e3b203ccddba
[INFO] [stdout]    6:     0x5d1e51c83327 - test::test_main::{{closure}}::hf0d3b69ae9b353d1
[INFO] [stdout]    7:     0x5d1e51f0b368 - std::panicking::rust_panic_with_hook::h53863d4e9018df39
[INFO] [stdout]    8:     0x5d1e51f0b12a - std::panicking::begin_panic_handler::{{closure}}::h67280e6fa0757873
[INFO] [stdout]    9:     0x5d1e51f09d19 - std::sys::backtrace::__rust_end_short_backtrace::h1dac3f54d6fbbeb2
[INFO] [stdout]   10:     0x5d1e51f0adbc - rust_begin_unwind
[INFO] [stdout]   11:     0x5d1e51c24220 - core::panicking::panic_fmt::h6792bd1b2bf01041
[INFO] [stdout]   12:     0x5d1e51c24624 - core::panicking::assert_failed_inner::hf2c17e6d30928787
[INFO] [stdout]   13:     0x5d1e51c3641f - core::panicking::assert_failed::he365453e3818e335
[INFO] [stdout]   14:     0x5d1e51c3e319 - yogi::multiple::tests::subtree_comparisons_do_not_result_in_duplicate_base_files::hd16a9c158c398f51
[INFO] [stdout]   15:     0x5d1e51c3dd63 - yogi::multiple::tests::subtree_comparisons_do_not_result_in_duplicate_base_files::{{closure}}::hb72301cf85bee5e2
[INFO] [stdout]   16:     0x5d1e51c3a2c6 - core::ops::function::FnOnce::call_once::hadc723286035928d
[INFO] [stdout]   17:     0x5d1e51c87e4b - test::__rust_begin_short_backtrace::h2167df1e2b7d76fd
[INFO] [stdout]   18:     0x5d1e51c87838 - test::run_test::{{closure}}::hac2a9cb07be3d48d
[INFO] [stdout]   19:     0x5d1e51c4b2da - std::sys::backtrace::__rust_begin_short_backtrace::h0496fb742492f573
[INFO] [stdout]   20:     0x5d1e51c4ec54 - core::ops::function::FnOnce::call_once{{vtable.shim}}::h6127de71b8124639
[INFO] [stdout]   21:     0x5d1e51f0fadb - std::sys::pal::unix::thread::Thread::new::thread_start::h48cf765408f6f5f2
[INFO] [stdout]   22:     0x7d9ee96ddac3 - <unknown>
[INFO] [stdout]   23:     0x7d9ee976ea04 - clone
[INFO] [stdout]   24:                0x0 - <unknown>
[INFO] [stdout] 
[INFO] [stdout] 
[INFO] [stdout] failures:
[INFO] [stdout]     multiple::tests::subtree_comparisons_do_not_result_in_duplicate_base_files
[INFO] [stdout] 
[INFO] [stdout] test result: FAILED. 4 passed; 1 failed; 0 ignored; 0 measured; 0 filtered out; finished in 0.55s
[INFO] [stdout] 
[INFO] [stderr] error: test failed, to rerun pass `--bin yogi`
[INFO] running `Command { std: "docker" "inspect" "2d9f0d84faa966cb6d9d30cf7ef5dc368cf62653ddcf8cfd4bb218973ed66b83", kill_on_drop: false }`
[INFO] running `Command { std: "docker" "rm" "-f" "2d9f0d84faa966cb6d9d30cf7ef5dc368cf62653ddcf8cfd4bb218973ed66b83", kill_on_drop: false }`
[INFO] [stdout] 2d9f0d84faa966cb6d9d30cf7ef5dc368cf62653ddcf8cfd4bb218973ed66b83
