[INFO] cloning repository https://github.com/archer884/adb
[INFO] running `Command { std: "git" "-c" "credential.helper=" "-c" "credential.helper=/workspace/cargo-home/bin/git-credential-null" "clone" "--bare" "https://github.com/archer884/adb" "/workspace/cache/git-repos/https%3A%2F%2Fgithub.com%2Farcher884%2Fadb", kill_on_drop: false }`
[INFO] [stderr] Cloning into bare repository '/workspace/cache/git-repos/https%3A%2F%2Fgithub.com%2Farcher884%2Fadb'...
[INFO] running `Command { std: "git" "rev-parse" "HEAD", kill_on_drop: false }`
[INFO] [stdout] b7fec31827460be2ce19df9180f6e17b8256d0ca
[INFO] testing archer884/adb against beta-2024-12-08 for beta-1.84.0-4-retry
[INFO] running `Command { std: "git" "clone" "/workspace/cache/git-repos/https%3A%2F%2Fgithub.com%2Farcher884%2Fadb" "/workspace/builds/worker-4-tc2/source", kill_on_drop: false }`
[INFO] [stderr] Cloning into '/workspace/builds/worker-4-tc2/source'...
[INFO] [stderr] done.
[INFO] validating manifest of git repo https://github.com/archer884/adb on toolchain beta-2024-12-08
[INFO] running `Command { std: CARGO_HOME="/workspace/cargo-home" RUSTUP_HOME="/workspace/rustup-home" "/workspace/cargo-home/bin/cargo" "+beta-2024-12-08" "metadata" "--manifest-path" "Cargo.toml" "--no-deps", kill_on_drop: false }`
[INFO] removed /workspace/builds/worker-4-tc2/source/.cargo/config.toml
[INFO] started tweaking git repo https://github.com/archer884/adb
[INFO] finished tweaking git repo https://github.com/archer884/adb
[INFO] tweaked toml for git repo https://github.com/archer884/adb written to /workspace/builds/worker-4-tc2/source/Cargo.toml
[INFO] crate git repo https://github.com/archer884/adb already has a lockfile, it will not be regenerated
[INFO] running `Command { std: CARGO_HOME="/workspace/cargo-home" RUSTUP_HOME="/workspace/rustup-home" "/workspace/cargo-home/bin/cargo" "+beta-2024-12-08" "fetch" "--manifest-path" "Cargo.toml", kill_on_drop: false }`
[INFO] running `Command { std: "docker" "create" "-v" "/var/lib/crater-agent-workspace/builds/worker-4-tc2/target:/opt/rustwide/target:rw,Z" "-v" "/var/lib/crater-agent-workspace/builds/worker-4-tc2/source:/opt/rustwide/workdir:ro,Z" "-v" "/var/lib/crater-agent-workspace/cargo-home:/opt/rustwide/cargo-home:ro,Z" "-v" "/var/lib/crater-agent-workspace/rustup-home:/opt/rustwide/rustup-home:ro,Z" "-e" "SOURCE_DIR=/opt/rustwide/workdir" "-e" "CARGO_TARGET_DIR=/opt/rustwide/target" "-e" "CARGO_HOME=/opt/rustwide/cargo-home" "-e" "RUSTUP_HOME=/opt/rustwide/rustup-home" "-w" "/opt/rustwide/workdir" "-m" "1610612736" "--user" "0:0" "--network" "none" "ghcr.io/rust-lang/crates-build-env/linux@sha256:f3a9d4ad9d972b27faf3965f35b62e55ba32bbce8f20bc8fe909558a86702fde" "/opt/rustwide/cargo-home/bin/cargo" "+beta-2024-12-08" "metadata" "--no-deps" "--format-version=1", kill_on_drop: false }`
[INFO] [stdout] cd48622fc74e462262fee3caa3c13698b65c4a3904231ce7956342c1b649a1ea
[INFO] running `Command { std: "docker" "start" "-a" "cd48622fc74e462262fee3caa3c13698b65c4a3904231ce7956342c1b649a1ea", kill_on_drop: false }`
[INFO] running `Command { std: "docker" "inspect" "cd48622fc74e462262fee3caa3c13698b65c4a3904231ce7956342c1b649a1ea", kill_on_drop: false }`
[INFO] running `Command { std: "docker" "rm" "-f" "cd48622fc74e462262fee3caa3c13698b65c4a3904231ce7956342c1b649a1ea", kill_on_drop: false }`
[INFO] [stdout] cd48622fc74e462262fee3caa3c13698b65c4a3904231ce7956342c1b649a1ea
[INFO] running `Command { std: "docker" "create" "-v" "/var/lib/crater-agent-workspace/builds/worker-4-tc2/target:/opt/rustwide/target:rw,Z" "-v" "/var/lib/crater-agent-workspace/builds/worker-4-tc2/source:/opt/rustwide/workdir:ro,Z" "-v" "/var/lib/crater-agent-workspace/cargo-home:/opt/rustwide/cargo-home:ro,Z" "-v" "/var/lib/crater-agent-workspace/rustup-home:/opt/rustwide/rustup-home:ro,Z" "-e" "SOURCE_DIR=/opt/rustwide/workdir" "-e" "CARGO_TARGET_DIR=/opt/rustwide/target" "-e" "CARGO_INCREMENTAL=0" "-e" "RUST_BACKTRACE=full" "-e" "RUSTFLAGS=--cap-lints=warn" "-e" "RUSTDOCFLAGS=--cap-lints=warn" "-e" "CARGO_HOME=/opt/rustwide/cargo-home" "-e" "RUSTUP_HOME=/opt/rustwide/rustup-home" "-w" "/opt/rustwide/workdir" "-m" "1610612736" "--user" "0:0" "--network" "none" "ghcr.io/rust-lang/crates-build-env/linux@sha256:f3a9d4ad9d972b27faf3965f35b62e55ba32bbce8f20bc8fe909558a86702fde" "/opt/rustwide/cargo-home/bin/cargo" "+beta-2024-12-08" "build" "--frozen" "--message-format=json", kill_on_drop: false }`
[INFO] [stdout] c594432496f4fc52c130235541e656e0083fe1f95efbb0f012cae01a85815bc5
[INFO] running `Command { std: "docker" "start" "-a" "c594432496f4fc52c130235541e656e0083fe1f95efbb0f012cae01a85815bc5", kill_on_drop: false }`
[INFO] [stderr]    Compiling libc v0.2.155
[INFO] [stderr]    Compiling proc-macro2 v1.0.86
[INFO] [stderr]    Compiling unicode-ident v1.0.12
[INFO] [stderr]    Compiling cfg-if v1.0.0
[INFO] [stderr]    Compiling serde v1.0.203
[INFO] [stderr]    Compiling once_cell v1.19.0
[INFO] [stderr]    Compiling pkg-config v0.3.30
[INFO] [stderr]    Compiling crossbeam-utils v0.8.20
[INFO] [stderr]    Compiling memchr v2.7.4
[INFO] [stderr]    Compiling itoa v1.0.11
[INFO] [stderr]    Compiling rustix v0.38.34
[INFO] [stderr]    Compiling linux-raw-sys v0.4.14
[INFO] [stderr]    Compiling libm v0.2.8
[INFO] [stderr]    Compiling powerfmt v0.2.0
[INFO] [stderr]    Compiling crunchy v0.2.2
[INFO] [stderr]    Compiling bitflags v2.6.0
[INFO] [stderr]    Compiling autocfg v1.3.0
[INFO] [stderr]    Compiling version_check v0.9.4
[INFO] [stderr]    Compiling num-conv v0.1.0
[INFO] [stderr]    Compiling ppv-lite86 v0.2.17
[INFO] [stderr]    Compiling stable_deref_trait v1.2.0
[INFO] [stderr]    Compiling time-core v0.1.2
[INFO] [stderr]    Compiling zstd-safe v7.1.0
[INFO] [stderr]    Compiling regex-syntax v0.8.4
[INFO] [stderr]    Compiling byteorder v1.5.0
[INFO] [stderr]    Compiling ownedbytes v0.7.0
[INFO] [stderr]    Compiling bitpacking v0.9.2
[INFO] [stderr]    Compiling either v1.13.0
[INFO] [stderr]    Compiling rayon-core v1.12.1
[INFO] [stderr]    Compiling num-traits v0.2.19
[INFO] [stderr]    Compiling utf8parse v0.2.2
[INFO] [stderr]    Compiling ahash v0.8.11
[INFO] [stderr]    Compiling utf8-ranges v1.0.5
[INFO] [stderr]    Compiling zerocopy v0.7.34
[INFO] [stderr]    Compiling tantivy-bitpacker v0.6.0
[INFO] [stderr]    Compiling anstyle-parse v0.2.4
[INFO] [stderr]    Compiling colorchoice v1.0.1
[INFO] [stderr]    Compiling thiserror v1.0.61
[INFO] [stderr]    Compiling minimal-lexical v0.2.1
[INFO] [stderr]    Compiling allocator-api2 v0.2.18
[INFO] [stderr]    Compiling anstyle-query v1.1.0
[INFO] [stderr]    Compiling aho-corasick v1.1.3
[INFO] [stderr]    Compiling ryu v1.0.18
[INFO] [stderr]    Compiling anstyle v1.0.7
[INFO] [stderr]    Compiling is_terminal_polyfill v1.70.0
[INFO] [stderr]    Compiling quote v1.0.36
[INFO] [stderr]    Compiling serde_json v1.0.118
[INFO] [stderr]    Compiling crossbeam-epoch v0.9.18
[INFO] [stderr]    Compiling murmurhash32 v0.3.1
[INFO] [stderr]    Compiling anstream v0.6.14
[INFO] [stderr]    Compiling crossbeam-deque v0.8.5
[INFO] [stderr]    Compiling syn v2.0.68
[INFO] [stderr]    Compiling jobserver v0.1.31
[INFO] [stderr]    Compiling getrandom v0.2.15
[INFO] [stderr]    Compiling nom v7.1.3
[INFO] [stderr]    Compiling itertools v0.12.1
[INFO] [stderr]    Compiling instant v0.1.13
[INFO] [stderr]    Compiling clap_lex v0.7.1
[INFO] [stderr]    Compiling log v0.4.22
[INFO] [stderr]    Compiling fastdivide v0.4.1
[INFO] [stderr]    Compiling heck v0.5.0
[INFO] [stderr]    Compiling rand_core v0.6.4
[INFO] [stderr]    Compiling strsim v0.11.1
[INFO] [stderr]    Compiling rand_chacha v0.3.1
[INFO] [stderr]    Compiling cc v1.0.101
[INFO] [stderr]    Compiling hashbrown v0.14.5
[INFO] [stderr]    Compiling downcast-rs v1.2.1
[INFO] [stderr]    Compiling option-ext v0.2.0
[INFO] [stderr]    Compiling fastrand v2.1.0
[INFO] [stderr]    Compiling measure_time v0.8.3
[INFO] [stderr]    Compiling dirs-sys v0.4.1
[INFO] [stderr]    Compiling memmap2 v0.9.4
[INFO] [stderr]    Compiling rayon v1.10.0
[INFO] [stderr]    Compiling num_cpus v1.16.0
[INFO] [stderr]    Compiling rand v0.8.5
[INFO] [stderr]    Compiling crossbeam-channel v0.5.13
[INFO] [stderr]    Compiling csv-core v0.1.11
[INFO] [stderr]    Compiling crc32fast v1.4.2
[INFO] [stderr]    Compiling oneshot v0.1.8
[INFO] [stderr]    Compiling htmlescape v0.3.1
[INFO] [stderr]    Compiling arc-swap v1.7.1
[INFO] [stderr]    Compiling smallvec v1.13.2
[INFO] [stderr]    Compiling tantivy-fst v0.5.0
[INFO] [stderr]    Compiling levenshtein_automata v0.2.1
[INFO] [stderr]    Compiling rustc-hash v1.1.0
[INFO] [stderr]    Compiling lz4_flex v0.11.3
[INFO] [stderr]    Compiling regex-automata v0.4.7
[INFO] [stderr]    Compiling lru v0.12.3
[INFO] [stderr]    Compiling fnv v1.0.7
[INFO] [stderr]    Compiling rand_distr v0.4.3
[INFO] [stderr]    Compiling base64 v0.22.1
[INFO] [stderr]    Compiling census v0.4.2
[INFO] [stderr]    Compiling directories v5.0.1
[INFO] [stderr]    Compiling atty v0.2.14
[INFO] [stderr]    Compiling geoutils v0.5.1
[INFO] [stderr]    Compiling zstd-sys v2.0.11+zstd.1.5.6
[INFO] [stderr]    Compiling terminal_size v0.3.0
[INFO] [stderr]    Compiling tempfile v3.10.1
[INFO] [stderr]    Compiling fs4 v0.8.4
[INFO] [stderr]    Compiling clap_builder v4.5.8
[INFO] [stderr]    Compiling tantivy-query-grammar v0.22.0
[INFO] [stderr]    Compiling regex v1.10.5
[INFO] [stderr]    Compiling serde_derive v1.0.203
[INFO] [stderr]    Compiling async-trait v0.1.80
[INFO] [stderr]    Compiling thiserror-impl v1.0.61
[INFO] [stderr]    Compiling clap_derive v4.5.8
[INFO] [stderr]    Compiling zstd v0.13.1
[INFO] [stderr]    Compiling clap v4.5.8
[INFO] [stderr]    Compiling deranged v0.3.11
[INFO] [stderr]    Compiling rust-stemmers v1.2.0
[INFO] [stderr]    Compiling uuid v1.9.1
[INFO] [stderr]    Compiling sketches-ddsketch v0.2.2
[INFO] [stderr]    Compiling tantivy-tokenizer-api v0.3.0
[INFO] [stderr]    Compiling csv v1.3.0
[INFO] [stderr]    Compiling time v0.3.36
[INFO] [stderr]    Compiling tantivy-common v0.7.0
[INFO] [stderr]    Compiling tantivy-stacker v0.3.0
[INFO] [stderr]    Compiling tantivy-sstable v0.3.0
[INFO] [stderr]    Compiling tantivy-columnar v0.3.0
[INFO] [stderr]    Compiling tantivy v0.22.0
[INFO] [stderr]    Compiling adb v0.4.3 (/opt/rustwide/workdir)
[INFO] [stderr]     Finished `dev` profile [unoptimized] target(s) in 1m 12s
[INFO] running `Command { std: "docker" "inspect" "c594432496f4fc52c130235541e656e0083fe1f95efbb0f012cae01a85815bc5", kill_on_drop: false }`
[INFO] running `Command { std: "docker" "rm" "-f" "c594432496f4fc52c130235541e656e0083fe1f95efbb0f012cae01a85815bc5", kill_on_drop: false }`
[INFO] [stdout] c594432496f4fc52c130235541e656e0083fe1f95efbb0f012cae01a85815bc5
[INFO] running `Command { std: "docker" "create" "-v" "/var/lib/crater-agent-workspace/builds/worker-4-tc2/target:/opt/rustwide/target:rw,Z" "-v" "/var/lib/crater-agent-workspace/builds/worker-4-tc2/source:/opt/rustwide/workdir:ro,Z" "-v" "/var/lib/crater-agent-workspace/cargo-home:/opt/rustwide/cargo-home:ro,Z" "-v" "/var/lib/crater-agent-workspace/rustup-home:/opt/rustwide/rustup-home:ro,Z" "-e" "SOURCE_DIR=/opt/rustwide/workdir" "-e" "CARGO_TARGET_DIR=/opt/rustwide/target" "-e" "CARGO_INCREMENTAL=0" "-e" "RUST_BACKTRACE=full" "-e" "RUSTFLAGS=--cap-lints=warn" "-e" "RUSTDOCFLAGS=--cap-lints=warn" "-e" "CARGO_HOME=/opt/rustwide/cargo-home" "-e" "RUSTUP_HOME=/opt/rustwide/rustup-home" "-w" "/opt/rustwide/workdir" "-m" "1610612736" "--user" "0:0" "--network" "none" "ghcr.io/rust-lang/crates-build-env/linux@sha256:f3a9d4ad9d972b27faf3965f35b62e55ba32bbce8f20bc8fe909558a86702fde" "/opt/rustwide/cargo-home/bin/cargo" "+beta-2024-12-08" "test" "--frozen" "--no-run" "--message-format=json", kill_on_drop: false }`
[INFO] [stdout] 2bdbfcdf59dd48a57b9533f000a8fb5c01e9aad8b673d5a14fe825c61c62749e
[INFO] running `Command { std: "docker" "start" "-a" "2bdbfcdf59dd48a57b9533f000a8fb5c01e9aad8b673d5a14fe825c61c62749e", kill_on_drop: false }`
[INFO] [stderr]    Compiling adb v0.4.3 (/opt/rustwide/workdir)
[INFO] [stderr]     Finished `test` profile [unoptimized] target(s) in 2.25s
[INFO] running `Command { std: "docker" "inspect" "2bdbfcdf59dd48a57b9533f000a8fb5c01e9aad8b673d5a14fe825c61c62749e", kill_on_drop: false }`
[INFO] running `Command { std: "docker" "rm" "-f" "2bdbfcdf59dd48a57b9533f000a8fb5c01e9aad8b673d5a14fe825c61c62749e", kill_on_drop: false }`
[INFO] [stdout] 2bdbfcdf59dd48a57b9533f000a8fb5c01e9aad8b673d5a14fe825c61c62749e
[INFO] running `Command { std: "docker" "create" "-v" "/var/lib/crater-agent-workspace/builds/worker-4-tc2/target:/opt/rustwide/target:rw,Z" "-v" "/var/lib/crater-agent-workspace/builds/worker-4-tc2/source:/opt/rustwide/workdir:ro,Z" "-v" "/var/lib/crater-agent-workspace/cargo-home:/opt/rustwide/cargo-home:ro,Z" "-v" "/var/lib/crater-agent-workspace/rustup-home:/opt/rustwide/rustup-home:ro,Z" "-e" "SOURCE_DIR=/opt/rustwide/workdir" "-e" "CARGO_TARGET_DIR=/opt/rustwide/target" "-e" "CARGO_INCREMENTAL=0" "-e" "RUST_BACKTRACE=full" "-e" "RUSTFLAGS=--cap-lints=warn" "-e" "RUSTDOCFLAGS=--cap-lints=warn" "-e" "CARGO_HOME=/opt/rustwide/cargo-home" "-e" "RUSTUP_HOME=/opt/rustwide/rustup-home" "-w" "/opt/rustwide/workdir" "-m" "1610612736" "--user" "0:0" "--network" "none" "ghcr.io/rust-lang/crates-build-env/linux@sha256:f3a9d4ad9d972b27faf3965f35b62e55ba32bbce8f20bc8fe909558a86702fde" "/opt/rustwide/cargo-home/bin/cargo" "+beta-2024-12-08" "test" "--frozen", kill_on_drop: false }`
[INFO] [stdout] c9406f7003db1b730176299a4b21a3ca416a2fa502da8d5966defe75e6361bc2
[INFO] running `Command { std: "docker" "start" "-a" "c9406f7003db1b730176299a4b21a3ca416a2fa502da8d5966defe75e6361bc2", kill_on_drop: false }`
[INFO] [stderr]     Finished `test` profile [unoptimized] target(s) in 0.16s
[INFO] [stderr]      Running unittests src/main.rs (/opt/rustwide/target/debug/deps/adb-82aa775fb7b76365)
[INFO] [stdout] 
[INFO] [stdout] running 1 test
[INFO] [stdout] test model::tests::can_parse_coordinates ... FAILED
[INFO] [stdout] 
[INFO] [stdout] failures:
[INFO] [stdout] 
[INFO] [stdout] ---- model::tests::can_parse_coordinates stdout ----
[INFO] [stdout] thread 'model::tests::can_parse_coordinates' panicked at src/model.rs:247:9:
[INFO] [stdout] not yet implemented
[INFO] [stdout] stack backtrace:
[INFO] [stdout]    0:     0x578491a008aa - <std::sys::backtrace::BacktraceLock::print::DisplayBacktrace as core::fmt::Display>::fmt::h98c26ac25ffe89bb
[INFO] [stdout]    1:     0x578491a262e3 - core::fmt::write::h0dd5f6e2238c7982
[INFO] [stdout]    2:     0x5784919fda43 - std::io::Write::write_fmt::h03bb0ca26e6faf8c
[INFO] [stdout]    3:     0x578491a006f2 - std::sys::backtrace::BacktraceLock::print::h5c19c1c038ee186d
[INFO] [stdout]    4:     0x578491a01d2d - std::panicking::default_hook::{{closure}}::h77172f079a1fcb13
[INFO] [stdout]    5:     0x578491a01b37 - std::panicking::default_hook::he5f8e3b203ccddba
[INFO] [stdout]    6:     0x5784919cacd7 - test::test_main::{{closure}}::hf0d3b69ae9b353d1
[INFO] [stdout]    7:     0x578491a023d8 - std::panicking::rust_panic_with_hook::h53863d4e9018df39
[INFO] [stdout]    8:     0x578491a02166 - std::panicking::begin_panic_handler::{{closure}}::h67280e6fa0757873
[INFO] [stdout]    9:     0x578491a00d89 - std::sys::backtrace::__rust_end_short_backtrace::h1dac3f54d6fbbeb2
[INFO] [stdout]   10:     0x578491a01e2c - rust_begin_unwind
[INFO] [stdout]   11:     0x578491990a90 - core::panicking::panic_fmt::h6792bd1b2bf01041
[INFO] [stdout]   12:     0x578491990b1c - core::panicking::panic::hbb5c236a846c507c
[INFO] [stdout]   13:     0x57849199142d - adb::model::tests::can_parse_coordinates::h8c3c7675342ee5de
[INFO] [stdout]   14:     0x5784919913f3 - adb::model::tests::can_parse_coordinates::{{closure}}::h8445e0453036fc9f
[INFO] [stdout]   15:     0x578491991286 - core::ops::function::FnOnce::call_once::hf44073c399239e4f
[INFO] [stdout]   16:     0x5784919cf7fb - test::__rust_begin_short_backtrace::h2167df1e2b7d76fd
[INFO] [stdout]   17:     0x5784919cf1e8 - test::run_test::{{closure}}::hac2a9cb07be3d48d
[INFO] [stdout]   18:     0x578491992c8a - std::sys::backtrace::__rust_begin_short_backtrace::h0496fb742492f573
[INFO] [stdout]   19:     0x578491996604 - core::ops::function::FnOnce::call_once{{vtable.shim}}::h6127de71b8124639
[INFO] [stdout]   20:     0x578491a0631b - std::sys::pal::unix::thread::Thread::new::thread_start::h48cf765408f6f5f2
[INFO] [stdout]   21:     0x72fbd1c5dac3 - <unknown>
[INFO] [stdout]   22:     0x72fbd1ceea04 - clone
[INFO] [stdout]   23:                0x0 - <unknown>
[INFO] [stdout] 
[INFO] [stdout] 
[INFO] [stdout] failures:
[INFO] [stdout]     model::tests::can_parse_coordinates
[INFO] [stdout] 
[INFO] [stdout] test result: FAILED. 0 passed; 1 failed; 0 ignored; 0 measured; 0 filtered out; finished in 0.01s
[INFO] [stdout] 
[INFO] [stderr] error: test failed, to rerun pass `--bin adb`
[INFO] running `Command { std: "docker" "inspect" "c9406f7003db1b730176299a4b21a3ca416a2fa502da8d5966defe75e6361bc2", kill_on_drop: false }`
[INFO] running `Command { std: "docker" "rm" "-f" "c9406f7003db1b730176299a4b21a3ca416a2fa502da8d5966defe75e6361bc2", kill_on_drop: false }`
[INFO] [stdout] c9406f7003db1b730176299a4b21a3ca416a2fa502da8d5966defe75e6361bc2
