[INFO] cloning repository https://github.com/arav-19/Sleep-Analysis-Rust
[INFO] running `Command { std: "git" "-c" "credential.helper=" "-c" "credential.helper=/workspace/cargo-home/bin/git-credential-null" "clone" "--bare" "https://github.com/arav-19/Sleep-Analysis-Rust" "/workspace/cache/git-repos/https%3A%2F%2Fgithub.com%2Farav-19%2FSleep-Analysis-Rust", kill_on_drop: false }`
[INFO] [stderr] Cloning into bare repository '/workspace/cache/git-repos/https%3A%2F%2Fgithub.com%2Farav-19%2FSleep-Analysis-Rust'...
[INFO] running `Command { std: "git" "rev-parse" "HEAD", kill_on_drop: false }`
[INFO] [stdout] df6c1c835e78a512610724c772c41a29508023a1
[INFO] testing arav-19/Sleep-Analysis-Rust against beta-2024-12-08 for beta-1.84.0-4-retry
[INFO] running `Command { std: "git" "clone" "/workspace/cache/git-repos/https%3A%2F%2Fgithub.com%2Farav-19%2FSleep-Analysis-Rust" "/workspace/builds/worker-1-tc2/source", kill_on_drop: false }`
[INFO] [stderr] Cloning into '/workspace/builds/worker-1-tc2/source'...
[INFO] [stderr] done.
[INFO] validating manifest of git repo https://github.com/arav-19/Sleep-Analysis-Rust on toolchain beta-2024-12-08
[INFO] running `Command { std: CARGO_HOME="/workspace/cargo-home" RUSTUP_HOME="/workspace/rustup-home" "/workspace/cargo-home/bin/cargo" "+beta-2024-12-08" "metadata" "--manifest-path" "Cargo.toml" "--no-deps", kill_on_drop: false }`
[INFO] started tweaking git repo https://github.com/arav-19/Sleep-Analysis-Rust
[INFO] finished tweaking git repo https://github.com/arav-19/Sleep-Analysis-Rust
[INFO] tweaked toml for git repo https://github.com/arav-19/Sleep-Analysis-Rust written to /workspace/builds/worker-1-tc2/source/Cargo.toml
[INFO] crate git repo https://github.com/arav-19/Sleep-Analysis-Rust already has a lockfile, it will not be regenerated
[INFO] running `Command { std: CARGO_HOME="/workspace/cargo-home" RUSTUP_HOME="/workspace/rustup-home" "/workspace/cargo-home/bin/cargo" "+beta-2024-12-08" "fetch" "--manifest-path" "Cargo.toml", kill_on_drop: false }`
[INFO] running `Command { std: "docker" "create" "-v" "/var/lib/crater-agent-workspace/builds/worker-1-tc2/target:/opt/rustwide/target:rw,Z" "-v" "/var/lib/crater-agent-workspace/builds/worker-1-tc2/source:/opt/rustwide/workdir:ro,Z" "-v" "/var/lib/crater-agent-workspace/cargo-home:/opt/rustwide/cargo-home:ro,Z" "-v" "/var/lib/crater-agent-workspace/rustup-home:/opt/rustwide/rustup-home:ro,Z" "-e" "SOURCE_DIR=/opt/rustwide/workdir" "-e" "CARGO_TARGET_DIR=/opt/rustwide/target" "-e" "CARGO_HOME=/opt/rustwide/cargo-home" "-e" "RUSTUP_HOME=/opt/rustwide/rustup-home" "-w" "/opt/rustwide/workdir" "-m" "1610612736" "--user" "0:0" "--network" "none" "ghcr.io/rust-lang/crates-build-env/linux@sha256:f3a9d4ad9d972b27faf3965f35b62e55ba32bbce8f20bc8fe909558a86702fde" "/opt/rustwide/cargo-home/bin/cargo" "+beta-2024-12-08" "metadata" "--no-deps" "--format-version=1", kill_on_drop: false }`
[INFO] [stdout] 0cb2ee2fe784fa897a9a787e87a5d476ec1ac61811f2f469281263fdf5ce16c0
[INFO] running `Command { std: "docker" "start" "-a" "0cb2ee2fe784fa897a9a787e87a5d476ec1ac61811f2f469281263fdf5ce16c0", kill_on_drop: false }`
[INFO] running `Command { std: "docker" "inspect" "0cb2ee2fe784fa897a9a787e87a5d476ec1ac61811f2f469281263fdf5ce16c0", kill_on_drop: false }`
[INFO] running `Command { std: "docker" "rm" "-f" "0cb2ee2fe784fa897a9a787e87a5d476ec1ac61811f2f469281263fdf5ce16c0", kill_on_drop: false }`
[INFO] [stdout] 0cb2ee2fe784fa897a9a787e87a5d476ec1ac61811f2f469281263fdf5ce16c0
[INFO] running `Command { std: "docker" "create" "-v" "/var/lib/crater-agent-workspace/builds/worker-1-tc2/target:/opt/rustwide/target:rw,Z" "-v" "/var/lib/crater-agent-workspace/builds/worker-1-tc2/source:/opt/rustwide/workdir:ro,Z" "-v" "/var/lib/crater-agent-workspace/cargo-home:/opt/rustwide/cargo-home:ro,Z" "-v" "/var/lib/crater-agent-workspace/rustup-home:/opt/rustwide/rustup-home:ro,Z" "-e" "SOURCE_DIR=/opt/rustwide/workdir" "-e" "CARGO_TARGET_DIR=/opt/rustwide/target" "-e" "CARGO_INCREMENTAL=0" "-e" "RUST_BACKTRACE=full" "-e" "RUSTFLAGS=--cap-lints=warn" "-e" "RUSTDOCFLAGS=--cap-lints=warn" "-e" "CARGO_HOME=/opt/rustwide/cargo-home" "-e" "RUSTUP_HOME=/opt/rustwide/rustup-home" "-w" "/opt/rustwide/workdir" "-m" "1610612736" "--user" "0:0" "--network" "none" "ghcr.io/rust-lang/crates-build-env/linux@sha256:f3a9d4ad9d972b27faf3965f35b62e55ba32bbce8f20bc8fe909558a86702fde" "/opt/rustwide/cargo-home/bin/cargo" "+beta-2024-12-08" "build" "--frozen" "--message-format=json", kill_on_drop: false }`
[INFO] [stdout] 101b903401feb947fea41f14e6aca45cd511291ce2b5684a083bb624484f0426
[INFO] running `Command { std: "docker" "start" "-a" "101b903401feb947fea41f14e6aca45cd511291ce2b5684a083bb624484f0426", kill_on_drop: false }`
[INFO] [stderr]    Compiling proc-macro2 v1.0.92
[INFO] [stderr]    Compiling unicode-ident v1.0.14
[INFO] [stderr]    Compiling libc v0.2.168
[INFO] [stderr]    Compiling byteorder v1.5.0
[INFO] [stderr]    Compiling serde v1.0.215
[INFO] [stderr]    Compiling hashbrown v0.15.2
[INFO] [stderr]    Compiling equivalent v1.0.1
[INFO] [stderr]    Compiling memchr v2.7.4
[INFO] [stderr]    Compiling itoa v1.0.14
[INFO] [stderr]    Compiling fixedbitset v0.4.2
[INFO] [stderr]    Compiling ryu v1.0.18
[INFO] [stderr]    Compiling csv-core v0.1.11
[INFO] [stderr]    Compiling indexmap v2.7.0
[INFO] [stderr]    Compiling quote v1.0.37
[INFO] [stderr]    Compiling syn v2.0.90
[INFO] [stderr]    Compiling getrandom v0.2.15
[INFO] [stderr]    Compiling petgraph v0.6.5
[INFO] [stderr]    Compiling rand_core v0.6.4
[INFO] [stderr]    Compiling zerocopy-derive v0.7.35
[INFO] [stderr]    Compiling serde_derive v1.0.215
[INFO] [stderr]    Compiling zerocopy v0.7.35
[INFO] [stderr]    Compiling ppv-lite86 v0.2.20
[INFO] [stderr]    Compiling rand_chacha v0.3.1
[INFO] [stderr]    Compiling rand v0.8.5
[INFO] [stderr]    Compiling csv v1.3.1
[INFO] [stderr]    Compiling rust-sleep-analysis v0.1.0 (/opt/rustwide/workdir)
[INFO] [stdout] warning: multiple fields are never read
[INFO] [stdout]   --> src/data.rs:6:9
[INFO] [stdout]    |
[INFO] [stdout] 4  | pub struct StudentSleepData {
[INFO] [stdout]    |            ---------------- fields in this struct
[INFO] [stdout] 5  |     #[serde(rename = "Student_ID")]
[INFO] [stdout] 6  |     pub student_id: u32,
[INFO] [stdout]    |         ^^^^^^^^^^
[INFO] [stdout] 7  |     #[serde(rename = "Age")]
[INFO] [stdout] 8  |     pub age: u8,
[INFO] [stdout]    |         ^^^
[INFO] [stdout] 9  |     #[serde(rename = "Gender")]
[INFO] [stdout] 10 |     pub gender: String,
[INFO] [stdout]    |         ^^^^^^
[INFO] [stdout] ...
[INFO] [stdout] 20 |     pub caffeine_intake: u8,
[INFO] [stdout]    |         ^^^^^^^^^^^^^^^
[INFO] [stdout] 21 |     #[serde(rename = "Physical_Activity")]
[INFO] [stdout] 22 |     pub physical_activity: u8,
[INFO] [stdout]    |         ^^^^^^^^^^^^^^^^^
[INFO] [stdout] 23 |     #[serde(rename = "Sleep_Quality")]
[INFO] [stdout] 24 |     pub sleep_quality: u8,
[INFO] [stdout]    |         ^^^^^^^^^^^^^
[INFO] [stdout] 25 |     #[serde(rename = "Weekday_Sleep_Start")]
[INFO] [stdout] 26 |     pub weekday_sleep_start: f64,
[INFO] [stdout]    |         ^^^^^^^^^^^^^^^^^^^
[INFO] [stdout] 27 |     #[serde(rename = "Weekend_Sleep_Start")]
[INFO] [stdout] 28 |     pub weekend_sleep_start: f64,
[INFO] [stdout]    |         ^^^^^^^^^^^^^^^^^^^
[INFO] [stdout] 29 |     #[serde(rename = "Weekday_Sleep_End")]
[INFO] [stdout] 30 |     pub weekday_sleep_end: f64,
[INFO] [stdout]    |         ^^^^^^^^^^^^^^^^^
[INFO] [stdout] 31 |     #[serde(rename = "Weekend_Sleep_End")]
[INFO] [stdout] 32 |     pub weekend_sleep_end: f64,
[INFO] [stdout]    |         ^^^^^^^^^^^^^^^^^
[INFO] [stdout]    |
[INFO] [stdout]    = note: `StudentSleepData` has a derived impl for the trait `Debug`, but this is intentionally ignored during dead code analysis
[INFO] [stdout]    = note: `#[warn(dead_code)]` on by default
[INFO] [stdout] 
[INFO] [stdout] 
[INFO] [stderr]     Finished `dev` profile [unoptimized + debuginfo] target(s) in 20.42s
[INFO] running `Command { std: "docker" "inspect" "101b903401feb947fea41f14e6aca45cd511291ce2b5684a083bb624484f0426", kill_on_drop: false }`
[INFO] running `Command { std: "docker" "rm" "-f" "101b903401feb947fea41f14e6aca45cd511291ce2b5684a083bb624484f0426", kill_on_drop: false }`
[INFO] [stdout] 101b903401feb947fea41f14e6aca45cd511291ce2b5684a083bb624484f0426
[INFO] running `Command { std: "docker" "create" "-v" "/var/lib/crater-agent-workspace/builds/worker-1-tc2/target:/opt/rustwide/target:rw,Z" "-v" "/var/lib/crater-agent-workspace/builds/worker-1-tc2/source:/opt/rustwide/workdir:ro,Z" "-v" "/var/lib/crater-agent-workspace/cargo-home:/opt/rustwide/cargo-home:ro,Z" "-v" "/var/lib/crater-agent-workspace/rustup-home:/opt/rustwide/rustup-home:ro,Z" "-e" "SOURCE_DIR=/opt/rustwide/workdir" "-e" "CARGO_TARGET_DIR=/opt/rustwide/target" "-e" "CARGO_INCREMENTAL=0" "-e" "RUST_BACKTRACE=full" "-e" "RUSTFLAGS=--cap-lints=warn" "-e" "RUSTDOCFLAGS=--cap-lints=warn" "-e" "CARGO_HOME=/opt/rustwide/cargo-home" "-e" "RUSTUP_HOME=/opt/rustwide/rustup-home" "-w" "/opt/rustwide/workdir" "-m" "1610612736" "--user" "0:0" "--network" "none" "ghcr.io/rust-lang/crates-build-env/linux@sha256:f3a9d4ad9d972b27faf3965f35b62e55ba32bbce8f20bc8fe909558a86702fde" "/opt/rustwide/cargo-home/bin/cargo" "+beta-2024-12-08" "test" "--frozen" "--no-run" "--message-format=json", kill_on_drop: false }`
[INFO] [stdout] 40b6f0d1f38335652a14ad0d3e71da033f5b4adc79f99ac0298ab11d5c3a8413
[INFO] running `Command { std: "docker" "start" "-a" "40b6f0d1f38335652a14ad0d3e71da033f5b4adc79f99ac0298ab11d5c3a8413", kill_on_drop: false }`
[INFO] [stderr]    Compiling rust-sleep-analysis v0.1.0 (/opt/rustwide/workdir)
[INFO] [stdout] warning: multiple fields are never read
[INFO] [stdout]   --> src/data.rs:6:9
[INFO] [stdout]    |
[INFO] [stdout] 4  | pub struct StudentSleepData {
[INFO] [stdout]    |            ---------------- fields in this struct
[INFO] [stdout] 5  |     #[serde(rename = "Student_ID")]
[INFO] [stdout] 6  |     pub student_id: u32,
[INFO] [stdout]    |         ^^^^^^^^^^
[INFO] [stdout] ...
[INFO] [stdout] 10 |     pub gender: String,
[INFO] [stdout]    |         ^^^^^^
[INFO] [stdout] ...
[INFO] [stdout] 20 |     pub caffeine_intake: u8,
[INFO] [stdout]    |         ^^^^^^^^^^^^^^^
[INFO] [stdout] 21 |     #[serde(rename = "Physical_Activity")]
[INFO] [stdout] 22 |     pub physical_activity: u8,
[INFO] [stdout]    |         ^^^^^^^^^^^^^^^^^
[INFO] [stdout] 23 |     #[serde(rename = "Sleep_Quality")]
[INFO] [stdout] 24 |     pub sleep_quality: u8,
[INFO] [stdout]    |         ^^^^^^^^^^^^^
[INFO] [stdout] 25 |     #[serde(rename = "Weekday_Sleep_Start")]
[INFO] [stdout] 26 |     pub weekday_sleep_start: f64,
[INFO] [stdout]    |         ^^^^^^^^^^^^^^^^^^^
[INFO] [stdout] 27 |     #[serde(rename = "Weekend_Sleep_Start")]
[INFO] [stdout] 28 |     pub weekend_sleep_start: f64,
[INFO] [stdout]    |         ^^^^^^^^^^^^^^^^^^^
[INFO] [stdout] 29 |     #[serde(rename = "Weekday_Sleep_End")]
[INFO] [stdout] 30 |     pub weekday_sleep_end: f64,
[INFO] [stdout]    |         ^^^^^^^^^^^^^^^^^
[INFO] [stdout] 31 |     #[serde(rename = "Weekend_Sleep_End")]
[INFO] [stdout] 32 |     pub weekend_sleep_end: f64,
[INFO] [stdout]    |         ^^^^^^^^^^^^^^^^^
[INFO] [stdout]    |
[INFO] [stdout]    = note: `StudentSleepData` has a derived impl for the trait `Debug`, but this is intentionally ignored during dead code analysis
[INFO] [stdout]    = note: `#[warn(dead_code)]` on by default
[INFO] [stdout] 
[INFO] [stdout] 
[INFO] [stderr]     Finished `test` profile [unoptimized + debuginfo] target(s) in 1.26s
[INFO] running `Command { std: "docker" "inspect" "40b6f0d1f38335652a14ad0d3e71da033f5b4adc79f99ac0298ab11d5c3a8413", kill_on_drop: false }`
[INFO] running `Command { std: "docker" "rm" "-f" "40b6f0d1f38335652a14ad0d3e71da033f5b4adc79f99ac0298ab11d5c3a8413", kill_on_drop: false }`
[INFO] [stdout] 40b6f0d1f38335652a14ad0d3e71da033f5b4adc79f99ac0298ab11d5c3a8413
[INFO] running `Command { std: "docker" "create" "-v" "/var/lib/crater-agent-workspace/builds/worker-1-tc2/target:/opt/rustwide/target:rw,Z" "-v" "/var/lib/crater-agent-workspace/builds/worker-1-tc2/source:/opt/rustwide/workdir:ro,Z" "-v" "/var/lib/crater-agent-workspace/cargo-home:/opt/rustwide/cargo-home:ro,Z" "-v" "/var/lib/crater-agent-workspace/rustup-home:/opt/rustwide/rustup-home:ro,Z" "-e" "SOURCE_DIR=/opt/rustwide/workdir" "-e" "CARGO_TARGET_DIR=/opt/rustwide/target" "-e" "CARGO_INCREMENTAL=0" "-e" "RUST_BACKTRACE=full" "-e" "RUSTFLAGS=--cap-lints=warn" "-e" "RUSTDOCFLAGS=--cap-lints=warn" "-e" "CARGO_HOME=/opt/rustwide/cargo-home" "-e" "RUSTUP_HOME=/opt/rustwide/rustup-home" "-w" "/opt/rustwide/workdir" "-m" "1610612736" "--user" "0:0" "--network" "none" "ghcr.io/rust-lang/crates-build-env/linux@sha256:f3a9d4ad9d972b27faf3965f35b62e55ba32bbce8f20bc8fe909558a86702fde" "/opt/rustwide/cargo-home/bin/cargo" "+beta-2024-12-08" "test" "--frozen", kill_on_drop: false }`
[INFO] [stdout] 23a8ed757cab2308d43e75649c791a2ea49d5a4a2bcffd50a6ddbb498587272f
[INFO] running `Command { std: "docker" "start" "-a" "23a8ed757cab2308d43e75649c791a2ea49d5a4a2bcffd50a6ddbb498587272f", kill_on_drop: false }`
[INFO] [stderr] warning: multiple fields are never read
[INFO] [stderr]   --> src/data.rs:6:9
[INFO] [stderr]    |
[INFO] [stderr] 4  | pub struct StudentSleepData {
[INFO] [stderr]    |            ---------------- fields in this struct
[INFO] [stderr] 5  |     #[serde(rename = "Student_ID")]
[INFO] [stderr] 6  |     pub student_id: u32,
[INFO] [stderr]    |         ^^^^^^^^^^
[INFO] [stderr] ...
[INFO] [stderr] 10 |     pub gender: String,
[INFO] [stderr]    |         ^^^^^^
[INFO] [stderr] ...
[INFO] [stderr] 20 |     pub caffeine_intake: u8,
[INFO] [stderr]    |         ^^^^^^^^^^^^^^^
[INFO] [stderr] 21 |     #[serde(rename = "Physical_Activity")]
[INFO] [stderr] 22 |     pub physical_activity: u8,
[INFO] [stderr]    |         ^^^^^^^^^^^^^^^^^
[INFO] [stderr] 23 |     #[serde(rename = "Sleep_Quality")]
[INFO] [stderr] 24 |     pub sleep_quality: u8,
[INFO] [stderr]    |         ^^^^^^^^^^^^^
[INFO] [stderr] 25 |     #[serde(rename = "Weekday_Sleep_Start")]
[INFO] [stderr] 26 |     pub weekday_sleep_start: f64,
[INFO] [stderr]    |         ^^^^^^^^^^^^^^^^^^^
[INFO] [stderr] 27 |     #[serde(rename = "Weekend_Sleep_Start")]
[INFO] [stderr] 28 |     pub weekend_sleep_start: f64,
[INFO] [stderr]    |         ^^^^^^^^^^^^^^^^^^^
[INFO] [stderr] 29 |     #[serde(rename = "Weekday_Sleep_End")]
[INFO] [stderr] 30 |     pub weekday_sleep_end: f64,
[INFO] [stderr]    |         ^^^^^^^^^^^^^^^^^
[INFO] [stderr] 31 |     #[serde(rename = "Weekend_Sleep_End")]
[INFO] [stderr] 32 |     pub weekend_sleep_end: f64,
[INFO] [stderr]    |         ^^^^^^^^^^^^^^^^^
[INFO] [stderr]    |
[INFO] [stderr]    = note: `StudentSleepData` has a derived impl for the trait `Debug`, but this is intentionally ignored during dead code analysis
[INFO] [stderr]    = note: `#[warn(dead_code)]` on by default
[INFO] [stderr] 
[INFO] [stderr] warning: `rust-sleep-analysis` (bin "rust-sleep-analysis" test) generated 1 warning
[INFO] [stderr]     Finished `test` profile [unoptimized + debuginfo] target(s) in 0.06s
[INFO] [stderr]      Running unittests src/main.rs (/opt/rustwide/target/debug/deps/rust_sleep_analysis-fb4a02d5305c73dc)
[INFO] [stdout] 
[INFO] [stdout] running 4 tests
[INFO] [stdout] test clustering::tests::test_k_means_clustering ... ok
[INFO] [stdout] test graph::tests::test_build_graph ... ok
[INFO] [stdout] test analysis::tests::test_calculate_statistics ... ok
[INFO] [stdout] test data::tests::test_load_data ... FAILED
[INFO] [stdout] 
[INFO] [stdout] failures:
[INFO] [stdout] 
[INFO] [stdout] ---- data::tests::test_load_data stdout ----
[INFO] [stdout] thread 'data::tests::test_load_data' panicked at src/data.rs:36:56:
[INFO] [stdout] Failed to open file: Error(Io(Os { code: 2, kind: NotFound, message: "No such file or directory" }))
[INFO] [stdout] stack backtrace:
[INFO] [stdout]    0:     0x57871863166a - std::backtrace_rs::backtrace::libunwind::trace::h8810477743020387
[INFO] [stdout]                                at /rustc/202008a1b8de96d2e5b6bc02d379db03a877d34d/library/std/src/../../backtrace/src/backtrace/libunwind.rs:116:5
[INFO] [stdout]    1:     0x57871863166a - std::backtrace_rs::backtrace::trace_unsynchronized::h3aa55355dd6c54a6
[INFO] [stdout]                                at /rustc/202008a1b8de96d2e5b6bc02d379db03a877d34d/library/std/src/../../backtrace/src/backtrace/mod.rs:66:5
[INFO] [stdout]    2:     0x57871863166a - std::sys::backtrace::_print_fmt::h8588b0f62410823f
[INFO] [stdout]                                at /rustc/202008a1b8de96d2e5b6bc02d379db03a877d34d/library/std/src/sys/backtrace.rs:66:9
[INFO] [stdout]    3:     0x57871863166a - <std::sys::backtrace::BacktraceLock::print::DisplayBacktrace as core::fmt::Display>::fmt::h98c26ac25ffe89bb
[INFO] [stdout]                                at /rustc/202008a1b8de96d2e5b6bc02d379db03a877d34d/library/std/src/sys/backtrace.rs:39:26
[INFO] [stdout]    4:     0x578718658093 - core::fmt::rt::Argument::fmt::hf95377f4aebd453b
[INFO] [stdout]                                at /rustc/202008a1b8de96d2e5b6bc02d379db03a877d34d/library/core/src/fmt/rt.rs:177:76
[INFO] [stdout]    5:     0x578718658093 - core::fmt::write::h0dd5f6e2238c7982
[INFO] [stdout]                                at /rustc/202008a1b8de96d2e5b6bc02d379db03a877d34d/library/core/src/fmt/mod.rs:1189:21
[INFO] [stdout]    6:     0x57871862e803 - std::io::Write::write_fmt::h03bb0ca26e6faf8c
[INFO] [stdout]                                at /rustc/202008a1b8de96d2e5b6bc02d379db03a877d34d/library/std/src/io/mod.rs:1884:15
[INFO] [stdout]    7:     0x5787186314b2 - std::sys::backtrace::BacktraceLock::print::h5c19c1c038ee186d
[INFO] [stdout]                                at /rustc/202008a1b8de96d2e5b6bc02d379db03a877d34d/library/std/src/sys/backtrace.rs:42:9
[INFO] [stdout]    8:     0x578718632aed - std::panicking::default_hook::{{closure}}::h77172f079a1fcb13
[INFO] [stdout]                                at /rustc/202008a1b8de96d2e5b6bc02d379db03a877d34d/library/std/src/panicking.rs:268:22
[INFO] [stdout]    9:     0x5787186328f7 - std::panicking::default_hook::he5f8e3b203ccddba
[INFO] [stdout]                                at /rustc/202008a1b8de96d2e5b6bc02d379db03a877d34d/library/std/src/panicking.rs:292:9
[INFO] [stdout]   10:     0x5787185bdb07 - <alloc::boxed::Box<F,A> as core::ops::function::Fn<Args>>::call::h7a3c7b4a1ae77f2f
[INFO] [stdout]                                at /rustc/202008a1b8de96d2e5b6bc02d379db03a877d34d/library/alloc/src/boxed.rs:1986:9
[INFO] [stdout]   11:     0x5787185bdb07 - test::test_main::{{closure}}::hf0d3b69ae9b353d1
[INFO] [stdout]                                at /rustc/202008a1b8de96d2e5b6bc02d379db03a877d34d/library/test/src/lib.rs:134:21
[INFO] [stdout]   12:     0x578718633198 - <alloc::boxed::Box<F,A> as core::ops::function::Fn<Args>>::call::h6332e82e7b189abd
[INFO] [stdout]                                at /rustc/202008a1b8de96d2e5b6bc02d379db03a877d34d/library/alloc/src/boxed.rs:1986:9
[INFO] [stdout]   13:     0x578718633198 - std::panicking::rust_panic_with_hook::h53863d4e9018df39
[INFO] [stdout]                                at /rustc/202008a1b8de96d2e5b6bc02d379db03a877d34d/library/std/src/panicking.rs:809:13
[INFO] [stdout]   14:     0x578718632f5a - std::panicking::begin_panic_handler::{{closure}}::h67280e6fa0757873
[INFO] [stdout]                                at /rustc/202008a1b8de96d2e5b6bc02d379db03a877d34d/library/std/src/panicking.rs:674:13
[INFO] [stdout]   15:     0x578718631b49 - std::sys::backtrace::__rust_end_short_backtrace::h1dac3f54d6fbbeb2
[INFO] [stdout]                                at /rustc/202008a1b8de96d2e5b6bc02d379db03a877d34d/library/std/src/sys/backtrace.rs:170:18
[INFO] [stdout]   16:     0x578718632bec - rust_begin_unwind
[INFO] [stdout]                                at /rustc/202008a1b8de96d2e5b6bc02d379db03a877d34d/library/std/src/panicking.rs:665:5
[INFO] [stdout]   17:     0x5787185470d0 - core::panicking::panic_fmt::h6792bd1b2bf01041
[INFO] [stdout]                                at /rustc/202008a1b8de96d2e5b6bc02d379db03a877d34d/library/core/src/panicking.rs:76:14
[INFO] [stdout]   18:     0x578718547516 - core::result::unwrap_failed::h05e0602ed34287c5
[INFO] [stdout]                                at /rustc/202008a1b8de96d2e5b6bc02d379db03a877d34d/library/core/src/result.rs:1699:5
[INFO] [stdout]   19:     0x57871854f95f - core::result::Result<T,E>::expect::h403707cbf1132180
[INFO] [stdout]                                at /rustc/202008a1b8de96d2e5b6bc02d379db03a877d34d/library/core/src/result.rs:1061:23
[INFO] [stdout]   20:     0x578718558c8a - rust_sleep_analysis::data::load_data::he8499811ef4465b7
[INFO] [stdout]                                at /opt/rustwide/workdir/src/data.rs:36:22
[INFO] [stdout]   21:     0x578718568942 - rust_sleep_analysis::data::tests::test_load_data::hab4d4001776970cf
[INFO] [stdout]                                at /opt/rustwide/workdir/src/data.rs:51:20
[INFO] [stdout]   22:     0x578718568907 - rust_sleep_analysis::data::tests::test_load_data::{{closure}}::h30c778db1dfd2fe1
[INFO] [stdout]                                at /opt/rustwide/workdir/src/data.rs:48:24
[INFO] [stdout]   23:     0x5787185709d6 - core::ops::function::FnOnce::call_once::ha89607cd3dfb317b
[INFO] [stdout]                                at /rustc/202008a1b8de96d2e5b6bc02d379db03a877d34d/library/core/src/ops/function.rs:250:5
[INFO] [stdout]   24:     0x5787185c262b - core::ops::function::FnOnce::call_once::h871bf86719ec9aa4
[INFO] [stdout]                                at /rustc/202008a1b8de96d2e5b6bc02d379db03a877d34d/library/core/src/ops/function.rs:250:5
[INFO] [stdout]   25:     0x5787185c262b - test::__rust_begin_short_backtrace::h2167df1e2b7d76fd
[INFO] [stdout]                                at /rustc/202008a1b8de96d2e5b6bc02d379db03a877d34d/library/test/src/lib.rs:632:18
[INFO] [stdout]   26:     0x5787185c2018 - test::run_test_in_process::{{closure}}::h15d92f75a3adfb79
[INFO] [stdout]                                at /rustc/202008a1b8de96d2e5b6bc02d379db03a877d34d/library/test/src/lib.rs:655:60
[INFO] [stdout]   27:     0x5787185c2018 - <core::panic::unwind_safe::AssertUnwindSafe<F> as core::ops::function::FnOnce<()>>::call_once::hb6c8955835a8dbbb
[INFO] [stdout]                                at /rustc/202008a1b8de96d2e5b6bc02d379db03a877d34d/library/core/src/panic/unwind_safe.rs:272:9
[INFO] [stdout]   28:     0x5787185c2018 - std::panicking::try::do_call::hc79d0fc888a0bd30
[INFO] [stdout]                                at /rustc/202008a1b8de96d2e5b6bc02d379db03a877d34d/library/std/src/panicking.rs:557:40
[INFO] [stdout]   29:     0x5787185c2018 - std::panicking::try::hb8a7878e3a8589d6
[INFO] [stdout]                                at /rustc/202008a1b8de96d2e5b6bc02d379db03a877d34d/library/std/src/panicking.rs:520:19
[INFO] [stdout]   30:     0x5787185c2018 - std::panic::catch_unwind::hb8e4600ff0ff5cfa
[INFO] [stdout]                                at /rustc/202008a1b8de96d2e5b6bc02d379db03a877d34d/library/std/src/panic.rs:358:14
[INFO] [stdout]   31:     0x5787185c2018 - test::run_test_in_process::hc2900b0b18688dd6
[INFO] [stdout]                                at /rustc/202008a1b8de96d2e5b6bc02d379db03a877d34d/library/test/src/lib.rs:655:27
[INFO] [stdout]   32:     0x5787185c2018 - test::run_test::{{closure}}::hac2a9cb07be3d48d
[INFO] [stdout]                                at /rustc/202008a1b8de96d2e5b6bc02d379db03a877d34d/library/test/src/lib.rs:576:43
[INFO] [stdout]   33:     0x578718585aba - test::run_test::{{closure}}::h4a5b729e66a38cd8
[INFO] [stdout]                                at /rustc/202008a1b8de96d2e5b6bc02d379db03a877d34d/library/test/src/lib.rs:606:41
[INFO] [stdout]   34:     0x578718585aba - std::sys::backtrace::__rust_begin_short_backtrace::h0496fb742492f573
[INFO] [stdout]                                at /rustc/202008a1b8de96d2e5b6bc02d379db03a877d34d/library/std/src/sys/backtrace.rs:154:18
[INFO] [stdout]   35:     0x578718589434 - std::thread::Builder::spawn_unchecked_::{{closure}}::{{closure}}::hbb6d257c550a54bd
[INFO] [stdout]                                at /rustc/202008a1b8de96d2e5b6bc02d379db03a877d34d/library/std/src/thread/mod.rs:561:17
[INFO] [stdout]   36:     0x578718589434 - <core::panic::unwind_safe::AssertUnwindSafe<F> as core::ops::function::FnOnce<()>>::call_once::h46696fe4a6832328
[INFO] [stdout]                                at /rustc/202008a1b8de96d2e5b6bc02d379db03a877d34d/library/core/src/panic/unwind_safe.rs:272:9
[INFO] [stdout]   37:     0x578718589434 - std::panicking::try::do_call::h2625a51b667bfb64
[INFO] [stdout]                                at /rustc/202008a1b8de96d2e5b6bc02d379db03a877d34d/library/std/src/panicking.rs:557:40
[INFO] [stdout]   38:     0x578718589434 - std::panicking::try::hb956a59a1973aa4c
[INFO] [stdout]                                at /rustc/202008a1b8de96d2e5b6bc02d379db03a877d34d/library/std/src/panicking.rs:520:19
[INFO] [stdout]   39:     0x578718589434 - std::panic::catch_unwind::h64f3b9d1067ef6a0
[INFO] [stdout]                                at /rustc/202008a1b8de96d2e5b6bc02d379db03a877d34d/library/std/src/panic.rs:358:14
[INFO] [stdout]   40:     0x578718589434 - std::thread::Builder::spawn_unchecked_::{{closure}}::h42b2841295b6c0b2
[INFO] [stdout]                                at /rustc/202008a1b8de96d2e5b6bc02d379db03a877d34d/library/std/src/thread/mod.rs:559:30
[INFO] [stdout]   41:     0x578718589434 - core::ops::function::FnOnce::call_once{{vtable.shim}}::h6127de71b8124639
[INFO] [stdout]                                at /rustc/202008a1b8de96d2e5b6bc02d379db03a877d34d/library/core/src/ops/function.rs:250:5
[INFO] [stdout]   42:     0x5787186370eb - <alloc::boxed::Box<F,A> as core::ops::function::FnOnce<Args>>::call_once::h42f0ba71002a1b2c
[INFO] [stdout]                                at /rustc/202008a1b8de96d2e5b6bc02d379db03a877d34d/library/alloc/src/boxed.rs:1972:9
[INFO] [stdout]   43:     0x5787186370eb - <alloc::boxed::Box<F,A> as core::ops::function::FnOnce<Args>>::call_once::had9e47d7a3dcecb8
[INFO] [stdout]                                at /rustc/202008a1b8de96d2e5b6bc02d379db03a877d34d/library/alloc/src/boxed.rs:1972:9
[INFO] [stdout]   44:     0x5787186370eb - std::sys::pal::unix::thread::Thread::new::thread_start::h48cf765408f6f5f2
[INFO] [stdout]                                at /rustc/202008a1b8de96d2e5b6bc02d379db03a877d34d/library/std/src/sys/pal/unix/thread.rs:105:17
[INFO] [stdout]   45:     0x7348dc401ac3 - <unknown>
[INFO] [stdout]   46:     0x7348dc492a04 - clone
[INFO] [stdout]   47:                0x0 - <unknown>
[INFO] [stdout] 
[INFO] [stdout] 
[INFO] [stdout] failures:
[INFO] [stdout]     data::tests::test_load_data
[INFO] [stdout] 
[INFO] [stdout] test result: FAILED. 3 passed; 1 failed; 0 ignored; 0 measured; 0 filtered out; finished in 0.04s
[INFO] [stdout] 
[INFO] [stderr] error: test failed, to rerun pass `--bin rust-sleep-analysis`
[INFO] running `Command { std: "docker" "inspect" "23a8ed757cab2308d43e75649c791a2ea49d5a4a2bcffd50a6ddbb498587272f", kill_on_drop: false }`
[INFO] running `Command { std: "docker" "rm" "-f" "23a8ed757cab2308d43e75649c791a2ea49d5a4a2bcffd50a6ddbb498587272f", kill_on_drop: false }`
[INFO] [stdout] 23a8ed757cab2308d43e75649c791a2ea49d5a4a2bcffd50a6ddbb498587272f
