[INFO] cloning repository https://github.com/aqora-io/cli
[INFO] running `Command { std: "git" "-c" "credential.helper=" "-c" "credential.helper=/workspace/cargo-home/bin/git-credential-null" "clone" "--bare" "https://github.com/aqora-io/cli" "/workspace/cache/git-repos/https%3A%2F%2Fgithub.com%2Faqora-io%2Fcli", kill_on_drop: false }`
[INFO] [stderr] Cloning into bare repository '/workspace/cache/git-repos/https%3A%2F%2Fgithub.com%2Faqora-io%2Fcli'...
[INFO] running `Command { std: "git" "rev-parse" "HEAD", kill_on_drop: false }`
[INFO] [stdout] 0965504578f812e93340acafff765afe3ef6ddeb
[INFO] testing aqora-io/cli against beta-2024-12-08 for beta-1.84.0-4-retry
[INFO] running `Command { std: "git" "clone" "/workspace/cache/git-repos/https%3A%2F%2Fgithub.com%2Faqora-io%2Fcli" "/workspace/builds/worker-1-tc2/source", kill_on_drop: false }`
[INFO] [stderr] Cloning into '/workspace/builds/worker-1-tc2/source'...
[INFO] [stderr] done.
[INFO] validating manifest of git repo https://github.com/aqora-io/cli on toolchain beta-2024-12-08
[INFO] running `Command { std: CARGO_HOME="/workspace/cargo-home" RUSTUP_HOME="/workspace/rustup-home" "/workspace/cargo-home/bin/cargo" "+beta-2024-12-08" "metadata" "--manifest-path" "Cargo.toml" "--no-deps", kill_on_drop: false }`
[INFO] removed /workspace/builds/worker-1-tc2/source/rust-toolchain
[INFO] started tweaking git repo https://github.com/aqora-io/cli
[INFO] finished tweaking git repo https://github.com/aqora-io/cli
[INFO] tweaked toml for git repo https://github.com/aqora-io/cli written to /workspace/builds/worker-1-tc2/source/Cargo.toml
[INFO] crate git repo https://github.com/aqora-io/cli already has a lockfile, it will not be regenerated
[INFO] running `Command { std: CARGO_HOME="/workspace/cargo-home" RUSTUP_HOME="/workspace/rustup-home" "/workspace/cargo-home/bin/cargo" "+beta-2024-12-08" "fetch" "--manifest-path" "Cargo.toml", kill_on_drop: false }`
[INFO] running `Command { std: "docker" "create" "-v" "/var/lib/crater-agent-workspace/builds/worker-1-tc2/target:/opt/rustwide/target:rw,Z" "-v" "/var/lib/crater-agent-workspace/builds/worker-1-tc2/source:/opt/rustwide/workdir:ro,Z" "-v" "/var/lib/crater-agent-workspace/cargo-home:/opt/rustwide/cargo-home:ro,Z" "-v" "/var/lib/crater-agent-workspace/rustup-home:/opt/rustwide/rustup-home:ro,Z" "-e" "SOURCE_DIR=/opt/rustwide/workdir" "-e" "CARGO_TARGET_DIR=/opt/rustwide/target" "-e" "CARGO_HOME=/opt/rustwide/cargo-home" "-e" "RUSTUP_HOME=/opt/rustwide/rustup-home" "-w" "/opt/rustwide/workdir" "-m" "1610612736" "--user" "0:0" "--network" "none" "ghcr.io/rust-lang/crates-build-env/linux@sha256:f3a9d4ad9d972b27faf3965f35b62e55ba32bbce8f20bc8fe909558a86702fde" "/opt/rustwide/cargo-home/bin/cargo" "+beta-2024-12-08" "metadata" "--no-deps" "--format-version=1", kill_on_drop: false }`
[INFO] [stdout] c6080d68e94f472093a01aeefa7d41c79b1091577a4715e218570981d686e1c6
[INFO] running `Command { std: "docker" "start" "-a" "c6080d68e94f472093a01aeefa7d41c79b1091577a4715e218570981d686e1c6", kill_on_drop: false }`
[INFO] running `Command { std: "docker" "inspect" "c6080d68e94f472093a01aeefa7d41c79b1091577a4715e218570981d686e1c6", kill_on_drop: false }`
[INFO] running `Command { std: "docker" "rm" "-f" "c6080d68e94f472093a01aeefa7d41c79b1091577a4715e218570981d686e1c6", kill_on_drop: false }`
[INFO] [stdout] c6080d68e94f472093a01aeefa7d41c79b1091577a4715e218570981d686e1c6
[INFO] running `Command { std: "docker" "create" "-v" "/var/lib/crater-agent-workspace/builds/worker-1-tc2/target:/opt/rustwide/target:rw,Z" "-v" "/var/lib/crater-agent-workspace/builds/worker-1-tc2/source:/opt/rustwide/workdir:ro,Z" "-v" "/var/lib/crater-agent-workspace/cargo-home:/opt/rustwide/cargo-home:ro,Z" "-v" "/var/lib/crater-agent-workspace/rustup-home:/opt/rustwide/rustup-home:ro,Z" "-e" "SOURCE_DIR=/opt/rustwide/workdir" "-e" "CARGO_TARGET_DIR=/opt/rustwide/target" "-e" "CARGO_INCREMENTAL=0" "-e" "RUST_BACKTRACE=full" "-e" "RUSTFLAGS=--cap-lints=warn" "-e" "RUSTDOCFLAGS=--cap-lints=warn" "-e" "CARGO_HOME=/opt/rustwide/cargo-home" "-e" "RUSTUP_HOME=/opt/rustwide/rustup-home" "-w" "/opt/rustwide/workdir" "-m" "1610612736" "--user" "0:0" "--network" "none" "ghcr.io/rust-lang/crates-build-env/linux@sha256:f3a9d4ad9d972b27faf3965f35b62e55ba32bbce8f20bc8fe909558a86702fde" "/opt/rustwide/cargo-home/bin/cargo" "+beta-2024-12-08" "build" "--frozen" "--message-format=json", kill_on_drop: false }`
[INFO] [stdout] e6d4ff0f843881e6bc34c36fd2a01f583e48d4086edfda0f0b06c2272c8b36ac
[INFO] running `Command { std: "docker" "start" "-a" "e6d4ff0f843881e6bc34c36fd2a01f583e48d4086edfda0f0b06c2272c8b36ac", kill_on_drop: false }`
[INFO] [stderr]    Compiling unicode-ident v1.0.12
[INFO] [stderr]    Compiling libc v0.2.159
[INFO] [stderr]    Compiling once_cell v1.19.0
[INFO] [stderr]    Compiling shlex v1.3.0
[INFO] [stderr]    Compiling serde v1.0.215
[INFO] [stderr]    Compiling memchr v2.7.4
[INFO] [stderr]    Compiling itoa v1.0.10
[INFO] [stderr]    Compiling pin-project-lite v0.2.13
[INFO] [stderr]    Compiling hashbrown v0.15.0
[INFO] [stderr]    Compiling proc-macro2 v1.0.89
[INFO] [stderr]    Compiling equivalent v1.0.1
[INFO] [stderr]    Compiling log v0.4.21
[INFO] [stderr]    Compiling thiserror v1.0.65
[INFO] [stderr]    Compiling bytes v1.5.0
[INFO] [stderr]    Compiling fnv v1.0.7
[INFO] [stderr]    Compiling futures-core v0.3.30
[INFO] [stderr]    Compiling slab v0.4.9
[INFO] [stderr]    Compiling quote v1.0.35
[INFO] [stderr]    Compiling version_check v0.9.5
[INFO] [stderr]    Compiling futures-sink v0.3.30
[INFO] [stderr]    Compiling typenum v1.17.0
[INFO] [stderr]    Compiling ryu v1.0.16
[INFO] [stderr]    Compiling syn v2.0.87
[INFO] [stderr]    Compiling generic-array v0.14.7
[INFO] [stderr]    Compiling futures-channel v0.3.30
[INFO] [stderr]    Compiling tracing-core v0.1.32
[INFO] [stderr]    Compiling percent-encoding v2.3.1
[INFO] [stderr]    Compiling pin-utils v0.1.0
[INFO] [stderr]    Compiling futures-task v0.3.30
[INFO] [stderr]    Compiling futures-io v0.3.30
[INFO] [stderr]    Compiling form_urlencoded v1.2.1
[INFO] [stderr]    Compiling unicode-normalization v0.1.22
[INFO] [stderr]    Compiling aho-corasick v1.1.2
[INFO] [stderr]    Compiling jobserver v0.1.32
[INFO] [stderr]    Compiling getrandom v0.2.12
[INFO] [stderr]    Compiling signal-hook-registry v1.4.1
[INFO] [stderr]    Compiling mio v1.0.2
[INFO] [stderr]    Compiling cc v1.1.24
[INFO] [stderr]    Compiling socket2 v0.5.5
[INFO] [stderr]    Compiling serde_json v1.0.128
[INFO] [stderr]    Compiling pkg-config v0.3.31
[INFO] [stderr]    Compiling regex-syntax v0.8.5
[INFO] [stderr]    Compiling unicode-bidi v0.3.15
[INFO] [stderr]    Compiling subtle v2.5.0
[INFO] [stderr]    Compiling target-lexicon v0.12.13
[INFO] [stderr]    Compiling powerfmt v0.2.0
[INFO] [stderr]    Compiling idna v0.5.0
[INFO] [stderr]    Compiling lazy_static v1.5.0
[INFO] [stderr]    Compiling spin v0.9.8
[INFO] [stderr]    Compiling smallvec v1.13.2
[INFO] [stderr]    Compiling untrusted v0.9.0
[INFO] [stderr]    Compiling deranged v0.3.11
[INFO] [stderr]    Compiling crypto-common v0.1.6
[INFO] [stderr]    Compiling block-buffer v0.10.4
[INFO] [stderr]    Compiling rand_core v0.6.4
[INFO] [stderr]    Compiling time-core v0.1.2
[INFO] [stderr]    Compiling num-conv v0.1.0
[INFO] [stderr]    Compiling ring v0.17.7
[INFO] [stderr]    Compiling rand_chacha v0.3.1
[INFO] [stderr]    Compiling pyo3-build-config v0.20.3
[INFO] [stderr]    Compiling httparse v1.8.0
[INFO] [stderr]    Compiling cpufeatures v0.2.14
[INFO] [stderr]    Compiling tower-service v0.3.2
[INFO] [stderr]    Compiling rand v0.8.5
[INFO] [stderr]    Compiling time v0.3.36
[INFO] [stderr]    Compiling try-lock v0.2.5
[INFO] [stderr]    Compiling want v0.3.1
[INFO] [stderr]    Compiling regex-automata v0.4.8
[INFO] [stderr]    Compiling digest v0.10.7
[INFO] [stderr]    Compiling http v1.0.0
[INFO] [stderr]    Compiling httpdate v1.0.3
[INFO] [stderr]    Compiling rustix v0.38.37
[INFO] [stderr]    Compiling bitflags v2.4.2
[INFO] [stderr]    Compiling hex v0.4.3
[INFO] [stderr]    Compiling walkdir v2.4.0
[INFO] [stderr]    Compiling http-body v1.0.0
[INFO] [stderr]    Compiling crossbeam-utils v0.8.20
[INFO] [stderr]    Compiling regex v1.11.1
[INFO] [stderr]    Compiling rustls-pki-types v1.4.1
[INFO] [stderr]    Compiling tower-layer v0.3.2
[INFO] [stderr]    Compiling syn v1.0.109
[INFO] [stderr]    Compiling rustversion v1.0.14
[INFO] [stderr]    Compiling linux-raw-sys v0.4.14
[INFO] [stderr]    Compiling zstd-sys v2.0.13+zstd.1.5.6
[INFO] [stderr]    Compiling bstr v1.9.0
[INFO] [stderr]    Compiling rustls v0.21.10
[INFO] [stderr]    Compiling ucd-trie v0.1.7
[INFO] [stderr]    Compiling portable-atomic v1.6.0
[INFO] [stderr]    Compiling semver v1.0.22
[INFO] [stderr]    Compiling serde_derive v1.0.215
[INFO] [stderr]    Compiling thiserror-impl v1.0.65
[INFO] [stderr]    Compiling tokio-macros v2.4.0
[INFO] [stderr]    Compiling tokio v1.41.0
[INFO] [stderr]    Compiling futures-macro v0.3.30
[INFO] [stderr]    Compiling tracing-attributes v0.1.27
[INFO] [stderr]    Compiling zeroize_derive v1.4.2
[INFO] [stderr]    Compiling pin-project-internal v1.1.4
[INFO] [stderr]    Compiling strsim v0.11.1
[INFO] [stderr]    Compiling rustls-webpki v0.101.7
[INFO] [stderr]    Compiling darling_core v0.20.10
[INFO] [stderr]    Compiling zeroize v1.8.1
[INFO] [stderr]    Compiling sct v0.7.1
[INFO] [stderr]    Compiling futures-util v0.3.30
[INFO] [stderr]    Compiling globset v0.4.14
[INFO] [stderr]    Compiling tracing v0.1.40
[INFO] [stderr]    Compiling pin-project v1.1.4
[INFO] [stderr]    Compiling pyo3-ffi v0.20.3
[INFO] [stderr]    Compiling backtrace v0.3.69
[INFO] [stderr]    Compiling cmake v0.1.51
[INFO] [stderr]    Compiling http v0.2.11
[INFO] [stderr]    Compiling tokio-util v0.7.11
[INFO] [stderr]    Compiling thread_local v1.1.8
[INFO] [stderr]    Compiling lock_api v0.4.11
[INFO] [stderr]    Compiling sync_wrapper v0.1.2
[INFO] [stderr]    Compiling gimli v0.28.1
[INFO] [stderr]    Compiling either v1.9.0
[INFO] [stderr]    Compiling vcpkg v0.2.15
[INFO] [stderr]    Compiling parking_lot_core v0.9.9
[INFO] [stderr]    Compiling winnow v0.6.20
[INFO] [stderr]    Compiling mime v0.3.17
[INFO] [stderr]    Compiling indexmap v2.6.0
[INFO] [stderr]    Compiling url v2.5.0
[INFO] [stderr]    Compiling uuid v1.7.0
[INFO] [stderr]    Compiling debugid v0.8.0
[INFO] [stderr]    Compiling h2 v0.4.2
[INFO] [stderr]    Compiling sentry-types v0.32.3
[INFO] [stderr]    Compiling serde_spanned v0.6.8
[INFO] [stderr]    Compiling toml_datetime v0.6.8
[INFO] [stderr]    Compiling regex-syntax v0.6.29
[INFO] [stderr]    Compiling rustls v0.22.4
[INFO] [stderr]    Compiling void v1.0.2
[INFO] [stderr]    Compiling unreachable v1.0.0
[INFO] [stderr]    Compiling toml_edit v0.22.22
[INFO] [stderr]    Compiling addr2line v0.21.0
[INFO] [stderr]    Compiling libz-sys v1.1.20
[INFO] [stderr]    Compiling serde_urlencoded v0.7.1
[INFO] [stderr]    Compiling miniz_oxide v0.7.2
[INFO] [stderr]    Compiling libz-ng-sys v1.1.16
[INFO] [stderr]    Compiling tower v0.4.13
[INFO] [stderr]    Compiling sha2 v0.10.8
[INFO] [stderr]    Compiling darling_macro v0.20.10
[INFO] [stderr]    Compiling regex-automata v0.1.10
[INFO] [stderr]    Compiling sentry-core v0.32.3
[INFO] [stderr]    Compiling hyper v1.1.0
[INFO] [stderr]    Compiling pest v2.7.13
[INFO] [stderr]    Compiling rustls-webpki v0.102.3
[INFO] [stderr]    Compiling bzip2-sys v0.1.11+1.0.8
[INFO] [stderr]    Compiling version-ranges v0.1.0
[INFO] [stderr]    Compiling object v0.32.2
[INFO] [stderr]    Compiling memoffset v0.9.0
[INFO] [stderr]    Compiling num-traits v0.2.17
[INFO] [stderr]    Compiling utf8parse v0.2.1
[INFO] [stderr]    Compiling unscanny v0.1.0
[INFO] [stderr]    Compiling scopeguard v1.2.0
[INFO] [stderr]    Compiling zstd-safe v7.2.1
[INFO] [stderr]    Compiling rustc-demangle v0.1.23
[INFO] [stderr]    Compiling unicode-width v0.2.0
[INFO] [stderr]    Compiling byteorder v1.5.0
[INFO] [stderr]    Compiling ascii v0.9.3
[INFO] [stderr]    Compiling pep440_rs v0.7.2
[INFO] [stderr]    Compiling combine v3.8.1
[INFO] [stderr]    Compiling pest_meta v2.7.13
[INFO] [stderr]    Compiling anstyle-parse v0.2.3
[INFO] [stderr]    Compiling hyper-util v0.1.3
[INFO] [stderr]    Compiling rustc_version v0.4.0
[INFO] [stderr]    Compiling toml v0.8.19
[INFO] [stderr]    Compiling matchers v0.1.0
[INFO] [stderr]    Compiling darling v0.20.10
[INFO] [stderr]    Compiling rust-embed-utils v8.5.0
[INFO] [stderr]    Compiling h2 v0.3.24
[INFO] [stderr]    Compiling tracing-serde v0.1.3
[INFO] [stderr]    Compiling itertools v0.13.0
[INFO] [stderr]    Compiling http-body v0.4.6
[INFO] [stderr]    Compiling futures-executor v0.3.30
[INFO] [stderr]    Compiling http-body-util v0.1.0
[INFO] [stderr]    Compiling pyo3 v0.20.3
[INFO] [stderr]    Compiling pyo3-macros-backend v0.20.3
[INFO] [stderr]    Compiling findshlibs v0.10.2
[INFO] [stderr]    Compiling inout v0.1.3
[INFO] [stderr]    Compiling sharded-slab v0.1.7
[INFO] [stderr]    Compiling tracing-log v0.2.0
[INFO] [stderr]    Compiling crc32fast v1.4.2
[INFO] [stderr]    Compiling colorchoice v1.0.0
[INFO] [stderr]    Compiling urlencoding v2.1.3
[INFO] [stderr]    Compiling anstyle-query v1.0.2
[INFO] [stderr]    Compiling crc-catalog v2.4.0
[INFO] [stderr]    Compiling paste v1.0.14
[INFO] [stderr]    Compiling async-trait v0.1.77
[INFO] [stderr]    Compiling unicode-width v0.1.11
[INFO] [stderr]    Compiling adler2 v2.0.0
[INFO] [stderr]    Compiling boxcar v0.2.7
[INFO] [stderr]    Compiling ipnet v2.9.0
[INFO] [stderr]    Compiling anstyle v1.0.6
[INFO] [stderr]    Compiling rustc-hash v2.0.0
[INFO] [stderr]    Compiling miniz_oxide v0.8.0
[INFO] [stderr]    Compiling pep508_rs v0.9.1
[INFO] [stderr]    Compiling anstream v0.6.11
[INFO] [stderr]    Compiling console v0.15.8
[INFO] [stderr]    Compiling tracing-subscriber v0.3.18
[INFO] [stderr]    Compiling crc v3.2.1
[INFO] [stderr]    Compiling graphql-parser v0.4.0
[INFO] [stderr]    Compiling cipher v0.4.4
[INFO] [stderr]    Compiling hyper v0.14.28
[INFO] [stderr]    Compiling pyo3-macros v0.20.3
[INFO] [stderr]    Compiling tokio-rustls v0.25.0
[INFO] [stderr]    Compiling sentry-backtrace v0.32.3
[INFO] [stderr]    Compiling futures v0.3.30
[INFO] [stderr]    Compiling parking_lot v0.12.1
[INFO] [stderr]    Compiling rust-embed-impl v8.5.0
[INFO] [stderr]    Compiling sentry-contexts v0.32.3
[INFO] [stderr]    Compiling derive_builder_core v0.20.2
[INFO] [stderr]    Compiling pest_generator v2.7.13
[INFO] [stderr]    Compiling graphql-introspection-query v0.2.0
[INFO] [stderr]    Compiling tokio-rustls v0.24.1
[INFO] [stderr]    Compiling crossbeam-epoch v0.9.18
[INFO] [stderr]    Compiling axum-core v0.4.3
[INFO] [stderr]    Compiling hmac v0.12.1
[INFO] [stderr]    Compiling libgit2-sys v0.17.0+1.8.1
[INFO] [stderr]    Compiling zip v2.2.0
[INFO] [stderr]    Compiling base64 v0.21.7
[INFO] [stderr]    Compiling lockfree-object-pool v0.1.6
[INFO] [stderr]    Compiling fastrand v2.1.1
[INFO] [stderr]    Compiling indoc v2.0.4
[INFO] [stderr]    Compiling simd-adler32 v0.3.7
[INFO] [stderr]    Compiling bumpalo v3.16.0
[INFO] [stderr]    Compiling unindent v0.2.3
[INFO] [stderr]    Compiling clap_lex v0.6.0
[INFO] [stderr]    Compiling is_ci v1.2.0
[INFO] [stderr]    Compiling base64 v0.22.0
[INFO] [stderr]    Compiling webpki-roots v0.25.4
[INFO] [stderr]    Compiling clap_builder v4.4.18
[INFO] [stderr]    Compiling zopfli v0.8.1
[INFO] [stderr]    Compiling hyper-rustls v0.24.2
[INFO] [stderr]    Compiling rustls-pemfile v2.1.2
[INFO] [stderr]    Compiling rustls-pemfile v1.0.4
[INFO] [stderr]    Compiling tempfile v3.13.0
[INFO] [stderr]    Compiling derive_builder_macro v0.20.2
[INFO] [stderr]    Compiling graphql_client_codegen v0.14.0
[INFO] [stderr]    Compiling pbkdf2 v0.12.2
[INFO] [stderr]    Compiling crossbeam-deque v0.8.5
[INFO] [stderr]    Compiling pest_derive v2.7.13
[INFO] [stderr]    Compiling rust-embed v8.5.0
[INFO] [stderr]    Compiling zstd v0.13.2
[INFO] [stderr]    Compiling bzip2 v0.4.4
[INFO] [stderr]    Compiling pyproject-toml v0.13.4
[INFO] [stderr]    Compiling hyper-rustls v0.26.0
[INFO] [stderr]    Compiling aes v0.8.4
[INFO] [stderr]    Compiling lzma-rs v0.3.0
[INFO] [stderr]    Compiling pyo3-asyncio-macros v0.20.0
[INFO] [stderr]    Compiling axum v0.7.4
[INFO] [stderr]    Compiling xattr v1.3.1
[INFO] [stderr]    Compiling displaydoc v0.2.5
[INFO] [stderr]    Compiling clap_derive v4.4.7
[INFO] [stderr]    Compiling flate2 v1.0.34
[INFO] [stderr]    Compiling webpki-roots v0.26.1
[INFO] [stderr]    Compiling sha1 v0.10.6
[INFO] [stderr]    Compiling hostname v0.4.0
[INFO] [stderr]    Compiling filetime v0.2.23
[INFO] [stderr]    Compiling uname v0.1.1
[INFO] [stderr]    Compiling is-terminal v0.4.12
[INFO] [stderr]    Compiling is-docker v0.2.0
[INFO] [stderr]    Compiling encoding_rs v0.8.33
[INFO] [stderr]    Compiling number_prefix v0.4.0
[INFO] [stderr]    Compiling option-ext v0.2.0
[INFO] [stderr]    Compiling constant_time_eq v0.3.1
[INFO] [stderr]    Compiling deflate64 v0.1.9
[INFO] [stderr]    Compiling dirs-sys v0.4.1
[INFO] [stderr]    Compiling indicatif v0.17.7
[INFO] [stderr]    Compiling is-wsl v0.4.0
[INFO] [stderr]    Compiling supports-color v2.1.0
[INFO] [stderr]    Compiling tar v0.4.42
[INFO] [stderr]    Compiling reqwest v0.12.4
[INFO] [stderr]    Compiling reqwest v0.11.24
[INFO] [stderr]    Compiling clap v4.4.18
[INFO] [stderr]    Compiling handlebars v6.1.0
[INFO] [stderr]    Compiling graphql_query_derive v0.14.0
[INFO] [stderr]    Compiling pyo3-asyncio v0.20.0
[INFO] [stderr]    Compiling rmp v0.8.12
[INFO] [stderr]    Compiling aqora-config v0.11.0 (/opt/rustwide/workdir/config)
[INFO] [stderr]    Compiling sentry-debug-images v0.32.3
[INFO] [stderr]    Compiling derive_builder v0.20.2
[INFO] [stderr]    Compiling ignore v0.4.22
[INFO] [stderr]    Compiling split-stream-by v0.1.0
[INFO] [stderr]    Compiling sentry-tracing v0.32.3
[INFO] [stderr]    Compiling sentry-panic v0.32.3
[INFO] [stderr]    Compiling sentry-tower v0.32.3
[INFO] [stderr]    Compiling serde_path_to_error v0.1.15
[INFO] [stderr]    Compiling fuzzy-matcher v0.3.7
[INFO] [stderr]    Compiling crossbeam-channel v0.5.12
[INFO] [stderr]    Compiling pathdiff v0.2.1
[INFO] [stderr]    Compiling dunce v1.0.5
[INFO] [stderr]    Compiling matchit v0.7.3
[INFO] [stderr]    Compiling iana-time-zone v0.1.60
[INFO] [stderr]    Compiling home v0.5.9
[INFO] [stderr]    Compiling shell-words v1.1.0
[INFO] [stderr]    Compiling which v6.0.0
[INFO] [stderr]    Compiling dialoguer v0.11.0
[INFO] [stderr]    Compiling chrono v0.4.33
[INFO] [stderr]    Compiling tracing-appender v0.2.3
[INFO] [stderr]    Compiling aqora-runner v0.11.0 (/opt/rustwide/workdir/runner)
[INFO] [stderr]    Compiling open v5.0.1
[INFO] [stderr]    Compiling aqora-archiver v0.11.0 (/opt/rustwide/workdir/archiver)
[INFO] [stderr]    Compiling sentry v0.32.3
[INFO] [stdout] warning: non-local `impl` definition, `impl` blocks should be written at the same level as their item
[INFO] [stdout]   --> runner/src/ipython.rs:9:1
[INFO] [stdout]    |
[INFO] [stdout] 9  | #[pymethods]
[INFO] [stdout]    | ^-----------
[INFO] [stdout]    | |
[INFO] [stdout]    | move the `impl` block outside of this method `__getattr__` and up 2 bodies
[INFO] [stdout] 10 | impl IPython {
[INFO] [stdout]    |      ------- `IPython` is not local
[INFO] [stdout]    |
[INFO] [stdout]    = note: the attribute macro `pymethods` defines the non-local `impl`, and may need to be changed
[INFO] [stdout]    = note: the attribute macro `pymethods` may come from an old version of the `pyo3_macros` crate, try updating your dependency with `cargo update -p pyo3_macros`
[INFO] [stdout]    = note: an `impl` is never scoped, even when it is nested inside an item, as it may impact type checking outside of that item, which can be the case if neither the trait or the self type are at the same nesting level as the `impl`
[INFO] [stdout]    = note: `#[warn(non_local_definitions)]` on by default
[INFO] [stdout]    = note: this warning originates in the attribute macro `pymethods` (in Nightly builds, run with -Z macro-backtrace for more info)
[INFO] [stdout] 
[INFO] [stdout] 
[INFO] [stderr]    Compiling aqora-template v0.11.0 (/opt/rustwide/workdir/template)
[INFO] [stderr]    Compiling graphql_client v0.14.0
[INFO] [stderr]    Compiling rmp-serde v1.1.2
[INFO] [stderr]    Compiling owo-colors v4.0.0
[INFO] [stderr]    Compiling dirs v5.0.1
[INFO] [stderr]    Compiling supports-color v3.0.0
[INFO] [stderr]    Compiling fs4 v0.8.4
[INFO] [stderr]    Compiling tokio-stream v0.1.14
[INFO] [stderr]    Compiling async-tempfile v0.6.0
[INFO] [stderr]    Compiling passterm v2.0.3
[INFO] [stderr]    Compiling base32 v0.5.0
[INFO] [stderr]    Compiling human-errors v0.1.3
[INFO] [stderr]    Compiling git2 v0.19.0
[INFO] [stderr]    Compiling aqora v0.11.0 (/opt/rustwide/workdir)
[INFO] [stdout] warning: non-local `impl` definition, `impl` blocks should be written at the same level as their item
[INFO] [stdout]   --> src/print.rs:14:1
[INFO] [stdout]    |
[INFO] [stdout] 14 | #[pymethods]
[INFO] [stdout]    | ^-----------
[INFO] [stdout]    | |
[INFO] [stdout]    | move the `impl` block outside of this method `__getattr__` and up 2 bodies
[INFO] [stdout] 15 | impl ProgressSuspendPyFunc {
[INFO] [stdout]    |      --------------------- `ProgressSuspendPyFunc` is not local
[INFO] [stdout]    |
[INFO] [stdout]    = note: the attribute macro `pymethods` defines the non-local `impl`, and may need to be changed
[INFO] [stdout]    = note: the attribute macro `pymethods` may come from an old version of the `pyo3_macros` crate, try updating your dependency with `cargo update -p pyo3_macros`
[INFO] [stdout]    = note: an `impl` is never scoped, even when it is nested inside an item, as it may impact type checking outside of that item, which can be the case if neither the trait or the self type are at the same nesting level as the `impl`
[INFO] [stdout]    = note: `#[warn(non_local_definitions)]` on by default
[INFO] [stdout]    = note: this warning originates in the attribute macro `pymethods` (in Nightly builds, run with -Z macro-backtrace for more info)
[INFO] [stdout] 
[INFO] [stdout] 
[INFO] [stdout] warning: non-local `impl` definition, `impl` blocks should be written at the same level as their item
[INFO] [stdout]   --> src/print.rs:14:1
[INFO] [stdout]    |
[INFO] [stdout] 14 | #[pymethods]
[INFO] [stdout]    | ^-----------
[INFO] [stdout]    | |
[INFO] [stdout]    | move the `impl` block outside of this method `__setattr__` and up 2 bodies
[INFO] [stdout] 15 | impl ProgressSuspendPyFunc {
[INFO] [stdout]    |      --------------------- `ProgressSuspendPyFunc` is not local
[INFO] [stdout]    |
[INFO] [stdout]    = note: the attribute macro `pymethods` defines the non-local `impl`, and may need to be changed
[INFO] [stdout]    = note: the attribute macro `pymethods` may come from an old version of the `pyo3_macros` crate, try updating your dependency with `cargo update -p pyo3_macros`
[INFO] [stdout]    = note: an `impl` is never scoped, even when it is nested inside an item, as it may impact type checking outside of that item, which can be the case if neither the trait or the self type are at the same nesting level as the `impl`
[INFO] [stdout]    = note: this warning originates in the attribute macro `pymethods` (in Nightly builds, run with -Z macro-backtrace for more info)
[INFO] [stdout] 
[INFO] [stdout] 
[INFO] [stdout] warning: non-local `impl` definition, `impl` blocks should be written at the same level as their item
[INFO] [stdout]   --> src/print.rs:14:1
[INFO] [stdout]    |
[INFO] [stdout] 14 | #[pymethods]
[INFO] [stdout]    | ^-----------
[INFO] [stdout]    | |
[INFO] [stdout]    | move the `impl` block outside of this method `__delattr__` and up 2 bodies
[INFO] [stdout] 15 | impl ProgressSuspendPyFunc {
[INFO] [stdout]    |      --------------------- `ProgressSuspendPyFunc` is not local
[INFO] [stdout]    |
[INFO] [stdout]    = note: the attribute macro `pymethods` defines the non-local `impl`, and may need to be changed
[INFO] [stdout]    = note: the attribute macro `pymethods` may come from an old version of the `pyo3_macros` crate, try updating your dependency with `cargo update -p pyo3_macros`
[INFO] [stdout]    = note: an `impl` is never scoped, even when it is nested inside an item, as it may impact type checking outside of that item, which can be the case if neither the trait or the self type are at the same nesting level as the `impl`
[INFO] [stdout]    = note: this warning originates in the attribute macro `pymethods` (in Nightly builds, run with -Z macro-backtrace for more info)
[INFO] [stdout] 
[INFO] [stdout] 
[INFO] [stderr]     Finished `dev` profile [unoptimized + debuginfo] target(s) in 7m 37s
[INFO] running `Command { std: "docker" "inspect" "e6d4ff0f843881e6bc34c36fd2a01f583e48d4086edfda0f0b06c2272c8b36ac", kill_on_drop: false }`
[INFO] running `Command { std: "docker" "rm" "-f" "e6d4ff0f843881e6bc34c36fd2a01f583e48d4086edfda0f0b06c2272c8b36ac", kill_on_drop: false }`
[INFO] [stdout] e6d4ff0f843881e6bc34c36fd2a01f583e48d4086edfda0f0b06c2272c8b36ac
[INFO] running `Command { std: "docker" "create" "-v" "/var/lib/crater-agent-workspace/builds/worker-1-tc2/target:/opt/rustwide/target:rw,Z" "-v" "/var/lib/crater-agent-workspace/builds/worker-1-tc2/source:/opt/rustwide/workdir:ro,Z" "-v" "/var/lib/crater-agent-workspace/cargo-home:/opt/rustwide/cargo-home:ro,Z" "-v" "/var/lib/crater-agent-workspace/rustup-home:/opt/rustwide/rustup-home:ro,Z" "-e" "SOURCE_DIR=/opt/rustwide/workdir" "-e" "CARGO_TARGET_DIR=/opt/rustwide/target" "-e" "CARGO_INCREMENTAL=0" "-e" "RUST_BACKTRACE=full" "-e" "RUSTFLAGS=--cap-lints=warn" "-e" "RUSTDOCFLAGS=--cap-lints=warn" "-e" "CARGO_HOME=/opt/rustwide/cargo-home" "-e" "RUSTUP_HOME=/opt/rustwide/rustup-home" "-w" "/opt/rustwide/workdir" "-m" "1610612736" "--user" "0:0" "--network" "none" "ghcr.io/rust-lang/crates-build-env/linux@sha256:f3a9d4ad9d972b27faf3965f35b62e55ba32bbce8f20bc8fe909558a86702fde" "/opt/rustwide/cargo-home/bin/cargo" "+beta-2024-12-08" "test" "--frozen" "--no-run" "--message-format=json", kill_on_drop: false }`
[INFO] [stdout] aa6083f8ceba139d0b3c7c662cc05aa966865a0a0b118008db4b8bda797f0d10
[INFO] running `Command { std: "docker" "start" "-a" "aa6083f8ceba139d0b3c7c662cc05aa966865a0a0b118008db4b8bda797f0d10", kill_on_drop: false }`
[INFO] [stderr]    Compiling pretty_assertions v1.4.0
[INFO] [stdout] warning: non-local `impl` definition, `impl` blocks should be written at the same level as their item
[INFO] [stdout]   --> runner/src/ipython.rs:9:1
[INFO] [stdout]    |
[INFO] [stdout] 9  | #[pymethods]
[INFO] [stdout]    | ^-----------
[INFO] [stdout]    | |
[INFO] [stdout]    | move the `impl` block outside of this method `__getattr__` and up 2 bodies
[INFO] [stdout] 10 | impl IPython {
[INFO] [stdout]    |      ------- `IPython` is not local
[INFO] [stdout]    |
[INFO] [stdout]    = note: the attribute macro `pymethods` defines the non-local `impl`, and may need to be changed
[INFO] [stdout]    = note: the attribute macro `pymethods` may come from an old version of the `pyo3_macros` crate, try updating your dependency with `cargo update -p pyo3_macros`
[INFO] [stdout]    = note: an `impl` is never scoped, even when it is nested inside an item, as it may impact type checking outside of that item, which can be the case if neither the trait or the self type are at the same nesting level as the `impl`
[INFO] [stdout]    = note: `#[warn(non_local_definitions)]` on by default
[INFO] [stdout]    = note: this warning originates in the attribute macro `pymethods` (in Nightly builds, run with -Z macro-backtrace for more info)
[INFO] [stdout] 
[INFO] [stdout] 
[INFO] [stdout] warning: non-local `impl` definition, `impl` blocks should be written at the same level as their item
[INFO] [stdout]   --> src/print.rs:14:1
[INFO] [stdout]    |
[INFO] [stdout] 14 | #[pymethods]
[INFO] [stdout]    | ^-----------
[INFO] [stdout]    | |
[INFO] [stdout]    | move the `impl` block outside of this method `__getattr__` and up 2 bodies
[INFO] [stdout] 15 | impl ProgressSuspendPyFunc {
[INFO] [stdout]    |      --------------------- `ProgressSuspendPyFunc` is not local
[INFO] [stdout]    |
[INFO] [stdout]    = note: the attribute macro `pymethods` defines the non-local `impl`, and may need to be changed
[INFO] [stdout]    = note: the attribute macro `pymethods` may come from an old version of the `pyo3_macros` crate, try updating your dependency with `cargo update -p pyo3_macros`
[INFO] [stdout]    = note: an `impl` is never scoped, even when it is nested inside an item, as it may impact type checking outside of that item, which can be the case if neither the trait or the self type are at the same nesting level as the `impl`
[INFO] [stdout]    = note: `#[warn(non_local_definitions)]` on by default
[INFO] [stdout]    = note: this warning originates in the attribute macro `pymethods` (in Nightly builds, run with -Z macro-backtrace for more info)
[INFO] [stdout] 
[INFO] [stdout] 
[INFO] [stdout] warning: non-local `impl` definition, `impl` blocks should be written at the same level as their item
[INFO] [stdout]   --> src/print.rs:14:1
[INFO] [stdout]    |
[INFO] [stdout] 14 | #[pymethods]
[INFO] [stdout]    | ^-----------
[INFO] [stdout]    | |
[INFO] [stdout]    | move the `impl` block outside of this method `__setattr__` and up 2 bodies
[INFO] [stdout] 15 | impl ProgressSuspendPyFunc {
[INFO] [stdout]    |      --------------------- `ProgressSuspendPyFunc` is not local
[INFO] [stdout]    |
[INFO] [stdout]    = note: the attribute macro `pymethods` defines the non-local `impl`, and may need to be changed
[INFO] [stdout]    = note: the attribute macro `pymethods` may come from an old version of the `pyo3_macros` crate, try updating your dependency with `cargo update -p pyo3_macros`
[INFO] [stdout]    = note: an `impl` is never scoped, even when it is nested inside an item, as it may impact type checking outside of that item, which can be the case if neither the trait or the self type are at the same nesting level as the `impl`
[INFO] [stdout]    = note: this warning originates in the attribute macro `pymethods` (in Nightly builds, run with -Z macro-backtrace for more info)
[INFO] [stdout] 
[INFO] [stdout] 
[INFO] [stdout] warning: non-local `impl` definition, `impl` blocks should be written at the same level as their item
[INFO] [stdout]   --> src/print.rs:14:1
[INFO] [stdout]    |
[INFO] [stdout] 14 | #[pymethods]
[INFO] [stdout]    | ^-----------
[INFO] [stdout]    | |
[INFO] [stdout]    | move the `impl` block outside of this method `__delattr__` and up 2 bodies
[INFO] [stdout] 15 | impl ProgressSuspendPyFunc {
[INFO] [stdout]    |      --------------------- `ProgressSuspendPyFunc` is not local
[INFO] [stdout]    |
[INFO] [stdout]    = note: the attribute macro `pymethods` defines the non-local `impl`, and may need to be changed
[INFO] [stdout]    = note: the attribute macro `pymethods` may come from an old version of the `pyo3_macros` crate, try updating your dependency with `cargo update -p pyo3_macros`
[INFO] [stdout]    = note: an `impl` is never scoped, even when it is nested inside an item, as it may impact type checking outside of that item, which can be the case if neither the trait or the self type are at the same nesting level as the `impl`
[INFO] [stdout]    = note: this warning originates in the attribute macro `pymethods` (in Nightly builds, run with -Z macro-backtrace for more info)
[INFO] [stdout] 
[INFO] [stdout] 
[INFO] [stderr]    Compiling aqora v0.11.0 (/opt/rustwide/workdir)
[INFO] [stdout] warning: non-local `impl` definition, `impl` blocks should be written at the same level as their item
[INFO] [stdout]   --> src/print.rs:14:1
[INFO] [stdout]    |
[INFO] [stdout] 14 | #[pymethods]
[INFO] [stdout]    | ^-----------
[INFO] [stdout]    | |
[INFO] [stdout]    | move the `impl` block outside of this method `__getattr__` and up 2 bodies
[INFO] [stdout] 15 | impl ProgressSuspendPyFunc {
[INFO] [stdout]    |      --------------------- `ProgressSuspendPyFunc` is not local
[INFO] [stdout]    |
[INFO] [stdout]    = note: the attribute macro `pymethods` defines the non-local `impl`, and may need to be changed
[INFO] [stdout]    = note: the attribute macro `pymethods` may come from an old version of the `pyo3_macros` crate, try updating your dependency with `cargo update -p pyo3_macros`
[INFO] [stdout]    = note: an `impl` is never scoped, even when it is nested inside an item, as it may impact type checking outside of that item, which can be the case if neither the trait or the self type are at the same nesting level as the `impl`
[INFO] [stdout]    = note: `#[warn(non_local_definitions)]` on by default
[INFO] [stdout]    = note: this warning originates in the attribute macro `pymethods` (in Nightly builds, run with -Z macro-backtrace for more info)
[INFO] [stdout] 
[INFO] [stdout] 
[INFO] [stdout] warning: non-local `impl` definition, `impl` blocks should be written at the same level as their item
[INFO] [stdout]   --> src/print.rs:14:1
[INFO] [stdout]    |
[INFO] [stdout] 14 | #[pymethods]
[INFO] [stdout]    | ^-----------
[INFO] [stdout]    | |
[INFO] [stdout]    | move the `impl` block outside of this method `__setattr__` and up 2 bodies
[INFO] [stdout] 15 | impl ProgressSuspendPyFunc {
[INFO] [stdout]    |      --------------------- `ProgressSuspendPyFunc` is not local
[INFO] [stdout]    |
[INFO] [stdout]    = note: the attribute macro `pymethods` defines the non-local `impl`, and may need to be changed
[INFO] [stdout]    = note: the attribute macro `pymethods` may come from an old version of the `pyo3_macros` crate, try updating your dependency with `cargo update -p pyo3_macros`
[INFO] [stdout]    = note: an `impl` is never scoped, even when it is nested inside an item, as it may impact type checking outside of that item, which can be the case if neither the trait or the self type are at the same nesting level as the `impl`
[INFO] [stdout]    = note: this warning originates in the attribute macro `pymethods` (in Nightly builds, run with -Z macro-backtrace for more info)
[INFO] [stdout] 
[INFO] [stdout] 
[INFO] [stdout] warning: non-local `impl` definition, `impl` blocks should be written at the same level as their item
[INFO] [stdout]   --> src/print.rs:14:1
[INFO] [stdout]    |
[INFO] [stdout] 14 | #[pymethods]
[INFO] [stdout]    | ^-----------
[INFO] [stdout]    | |
[INFO] [stdout]    | move the `impl` block outside of this method `__delattr__` and up 2 bodies
[INFO] [stdout] 15 | impl ProgressSuspendPyFunc {
[INFO] [stdout]    |      --------------------- `ProgressSuspendPyFunc` is not local
[INFO] [stdout]    |
[INFO] [stdout]    = note: the attribute macro `pymethods` defines the non-local `impl`, and may need to be changed
[INFO] [stdout]    = note: the attribute macro `pymethods` may come from an old version of the `pyo3_macros` crate, try updating your dependency with `cargo update -p pyo3_macros`
[INFO] [stdout]    = note: an `impl` is never scoped, even when it is nested inside an item, as it may impact type checking outside of that item, which can be the case if neither the trait or the self type are at the same nesting level as the `impl`
[INFO] [stdout]    = note: this warning originates in the attribute macro `pymethods` (in Nightly builds, run with -Z macro-backtrace for more info)
[INFO] [stdout] 
[INFO] [stdout] 
[INFO] [stderr]     Finished `test` profile [unoptimized + debuginfo] target(s) in 32.07s
[INFO] running `Command { std: "docker" "inspect" "aa6083f8ceba139d0b3c7c662cc05aa966865a0a0b118008db4b8bda797f0d10", kill_on_drop: false }`
[INFO] running `Command { std: "docker" "rm" "-f" "aa6083f8ceba139d0b3c7c662cc05aa966865a0a0b118008db4b8bda797f0d10", kill_on_drop: false }`
[INFO] [stdout] aa6083f8ceba139d0b3c7c662cc05aa966865a0a0b118008db4b8bda797f0d10
[INFO] running `Command { std: "docker" "create" "-v" "/var/lib/crater-agent-workspace/builds/worker-1-tc2/target:/opt/rustwide/target:rw,Z" "-v" "/var/lib/crater-agent-workspace/builds/worker-1-tc2/source:/opt/rustwide/workdir:ro,Z" "-v" "/var/lib/crater-agent-workspace/cargo-home:/opt/rustwide/cargo-home:ro,Z" "-v" "/var/lib/crater-agent-workspace/rustup-home:/opt/rustwide/rustup-home:ro,Z" "-e" "SOURCE_DIR=/opt/rustwide/workdir" "-e" "CARGO_TARGET_DIR=/opt/rustwide/target" "-e" "CARGO_INCREMENTAL=0" "-e" "RUST_BACKTRACE=full" "-e" "RUSTFLAGS=--cap-lints=warn" "-e" "RUSTDOCFLAGS=--cap-lints=warn" "-e" "CARGO_HOME=/opt/rustwide/cargo-home" "-e" "RUSTUP_HOME=/opt/rustwide/rustup-home" "-w" "/opt/rustwide/workdir" "-m" "1610612736" "--user" "0:0" "--network" "none" "ghcr.io/rust-lang/crates-build-env/linux@sha256:f3a9d4ad9d972b27faf3965f35b62e55ba32bbce8f20bc8fe909558a86702fde" "/opt/rustwide/cargo-home/bin/cargo" "+beta-2024-12-08" "test" "--frozen", kill_on_drop: false }`
[INFO] [stdout] bb35fba1d75b72c13d28c2f773b6a7547fc66e2b02f6ef1ce65ff44271dc6375
[INFO] running `Command { std: "docker" "start" "-a" "bb35fba1d75b72c13d28c2f773b6a7547fc66e2b02f6ef1ce65ff44271dc6375", kill_on_drop: false }`
[INFO] [stderr] warning: non-local `impl` definition, `impl` blocks should be written at the same level as their item
[INFO] [stderr]   --> runner/src/ipython.rs:9:1
[INFO] [stderr]    |
[INFO] [stderr] 9  | #[pymethods]
[INFO] [stderr]    | ^-----------
[INFO] [stderr]    | |
[INFO] [stderr]    | move the `impl` block outside of this method `__getattr__` and up 2 bodies
[INFO] [stderr] 10 | impl IPython {
[INFO] [stderr]    |      ------- `IPython` is not local
[INFO] [stderr]    |
[INFO] [stderr]    = note: the attribute macro `pymethods` defines the non-local `impl`, and may need to be changed
[INFO] [stderr]    = note: the attribute macro `pymethods` may come from an old version of the `pyo3_macros` crate, try updating your dependency with `cargo update -p pyo3_macros`
[INFO] [stderr]    = note: an `impl` is never scoped, even when it is nested inside an item, as it may impact type checking outside of that item, which can be the case if neither the trait or the self type are at the same nesting level as the `impl`
[INFO] [stderr]    = note: `#[warn(non_local_definitions)]` on by default
[INFO] [stderr]    = note: this warning originates in the attribute macro `pymethods` (in Nightly builds, run with -Z macro-backtrace for more info)
[INFO] [stderr] 
[INFO] [stderr] warning: `aqora-runner` (lib) generated 1 warning
[INFO] [stderr] warning: non-local `impl` definition, `impl` blocks should be written at the same level as their item
[INFO] [stderr]   --> src/print.rs:14:1
[INFO] [stderr]    |
[INFO] [stderr] 14 | #[pymethods]
[INFO] [stderr]    | ^-----------
[INFO] [stderr]    | |
[INFO] [stderr]    | move the `impl` block outside of this method `__getattr__` and up 2 bodies
[INFO] [stderr] 15 | impl ProgressSuspendPyFunc {
[INFO] [stderr]    |      --------------------- `ProgressSuspendPyFunc` is not local
[INFO] [stderr]    |
[INFO] [stderr]    = note: the attribute macro `pymethods` defines the non-local `impl`, and may need to be changed
[INFO] [stderr]    = note: the attribute macro `pymethods` may come from an old version of the `pyo3_macros` crate, try updating your dependency with `cargo update -p pyo3_macros`
[INFO] [stderr]    = note: an `impl` is never scoped, even when it is nested inside an item, as it may impact type checking outside of that item, which can be the case if neither the trait or the self type are at the same nesting level as the `impl`
[INFO] [stderr]    = note: `#[warn(non_local_definitions)]` on by default
[INFO] [stderr]    = note: this warning originates in the attribute macro `pymethods` (in Nightly builds, run with -Z macro-backtrace for more info)
[INFO] [stderr] 
[INFO] [stderr] warning: non-local `impl` definition, `impl` blocks should be written at the same level as their item
[INFO] [stderr]   --> src/print.rs:14:1
[INFO] [stderr]    |
[INFO] [stderr] 14 | #[pymethods]
[INFO] [stderr]    | ^-----------
[INFO] [stderr]    | |
[INFO] [stderr]    | move the `impl` block outside of this method `__setattr__` and up 2 bodies
[INFO] [stderr] 15 | impl ProgressSuspendPyFunc {
[INFO] [stderr]    |      --------------------- `ProgressSuspendPyFunc` is not local
[INFO] [stderr]    |
[INFO] [stderr]    = note: the attribute macro `pymethods` defines the non-local `impl`, and may need to be changed
[INFO] [stderr]    = note: the attribute macro `pymethods` may come from an old version of the `pyo3_macros` crate, try updating your dependency with `cargo update -p pyo3_macros`
[INFO] [stderr]    = note: an `impl` is never scoped, even when it is nested inside an item, as it may impact type checking outside of that item, which can be the case if neither the trait or the self type are at the same nesting level as the `impl`
[INFO] [stderr]    = note: this warning originates in the attribute macro `pymethods` (in Nightly builds, run with -Z macro-backtrace for more info)
[INFO] [stderr] 
[INFO] [stderr] warning: non-local `impl` definition, `impl` blocks should be written at the same level as their item
[INFO] [stderr]   --> src/print.rs:14:1
[INFO] [stderr]    |
[INFO] [stderr] 14 | #[pymethods]
[INFO] [stderr]    | ^-----------
[INFO] [stderr]    | |
[INFO] [stderr]    | move the `impl` block outside of this method `__delattr__` and up 2 bodies
[INFO] [stderr] 15 | impl ProgressSuspendPyFunc {
[INFO] [stderr]    |      --------------------- `ProgressSuspendPyFunc` is not local
[INFO] [stderr]    |
[INFO] [stderr]    = note: the attribute macro `pymethods` defines the non-local `impl`, and may need to be changed
[INFO] [stderr]    = note: the attribute macro `pymethods` may come from an old version of the `pyo3_macros` crate, try updating your dependency with `cargo update -p pyo3_macros`
[INFO] [stderr]    = note: an `impl` is never scoped, even when it is nested inside an item, as it may impact type checking outside of that item, which can be the case if neither the trait or the self type are at the same nesting level as the `impl`
[INFO] [stderr]    = note: this warning originates in the attribute macro `pymethods` (in Nightly builds, run with -Z macro-backtrace for more info)
[INFO] [stderr] 
[INFO] [stderr] warning: `aqora` (lib) generated 3 warnings
[INFO] [stderr] warning: `aqora` (lib test) generated 3 warnings (3 duplicates)
[INFO] [stderr]     Finished `test` profile [unoptimized + debuginfo] target(s) in 0.86s
[INFO] [stderr]      Running unittests src/lib.rs (/opt/rustwide/target/debug/deps/aqora_cli-9be7d50a5112d85a)
[INFO] [stdout] 
[INFO] [stdout] running 4 tests
[INFO] [stdout] test ipynb::tests::test_ipynb_deserialization ... ok
[INFO] [stdout] test config::tests::test_read_config ... ok
[INFO] [stdout] test config::tests::test_write_config ... ok
[INFO] [stdout] test ipynb::tests::test_notebook_to_script ... FAILED
[INFO] [stdout] 
[INFO] [stdout] failures:
[INFO] [stdout] 
[INFO] [stdout] ---- ipynb::tests::test_notebook_to_script stdout ----
[INFO] [stdout] thread 'ipynb::tests::test_notebook_to_script' panicked at src/ipynb.rs:763:32:
[INFO] [stdout] called `Result::unwrap()` on an `Err` value: CannotFindBinaryPath
[INFO] [stdout] stack backtrace:
[INFO] [stdout]    0:     0x55cc57961e2a - std::backtrace_rs::backtrace::libunwind::trace::h8810477743020387
[INFO] [stdout]                                at /rustc/202008a1b8de96d2e5b6bc02d379db03a877d34d/library/std/src/../../backtrace/src/backtrace/libunwind.rs:116:5
[INFO] [stdout]    1:     0x55cc57961e2a - std::backtrace_rs::backtrace::trace_unsynchronized::h3aa55355dd6c54a6
[INFO] [stdout]                                at /rustc/202008a1b8de96d2e5b6bc02d379db03a877d34d/library/std/src/../../backtrace/src/backtrace/mod.rs:66:5
[INFO] [stdout]    2:     0x55cc57961e2a - std::sys::backtrace::_print_fmt::h8588b0f62410823f
[INFO] [stdout]                                at /rustc/202008a1b8de96d2e5b6bc02d379db03a877d34d/library/std/src/sys/backtrace.rs:66:9
[INFO] [stdout]    3:     0x55cc57961e2a - <std::sys::backtrace::BacktraceLock::print::DisplayBacktrace as core::fmt::Display>::fmt::h98c26ac25ffe89bb
[INFO] [stdout]                                at /rustc/202008a1b8de96d2e5b6bc02d379db03a877d34d/library/std/src/sys/backtrace.rs:39:26
[INFO] [stdout]    4:     0x55cc5798a9d3 - core::fmt::rt::Argument::fmt::hf95377f4aebd453b
[INFO] [stdout]                                at /rustc/202008a1b8de96d2e5b6bc02d379db03a877d34d/library/core/src/fmt/rt.rs:177:76
[INFO] [stdout]    5:     0x55cc5798a9d3 - core::fmt::write::h0dd5f6e2238c7982
[INFO] [stdout]                                at /rustc/202008a1b8de96d2e5b6bc02d379db03a877d34d/library/core/src/fmt/mod.rs:1189:21
[INFO] [stdout]    6:     0x55cc5795ea03 - std::io::Write::write_fmt::h03bb0ca26e6faf8c
[INFO] [stdout]                                at /rustc/202008a1b8de96d2e5b6bc02d379db03a877d34d/library/std/src/io/mod.rs:1884:15
[INFO] [stdout]    7:     0x55cc57961c72 - std::sys::backtrace::BacktraceLock::print::h5c19c1c038ee186d
[INFO] [stdout]                                at /rustc/202008a1b8de96d2e5b6bc02d379db03a877d34d/library/std/src/sys/backtrace.rs:42:9
[INFO] [stdout]    8:     0x55cc5796332d - std::panicking::default_hook::{{closure}}::h77172f079a1fcb13
[INFO] [stdout]                                at /rustc/202008a1b8de96d2e5b6bc02d379db03a877d34d/library/std/src/panicking.rs:268:22
[INFO] [stdout]    9:     0x55cc57963137 - std::panicking::default_hook::he5f8e3b203ccddba
[INFO] [stdout]                                at /rustc/202008a1b8de96d2e5b6bc02d379db03a877d34d/library/std/src/panicking.rs:292:9
[INFO] [stdout]   10:     0x55cc576a9777 - <alloc::boxed::Box<F,A> as core::ops::function::Fn<Args>>::call::h7a3c7b4a1ae77f2f
[INFO] [stdout]                                at /rustc/202008a1b8de96d2e5b6bc02d379db03a877d34d/library/alloc/src/boxed.rs:1986:9
[INFO] [stdout]   11:     0x55cc576a9777 - test::test_main::{{closure}}::hf0d3b69ae9b353d1
[INFO] [stdout]                                at /rustc/202008a1b8de96d2e5b6bc02d379db03a877d34d/library/test/src/lib.rs:134:21
[INFO] [stdout]   12:     0x55cc579639d8 - <alloc::boxed::Box<F,A> as core::ops::function::Fn<Args>>::call::h6332e82e7b189abd
[INFO] [stdout]                                at /rustc/202008a1b8de96d2e5b6bc02d379db03a877d34d/library/alloc/src/boxed.rs:1986:9
[INFO] [stdout]   13:     0x55cc579639d8 - std::panicking::rust_panic_with_hook::h53863d4e9018df39
[INFO] [stdout]                                at /rustc/202008a1b8de96d2e5b6bc02d379db03a877d34d/library/std/src/panicking.rs:809:13
[INFO] [stdout]   14:     0x55cc5796379a - std::panicking::begin_panic_handler::{{closure}}::h67280e6fa0757873
[INFO] [stdout]                                at /rustc/202008a1b8de96d2e5b6bc02d379db03a877d34d/library/std/src/panicking.rs:674:13
[INFO] [stdout]   15:     0x55cc57962309 - std::sys::backtrace::__rust_end_short_backtrace::h1dac3f54d6fbbeb2
[INFO] [stdout]                                at /rustc/202008a1b8de96d2e5b6bc02d379db03a877d34d/library/std/src/sys/backtrace.rs:170:18
[INFO] [stdout]   16:     0x55cc5796342c - rust_begin_unwind
[INFO] [stdout]                                at /rustc/202008a1b8de96d2e5b6bc02d379db03a877d34d/library/std/src/panicking.rs:665:5
[INFO] [stdout]   17:     0x55cc575a9290 - core::panicking::panic_fmt::h6792bd1b2bf01041
[INFO] [stdout]                                at /rustc/202008a1b8de96d2e5b6bc02d379db03a877d34d/library/core/src/panicking.rs:76:14
[INFO] [stdout]   18:     0x55cc575a9736 - core::result::unwrap_failed::h05e0602ed34287c5
[INFO] [stdout]                                at /rustc/202008a1b8de96d2e5b6bc02d379db03a877d34d/library/core/src/result.rs:1699:5
[INFO] [stdout]   19:     0x55cc57632fe4 - core::result::Result<T,E>::unwrap::h5b441cf6a98f3907
[INFO] [stdout]                                at /rustc/202008a1b8de96d2e5b6bc02d379db03a877d34d/library/core/src/result.rs:1104:23
[INFO] [stdout]   20:     0x55cc57632fe4 - aqora_cli::ipynb::tests::test_notebook_to_script::{{closure}}::h3d3c9f06dd27a283
[INFO] [stdout]                                at /opt/rustwide/workdir/src/ipynb.rs:763:13
[INFO] [stdout]   21:     0x55cc57604152 - <core::pin::Pin<P> as core::future::future::Future>::poll::hc2687c462c187998
[INFO] [stdout]                                at /rustc/202008a1b8de96d2e5b6bc02d379db03a877d34d/library/core/src/future/future.rs:124:9
[INFO] [stdout]   22:     0x55cc57603fcd - <core::pin::Pin<P> as core::future::future::Future>::poll::h13602408a443b4fd
[INFO] [stdout]                                at /rustc/202008a1b8de96d2e5b6bc02d379db03a877d34d/library/core/src/future/future.rs:124:9
[INFO] [stdout]   23:     0x55cc575e10cf - tokio::runtime::scheduler::current_thread::CoreGuard::block_on::{{closure}}::{{closure}}::{{closure}}::h6d08710c37f0ca38
[INFO] [stdout]                                at /opt/rustwide/cargo-home/registry/src/index.crates.io-6f17d22bba15001f/tokio-1.41.0/src/runtime/scheduler/current_thread/mod.rs:729:57
[INFO] [stdout]   24:     0x55cc575e0c65 - tokio::runtime::coop::with_budget::h38a4e38e3f6c05dc
[INFO] [stdout]                                at /opt/rustwide/cargo-home/registry/src/index.crates.io-6f17d22bba15001f/tokio-1.41.0/src/runtime/coop.rs:107:5
[INFO] [stdout]   25:     0x55cc575e0c65 - tokio::runtime::coop::budget::h8f5d3f731b4b33cc
[INFO] [stdout]                                at /opt/rustwide/cargo-home/registry/src/index.crates.io-6f17d22bba15001f/tokio-1.41.0/src/runtime/coop.rs:73:5
[INFO] [stdout]   26:     0x55cc575e0c65 - tokio::runtime::scheduler::current_thread::CoreGuard::block_on::{{closure}}::{{closure}}::h65153634b1f4276b
[INFO] [stdout]                                at /opt/rustwide/cargo-home/registry/src/index.crates.io-6f17d22bba15001f/tokio-1.41.0/src/runtime/scheduler/current_thread/mod.rs:729:25
[INFO] [stdout]   27:     0x55cc575dc040 - tokio::runtime::scheduler::current_thread::Context::enter::ha5a503a44f212e7a
[INFO] [stdout]                                at /opt/rustwide/cargo-home/registry/src/index.crates.io-6f17d22bba15001f/tokio-1.41.0/src/runtime/scheduler/current_thread/mod.rs:428:19
[INFO] [stdout]   28:     0x55cc575df09e - tokio::runtime::scheduler::current_thread::CoreGuard::block_on::{{closure}}::h79578cf814e613f8
[INFO] [stdout]                                at /opt/rustwide/cargo-home/registry/src/index.crates.io-6f17d22bba15001f/tokio-1.41.0/src/runtime/scheduler/current_thread/mod.rs:728:36
[INFO] [stdout]   29:     0x55cc575de3f4 - tokio::runtime::scheduler::current_thread::CoreGuard::enter::{{closure}}::ha42b1ee6c69caa1d
[INFO] [stdout]                                at /opt/rustwide/cargo-home/registry/src/index.crates.io-6f17d22bba15001f/tokio-1.41.0/src/runtime/scheduler/current_thread/mod.rs:807:68
[INFO] [stdout]   30:     0x55cc57649bcb - tokio::runtime::context::scoped::Scoped<T>::set::h578f876b957371b2
[INFO] [stdout]                                at /opt/rustwide/cargo-home/registry/src/index.crates.io-6f17d22bba15001f/tokio-1.41.0/src/runtime/context/scoped.rs:40:9
[INFO] [stdout]   31:     0x55cc575d8fd9 - tokio::runtime::context::set_scheduler::{{closure}}::he789611e67d837e2
[INFO] [stdout]                                at /opt/rustwide/cargo-home/registry/src/index.crates.io-6f17d22bba15001f/tokio-1.41.0/src/runtime/context.rs:180:26
[INFO] [stdout]   32:     0x55cc575e621d - std::thread::local::LocalKey<T>::try_with::hc1a9fd31d8114b41
[INFO] [stdout]                                at /rustc/202008a1b8de96d2e5b6bc02d379db03a877d34d/library/std/src/thread/local.rs:283:12
[INFO] [stdout]   33:     0x55cc575e479a - std::thread::local::LocalKey<T>::with::hca7f90649f2c378e
[INFO] [stdout]                                at /rustc/202008a1b8de96d2e5b6bc02d379db03a877d34d/library/std/src/thread/local.rs:260:9
[INFO] [stdout]   34:     0x55cc575d8dad - tokio::runtime::context::set_scheduler::h0deb83d340c763b2
[INFO] [stdout]                                at /opt/rustwide/cargo-home/registry/src/index.crates.io-6f17d22bba15001f/tokio-1.41.0/src/runtime/context.rs:180:9
[INFO] [stdout]   35:     0x55cc575ddc90 - tokio::runtime::scheduler::current_thread::CoreGuard::enter::h9493c6c89a90653b
[INFO] [stdout]                                at /opt/rustwide/cargo-home/registry/src/index.crates.io-6f17d22bba15001f/tokio-1.41.0/src/runtime/scheduler/current_thread/mod.rs:807:27
[INFO] [stdout]   36:     0x55cc575de413 - tokio::runtime::scheduler::current_thread::CoreGuard::block_on::h5bae1804de116cba
[INFO] [stdout]                                at /opt/rustwide/cargo-home/registry/src/index.crates.io-6f17d22bba15001f/tokio-1.41.0/src/runtime/scheduler/current_thread/mod.rs:716:19
[INFO] [stdout]   37:     0x55cc575da33f - tokio::runtime::scheduler::current_thread::CurrentThread::block_on::{{closure}}::hbb06d70092ffab6e
[INFO] [stdout]                                at /opt/rustwide/cargo-home/registry/src/index.crates.io-6f17d22bba15001f/tokio-1.41.0/src/runtime/scheduler/current_thread/mod.rs:196:28
[INFO] [stdout]   38:     0x55cc57602266 - tokio::runtime::context::runtime::enter_runtime::h53634f5e0fb07944
[INFO] [stdout]                                at /opt/rustwide/cargo-home/registry/src/index.crates.io-6f17d22bba15001f/tokio-1.41.0/src/runtime/context/runtime.rs:65:16
[INFO] [stdout]   39:     0x55cc575d9471 - tokio::runtime::scheduler::current_thread::CurrentThread::block_on::h5e9744624ea3f35f
[INFO] [stdout]                                at /opt/rustwide/cargo-home/registry/src/index.crates.io-6f17d22bba15001f/tokio-1.41.0/src/runtime/scheduler/current_thread/mod.rs:184:9
[INFO] [stdout]   40:     0x55cc5764a1c3 - tokio::runtime::runtime::Runtime::block_on_inner::hc0dda4c8514366ee
[INFO] [stdout]                                at /opt/rustwide/cargo-home/registry/src/index.crates.io-6f17d22bba15001f/tokio-1.41.0/src/runtime/runtime.rs:368:47
[INFO] [stdout]   41:     0x55cc5764a4d7 - tokio::runtime::runtime::Runtime::block_on::h0463dd6bf3d08c12
[INFO] [stdout]                                at /opt/rustwide/cargo-home/registry/src/index.crates.io-6f17d22bba15001f/tokio-1.41.0/src/runtime/runtime.rs:342:13
[INFO] [stdout]   42:     0x55cc57632b12 - aqora_cli::ipynb::tests::test_notebook_to_script::h531cf0a2a4745043
[INFO] [stdout]                                at /opt/rustwide/workdir/src/ipynb.rs:774:9
[INFO] [stdout]   43:     0x55cc576329b7 - aqora_cli::ipynb::tests::test_notebook_to_script::{{closure}}::hb8e82d5cd5295b6d
[INFO] [stdout]                                at /opt/rustwide/workdir/src/ipynb.rs:759:39
[INFO] [stdout]   44:     0x55cc576417c6 - core::ops::function::FnOnce::call_once::h8b5a382b3464a6ca
[INFO] [stdout]                                at /rustc/202008a1b8de96d2e5b6bc02d379db03a877d34d/library/core/src/ops/function.rs:250:5
[INFO] [stdout]   45:     0x55cc576ae29b - core::ops::function::FnOnce::call_once::h871bf86719ec9aa4
[INFO] [stdout]                                at /rustc/202008a1b8de96d2e5b6bc02d379db03a877d34d/library/core/src/ops/function.rs:250:5
[INFO] [stdout]   46:     0x55cc576ae29b - test::__rust_begin_short_backtrace::h2167df1e2b7d76fd
[INFO] [stdout]                                at /rustc/202008a1b8de96d2e5b6bc02d379db03a877d34d/library/test/src/lib.rs:632:18
[INFO] [stdout]   47:     0x55cc576adc88 - test::run_test_in_process::{{closure}}::h15d92f75a3adfb79
[INFO] [stdout]                                at /rustc/202008a1b8de96d2e5b6bc02d379db03a877d34d/library/test/src/lib.rs:655:60
[INFO] [stdout]   48:     0x55cc576adc88 - <core::panic::unwind_safe::AssertUnwindSafe<F> as core::ops::function::FnOnce<()>>::call_once::hb6c8955835a8dbbb
[INFO] [stdout]                                at /rustc/202008a1b8de96d2e5b6bc02d379db03a877d34d/library/core/src/panic/unwind_safe.rs:272:9
[INFO] [stdout]   49:     0x55cc576adc88 - std::panicking::try::do_call::hc79d0fc888a0bd30
[INFO] [stdout]                                at /rustc/202008a1b8de96d2e5b6bc02d379db03a877d34d/library/std/src/panicking.rs:557:40
[INFO] [stdout]   50:     0x55cc576adc88 - std::panicking::try::hb8a7878e3a8589d6
[INFO] [stdout]                                at /rustc/202008a1b8de96d2e5b6bc02d379db03a877d34d/library/std/src/panicking.rs:520:19
[INFO] [stdout]   51:     0x55cc576adc88 - std::panic::catch_unwind::hb8e4600ff0ff5cfa
[INFO] [stdout]                                at /rustc/202008a1b8de96d2e5b6bc02d379db03a877d34d/library/std/src/panic.rs:358:14
[INFO] [stdout]   52:     0x55cc576adc88 - test::run_test_in_process::hc2900b0b18688dd6
[INFO] [stdout]                                at /rustc/202008a1b8de96d2e5b6bc02d379db03a877d34d/library/test/src/lib.rs:655:27
[INFO] [stdout]   53:     0x55cc576adc88 - test::run_test::{{closure}}::hac2a9cb07be3d48d
[INFO] [stdout]                                at /rustc/202008a1b8de96d2e5b6bc02d379db03a877d34d/library/test/src/lib.rs:576:43
[INFO] [stdout]   54:     0x55cc5767172a - test::run_test::{{closure}}::h4a5b729e66a38cd8
[INFO] [stdout]                                at /rustc/202008a1b8de96d2e5b6bc02d379db03a877d34d/library/test/src/lib.rs:606:41
[INFO] [stdout]   55:     0x55cc5767172a - std::sys::backtrace::__rust_begin_short_backtrace::h0496fb742492f573
[INFO] [stdout]                                at /rustc/202008a1b8de96d2e5b6bc02d379db03a877d34d/library/std/src/sys/backtrace.rs:154:18
[INFO] [stdout]   56:     0x55cc576750a4 - std::thread::Builder::spawn_unchecked_::{{closure}}::{{closure}}::hbb6d257c550a54bd
[INFO] [stdout]                                at /rustc/202008a1b8de96d2e5b6bc02d379db03a877d34d/library/std/src/thread/mod.rs:561:17
[INFO] [stdout]   57:     0x55cc576750a4 - <core::panic::unwind_safe::AssertUnwindSafe<F> as core::ops::function::FnOnce<()>>::call_once::h46696fe4a6832328
[INFO] [stdout]                                at /rustc/202008a1b8de96d2e5b6bc02d379db03a877d34d/library/core/src/panic/unwind_safe.rs:272:9
[INFO] [stdout]   58:     0x55cc576750a4 - std::panicking::try::do_call::h2625a51b667bfb64
[INFO] [stdout]                                at /rustc/202008a1b8de96d2e5b6bc02d379db03a877d34d/library/std/src/panicking.rs:557:40
[INFO] [stdout]   59:     0x55cc576750a4 - std::panicking::try::hb956a59a1973aa4c
[INFO] [stdout]                                at /rustc/202008a1b8de96d2e5b6bc02d379db03a877d34d/library/std/src/panicking.rs:520:19
[INFO] [stdout]   60:     0x55cc576750a4 - std::panic::catch_unwind::h64f3b9d1067ef6a0
[INFO] [stdout]                                at /rustc/202008a1b8de96d2e5b6bc02d379db03a877d34d/library/std/src/panic.rs:358:14
[INFO] [stdout]   61:     0x55cc576750a4 - std::thread::Builder::spawn_unchecked_::{{closure}}::h42b2841295b6c0b2
[INFO] [stdout]                                at /rustc/202008a1b8de96d2e5b6bc02d379db03a877d34d/library/std/src/thread/mod.rs:559:30
[INFO] [stdout]   62:     0x55cc576750a4 - core::ops::function::FnOnce::call_once{{vtable.shim}}::h6127de71b8124639
[INFO] [stdout]                                at /rustc/202008a1b8de96d2e5b6bc02d379db03a877d34d/library/core/src/ops/function.rs:250:5
[INFO] [stdout]   63:     0x55cc579690cb - <alloc::boxed::Box<F,A> as core::ops::function::FnOnce<Args>>::call_once::h42f0ba71002a1b2c
[INFO] [stdout]                                at /rustc/202008a1b8de96d2e5b6bc02d379db03a877d34d/library/alloc/src/boxed.rs:1972:9
[INFO] [stdout]   64:     0x55cc579690cb - <alloc::boxed::Box<F,A> as core::ops::function::FnOnce<Args>>::call_once::had9e47d7a3dcecb8
[INFO] [stdout]                                at /rustc/202008a1b8de96d2e5b6bc02d379db03a877d34d/library/alloc/src/boxed.rs:1972:9
[INFO] [stdout]   65:     0x55cc579690cb - std::sys::pal::unix::thread::Thread::new::thread_start::h48cf765408f6f5f2
[INFO] [stdout]                                at /rustc/202008a1b8de96d2e5b6bc02d379db03a877d34d/library/std/src/sys/pal/unix/thread.rs:105:17
[INFO] [stdout]   66:     0x7c8369ea7ac3 - <unknown>
[INFO] [stdout]   67:     0x7c8369f38a04 - clone
[INFO] [stdout]   68:                0x0 - <unknown>
[INFO] [stdout] 
[INFO] [stdout] 
[INFO] [stdout] failures:
[INFO] [stdout]     ipynb::tests::test_notebook_to_script
[INFO] [stdout] 
[INFO] [stdout] test result: FAILED. 3 passed; 1 failed; 0 ignored; 0 measured; 0 filtered out; finished in 0.87s
[INFO] [stdout] 
[INFO] [stderr] error: test failed, to rerun pass `--lib`
[INFO] running `Command { std: "docker" "inspect" "bb35fba1d75b72c13d28c2f773b6a7547fc66e2b02f6ef1ce65ff44271dc6375", kill_on_drop: false }`
[INFO] running `Command { std: "docker" "rm" "-f" "bb35fba1d75b72c13d28c2f773b6a7547fc66e2b02f6ef1ce65ff44271dc6375", kill_on_drop: false }`
[INFO] [stdout] bb35fba1d75b72c13d28c2f773b6a7547fc66e2b02f6ef1ce65ff44271dc6375
