[INFO] cloning repository https://github.com/anphlax/naive-rabin-cryptosystem
[INFO] running `Command { std: "git" "-c" "credential.helper=" "-c" "credential.helper=/workspace/cargo-home/bin/git-credential-null" "clone" "--bare" "https://github.com/anphlax/naive-rabin-cryptosystem" "/workspace/cache/git-repos/https%3A%2F%2Fgithub.com%2Fanphlax%2Fnaive-rabin-cryptosystem", kill_on_drop: false }`
[INFO] [stderr] Cloning into bare repository '/workspace/cache/git-repos/https%3A%2F%2Fgithub.com%2Fanphlax%2Fnaive-rabin-cryptosystem'...
[INFO] running `Command { std: "git" "rev-parse" "HEAD", kill_on_drop: false }`
[INFO] [stdout] def7eaf74cf6cb2f2edf99359dc9c8f26fd58c42
[INFO] testing anphlax/naive-rabin-cryptosystem against beta-2024-12-08 for beta-1.84.0-4-retry
[INFO] running `Command { std: "git" "clone" "/workspace/cache/git-repos/https%3A%2F%2Fgithub.com%2Fanphlax%2Fnaive-rabin-cryptosystem" "/workspace/builds/worker-5-tc2/source", kill_on_drop: false }`
[INFO] [stderr] Cloning into '/workspace/builds/worker-5-tc2/source'...
[INFO] [stderr] done.
[INFO] validating manifest of git repo https://github.com/anphlax/naive-rabin-cryptosystem on toolchain beta-2024-12-08
[INFO] running `Command { std: CARGO_HOME="/workspace/cargo-home" RUSTUP_HOME="/workspace/rustup-home" "/workspace/cargo-home/bin/cargo" "+beta-2024-12-08" "metadata" "--manifest-path" "Cargo.toml" "--no-deps", kill_on_drop: false }`
[INFO] started tweaking git repo https://github.com/anphlax/naive-rabin-cryptosystem
[INFO] finished tweaking git repo https://github.com/anphlax/naive-rabin-cryptosystem
[INFO] tweaked toml for git repo https://github.com/anphlax/naive-rabin-cryptosystem written to /workspace/builds/worker-5-tc2/source/Cargo.toml
[INFO] crate git repo https://github.com/anphlax/naive-rabin-cryptosystem already has a lockfile, it will not be regenerated
[INFO] running `Command { std: CARGO_HOME="/workspace/cargo-home" RUSTUP_HOME="/workspace/rustup-home" "/workspace/cargo-home/bin/cargo" "+beta-2024-12-08" "fetch" "--manifest-path" "Cargo.toml", kill_on_drop: false }`
[INFO] running `Command { std: "docker" "create" "-v" "/var/lib/crater-agent-workspace/builds/worker-5-tc2/target:/opt/rustwide/target:rw,Z" "-v" "/var/lib/crater-agent-workspace/builds/worker-5-tc2/source:/opt/rustwide/workdir:ro,Z" "-v" "/var/lib/crater-agent-workspace/cargo-home:/opt/rustwide/cargo-home:ro,Z" "-v" "/var/lib/crater-agent-workspace/rustup-home:/opt/rustwide/rustup-home:ro,Z" "-e" "SOURCE_DIR=/opt/rustwide/workdir" "-e" "CARGO_TARGET_DIR=/opt/rustwide/target" "-e" "CARGO_HOME=/opt/rustwide/cargo-home" "-e" "RUSTUP_HOME=/opt/rustwide/rustup-home" "-w" "/opt/rustwide/workdir" "-m" "1610612736" "--user" "0:0" "--network" "none" "ghcr.io/rust-lang/crates-build-env/linux@sha256:f3a9d4ad9d972b27faf3965f35b62e55ba32bbce8f20bc8fe909558a86702fde" "/opt/rustwide/cargo-home/bin/cargo" "+beta-2024-12-08" "metadata" "--no-deps" "--format-version=1", kill_on_drop: false }`
[INFO] [stdout] 161ef98f2d8d3bb9ee61c8b4288a00fb60621fb32bcf7dbc5ddc2037e57c1555
[INFO] running `Command { std: "docker" "start" "-a" "161ef98f2d8d3bb9ee61c8b4288a00fb60621fb32bcf7dbc5ddc2037e57c1555", kill_on_drop: false }`
[INFO] running `Command { std: "docker" "inspect" "161ef98f2d8d3bb9ee61c8b4288a00fb60621fb32bcf7dbc5ddc2037e57c1555", kill_on_drop: false }`
[INFO] running `Command { std: "docker" "rm" "-f" "161ef98f2d8d3bb9ee61c8b4288a00fb60621fb32bcf7dbc5ddc2037e57c1555", kill_on_drop: false }`
[INFO] [stdout] 161ef98f2d8d3bb9ee61c8b4288a00fb60621fb32bcf7dbc5ddc2037e57c1555
[INFO] running `Command { std: "docker" "create" "-v" "/var/lib/crater-agent-workspace/builds/worker-5-tc2/target:/opt/rustwide/target:rw,Z" "-v" "/var/lib/crater-agent-workspace/builds/worker-5-tc2/source:/opt/rustwide/workdir:ro,Z" "-v" "/var/lib/crater-agent-workspace/cargo-home:/opt/rustwide/cargo-home:ro,Z" "-v" "/var/lib/crater-agent-workspace/rustup-home:/opt/rustwide/rustup-home:ro,Z" "-e" "SOURCE_DIR=/opt/rustwide/workdir" "-e" "CARGO_TARGET_DIR=/opt/rustwide/target" "-e" "CARGO_INCREMENTAL=0" "-e" "RUST_BACKTRACE=full" "-e" "RUSTFLAGS=--cap-lints=warn" "-e" "RUSTDOCFLAGS=--cap-lints=warn" "-e" "CARGO_HOME=/opt/rustwide/cargo-home" "-e" "RUSTUP_HOME=/opt/rustwide/rustup-home" "-w" "/opt/rustwide/workdir" "-m" "1610612736" "--user" "0:0" "--network" "none" "ghcr.io/rust-lang/crates-build-env/linux@sha256:f3a9d4ad9d972b27faf3965f35b62e55ba32bbce8f20bc8fe909558a86702fde" "/opt/rustwide/cargo-home/bin/cargo" "+beta-2024-12-08" "build" "--frozen" "--message-format=json", kill_on_drop: false }`
[INFO] [stdout] a24eeaf1ce62f414335669a07b94a7f1fefbbfc5da5dd6523382c4dd237fc921
[INFO] running `Command { std: "docker" "start" "-a" "a24eeaf1ce62f414335669a07b94a7f1fefbbfc5da5dd6523382c4dd237fc921", kill_on_drop: false }`
[INFO] [stderr]    Compiling proc-macro2 v1.0.92
[INFO] [stderr]    Compiling unicode-ident v1.0.14
[INFO] [stderr]    Compiling libc v0.2.167
[INFO] [stderr]    Compiling cfg-if v1.0.0
[INFO] [stderr]    Compiling autocfg v1.4.0
[INFO] [stderr]    Compiling byteorder v1.5.0
[INFO] [stderr]    Compiling crossbeam-utils v0.8.20
[INFO] [stderr]    Compiling memchr v2.7.4
[INFO] [stderr]    Compiling radium v0.7.0
[INFO] [stderr]    Compiling regex-syntax v0.8.5
[INFO] [stderr]    Compiling tap v1.0.1
[INFO] [stderr]    Compiling equivalent v1.0.1
[INFO] [stderr]    Compiling utf8parse v0.2.2
[INFO] [stderr]    Compiling foldhash v0.1.3
[INFO] [stderr]    Compiling rayon-core v1.12.1
[INFO] [stderr]    Compiling allocator-api2 v0.2.21
[INFO] [stderr]    Compiling num-traits v0.2.19
[INFO] [stderr]    Compiling anstyle-parse v0.2.6
[INFO] [stderr]    Compiling hashbrown v0.15.2
[INFO] [stderr]    Compiling aho-corasick v1.1.3
[INFO] [stderr]    Compiling quote v1.0.37
[INFO] [stderr]    Compiling crossbeam-epoch v0.9.18
[INFO] [stderr]    Compiling wyz v0.5.1
[INFO] [stderr]    Compiling getrandom v0.2.15
[INFO] [stderr]    Compiling log v0.4.22
[INFO] [stderr]    Compiling syn v2.0.90
[INFO] [stderr]    Compiling rand_core v0.6.4
[INFO] [stderr]    Compiling crossbeam-deque v0.8.5
[INFO] [stderr]    Compiling anstyle v1.0.10
[INFO] [stderr]    Compiling either v1.13.0
[INFO] [stderr]    Compiling funty v2.0.0
[INFO] [stderr]    Compiling is_terminal_polyfill v1.70.1
[INFO] [stderr]    Compiling anstyle-query v1.1.2
[INFO] [stderr]    Compiling colorchoice v1.0.3
[INFO] [stderr]    Compiling num-integer v0.1.46
[INFO] [stderr]    Compiling anstream v0.6.18
[INFO] [stderr]    Compiling lru v0.12.5
[INFO] [stderr]    Compiling humantime v2.1.0
[INFO] [stderr]    Compiling regex-automata v0.4.9
[INFO] [stderr]    Compiling bitvec v1.0.1
[INFO] [stderr]    Compiling base64 v0.22.1
[INFO] [stderr]    Compiling rayon v1.10.0
[INFO] [stderr]    Compiling zerocopy-derive v0.7.35
[INFO] [stderr]    Compiling regex v1.11.1
[INFO] [stderr]    Compiling zerocopy v0.7.35
[INFO] [stderr]    Compiling env_filter v0.1.2
[INFO] [stderr]    Compiling env_logger v0.11.5
[INFO] [stderr]    Compiling ppv-lite86 v0.2.20
[INFO] [stderr]    Compiling rand_chacha v0.3.1
[INFO] [stderr]    Compiling rand v0.8.5
[INFO] [stderr]    Compiling num-bigint v0.4.6
[INFO] [stderr]    Compiling num-modular v0.5.1
[INFO] [stderr]    Compiling num-prime v0.4.4
[INFO] [stderr]    Compiling naive-rabin-cryptosystem v0.1.0 (/opt/rustwide/workdir)
[INFO] [stdout] warning: unused import: `std::collections::HashMap`
[INFO] [stdout]  --> src/encoding.rs:2:5
[INFO] [stdout]   |
[INFO] [stdout] 2 | use std::collections::HashMap;
[INFO] [stdout]   |     ^^^^^^^^^^^^^^^^^^^^^^^^^
[INFO] [stdout]   |
[INFO] [stdout]   = note: `#[warn(unused_imports)]` on by default
[INFO] [stdout] 
[INFO] [stdout] 
[INFO] [stdout] warning: unused import: `warn`
[INFO] [stdout]  --> src/encoding.rs:8:17
[INFO] [stdout]   |
[INFO] [stdout] 8 | use log::{info, warn, error};
[INFO] [stdout]   |                 ^^^^
[INFO] [stdout] 
[INFO] [stdout] 
[INFO] [stdout] warning: unused import: `warn`
[INFO] [stdout]  --> src/main.rs:3:17
[INFO] [stdout]   |
[INFO] [stdout] 3 | use log::{info, warn};
[INFO] [stdout]   |                 ^^^^
[INFO] [stdout] 
[INFO] [stdout] 
[INFO] [stdout] warning: unused import: `num_bigint::ToBigInt`
[INFO] [stdout]  --> src/main.rs:5:5
[INFO] [stdout]   |
[INFO] [stdout] 5 | use num_bigint::ToBigInt;
[INFO] [stdout]   |     ^^^^^^^^^^^^^^^^^^^^
[INFO] [stdout] 
[INFO] [stdout] 
[INFO] [stdout] warning: unused import: `num_bigint::ToBigUint`
[INFO] [stdout]  --> src/main.rs:6:5
[INFO] [stdout]   |
[INFO] [stdout] 6 | use num_bigint::ToBigUint;
[INFO] [stdout]   |     ^^^^^^^^^^^^^^^^^^^^^
[INFO] [stdout] 
[INFO] [stdout] 
[INFO] [stdout] warning: unused import: `RandBigInt`
[INFO] [stdout]  --> src/main.rs:7:26
[INFO] [stdout]   |
[INFO] [stdout] 7 | use num_bigint::{BigInt, RandBigInt};
[INFO] [stdout]   |                          ^^^^^^^^^^
[INFO] [stdout] 
[INFO] [stdout] 
[INFO] [stdout] warning: function `gcd` is never used
[INFO] [stdout]   --> src/main.rs:33:4
[INFO] [stdout]    |
[INFO] [stdout] 33 | fn gcd(a: &BigInt, b: &BigInt) -> BigInt {
[INFO] [stdout]    |    ^^^
[INFO] [stdout]    |
[INFO] [stdout]    = note: `#[warn(dead_code)]` on by default
[INFO] [stdout] 
[INFO] [stdout] 
[INFO] [stdout] warning: constant `DEFAULT_SYMBOLS` is never used
[INFO] [stdout]  --> src/encoding.rs:5:11
[INFO] [stdout]   |
[INFO] [stdout] 5 | pub const DEFAULT_SYMBOLS: &str = "0123456789ABCDEFGHIJKLMNOPQRSTUVWXYZabcdefghijklmnopqrstuvwxyz(.,;:!?)[<+-*/=>]@| ";
[INFO] [stdout]   |           ^^^^^^^^^^^^^^^
[INFO] [stdout] 
[INFO] [stdout] 
[INFO] [stdout] warning: function `str2num` is never used
[INFO] [stdout]   --> src/encoding.rs:11:8
[INFO] [stdout]    |
[INFO] [stdout] 11 | pub fn str2num(s: &str, digitstring: &str) -> Option<BigInt> {
[INFO] [stdout]    |        ^^^^^^^
[INFO] [stdout] 
[INFO] [stdout] 
[INFO] [stdout] warning: function `num2str` is never used
[INFO] [stdout]   --> src/encoding.rs:28:8
[INFO] [stdout]    |
[INFO] [stdout] 28 | pub fn num2str(n: &BigInt, digitstring: &str) -> String {
[INFO] [stdout]    |        ^^^^^^^
[INFO] [stdout] 
[INFO] [stdout] 
[INFO] [stderr]     Finished `dev` profile [unoptimized + debuginfo] target(s) in 45.99s
[INFO] running `Command { std: "docker" "inspect" "a24eeaf1ce62f414335669a07b94a7f1fefbbfc5da5dd6523382c4dd237fc921", kill_on_drop: false }`
[INFO] running `Command { std: "docker" "rm" "-f" "a24eeaf1ce62f414335669a07b94a7f1fefbbfc5da5dd6523382c4dd237fc921", kill_on_drop: false }`
[INFO] [stdout] a24eeaf1ce62f414335669a07b94a7f1fefbbfc5da5dd6523382c4dd237fc921
[INFO] running `Command { std: "docker" "create" "-v" "/var/lib/crater-agent-workspace/builds/worker-5-tc2/target:/opt/rustwide/target:rw,Z" "-v" "/var/lib/crater-agent-workspace/builds/worker-5-tc2/source:/opt/rustwide/workdir:ro,Z" "-v" "/var/lib/crater-agent-workspace/cargo-home:/opt/rustwide/cargo-home:ro,Z" "-v" "/var/lib/crater-agent-workspace/rustup-home:/opt/rustwide/rustup-home:ro,Z" "-e" "SOURCE_DIR=/opt/rustwide/workdir" "-e" "CARGO_TARGET_DIR=/opt/rustwide/target" "-e" "CARGO_INCREMENTAL=0" "-e" "RUST_BACKTRACE=full" "-e" "RUSTFLAGS=--cap-lints=warn" "-e" "RUSTDOCFLAGS=--cap-lints=warn" "-e" "CARGO_HOME=/opt/rustwide/cargo-home" "-e" "RUSTUP_HOME=/opt/rustwide/rustup-home" "-w" "/opt/rustwide/workdir" "-m" "1610612736" "--user" "0:0" "--network" "none" "ghcr.io/rust-lang/crates-build-env/linux@sha256:f3a9d4ad9d972b27faf3965f35b62e55ba32bbce8f20bc8fe909558a86702fde" "/opt/rustwide/cargo-home/bin/cargo" "+beta-2024-12-08" "test" "--frozen" "--no-run" "--message-format=json", kill_on_drop: false }`
[INFO] [stdout] 17fe08974c9a115625f917ab9cad9993516af265039a3287d13c9d2ce22acbd4
[INFO] running `Command { std: "docker" "start" "-a" "17fe08974c9a115625f917ab9cad9993516af265039a3287d13c9d2ce22acbd4", kill_on_drop: false }`
[INFO] [stderr]    Compiling naive-rabin-cryptosystem v0.1.0 (/opt/rustwide/workdir)
[INFO] [stdout] warning: unused import: `std::collections::HashMap`
[INFO] [stdout]  --> src/encoding.rs:2:5
[INFO] [stdout]   |
[INFO] [stdout] 2 | use std::collections::HashMap;
[INFO] [stdout]   |     ^^^^^^^^^^^^^^^^^^^^^^^^^
[INFO] [stdout]   |
[INFO] [stdout]   = note: `#[warn(unused_imports)]` on by default
[INFO] [stdout] 
[INFO] [stdout] 
[INFO] [stdout] warning: unused import: `warn`
[INFO] [stdout]  --> src/encoding.rs:8:17
[INFO] [stdout]   |
[INFO] [stdout] 8 | use log::{info, warn, error};
[INFO] [stdout]   |                 ^^^^
[INFO] [stdout] 
[INFO] [stdout] 
[INFO] [stdout] warning: unused import: `warn`
[INFO] [stdout]  --> src/main.rs:3:17
[INFO] [stdout]   |
[INFO] [stdout] 3 | use log::{info, warn};
[INFO] [stdout]   |                 ^^^^
[INFO] [stdout] 
[INFO] [stdout] 
[INFO] [stdout] warning: unused import: `num_bigint::ToBigInt`
[INFO] [stdout]  --> src/main.rs:5:5
[INFO] [stdout]   |
[INFO] [stdout] 5 | use num_bigint::ToBigInt;
[INFO] [stdout]   |     ^^^^^^^^^^^^^^^^^^^^
[INFO] [stdout] 
[INFO] [stdout] 
[INFO] [stdout] warning: unused import: `num_bigint::ToBigUint`
[INFO] [stdout]  --> src/main.rs:6:5
[INFO] [stdout]   |
[INFO] [stdout] 6 | use num_bigint::ToBigUint;
[INFO] [stdout]   |     ^^^^^^^^^^^^^^^^^^^^^
[INFO] [stdout] 
[INFO] [stdout] 
[INFO] [stdout] warning: unused import: `RandBigInt`
[INFO] [stdout]  --> src/main.rs:7:26
[INFO] [stdout]   |
[INFO] [stdout] 7 | use num_bigint::{BigInt, RandBigInt};
[INFO] [stdout]   |                          ^^^^^^^^^^
[INFO] [stdout] 
[INFO] [stdout] 
[INFO] [stdout] warning: unused imports: `DEFAULT_SYMBOLS`, `num2str`, and `str2num`
[INFO] [stdout]    --> src/main.rs:131:27
[INFO] [stdout]     |
[INFO] [stdout] 131 |     use crate::encoding::{num2str, str2num, DEFAULT_SYMBOLS};
[INFO] [stdout]     |                           ^^^^^^^  ^^^^^^^  ^^^^^^^^^^^^^^^
[INFO] [stdout] 
[INFO] [stdout] 
[INFO] [stdout] warning: irrefutable `if let` pattern
[INFO] [stdout]    --> src/main.rs:310:16
[INFO] [stdout]     |
[INFO] [stdout] 310 |             if let decoded_text = num2str(candidate, DEFAULT_SYMBOLS) {
[INFO] [stdout]     |                ^^^^^^^^^^^^^^^^^^^^^^^^^^^^^^^^^^^^^^^^^^^^^^^^^^^^^^
[INFO] [stdout]     |
[INFO] [stdout]     = note: this pattern will always match, so the `if let` is useless
[INFO] [stdout]     = help: consider replacing the `if let` with a `let`
[INFO] [stdout]     = note: `#[warn(irrefutable_let_patterns)]` on by default
[INFO] [stdout] 
[INFO] [stdout] 
[INFO] [stdout] warning: function `gcd` is never used
[INFO] [stdout]   --> src/main.rs:33:4
[INFO] [stdout]    |
[INFO] [stdout] 33 | fn gcd(a: &BigInt, b: &BigInt) -> BigInt {
[INFO] [stdout]    |    ^^^
[INFO] [stdout]    |
[INFO] [stdout]    = note: `#[warn(dead_code)]` on by default
[INFO] [stdout] 
[INFO] [stdout] 
[INFO] [stderr]     Finished `test` profile [unoptimized + debuginfo] target(s) in 2.11s
[INFO] running `Command { std: "docker" "inspect" "17fe08974c9a115625f917ab9cad9993516af265039a3287d13c9d2ce22acbd4", kill_on_drop: false }`
[INFO] running `Command { std: "docker" "rm" "-f" "17fe08974c9a115625f917ab9cad9993516af265039a3287d13c9d2ce22acbd4", kill_on_drop: false }`
[INFO] [stdout] 17fe08974c9a115625f917ab9cad9993516af265039a3287d13c9d2ce22acbd4
[INFO] running `Command { std: "docker" "create" "-v" "/var/lib/crater-agent-workspace/builds/worker-5-tc2/target:/opt/rustwide/target:rw,Z" "-v" "/var/lib/crater-agent-workspace/builds/worker-5-tc2/source:/opt/rustwide/workdir:ro,Z" "-v" "/var/lib/crater-agent-workspace/cargo-home:/opt/rustwide/cargo-home:ro,Z" "-v" "/var/lib/crater-agent-workspace/rustup-home:/opt/rustwide/rustup-home:ro,Z" "-e" "SOURCE_DIR=/opt/rustwide/workdir" "-e" "CARGO_TARGET_DIR=/opt/rustwide/target" "-e" "CARGO_INCREMENTAL=0" "-e" "RUST_BACKTRACE=full" "-e" "RUSTFLAGS=--cap-lints=warn" "-e" "RUSTDOCFLAGS=--cap-lints=warn" "-e" "CARGO_HOME=/opt/rustwide/cargo-home" "-e" "RUSTUP_HOME=/opt/rustwide/rustup-home" "-w" "/opt/rustwide/workdir" "-m" "1610612736" "--user" "0:0" "--network" "none" "ghcr.io/rust-lang/crates-build-env/linux@sha256:f3a9d4ad9d972b27faf3965f35b62e55ba32bbce8f20bc8fe909558a86702fde" "/opt/rustwide/cargo-home/bin/cargo" "+beta-2024-12-08" "test" "--frozen", kill_on_drop: false }`
[INFO] [stdout] 29be336cb5d113dc296a0a48a225143ebb1f498f68a99be5cc79218bb32327ff
[INFO] running `Command { std: "docker" "start" "-a" "29be336cb5d113dc296a0a48a225143ebb1f498f68a99be5cc79218bb32327ff", kill_on_drop: false }`
[INFO] [stderr] warning: unused import: `std::collections::HashMap`
[INFO] [stderr]  --> src/encoding.rs:2:5
[INFO] [stderr]   |
[INFO] [stderr] 2 | use std::collections::HashMap;
[INFO] [stderr]   |     ^^^^^^^^^^^^^^^^^^^^^^^^^
[INFO] [stderr]   |
[INFO] [stderr]   = note: `#[warn(unused_imports)]` on by default
[INFO] [stderr] 
[INFO] [stderr] warning: unused import: `warn`
[INFO] [stderr]  --> src/encoding.rs:8:17
[INFO] [stderr]   |
[INFO] [stderr] 8 | use log::{info, warn, error};
[INFO] [stderr]   |                 ^^^^
[INFO] [stderr] 
[INFO] [stderr] warning: unused import: `warn`
[INFO] [stderr]  --> src/main.rs:3:17
[INFO] [stderr]   |
[INFO] [stderr] 3 | use log::{info, warn};
[INFO] [stderr]   |                 ^^^^
[INFO] [stderr] 
[INFO] [stderr] warning: unused import: `num_bigint::ToBigInt`
[INFO] [stderr]  --> src/main.rs:5:5
[INFO] [stderr]   |
[INFO] [stderr] 5 | use num_bigint::ToBigInt;
[INFO] [stderr]   |     ^^^^^^^^^^^^^^^^^^^^
[INFO] [stderr] 
[INFO] [stderr] warning: unused import: `num_bigint::ToBigUint`
[INFO] [stderr]  --> src/main.rs:6:5
[INFO] [stderr]   |
[INFO] [stderr] 6 | use num_bigint::ToBigUint;
[INFO] [stderr]   |     ^^^^^^^^^^^^^^^^^^^^^
[INFO] [stderr] 
[INFO] [stderr] warning: unused import: `RandBigInt`
[INFO] [stderr]  --> src/main.rs:7:26
[INFO] [stderr]   |
[INFO] [stderr] 7 | use num_bigint::{BigInt, RandBigInt};
[INFO] [stderr]   |                          ^^^^^^^^^^
[INFO] [stderr] 
[INFO] [stderr] warning: unused imports: `DEFAULT_SYMBOLS`, `num2str`, and `str2num`
[INFO] [stderr]    --> src/main.rs:131:27
[INFO] [stderr]     |
[INFO] [stderr] 131 |     use crate::encoding::{num2str, str2num, DEFAULT_SYMBOLS};
[INFO] [stderr]     |                           ^^^^^^^  ^^^^^^^  ^^^^^^^^^^^^^^^
[INFO] [stderr] 
[INFO] [stderr] warning: irrefutable `if let` pattern
[INFO] [stderr]    --> src/main.rs:310:16
[INFO] [stderr]     |
[INFO] [stderr] 310 |             if let decoded_text = num2str(candidate, DEFAULT_SYMBOLS) {
[INFO] [stderr]     |                ^^^^^^^^^^^^^^^^^^^^^^^^^^^^^^^^^^^^^^^^^^^^^^^^^^^^^^
[INFO] [stderr]     |
[INFO] [stderr]     = note: this pattern will always match, so the `if let` is useless
[INFO] [stderr]     = help: consider replacing the `if let` with a `let`
[INFO] [stderr]     = note: `#[warn(irrefutable_let_patterns)]` on by default
[INFO] [stderr] 
[INFO] [stderr] warning: function `gcd` is never used
[INFO] [stderr]   --> src/main.rs:33:4
[INFO] [stderr]    |
[INFO] [stderr] 33 | fn gcd(a: &BigInt, b: &BigInt) -> BigInt {
[INFO] [stderr]    |    ^^^
[INFO] [stderr]    |
[INFO] [stderr]    = note: `#[warn(dead_code)]` on by default
[INFO] [stderr] 
[INFO] [stderr] warning: `naive-rabin-cryptosystem` (bin "naive-rabin-cryptosystem" test) generated 9 warnings (run `cargo fix --bin "naive-rabin-cryptosystem" --tests` to apply 7 suggestions)
[INFO] [stderr]     Finished `test` profile [unoptimized + debuginfo] target(s) in 0.07s
[INFO] [stderr]      Running unittests src/main.rs (/opt/rustwide/target/debug/deps/naive_rabin_cryptosystem-292086818e9f326b)
[INFO] [stdout] 
[INFO] [stdout] running 11 tests
[INFO] [stdout] test encoding::tests::test_str2num_and_num2str_round_trip ... ok
[INFO] [stdout] test encoding::tests::test_maximum_value ... ok
[INFO] [stdout] test encoding::tests::test_str2num_basic ... ok
[INFO] [stdout] test encoding::tests::test_num2str_basic ... ok
[INFO] [stdout] test encoding::tests::num2str_simple ... ok
[INFO] [stdout] test tests::test_decrypt_exercise_message ... FAILED
[INFO] [stdout] test tests::test_encrypt_produces_expected_ciphertext ... ok
[INFO] [stdout] test tests::test_decrypt_candidates ... ok
[INFO] [stdout] test tests::test_compute_candidates ... ok
[INFO] [stdout] test tests::test_encrypt_with_string_encoding ... ok
[INFO] [stdout] test tests::test_encrypt_decrypt_message ... FAILED
[INFO] [stdout] 
[INFO] [stdout] failures:
[INFO] [stdout] 
[INFO] [stdout] ---- tests::test_decrypt_exercise_message stdout ----
[INFO] [stdout] Decrypted candidate: |7)m/vuJYQcjR.bbd13SCBQnP0([>qvIAK:?YBfJfOynd07LO|pfz;OJ6[+]
[INFO] [stdout] Decrypted candidate: 2|[D@owKY+GiZr!J2z]Q?C)0b.P[ry[@G9LCqlfYuo:ZdUujF,uViUfX;m0)L
[INFO] [stdout] Decrypted candidate: -|7)m/vuJYQcjR.bbd13SCBQnP0([>qvIAK:?YBfJfOynd07LO|pfz;OJ6[+]
[INFO] [stdout] Decrypted candidate: 4>3<Dc9o-w)diRUB>v|Xgb9rsVRWVqCTqT(,PX,ZDpX*uQuxwWrqj+80LzypD
[INFO] [stdout] thread 'tests::test_decrypt_exercise_message' panicked at src/main.rs:284:9:
[INFO] [stdout] None of the decrypted candidates matched the expected plaintext
[INFO] [stdout] stack backtrace:
[INFO] [stdout]    0:     0x5ec0c36d0bfa - std::backtrace_rs::backtrace::libunwind::trace::h8810477743020387
[INFO] [stdout]                                at /rustc/202008a1b8de96d2e5b6bc02d379db03a877d34d/library/std/src/../../backtrace/src/backtrace/libunwind.rs:116:5
[INFO] [stdout]    1:     0x5ec0c36d0bfa - std::backtrace_rs::backtrace::trace_unsynchronized::h3aa55355dd6c54a6
[INFO] [stdout]                                at /rustc/202008a1b8de96d2e5b6bc02d379db03a877d34d/library/std/src/../../backtrace/src/backtrace/mod.rs:66:5
[INFO] [stdout]    2:     0x5ec0c36d0bfa - std::sys::backtrace::_print_fmt::h8588b0f62410823f
[INFO] [stdout]                                at /rustc/202008a1b8de96d2e5b6bc02d379db03a877d34d/library/std/src/sys/backtrace.rs:66:9
[INFO] [stdout]    3:     0x5ec0c36d0bfa - <std::sys::backtrace::BacktraceLock::print::DisplayBacktrace as core::fmt::Display>::fmt::h98c26ac25ffe89bb
[INFO] [stdout]                                at /rustc/202008a1b8de96d2e5b6bc02d379db03a877d34d/library/std/src/sys/backtrace.rs:39:26
[INFO] [stdout]    4:     0x5ec0c36f68a3 - core::fmt::rt::Argument::fmt::hf95377f4aebd453b
[INFO] [stdout]                                at /rustc/202008a1b8de96d2e5b6bc02d379db03a877d34d/library/core/src/fmt/rt.rs:177:76
[INFO] [stdout]    5:     0x5ec0c36f68a3 - core::fmt::write::h0dd5f6e2238c7982
[INFO] [stdout]                                at /rustc/202008a1b8de96d2e5b6bc02d379db03a877d34d/library/core/src/fmt/mod.rs:1189:21
[INFO] [stdout]    6:     0x5ec0c36cdd23 - std::io::Write::write_fmt::h03bb0ca26e6faf8c
[INFO] [stdout]                                at /rustc/202008a1b8de96d2e5b6bc02d379db03a877d34d/library/std/src/io/mod.rs:1884:15
[INFO] [stdout]    7:     0x5ec0c36d0a42 - std::sys::backtrace::BacktraceLock::print::h5c19c1c038ee186d
[INFO] [stdout]                                at /rustc/202008a1b8de96d2e5b6bc02d379db03a877d34d/library/std/src/sys/backtrace.rs:42:9
[INFO] [stdout]    8:     0x5ec0c36d207d - std::panicking::default_hook::{{closure}}::h77172f079a1fcb13
[INFO] [stdout]                                at /rustc/202008a1b8de96d2e5b6bc02d379db03a877d34d/library/std/src/panicking.rs:268:22
[INFO] [stdout]    9:     0x5ec0c36d1e87 - std::panicking::default_hook::he5f8e3b203ccddba
[INFO] [stdout]                                at /rustc/202008a1b8de96d2e5b6bc02d379db03a877d34d/library/std/src/panicking.rs:292:9
[INFO] [stdout]   10:     0x5ec0c35fee97 - <alloc::boxed::Box<F,A> as core::ops::function::Fn<Args>>::call::h7a3c7b4a1ae77f2f
[INFO] [stdout]                                at /rustc/202008a1b8de96d2e5b6bc02d379db03a877d34d/library/alloc/src/boxed.rs:1986:9
[INFO] [stdout]   11:     0x5ec0c35fee97 - test::test_main::{{closure}}::hf0d3b69ae9b353d1
[INFO] [stdout]                                at /rustc/202008a1b8de96d2e5b6bc02d379db03a877d34d/library/test/src/lib.rs:134:21
[INFO] [stdout]   12:     0x5ec0c36d2728 - <alloc::boxed::Box<F,A> as core::ops::function::Fn<Args>>::call::h6332e82e7b189abd
[INFO] [stdout]                                at /rustc/202008a1b8de96d2e5b6bc02d379db03a877d34d/library/alloc/src/boxed.rs:1986:9
[INFO] [stdout]   13:     0x5ec0c36d2728 - std::panicking::rust_panic_with_hook::h53863d4e9018df39
[INFO] [stdout]                                at /rustc/202008a1b8de96d2e5b6bc02d379db03a877d34d/library/std/src/panicking.rs:809:13
[INFO] [stdout]   14:     0x5ec0c36d24b6 - std::panicking::begin_panic_handler::{{closure}}::h67280e6fa0757873
[INFO] [stdout]                                at /rustc/202008a1b8de96d2e5b6bc02d379db03a877d34d/library/std/src/panicking.rs:667:13
[INFO] [stdout]   15:     0x5ec0c36d10d9 - std::sys::backtrace::__rust_end_short_backtrace::h1dac3f54d6fbbeb2
[INFO] [stdout]                                at /rustc/202008a1b8de96d2e5b6bc02d379db03a877d34d/library/std/src/sys/backtrace.rs:170:18
[INFO] [stdout]   16:     0x5ec0c36d217c - rust_begin_unwind
[INFO] [stdout]                                at /rustc/202008a1b8de96d2e5b6bc02d379db03a877d34d/library/std/src/panicking.rs:665:5
[INFO] [stdout]   17:     0x5ec0c359b030 - core::panicking::panic_fmt::h6792bd1b2bf01041
[INFO] [stdout]                                at /rustc/202008a1b8de96d2e5b6bc02d379db03a877d34d/library/core/src/panicking.rs:76:14
[INFO] [stdout]   18:     0x5ec0c35a12c5 - naive_rabin_cryptosystem::tests::test_decrypt_exercise_message::h40ffc97e3e17ab4e
[INFO] [stdout]                                at /opt/rustwide/workdir/src/main.rs:284:9
[INFO] [stdout]   19:     0x5ec0c35a0dd7 - naive_rabin_cryptosystem::tests::test_decrypt_exercise_message::{{closure}}::h08b83343460162ec
[INFO] [stdout]                                at /opt/rustwide/workdir/src/main.rs:243:39
[INFO] [stdout]   20:     0x5ec0c35b66e6 - core::ops::function::FnOnce::call_once::h1137de11ed120bff
[INFO] [stdout]                                at /rustc/202008a1b8de96d2e5b6bc02d379db03a877d34d/library/core/src/ops/function.rs:250:5
[INFO] [stdout]   21:     0x5ec0c36039bb - core::ops::function::FnOnce::call_once::h871bf86719ec9aa4
[INFO] [stdout]                                at /rustc/202008a1b8de96d2e5b6bc02d379db03a877d34d/library/core/src/ops/function.rs:250:5
[INFO] [stdout]   22:     0x5ec0c36039bb - test::__rust_begin_short_backtrace::h2167df1e2b7d76fd
[INFO] [stdout]                                at /rustc/202008a1b8de96d2e5b6bc02d379db03a877d34d/library/test/src/lib.rs:632:18
[INFO] [stdout]   23:     0x5ec0c36033a8 - test::run_test_in_process::{{closure}}::h15d92f75a3adfb79
[INFO] [stdout]                                at /rustc/202008a1b8de96d2e5b6bc02d379db03a877d34d/library/test/src/lib.rs:655:60
[INFO] [stdout]   24:     0x5ec0c36033a8 - <core::panic::unwind_safe::AssertUnwindSafe<F> as core::ops::function::FnOnce<()>>::call_once::hb6c8955835a8dbbb
[INFO] [stdout]                                at /rustc/202008a1b8de96d2e5b6bc02d379db03a877d34d/library/core/src/panic/unwind_safe.rs:272:9
[INFO] [stdout]   25:     0x5ec0c36033a8 - std::panicking::try::do_call::hc79d0fc888a0bd30
[INFO] [stdout]                                at /rustc/202008a1b8de96d2e5b6bc02d379db03a877d34d/library/std/src/panicking.rs:557:40
[INFO] [stdout]   26:     0x5ec0c36033a8 - std::panicking::try::hb8a7878e3a8589d6
[INFO] [stdout]                                at /rustc/202008a1b8de96d2e5b6bc02d379db03a877d34d/library/std/src/panicking.rs:520:19
[INFO] [stdout]   27:     0x5ec0c36033a8 - std::panic::catch_unwind::hb8e4600ff0ff5cfa
[INFO] [stdout]                                at /rustc/202008a1b8de96d2e5b6bc02d379db03a877d34d/library/std/src/panic.rs:358:14
[INFO] [stdout]   28:     0x5ec0c36033a8 - test::run_test_in_process::hc2900b0b18688dd6
[INFO] [stdout]                                at /rustc/202008a1b8de96d2e5b6bc02d379db03a877d34d/library/test/src/lib.rs:655:27
[INFO] [stdout]   29:     0x5ec0c36033a8 - test::run_test::{{closure}}::hac2a9cb07be3d48d
[INFO] [stdout]                                at /rustc/202008a1b8de96d2e5b6bc02d379db03a877d34d/library/test/src/lib.rs:576:43
[INFO] [stdout]   30:     0x5ec0c35c6e4a - test::run_test::{{closure}}::h4a5b729e66a38cd8
[INFO] [stdout]                                at /rustc/202008a1b8de96d2e5b6bc02d379db03a877d34d/library/test/src/lib.rs:606:41
[INFO] [stdout]   31:     0x5ec0c35c6e4a - std::sys::backtrace::__rust_begin_short_backtrace::h0496fb742492f573
[INFO] [stdout]                                at /rustc/202008a1b8de96d2e5b6bc02d379db03a877d34d/library/std/src/sys/backtrace.rs:154:18
[INFO] [stdout]   32:     0x5ec0c35ca7c4 - std::thread::Builder::spawn_unchecked_::{{closure}}::{{closure}}::hbb6d257c550a54bd
[INFO] [stdout]                                at /rustc/202008a1b8de96d2e5b6bc02d379db03a877d34d/library/std/src/thread/mod.rs:561:17
[INFO] [stdout]   33:     0x5ec0c35ca7c4 - <core::panic::unwind_safe::AssertUnwindSafe<F> as core::ops::function::FnOnce<()>>::call_once::h46696fe4a6832328
[INFO] [stdout]                                at /rustc/202008a1b8de96d2e5b6bc02d379db03a877d34d/library/core/src/panic/unwind_safe.rs:272:9
[INFO] [stdout]   34:     0x5ec0c35ca7c4 - std::panicking::try::do_call::h2625a51b667bfb64
[INFO] [stdout]                                at /rustc/202008a1b8de96d2e5b6bc02d379db03a877d34d/library/std/src/panicking.rs:557:40
[INFO] [stdout]   35:     0x5ec0c35ca7c4 - std::panicking::try::hb956a59a1973aa4c
[INFO] [stdout]                                at /rustc/202008a1b8de96d2e5b6bc02d379db03a877d34d/library/std/src/panicking.rs:520:19
[INFO] [stdout]   36:     0x5ec0c35ca7c4 - std::panic::catch_unwind::h64f3b9d1067ef6a0
[INFO] [stdout]                                at /rustc/202008a1b8de96d2e5b6bc02d379db03a877d34d/library/std/src/panic.rs:358:14
[INFO] [stdout]   37:     0x5ec0c35ca7c4 - std::thread::Builder::spawn_unchecked_::{{closure}}::h42b2841295b6c0b2
[INFO] [stdout]                                at /rustc/202008a1b8de96d2e5b6bc02d379db03a877d34d/library/std/src/thread/mod.rs:559:30
[INFO] [stdout]   38:     0x5ec0c35ca7c4 - core::ops::function::FnOnce::call_once{{vtable.shim}}::h6127de71b8124639
[INFO] [stdout]                                at /rustc/202008a1b8de96d2e5b6bc02d379db03a877d34d/library/core/src/ops/function.rs:250:5
[INFO] [stdout]   39:     0x5ec0c36d676b - <alloc::boxed::Box<F,A> as core::ops::function::FnOnce<Args>>::call_once::h42f0ba71002a1b2c
[INFO] [stdout]                                at /rustc/202008a1b8de96d2e5b6bc02d379db03a877d34d/library/alloc/src/boxed.rs:1972:9
[INFO] [stdout]   40:     0x5ec0c36d676b - <alloc::boxed::Box<F,A> as core::ops::function::FnOnce<Args>>::call_once::had9e47d7a3dcecb8
[INFO] [stdout]                                at /rustc/202008a1b8de96d2e5b6bc02d379db03a877d34d/library/alloc/src/boxed.rs:1972:9
[INFO] [stdout]   41:     0x5ec0c36d676b - std::sys::pal::unix::thread::Thread::new::thread_start::h48cf765408f6f5f2
[INFO] [stdout]                                at /rustc/202008a1b8de96d2e5b6bc02d379db03a877d34d/library/std/src/sys/pal/unix/thread.rs:105:17
[INFO] [stdout]   42:     0x7fc7d5bd2ac3 - <unknown>
[INFO] [stdout]   43:     0x7fc7d5c63a04 - clone
[INFO] [stdout]   44:                0x0 - <unknown>
[INFO] [stdout] 
[INFO] [stdout] ---- tests::test_encrypt_decrypt_message stdout ----
[INFO] [stdout] Decrypted candidate: 2ruIjS@.I.][wKGGWD*C|>vtk1YM<WBZ>L|*17rc||fqF-tDa:1X!Cd; oQREp>YIh;:E6MH2y16G/MaiY)Q@quhRVl+g/o3tOQU6;1]p7zB|4MXudsAwd*k<1m>TQ/5jkv:a!0,)!XZobNtYz3Nek)nKuLFVDC;F
[INFO] [stdout] Decrypted candidate: 22fzqdkHN7*!f7fjazfk oY05yf|Dr|qReTMd-||PhNCpsT@-8?KouN81YFj1W(VYRfMdUQ!dP1]0S*aDq/puIY//RU-]aVU1Q?n/e.<ehqyI(>aEQixILR]Ty9STcZAzfu8 1@6(ep:t<|Nw[R?,7p5KjLiUsL[0
[INFO] [stdout] Decrypted candidate: -2ruIjS@.I.][wKGGWD*C|>vtk1YM<WBZ>L|*17rc||fqF-tDa:1X!Cd; oQREp>YIh;:E6MH2y16G/MaiY)Q@quhRVl+g/o3tOQU6;1]p7zB|4MXudsAwd*k<1m>TQ/5jkv:a!0,)!XZobNtYz3Nek)nKuLFVDC;F
[INFO] [stdout] Decrypted candidate: 7R+GzFfzyr?i/l-]J7P+@f!TF.Sh*aLgI2R6g7N=NeOZ1bwO,w<6K Kw0q?HUsrH<X8+!g<Ji.48YFbRKeoNpf;|m8it0NnbT/dS76!,yxB2E<eLjN[|rJD87.PJ6ALL[r7x+r|scBat*,jqkSYX.JQLz/./A|laU
[INFO] [stdout] thread 'tests::test_encrypt_decrypt_message' panicked at src/main.rs:319:9:
[INFO] [stdout] None of the decrypted candidates matched the original message
[INFO] [stdout] stack backtrace:
[INFO] [stdout]    0:     0x5ec0c36d0bfa - std::backtrace_rs::backtrace::libunwind::trace::h8810477743020387
[INFO] [stdout]                                at /rustc/202008a1b8de96d2e5b6bc02d379db03a877d34d/library/std/src/../../backtrace/src/backtrace/libunwind.rs:116:5
[INFO] [stdout]    1:     0x5ec0c36d0bfa - std::backtrace_rs::backtrace::trace_unsynchronized::h3aa55355dd6c54a6
[INFO] [stdout]                                at /rustc/202008a1b8de96d2e5b6bc02d379db03a877d34d/library/std/src/../../backtrace/src/backtrace/mod.rs:66:5
[INFO] [stdout]    2:     0x5ec0c36d0bfa - std::sys::backtrace::_print_fmt::h8588b0f62410823f
[INFO] [stdout]                                at /rustc/202008a1b8de96d2e5b6bc02d379db03a877d34d/library/std/src/sys/backtrace.rs:66:9
[INFO] [stdout]    3:     0x5ec0c36d0bfa - <std::sys::backtrace::BacktraceLock::print::DisplayBacktrace as core::fmt::Display>::fmt::h98c26ac25ffe89bb
[INFO] [stdout]                                at /rustc/202008a1b8de96d2e5b6bc02d379db03a877d34d/library/std/src/sys/backtrace.rs:39:26
[INFO] [stdout]    4:     0x5ec0c36f68a3 - core::fmt::rt::Argument::fmt::hf95377f4aebd453b
[INFO] [stdout]                                at /rustc/202008a1b8de96d2e5b6bc02d379db03a877d34d/library/core/src/fmt/rt.rs:177:76
[INFO] [stdout]    5:     0x5ec0c36f68a3 - core::fmt::write::h0dd5f6e2238c7982
[INFO] [stdout]                                at /rustc/202008a1b8de96d2e5b6bc02d379db03a877d34d/library/core/src/fmt/mod.rs:1189:21
[INFO] [stdout]    6:     0x5ec0c36cdd23 - std::io::Write::write_fmt::h03bb0ca26e6faf8c
[INFO] [stdout]                                at /rustc/202008a1b8de96d2e5b6bc02d379db03a877d34d/library/std/src/io/mod.rs:1884:15
[INFO] [stdout]    7:     0x5ec0c36d0a42 - std::sys::backtrace::BacktraceLock::print::h5c19c1c038ee186d
[INFO] [stdout]                                at /rustc/202008a1b8de96d2e5b6bc02d379db03a877d34d/library/std/src/sys/backtrace.rs:42:9
[INFO] [stdout]    8:     0x5ec0c36d207d - std::panicking::default_hook::{{closure}}::h77172f079a1fcb13
[INFO] [stdout]                                at /rustc/202008a1b8de96d2e5b6bc02d379db03a877d34d/library/std/src/panicking.rs:268:22
[INFO] [stdout]    9:     0x5ec0c36d1e87 - std::panicking::default_hook::he5f8e3b203ccddba
[INFO] [stdout]                                at /rustc/202008a1b8de96d2e5b6bc02d379db03a877d34d/library/std/src/panicking.rs:292:9
[INFO] [stdout]   10:     0x5ec0c35fee97 - <alloc::boxed::Box<F,A> as core::ops::function::Fn<Args>>::call::h7a3c7b4a1ae77f2f
[INFO] [stdout]                                at /rustc/202008a1b8de96d2e5b6bc02d379db03a877d34d/library/alloc/src/boxed.rs:1986:9
[INFO] [stdout]   11:     0x5ec0c35fee97 - test::test_main::{{closure}}::hf0d3b69ae9b353d1
[INFO] [stdout]                                at /rustc/202008a1b8de96d2e5b6bc02d379db03a877d34d/library/test/src/lib.rs:134:21
[INFO] [stdout]   12:     0x5ec0c36d2728 - <alloc::boxed::Box<F,A> as core::ops::function::Fn<Args>>::call::h6332e82e7b189abd
[INFO] [stdout]                                at /rustc/202008a1b8de96d2e5b6bc02d379db03a877d34d/library/alloc/src/boxed.rs:1986:9
[INFO] [stdout]   13:     0x5ec0c36d2728 - std::panicking::rust_panic_with_hook::h53863d4e9018df39
[INFO] [stdout]                                at /rustc/202008a1b8de96d2e5b6bc02d379db03a877d34d/library/std/src/panicking.rs:809:13
[INFO] [stdout]   14:     0x5ec0c36d24b6 - std::panicking::begin_panic_handler::{{closure}}::h67280e6fa0757873
[INFO] [stdout]                                at /rustc/202008a1b8de96d2e5b6bc02d379db03a877d34d/library/std/src/panicking.rs:667:13
[INFO] [stdout]   15:     0x5ec0c36d10d9 - std::sys::backtrace::__rust_end_short_backtrace::h1dac3f54d6fbbeb2
[INFO] [stdout]                                at /rustc/202008a1b8de96d2e5b6bc02d379db03a877d34d/library/std/src/sys/backtrace.rs:170:18
[INFO] [stdout]   16:     0x5ec0c36d217c - rust_begin_unwind
[INFO] [stdout]                                at /rustc/202008a1b8de96d2e5b6bc02d379db03a877d34d/library/std/src/panicking.rs:665:5
[INFO] [stdout]   17:     0x5ec0c359b030 - core::panicking::panic_fmt::h6792bd1b2bf01041
[INFO] [stdout]                                at /rustc/202008a1b8de96d2e5b6bc02d379db03a877d34d/library/core/src/panicking.rs:76:14
[INFO] [stdout]   18:     0x5ec0c35a178a - naive_rabin_cryptosystem::tests::test_encrypt_decrypt_message::h86c7e28998e1e150
[INFO] [stdout]                                at /opt/rustwide/workdir/src/main.rs:319:9
[INFO] [stdout]   19:     0x5ec0c35a1357 - naive_rabin_cryptosystem::tests::test_encrypt_decrypt_message::{{closure}}::h5ec435baa4dfce45
[INFO] [stdout]                                at /opt/rustwide/workdir/src/main.rs:291:38
[INFO] [stdout]   20:     0x5ec0c35b6bf6 - core::ops::function::FnOnce::call_once::hc1f83e7a3f88e17d
[INFO] [stdout]                                at /rustc/202008a1b8de96d2e5b6bc02d379db03a877d34d/library/core/src/ops/function.rs:250:5
[INFO] [stdout]   21:     0x5ec0c36039bb - core::ops::function::FnOnce::call_once::h871bf86719ec9aa4
[INFO] [stdout]                                at /rustc/202008a1b8de96d2e5b6bc02d379db03a877d34d/library/core/src/ops/function.rs:250:5
[INFO] [stdout]   22:     0x5ec0c36039bb - test::__rust_begin_short_backtrace::h2167df1e2b7d76fd
[INFO] [stdout]                                at /rustc/202008a1b8de96d2e5b6bc02d379db03a877d34d/library/test/src/lib.rs:632:18
[INFO] [stdout]   23:     0x5ec0c36033a8 - test::run_test_in_process::{{closure}}::h15d92f75a3adfb79
[INFO] [stdout]                                at /rustc/202008a1b8de96d2e5b6bc02d379db03a877d34d/library/test/src/lib.rs:655:60
[INFO] [stdout]   24:     0x5ec0c36033a8 - <core::panic::unwind_safe::AssertUnwindSafe<F> as core::ops::function::FnOnce<()>>::call_once::hb6c8955835a8dbbb
[INFO] [stdout]                                at /rustc/202008a1b8de96d2e5b6bc02d379db03a877d34d/library/core/src/panic/unwind_safe.rs:272:9
[INFO] [stdout]   25:     0x5ec0c36033a8 - std::panicking::try::do_call::hc79d0fc888a0bd30
[INFO] [stdout]                                at /rustc/202008a1b8de96d2e5b6bc02d379db03a877d34d/library/std/src/panicking.rs:557:40
[INFO] [stdout]   26:     0x5ec0c36033a8 - std::panicking::try::hb8a7878e3a8589d6
[INFO] [stdout]                                at /rustc/202008a1b8de96d2e5b6bc02d379db03a877d34d/library/std/src/panicking.rs:520:19
[INFO] [stdout]   27:     0x5ec0c36033a8 - std::panic::catch_unwind::hb8e4600ff0ff5cfa
[INFO] [stdout]                                at /rustc/202008a1b8de96d2e5b6bc02d379db03a877d34d/library/std/src/panic.rs:358:14
[INFO] [stdout]   28:     0x5ec0c36033a8 - test::run_test_in_process::hc2900b0b18688dd6
[INFO] [stdout]                                at /rustc/202008a1b8de96d2e5b6bc02d379db03a877d34d/library/test/src/lib.rs:655:27
[INFO] [stdout]   29:     0x5ec0c36033a8 - test::run_test::{{closure}}::hac2a9cb07be3d48d
[INFO] [stdout]                                at /rustc/202008a1b8de96d2e5b6bc02d379db03a877d34d/library/test/src/lib.rs:576:43
[INFO] [stdout]   30:     0x5ec0c35c6e4a - test::run_test::{{closure}}::h4a5b729e66a38cd8
[INFO] [stdout]                                at /rustc/202008a1b8de96d2e5b6bc02d379db03a877d34d/library/test/src/lib.rs:606:41
[INFO] [stdout]   31:     0x5ec0c35c6e4a - std::sys::backtrace::__rust_begin_short_backtrace::h0496fb742492f573
[INFO] [stdout]                                at /rustc/202008a1b8de96d2e5b6bc02d379db03a877d34d/library/std/src/sys/backtrace.rs:154:18
[INFO] [stdout]   32:     0x5ec0c35ca7c4 - std::thread::Builder::spawn_unchecked_::{{closure}}::{{closure}}::hbb6d257c550a54bd
[INFO] [stdout]                                at /rustc/202008a1b8de96d2e5b6bc02d379db03a877d34d/library/std/src/thread/mod.rs:561:17
[INFO] [stdout]   33:     0x5ec0c35ca7c4 - <core::panic::unwind_safe::AssertUnwindSafe<F> as core::ops::function::FnOnce<()>>::call_once::h46696fe4a6832328
[INFO] [stdout]                                at /rustc/202008a1b8de96d2e5b6bc02d379db03a877d34d/library/core/src/panic/unwind_safe.rs:272:9
[INFO] [stdout]   34:     0x5ec0c35ca7c4 - std::panicking::try::do_call::h2625a51b667bfb64
[INFO] [stdout]                                at /rustc/202008a1b8de96d2e5b6bc02d379db03a877d34d/library/std/src/panicking.rs:557:40
[INFO] [stdout]   35:     0x5ec0c35ca7c4 - std::panicking::try::hb956a59a1973aa4c
[INFO] [stdout]                                at /rustc/202008a1b8de96d2e5b6bc02d379db03a877d34d/library/std/src/panicking.rs:520:19
[INFO] [stdout]   36:     0x5ec0c35ca7c4 - std::panic::catch_unwind::h64f3b9d1067ef6a0
[INFO] [stdout]                                at /rustc/202008a1b8de96d2e5b6bc02d379db03a877d34d/library/std/src/panic.rs:358:14
[INFO] [stdout]   37:     0x5ec0c35ca7c4 - std::thread::Builder::spawn_unchecked_::{{closure}}::h42b2841295b6c0b2
[INFO] [stdout]                                at /rustc/202008a1b8de96d2e5b6bc02d379db03a877d34d/library/std/src/thread/mod.rs:559:30
[INFO] [stdout]   38:     0x5ec0c35ca7c4 - core::ops::function::FnOnce::call_once{{vtable.shim}}::h6127de71b8124639
[INFO] [stdout]                                at /rustc/202008a1b8de96d2e5b6bc02d379db03a877d34d/library/core/src/ops/function.rs:250:5
[INFO] [stdout]   39:     0x5ec0c36d676b - <alloc::boxed::Box<F,A> as core::ops::function::FnOnce<Args>>::call_once::h42f0ba71002a1b2c
[INFO] [stdout]                                at /rustc/202008a1b8de96d2e5b6bc02d379db03a877d34d/library/alloc/src/boxed.rs:1972:9
[INFO] [stdout]   40:     0x5ec0c36d676b - <alloc::boxed::Box<F,A> as core::ops::function::FnOnce<Args>>::call_once::had9e47d7a3dcecb8
[INFO] [stdout]                                at /rustc/202008a1b8de96d2e5b6bc02d379db03a877d34d/library/alloc/src/boxed.rs:1972:9
[INFO] [stdout]   41:     0x5ec0c36d676b - std::sys::pal::unix::thread::Thread::new::thread_start::h48cf765408f6f5f2
[INFO] [stdout]                                at /rustc/202008a1b8de96d2e5b6bc02d379db03a877d34d/library/std/src/sys/pal/unix/thread.rs:105:17
[INFO] [stdout]   42:     0x7fc7d5bd2ac3 - <unknown>
[INFO] [stdout]   43:     0x7fc7d5c63a04 - clone
[INFO] [stdout]   44:                0x0 - <unknown>
[INFO] [stdout] 
[INFO] [stdout] 
[INFO] [stdout] failures:
[INFO] [stdout]     tests::test_decrypt_exercise_message
[INFO] [stdout]     tests::test_encrypt_decrypt_message
[INFO] [stdout] 
[INFO] [stdout] test result: FAILED. 9 passed; 2 failed; 0 ignored; 0 measured; 0 filtered out; finished in 20.10s
[INFO] [stdout] 
[INFO] [stderr] error: test failed, to rerun pass `--bin naive-rabin-cryptosystem`
[INFO] running `Command { std: "docker" "inspect" "29be336cb5d113dc296a0a48a225143ebb1f498f68a99be5cc79218bb32327ff", kill_on_drop: false }`
[INFO] running `Command { std: "docker" "rm" "-f" "29be336cb5d113dc296a0a48a225143ebb1f498f68a99be5cc79218bb32327ff", kill_on_drop: false }`
[INFO] [stdout] 29be336cb5d113dc296a0a48a225143ebb1f498f68a99be5cc79218bb32327ff
