[INFO] cloning repository https://github.com/anlijiu/can-dbc-wasm
[INFO] running `Command { std: "git" "-c" "credential.helper=" "-c" "credential.helper=/workspace/cargo-home/bin/git-credential-null" "clone" "--bare" "https://github.com/anlijiu/can-dbc-wasm" "/workspace/cache/git-repos/https%3A%2F%2Fgithub.com%2Fanlijiu%2Fcan-dbc-wasm", kill_on_drop: false }`
[INFO] [stderr] Cloning into bare repository '/workspace/cache/git-repos/https%3A%2F%2Fgithub.com%2Fanlijiu%2Fcan-dbc-wasm'...
[INFO] running `Command { std: "git" "rev-parse" "HEAD", kill_on_drop: false }`
[INFO] [stdout] f0230f0bd4fd40468e1e0a9b6ae52e53a0f2f319
[INFO] testing anlijiu/can-dbc-wasm against 1.83.0 for beta-1.84.0-4-retry
[INFO] running `Command { std: "git" "clone" "/workspace/cache/git-repos/https%3A%2F%2Fgithub.com%2Fanlijiu%2Fcan-dbc-wasm" "/workspace/builds/worker-0-tc1/source", kill_on_drop: false }`
[INFO] [stderr] Cloning into '/workspace/builds/worker-0-tc1/source'...
[INFO] [stderr] done.
[INFO] validating manifest of git repo https://github.com/anlijiu/can-dbc-wasm on toolchain 1.83.0
[INFO] running `Command { std: CARGO_HOME="/workspace/cargo-home" RUSTUP_HOME="/workspace/rustup-home" "/workspace/cargo-home/bin/cargo" "+1.83.0" "metadata" "--manifest-path" "Cargo.toml" "--no-deps", kill_on_drop: false }`
[INFO] started tweaking git repo https://github.com/anlijiu/can-dbc-wasm
[INFO] finished tweaking git repo https://github.com/anlijiu/can-dbc-wasm
[INFO] tweaked toml for git repo https://github.com/anlijiu/can-dbc-wasm written to /workspace/builds/worker-0-tc1/source/Cargo.toml
[INFO] crate git repo https://github.com/anlijiu/can-dbc-wasm already has a lockfile, it will not be regenerated
[INFO] running `Command { std: CARGO_HOME="/workspace/cargo-home" RUSTUP_HOME="/workspace/rustup-home" "/workspace/cargo-home/bin/cargo" "+1.83.0" "fetch" "--manifest-path" "Cargo.toml", kill_on_drop: false }`
[INFO] [stderr]  Downloading crates ...
[INFO] [stderr]   Downloaded derive-getters v0.2.0
[INFO] running `Command { std: "docker" "create" "-v" "/var/lib/crater-agent-workspace/builds/worker-0-tc1/target:/opt/rustwide/target:rw,Z" "-v" "/var/lib/crater-agent-workspace/builds/worker-0-tc1/source:/opt/rustwide/workdir:ro,Z" "-v" "/var/lib/crater-agent-workspace/cargo-home:/opt/rustwide/cargo-home:ro,Z" "-v" "/var/lib/crater-agent-workspace/rustup-home:/opt/rustwide/rustup-home:ro,Z" "-e" "SOURCE_DIR=/opt/rustwide/workdir" "-e" "CARGO_TARGET_DIR=/opt/rustwide/target" "-e" "CARGO_HOME=/opt/rustwide/cargo-home" "-e" "RUSTUP_HOME=/opt/rustwide/rustup-home" "-w" "/opt/rustwide/workdir" "-m" "1610612736" "--user" "0:0" "--network" "none" "ghcr.io/rust-lang/crates-build-env/linux@sha256:f3a9d4ad9d972b27faf3965f35b62e55ba32bbce8f20bc8fe909558a86702fde" "/opt/rustwide/cargo-home/bin/cargo" "+1.83.0" "metadata" "--no-deps" "--format-version=1", kill_on_drop: false }`
[INFO] [stdout] 9af61aa7cdda5b71a86acf7d4ff797f90cd6a3e7496b598aa5066ad357e678d1
[INFO] running `Command { std: "docker" "start" "-a" "9af61aa7cdda5b71a86acf7d4ff797f90cd6a3e7496b598aa5066ad357e678d1", kill_on_drop: false }`
[INFO] running `Command { std: "docker" "inspect" "9af61aa7cdda5b71a86acf7d4ff797f90cd6a3e7496b598aa5066ad357e678d1", kill_on_drop: false }`
[INFO] running `Command { std: "docker" "rm" "-f" "9af61aa7cdda5b71a86acf7d4ff797f90cd6a3e7496b598aa5066ad357e678d1", kill_on_drop: false }`
[INFO] [stdout] 9af61aa7cdda5b71a86acf7d4ff797f90cd6a3e7496b598aa5066ad357e678d1
[INFO] running `Command { std: "docker" "create" "-v" "/var/lib/crater-agent-workspace/builds/worker-0-tc1/target:/opt/rustwide/target:rw,Z" "-v" "/var/lib/crater-agent-workspace/builds/worker-0-tc1/source:/opt/rustwide/workdir:ro,Z" "-v" "/var/lib/crater-agent-workspace/cargo-home:/opt/rustwide/cargo-home:ro,Z" "-v" "/var/lib/crater-agent-workspace/rustup-home:/opt/rustwide/rustup-home:ro,Z" "-e" "SOURCE_DIR=/opt/rustwide/workdir" "-e" "CARGO_TARGET_DIR=/opt/rustwide/target" "-e" "CARGO_INCREMENTAL=0" "-e" "RUST_BACKTRACE=full" "-e" "RUSTFLAGS=--cap-lints=warn" "-e" "RUSTDOCFLAGS=--cap-lints=warn" "-e" "CARGO_HOME=/opt/rustwide/cargo-home" "-e" "RUSTUP_HOME=/opt/rustwide/rustup-home" "-w" "/opt/rustwide/workdir" "-m" "1610612736" "--user" "0:0" "--network" "none" "ghcr.io/rust-lang/crates-build-env/linux@sha256:f3a9d4ad9d972b27faf3965f35b62e55ba32bbce8f20bc8fe909558a86702fde" "/opt/rustwide/cargo-home/bin/cargo" "+1.83.0" "build" "--frozen" "--message-format=json", kill_on_drop: false }`
[INFO] [stdout] 5c15b66e95a21466d8d0f408547e15273ed7c580ac664b81d3cb1b90003a3295
[INFO] running `Command { std: "docker" "start" "-a" "5c15b66e95a21466d8d0f408547e15273ed7c580ac664b81d3cb1b90003a3295", kill_on_drop: false }`
[INFO] [stderr]    Compiling proc-macro2 v1.0.51
[INFO] [stderr]    Compiling unicode-ident v1.0.6
[INFO] [stderr]    Compiling quote v1.0.23
[INFO] [stderr]    Compiling syn v1.0.109
[INFO] [stderr]    Compiling wasm-bindgen-shared v0.2.84
[INFO] [stderr]    Compiling log v0.4.17
[INFO] [stderr]    Compiling bumpalo v3.12.0
[INFO] [stderr]    Compiling once_cell v1.17.1
[INFO] [stderr]    Compiling wasm-bindgen v0.2.84
[INFO] [stderr]    Compiling serde v1.0.152
[INFO] [stderr]    Compiling memchr v2.5.0
[INFO] [stderr]    Compiling serde_json v1.0.93
[INFO] [stderr]    Compiling serde_derive v1.0.152
[INFO] [stderr]    Compiling ryu v1.0.12
[INFO] [stderr]    Compiling itoa v1.0.5
[INFO] [stderr]    Compiling minimal-lexical v0.2.1
[INFO] [stderr]    Compiling nom v7.1.3
[INFO] [stderr]    Compiling wasm-bindgen-backend v0.2.84
[INFO] [stderr]    Compiling derive-getters v0.2.0
[INFO] [stderr]    Compiling wasm-bindgen-macro-support v0.2.84
[INFO] [stderr]    Compiling wasm-bindgen-macro v0.2.84
[INFO] [stderr]    Compiling js-sys v0.3.61
[INFO] [stderr]    Compiling serde-wasm-bindgen v0.4.5
[INFO] [stderr]    Compiling can-dbc-wasm v0.1.0 (/opt/rustwide/workdir)
[INFO] [stderr]     Finished `dev` profile [unoptimized + debuginfo] target(s) in 33.51s
[INFO] [stderr] warning: the following packages contain code that will be rejected by a future version of Rust: wasm-bindgen v0.2.84
[INFO] [stderr] note: to see what the problems were, use the option `--future-incompat-report`, or run `cargo report future-incompatibilities --id 1`
[INFO] running `Command { std: "docker" "inspect" "5c15b66e95a21466d8d0f408547e15273ed7c580ac664b81d3cb1b90003a3295", kill_on_drop: false }`
[INFO] running `Command { std: "docker" "rm" "-f" "5c15b66e95a21466d8d0f408547e15273ed7c580ac664b81d3cb1b90003a3295", kill_on_drop: false }`
[INFO] [stdout] 5c15b66e95a21466d8d0f408547e15273ed7c580ac664b81d3cb1b90003a3295
[INFO] running `Command { std: "docker" "create" "-v" "/var/lib/crater-agent-workspace/builds/worker-0-tc1/target:/opt/rustwide/target:rw,Z" "-v" "/var/lib/crater-agent-workspace/builds/worker-0-tc1/source:/opt/rustwide/workdir:ro,Z" "-v" "/var/lib/crater-agent-workspace/cargo-home:/opt/rustwide/cargo-home:ro,Z" "-v" "/var/lib/crater-agent-workspace/rustup-home:/opt/rustwide/rustup-home:ro,Z" "-e" "SOURCE_DIR=/opt/rustwide/workdir" "-e" "CARGO_TARGET_DIR=/opt/rustwide/target" "-e" "CARGO_INCREMENTAL=0" "-e" "RUST_BACKTRACE=full" "-e" "RUSTFLAGS=--cap-lints=warn" "-e" "RUSTDOCFLAGS=--cap-lints=warn" "-e" "CARGO_HOME=/opt/rustwide/cargo-home" "-e" "RUSTUP_HOME=/opt/rustwide/rustup-home" "-w" "/opt/rustwide/workdir" "-m" "1610612736" "--user" "0:0" "--network" "none" "ghcr.io/rust-lang/crates-build-env/linux@sha256:f3a9d4ad9d972b27faf3965f35b62e55ba32bbce8f20bc8fe909558a86702fde" "/opt/rustwide/cargo-home/bin/cargo" "+1.83.0" "test" "--frozen" "--no-run" "--message-format=json", kill_on_drop: false }`
[INFO] [stdout] 8d246887e7cb8251d3eb4f976876206b5464421bd0725b06cedef540ef37883c
[INFO] running `Command { std: "docker" "start" "-a" "8d246887e7cb8251d3eb4f976876206b5464421bd0725b06cedef540ef37883c", kill_on_drop: false }`
[INFO] [stderr]    Compiling can-dbc-wasm v0.1.0 (/opt/rustwide/workdir)
[INFO] [stderr]     Finished `test` profile [unoptimized + debuginfo] target(s) in 3.63s
[INFO] [stderr] warning: the following packages contain code that will be rejected by a future version of Rust: wasm-bindgen v0.2.84
[INFO] [stderr] note: to see what the problems were, use the option `--future-incompat-report`, or run `cargo report future-incompatibilities --id 1`
[INFO] running `Command { std: "docker" "inspect" "8d246887e7cb8251d3eb4f976876206b5464421bd0725b06cedef540ef37883c", kill_on_drop: false }`
[INFO] running `Command { std: "docker" "rm" "-f" "8d246887e7cb8251d3eb4f976876206b5464421bd0725b06cedef540ef37883c", kill_on_drop: false }`
[INFO] [stdout] 8d246887e7cb8251d3eb4f976876206b5464421bd0725b06cedef540ef37883c
[INFO] running `Command { std: "docker" "create" "-v" "/var/lib/crater-agent-workspace/builds/worker-0-tc1/target:/opt/rustwide/target:rw,Z" "-v" "/var/lib/crater-agent-workspace/builds/worker-0-tc1/source:/opt/rustwide/workdir:ro,Z" "-v" "/var/lib/crater-agent-workspace/cargo-home:/opt/rustwide/cargo-home:ro,Z" "-v" "/var/lib/crater-agent-workspace/rustup-home:/opt/rustwide/rustup-home:ro,Z" "-e" "SOURCE_DIR=/opt/rustwide/workdir" "-e" "CARGO_TARGET_DIR=/opt/rustwide/target" "-e" "CARGO_INCREMENTAL=0" "-e" "RUST_BACKTRACE=full" "-e" "RUSTFLAGS=--cap-lints=warn" "-e" "RUSTDOCFLAGS=--cap-lints=warn" "-e" "CARGO_HOME=/opt/rustwide/cargo-home" "-e" "RUSTUP_HOME=/opt/rustwide/rustup-home" "-w" "/opt/rustwide/workdir" "-m" "1610612736" "--user" "0:0" "--network" "none" "ghcr.io/rust-lang/crates-build-env/linux@sha256:f3a9d4ad9d972b27faf3965f35b62e55ba32bbce8f20bc8fe909558a86702fde" "/opt/rustwide/cargo-home/bin/cargo" "+1.83.0" "test" "--frozen", kill_on_drop: false }`
[INFO] [stdout] 633499df59416de5262501005cf6301b09de1609955d82b05e188a8336f19150
[INFO] running `Command { std: "docker" "start" "-a" "633499df59416de5262501005cf6301b09de1609955d82b05e188a8336f19150", kill_on_drop: false }`
[INFO] [stderr]     Finished `test` profile [unoptimized + debuginfo] target(s) in 0.06s
[INFO] [stderr] warning: the following packages contain code that will be rejected by a future version of Rust: wasm-bindgen v0.2.84
[INFO] [stderr] note: to see what the problems were, use the option `--future-incompat-report`, or run `cargo report future-incompatibilities --id 1`
[INFO] [stderr]      Running unittests src/lib.rs (/opt/rustwide/target/debug/deps/can_dbc_wasm-fa85ead57965d508)
[INFO] [stdout] 
[INFO] [stdout] running 49 tests
[INFO] [stdout] test parser::tests::attribute_value_f64_test ... ok
[INFO] [stdout] test parser::tests::c_ident_test ... ok
[INFO] [stdout] test parser::tests::char_string_test ... ok
[INFO] [stdout] test parser::tests::c_ident_vec_test ... ok
[INFO] [stdout] test parser::tests::empty_network_node_test ... ok
[INFO] [stdout] test parser::tests::byte_order_test ... ok
[INFO] [stdout] test parser::tests::env_var_comment_test ... ok
[INFO] [stdout] test parser::tests::env_var_attribute_value_test ... ok
[INFO] [stdout] test parser::tests::environment_variable_test ... ok
[INFO] [stdout] test parser::tests::envvar_data_test ... ok
[INFO] [stdout] test parser::tests::message_definition_attribute_value_test ... ok
[INFO] [stdout] test parser::tests::message_definition_comment_test ... ok
[INFO] [stdout] test parser::tests::extended_multiplex_test ... ok
[INFO] [stdout] test parser::tests::multiplexer_indicator_test ... ok
[INFO] [stdout] test parser::tests::message_transmitters_test ... ok
[INFO] [stdout] test parser::tests::network_node_test ... ok
[INFO] [stdout] test parser::tests::attribute_definition_test ... ok
[INFO] [stdout] test parser::tests::message_definition_test ... ok
[INFO] [stdout] test parser::tests::new_symbols_test ... ok
[INFO] [stdout] test parser::tests::raw_attribute_value_test ... ok
[INFO] [stdout] test parser::tests::network_node_attribute_value_test ... ok
[INFO] [stdout] test parser::tests::signal_comment_test ... ok
[INFO] [stdout] test parser::tests::signal_attribute_value_test ... ok
[INFO] [stdout] test parser::tests::val_table_no_space_preceding_comma_test ... ok
[INFO] [stdout] test parser::tests::node_comment_test ... ok
[INFO] [stdout] test parser::tests::signal_groups_test ... ok
[INFO] [stdout] test parser::tests::signal_test ... ok
[INFO] [stdout] test parser::tests::sig_val_type_test ... ok
[INFO] [stdout] test parser::tests::value_description_for_env_var_test ... ok
[INFO] [stdout] test parser::tests::value_description_test ... ok
[INFO] [stdout] test parser::tests::value_description_for_signal_test ... ok
[INFO] [stdout] test parser::tests::value_type_test ... ok
[INFO] [stdout] test parser::tests::val_table_test ... ok
[INFO] [stdout] test parser::tests::signal_type_test ... ok
[INFO] [stdout] test parser::tests::attribute_default_test ... ok
[INFO] [stdout] test parser::tests::version_test ... ok
[INFO] [stdout] test tests::lookup_message_comment ... ok
[INFO] [stdout] test tests::lookup_extended_value_type_for_signal_none_when_missing ... ok
[INFO] [stdout] test tests::dbc_definition_test ... ok
[INFO] [stdout] test tests::lookup_message_comment_none_when_missing ... ok
[INFO] [stdout] test tests::lookup_signal_by_name_none_when_missing ... ok
[INFO] [stdout] test tests::lookup_signal_comment ... ok
[INFO] [stdout] test tests::lookup_value_descriptions_for_signal ... ok
[INFO] [stdout] test tests::lookup_multiplex_indicator_switch_none_when_missing ... ok
[INFO] [stdout] test tests::lookup_signal_comment_none_when_missing ... ok
[INFO] [stdout] test tests::lookup_multiplex_indicator_switch ... ok
[INFO] [stdout] test tests::lookup_extended_value_type_for_signal ... ok
[INFO] [stdout] test tests::lookup_signal_by_name ... ok
[INFO] [stdout] test tests::lookup_value_descriptions_for_signal_none_when_missing ... ok
[INFO] [stdout] 
[INFO] [stdout] test result: ok. 49 passed; 0 failed; 0 ignored; 0 measured; 0 filtered out; finished in 0.02s
[INFO] [stdout] 
[INFO] [stderr]    Doc-tests can_dbc_wasm
[INFO] [stdout] 
[INFO] [stdout] running 1 test
[INFO] [stdout] test src/lib.rs - (line 6) ... FAILED
[INFO] [stdout] 
[INFO] [stdout] failures:
[INFO] [stdout] 
[INFO] [stdout] ---- src/lib.rs - (line 6) stdout ----
[INFO] [stdout] error[E0432]: unresolved import `can_dbc`
[INFO] [stdout]  --> src/lib.rs:7:5
[INFO] [stdout]   |
[INFO] [stdout] 2 | use can_dbc::DBC;
[INFO] [stdout]   |     ^^^^^^^ use of undeclared crate or module `can_dbc`
[INFO] [stdout] 
[INFO] [stdout] error[E0432]: unresolved import `codegen`
[INFO] [stdout]  --> src/lib.rs:8:5
[INFO] [stdout]   |
[INFO] [stdout] 3 | use codegen::Scope;
[INFO] [stdout]   |     ^^^^^^^ use of undeclared crate or module `codegen`
[INFO] [stdout] 
[INFO] [stdout] error[E0433]: failed to resolve: use of undeclared crate or module `can_dbc`
[INFO] [stdout]   --> src/lib.rs:19:15
[INFO] [stdout]    |
[INFO] [stdout] 14 |     let dbc = can_dbc::DBC::from_slice(&buffer).expect("Failed to parse dbc file");
[INFO] [stdout]    |               ^^^^^^^ use of undeclared crate or module `can_dbc`
[INFO] [stdout]    |
[INFO] [stdout] help: consider importing this struct
[INFO] [stdout]    |
[INFO] [stdout] 2  + use can_dbc_wasm::DBC;
[INFO] [stdout]    |
[INFO] [stdout] help: if you import `DBC`, refer to it directly
[INFO] [stdout]    |
[INFO] [stdout] 14 -     let dbc = can_dbc::DBC::from_slice(&buffer).expect("Failed to parse dbc file");
[INFO] [stdout] 14 +     let dbc = DBC::from_slice(&buffer).expect("Failed to parse dbc file");
[INFO] [stdout]    |
[INFO] [stdout] 
[INFO] [stdout] error: aborting due to 3 previous errors
[INFO] [stdout] 
[INFO] [stdout] Some errors have detailed explanations: E0432, E0433.
[INFO] [stdout] For more information about an error, try `rustc --explain E0432`.
[INFO] [stdout] Couldn't compile the test.
[INFO] [stdout] 
[INFO] [stdout] failures:
[INFO] [stdout]     src/lib.rs - (line 6)
[INFO] [stdout] 
[INFO] [stdout] test result: FAILED. 0 passed; 1 failed; 0 ignored; 0 measured; 0 filtered out; finished in 0.11s
[INFO] [stdout] 
[INFO] [stderr] error: doctest failed, to rerun pass `--doc`
[INFO] running `Command { std: "docker" "inspect" "633499df59416de5262501005cf6301b09de1609955d82b05e188a8336f19150", kill_on_drop: false }`
[INFO] running `Command { std: "docker" "rm" "-f" "633499df59416de5262501005cf6301b09de1609955d82b05e188a8336f19150", kill_on_drop: false }`
[INFO] [stdout] 633499df59416de5262501005cf6301b09de1609955d82b05e188a8336f19150
