[INFO] cloning repository https://github.com/andrewgould27/rust-sqlite
[INFO] running `Command { std: "git" "-c" "credential.helper=" "-c" "credential.helper=/workspace/cargo-home/bin/git-credential-null" "clone" "--bare" "https://github.com/andrewgould27/rust-sqlite" "/workspace/cache/git-repos/https%3A%2F%2Fgithub.com%2Fandrewgould27%2Frust-sqlite", kill_on_drop: false }`
[INFO] [stderr] Cloning into bare repository '/workspace/cache/git-repos/https%3A%2F%2Fgithub.com%2Fandrewgould27%2Frust-sqlite'...
[INFO] running `Command { std: "git" "rev-parse" "HEAD", kill_on_drop: false }`
[INFO] [stdout] 373e34ff99418f1dbec135511ceb4d499af4b66f
[INFO] testing andrewgould27/rust-sqlite against beta-2024-12-08 for beta-1.84.0-4-retry
[INFO] running `Command { std: "git" "clone" "/workspace/cache/git-repos/https%3A%2F%2Fgithub.com%2Fandrewgould27%2Frust-sqlite" "/workspace/builds/worker-1-tc2/source", kill_on_drop: false }`
[INFO] [stderr] Cloning into '/workspace/builds/worker-1-tc2/source'...
[INFO] [stderr] done.
[INFO] validating manifest of git repo https://github.com/andrewgould27/rust-sqlite on toolchain beta-2024-12-08
[INFO] running `Command { std: CARGO_HOME="/workspace/cargo-home" RUSTUP_HOME="/workspace/rustup-home" "/workspace/cargo-home/bin/cargo" "+beta-2024-12-08" "metadata" "--manifest-path" "Cargo.toml" "--no-deps", kill_on_drop: false }`
[INFO] started tweaking git repo https://github.com/andrewgould27/rust-sqlite
[INFO] finished tweaking git repo https://github.com/andrewgould27/rust-sqlite
[INFO] tweaked toml for git repo https://github.com/andrewgould27/rust-sqlite written to /workspace/builds/worker-1-tc2/source/Cargo.toml
[INFO] crate git repo https://github.com/andrewgould27/rust-sqlite already has a lockfile, it will not be regenerated
[INFO] running `Command { std: CARGO_HOME="/workspace/cargo-home" RUSTUP_HOME="/workspace/rustup-home" "/workspace/cargo-home/bin/cargo" "+beta-2024-12-08" "fetch" "--manifest-path" "Cargo.toml", kill_on_drop: false }`
[INFO] running `Command { std: "docker" "create" "-v" "/var/lib/crater-agent-workspace/builds/worker-1-tc2/target:/opt/rustwide/target:rw,Z" "-v" "/var/lib/crater-agent-workspace/builds/worker-1-tc2/source:/opt/rustwide/workdir:ro,Z" "-v" "/var/lib/crater-agent-workspace/cargo-home:/opt/rustwide/cargo-home:ro,Z" "-v" "/var/lib/crater-agent-workspace/rustup-home:/opt/rustwide/rustup-home:ro,Z" "-e" "SOURCE_DIR=/opt/rustwide/workdir" "-e" "CARGO_TARGET_DIR=/opt/rustwide/target" "-e" "CARGO_HOME=/opt/rustwide/cargo-home" "-e" "RUSTUP_HOME=/opt/rustwide/rustup-home" "-w" "/opt/rustwide/workdir" "-m" "1610612736" "--user" "0:0" "--network" "none" "ghcr.io/rust-lang/crates-build-env/linux@sha256:f3a9d4ad9d972b27faf3965f35b62e55ba32bbce8f20bc8fe909558a86702fde" "/opt/rustwide/cargo-home/bin/cargo" "+beta-2024-12-08" "metadata" "--no-deps" "--format-version=1", kill_on_drop: false }`
[INFO] [stdout] f688ce4a82ca534c0a6b7923f756ad99e9159274d6a11ddec8f909dba7685b97
[INFO] running `Command { std: "docker" "start" "-a" "f688ce4a82ca534c0a6b7923f756ad99e9159274d6a11ddec8f909dba7685b97", kill_on_drop: false }`
[INFO] running `Command { std: "docker" "inspect" "f688ce4a82ca534c0a6b7923f756ad99e9159274d6a11ddec8f909dba7685b97", kill_on_drop: false }`
[INFO] running `Command { std: "docker" "rm" "-f" "f688ce4a82ca534c0a6b7923f756ad99e9159274d6a11ddec8f909dba7685b97", kill_on_drop: false }`
[INFO] [stdout] f688ce4a82ca534c0a6b7923f756ad99e9159274d6a11ddec8f909dba7685b97
[INFO] running `Command { std: "docker" "create" "-v" "/var/lib/crater-agent-workspace/builds/worker-1-tc2/target:/opt/rustwide/target:rw,Z" "-v" "/var/lib/crater-agent-workspace/builds/worker-1-tc2/source:/opt/rustwide/workdir:ro,Z" "-v" "/var/lib/crater-agent-workspace/cargo-home:/opt/rustwide/cargo-home:ro,Z" "-v" "/var/lib/crater-agent-workspace/rustup-home:/opt/rustwide/rustup-home:ro,Z" "-e" "SOURCE_DIR=/opt/rustwide/workdir" "-e" "CARGO_TARGET_DIR=/opt/rustwide/target" "-e" "CARGO_INCREMENTAL=0" "-e" "RUST_BACKTRACE=full" "-e" "RUSTFLAGS=--cap-lints=warn" "-e" "RUSTDOCFLAGS=--cap-lints=warn" "-e" "CARGO_HOME=/opt/rustwide/cargo-home" "-e" "RUSTUP_HOME=/opt/rustwide/rustup-home" "-w" "/opt/rustwide/workdir" "-m" "1610612736" "--user" "0:0" "--network" "none" "ghcr.io/rust-lang/crates-build-env/linux@sha256:f3a9d4ad9d972b27faf3965f35b62e55ba32bbce8f20bc8fe909558a86702fde" "/opt/rustwide/cargo-home/bin/cargo" "+beta-2024-12-08" "build" "--frozen" "--message-format=json", kill_on_drop: false }`
[INFO] [stdout] 870b777c82cbbf2babff75600972a38bf2e8b1a2e54cc165797a7ec25b242905
[INFO] running `Command { std: "docker" "start" "-a" "870b777c82cbbf2babff75600972a38bf2e8b1a2e54cc165797a7ec25b242905", kill_on_drop: false }`
[INFO] [stderr]    Compiling proc-macro2 v1.0.86
[INFO] [stderr]    Compiling unicode-ident v1.0.12
[INFO] [stderr]    Compiling serde v1.0.204
[INFO] [stderr]    Compiling rustix v0.38.34
[INFO] [stderr]    Compiling memchr v2.7.4
[INFO] [stderr]    Compiling ryu v1.0.18
[INFO] [stderr]    Compiling bitflags v2.6.0
[INFO] [stderr]    Compiling serde_json v1.0.120
[INFO] [stderr]    Compiling linux-raw-sys v0.4.14
[INFO] [stderr]    Compiling itoa v1.0.11
[INFO] [stderr]    Compiling fastrand v2.1.0
[INFO] [stderr]    Compiling csv-core v0.1.11
[INFO] [stderr]    Compiling quote v1.0.36
[INFO] [stderr]    Compiling syn v2.0.71
[INFO] [stderr]    Compiling tempfile v3.10.1
[INFO] [stderr]    Compiling serde_derive v1.0.204
[INFO] [stderr]    Compiling csv v1.3.0
[INFO] [stderr]    Compiling rust-sqlite v0.1.0 (/opt/rustwide/workdir)
[INFO] [stdout] warning: unused variable: `val`
[INFO] [stdout]   --> src/semantic_analyzer.rs:51:23
[INFO] [stdout]    |
[INFO] [stdout] 51 |             let (col, val) = update;
[INFO] [stdout]    |                       ^^^ help: if this is intentional, prefix it with an underscore: `_val`
[INFO] [stdout]    |
[INFO] [stdout]    = note: `#[warn(unused_variables)]` on by default
[INFO] [stdout] 
[INFO] [stdout] 
[INFO] [stdout] warning: unused variable: `table_schema`
[INFO] [stdout]   --> src/semantic_analyzer.rs:65:13
[INFO] [stdout]    |
[INFO] [stdout] 65 |         let table_schema = self.schema.tables.get(&stmt.table)
[INFO] [stdout]    |             ^^^^^^^^^^^^ help: if this is intentional, prefix it with an underscore: `_table_schema`
[INFO] [stdout] 
[INFO] [stdout] 
[INFO] [stdout] warning: unused variable: `stmt`
[INFO] [stdout]   --> src/semantic_analyzer.rs:72:34
[INFO] [stdout]    |
[INFO] [stdout] 72 |     pub fn analyze_delete(&self, stmt: &DeleteStatement) -> Result<(), SemanticError> {
[INFO] [stdout]    |                                  ^^^^ help: if this is intentional, prefix it with an underscore: `_stmt`
[INFO] [stdout] 
[INFO] [stdout] 
[INFO] [stdout] warning: unused variable: `op`
[INFO] [stdout]   --> src/semantic_analyzer.rs:78:40
[INFO] [stdout]    |
[INFO] [stdout] 78 |             Condition::Comparison(col, op, value) => {
[INFO] [stdout]    |                                        ^^ help: if this is intentional, prefix it with an underscore: `_op`
[INFO] [stdout] 
[INFO] [stdout] 
[INFO] [stdout] warning: unused import: `lexer::Token`
[INFO] [stdout]  --> src/main.rs:3:5
[INFO] [stdout]   |
[INFO] [stdout] 3 |     lexer::Token,
[INFO] [stdout]   |     ^^^^^^^^^^^^
[INFO] [stdout]   |
[INFO] [stdout]   = note: `#[warn(unused_imports)]` on by default
[INFO] [stdout] 
[INFO] [stdout] 
[INFO] [stdout] warning: unused variable: `parser`
[INFO] [stdout]   --> src/main.rs:11:13
[INFO] [stdout]    |
[INFO] [stdout] 11 |     let mut parser = Parser::new(lexer);
[INFO] [stdout]    |             ^^^^^^ help: if this is intentional, prefix it with an underscore: `_parser`
[INFO] [stdout]    |
[INFO] [stdout]    = note: `#[warn(unused_variables)]` on by default
[INFO] [stdout] 
[INFO] [stdout] 
[INFO] [stdout] warning: variable does not need to be mutable
[INFO] [stdout]   --> src/main.rs:11:9
[INFO] [stdout]    |
[INFO] [stdout] 11 |     let mut parser = Parser::new(lexer);
[INFO] [stdout]    |         ----^^^^^^
[INFO] [stdout]    |         |
[INFO] [stdout]    |         help: remove this `mut`
[INFO] [stdout]    |
[INFO] [stdout]    = note: `#[warn(unused_mut)]` on by default
[INFO] [stdout] 
[INFO] [stdout] 
[INFO] [stderr]     Finished `dev` profile [unoptimized + debuginfo] target(s) in 21.82s
[INFO] running `Command { std: "docker" "inspect" "870b777c82cbbf2babff75600972a38bf2e8b1a2e54cc165797a7ec25b242905", kill_on_drop: false }`
[INFO] running `Command { std: "docker" "rm" "-f" "870b777c82cbbf2babff75600972a38bf2e8b1a2e54cc165797a7ec25b242905", kill_on_drop: false }`
[INFO] [stdout] 870b777c82cbbf2babff75600972a38bf2e8b1a2e54cc165797a7ec25b242905
[INFO] running `Command { std: "docker" "create" "-v" "/var/lib/crater-agent-workspace/builds/worker-1-tc2/target:/opt/rustwide/target:rw,Z" "-v" "/var/lib/crater-agent-workspace/builds/worker-1-tc2/source:/opt/rustwide/workdir:ro,Z" "-v" "/var/lib/crater-agent-workspace/cargo-home:/opt/rustwide/cargo-home:ro,Z" "-v" "/var/lib/crater-agent-workspace/rustup-home:/opt/rustwide/rustup-home:ro,Z" "-e" "SOURCE_DIR=/opt/rustwide/workdir" "-e" "CARGO_TARGET_DIR=/opt/rustwide/target" "-e" "CARGO_INCREMENTAL=0" "-e" "RUST_BACKTRACE=full" "-e" "RUSTFLAGS=--cap-lints=warn" "-e" "RUSTDOCFLAGS=--cap-lints=warn" "-e" "CARGO_HOME=/opt/rustwide/cargo-home" "-e" "RUSTUP_HOME=/opt/rustwide/rustup-home" "-w" "/opt/rustwide/workdir" "-m" "1610612736" "--user" "0:0" "--network" "none" "ghcr.io/rust-lang/crates-build-env/linux@sha256:f3a9d4ad9d972b27faf3965f35b62e55ba32bbce8f20bc8fe909558a86702fde" "/opt/rustwide/cargo-home/bin/cargo" "+beta-2024-12-08" "test" "--frozen" "--no-run" "--message-format=json", kill_on_drop: false }`
[INFO] [stdout] 5bed426804f325382673b239f9b364e5e7220c785f24b526873ef3a2af2bc928
[INFO] running `Command { std: "docker" "start" "-a" "5bed426804f325382673b239f9b364e5e7220c785f24b526873ef3a2af2bc928", kill_on_drop: false }`
[INFO] [stdout] warning: unused variable: `val`
[INFO] [stdout]   --> src/semantic_analyzer.rs:51:23
[INFO] [stdout]    |
[INFO] [stdout] 51 |             let (col, val) = update;
[INFO] [stdout]    |                       ^^^ help: if this is intentional, prefix it with an underscore: `_val`
[INFO] [stdout]    |
[INFO] [stdout]    = note: `#[warn(unused_variables)]` on by default
[INFO] [stdout] 
[INFO] [stdout] 
[INFO] [stdout] warning: unused variable: `table_schema`
[INFO] [stdout]   --> src/semantic_analyzer.rs:65:13
[INFO] [stdout]    |
[INFO] [stdout] 65 |         let table_schema = self.schema.tables.get(&stmt.table)
[INFO] [stdout]    |             ^^^^^^^^^^^^ help: if this is intentional, prefix it with an underscore: `_table_schema`
[INFO] [stdout] 
[INFO] [stdout] 
[INFO] [stdout] warning: unused variable: `stmt`
[INFO] [stdout]   --> src/semantic_analyzer.rs:72:34
[INFO] [stdout]    |
[INFO] [stdout] 72 |     pub fn analyze_delete(&self, stmt: &DeleteStatement) -> Result<(), SemanticError> {
[INFO] [stdout]    |                                  ^^^^ help: if this is intentional, prefix it with an underscore: `_stmt`
[INFO] [stdout] 
[INFO] [stdout] 
[INFO] [stdout] warning: unused variable: `op`
[INFO] [stdout]   --> src/semantic_analyzer.rs:78:40
[INFO] [stdout]    |
[INFO] [stdout] 78 |             Condition::Comparison(col, op, value) => {
[INFO] [stdout]    |                                        ^^ help: if this is intentional, prefix it with an underscore: `_op`
[INFO] [stdout] 
[INFO] [stdout] 
[INFO] [stderr]    Compiling rust-sqlite v0.1.0 (/opt/rustwide/workdir)
[INFO] [stdout] warning: unused import: `lexer::Token`
[INFO] [stdout]  --> src/main.rs:3:5
[INFO] [stdout]   |
[INFO] [stdout] 3 |     lexer::Token,
[INFO] [stdout]   |     ^^^^^^^^^^^^
[INFO] [stdout]   |
[INFO] [stdout]   = note: `#[warn(unused_imports)]` on by default
[INFO] [stdout] 
[INFO] [stdout] 
[INFO] [stdout] warning: unused variable: `parser`
[INFO] [stdout]   --> src/main.rs:11:13
[INFO] [stdout]    |
[INFO] [stdout] 11 |     let mut parser = Parser::new(lexer);
[INFO] [stdout]    |             ^^^^^^ help: if this is intentional, prefix it with an underscore: `_parser`
[INFO] [stdout]    |
[INFO] [stdout]    = note: `#[warn(unused_variables)]` on by default
[INFO] [stdout] 
[INFO] [stdout] 
[INFO] [stdout] warning: variable does not need to be mutable
[INFO] [stdout]   --> src/main.rs:11:9
[INFO] [stdout]    |
[INFO] [stdout] 11 |     let mut parser = Parser::new(lexer);
[INFO] [stdout]    |         ----^^^^^^
[INFO] [stdout]    |         |
[INFO] [stdout]    |         help: remove this `mut`
[INFO] [stdout]    |
[INFO] [stdout]    = note: `#[warn(unused_mut)]` on by default
[INFO] [stdout] 
[INFO] [stdout] 
[INFO] [stdout] warning: unused import: `lexer::Token`
[INFO] [stdout]  --> src/main.rs:3:5
[INFO] [stdout]   |
[INFO] [stdout] 3 |     lexer::Token,
[INFO] [stdout]   |     ^^^^^^^^^^^^
[INFO] [stdout]   |
[INFO] [stdout]   = note: `#[warn(unused_imports)]` on by default
[INFO] [stdout] 
[INFO] [stdout] 
[INFO] [stdout] warning: unused variable: `parser`
[INFO] [stdout]   --> src/main.rs:11:13
[INFO] [stdout]    |
[INFO] [stdout] 11 |     let mut parser = Parser::new(lexer);
[INFO] [stdout]    |             ^^^^^^ help: if this is intentional, prefix it with an underscore: `_parser`
[INFO] [stdout]    |
[INFO] [stdout]    = note: `#[warn(unused_variables)]` on by default
[INFO] [stdout] 
[INFO] [stdout] 
[INFO] [stdout] warning: variable does not need to be mutable
[INFO] [stdout]   --> src/main.rs:11:9
[INFO] [stdout]    |
[INFO] [stdout] 11 |     let mut parser = Parser::new(lexer);
[INFO] [stdout]    |         ----^^^^^^
[INFO] [stdout]    |         |
[INFO] [stdout]    |         help: remove this `mut`
[INFO] [stdout]    |
[INFO] [stdout]    = note: `#[warn(unused_mut)]` on by default
[INFO] [stdout] 
[INFO] [stdout] 
[INFO] [stdout] warning: unused import: `super::*`
[INFO] [stdout]  --> tests/analyzer_tests.rs:3:9
[INFO] [stdout]   |
[INFO] [stdout] 3 |     use super::*;
[INFO] [stdout]   |         ^^^^^^^^
[INFO] [stdout]   |
[INFO] [stdout]   = note: `#[warn(unused_imports)]` on by default
[INFO] [stdout] 
[INFO] [stdout] 
[INFO] [stdout] warning: unused import: `super::*`
[INFO] [stdout]  --> tests/parser_tests.rs:3:9
[INFO] [stdout]   |
[INFO] [stdout] 3 |     use super::*;
[INFO] [stdout]   |         ^^^^^^^^
[INFO] [stdout]   |
[INFO] [stdout]   = note: `#[warn(unused_imports)]` on by default
[INFO] [stdout] 
[INFO] [stdout] 
[INFO] [stdout] warning: unused import: `std::path::Path`
[INFO] [stdout]  --> tests/datastore_tests.rs:2:5
[INFO] [stdout]   |
[INFO] [stdout] 2 | use std::path::Path; 
[INFO] [stdout]   |     ^^^^^^^^^^^^^^^
[INFO] [stdout]   |
[INFO] [stdout]   = note: `#[warn(unused_imports)]` on by default
[INFO] [stdout] 
[INFO] [stdout] 
[INFO] [stdout] warning: unused import: `self`
[INFO] [stdout]   --> tests/datastore_tests.rs:14:31
[INFO] [stdout]    |
[INFO] [stdout] 14 |     use rust_sqlite::schema::{self, ColumnType, TableSchema};
[INFO] [stdout]    |                               ^^^^
[INFO] [stdout] 
[INFO] [stdout] 
[INFO] [stdout] warning: unused import: `hash::Hash`
[INFO] [stdout]   --> tests/datastore_tests.rs:17:37
[INFO] [stdout]    |
[INFO] [stdout] 17 |     use std::{collections::HashMap, hash::Hash};
[INFO] [stdout]    |                                     ^^^^^^^^^^
[INFO] [stdout] 
[INFO] [stdout] 
[INFO] [stdout] warning: unused variable: `val`
[INFO] [stdout]   --> src/semantic_analyzer.rs:51:23
[INFO] [stdout]    |
[INFO] [stdout] 51 |             let (col, val) = update;
[INFO] [stdout]    |                       ^^^ help: if this is intentional, prefix it with an underscore: `_val`
[INFO] [stdout]    |
[INFO] [stdout]    = note: `#[warn(unused_variables)]` on by default
[INFO] [stdout] 
[INFO] [stdout] 
[INFO] [stdout] warning: unused variable: `table_schema`
[INFO] [stdout]   --> src/semantic_analyzer.rs:65:13
[INFO] [stdout]    |
[INFO] [stdout] 65 |         let table_schema = self.schema.tables.get(&stmt.table)
[INFO] [stdout]    |             ^^^^^^^^^^^^ help: if this is intentional, prefix it with an underscore: `_table_schema`
[INFO] [stdout] 
[INFO] [stdout] 
[INFO] [stdout] warning: unused variable: `stmt`
[INFO] [stdout]   --> src/semantic_analyzer.rs:72:34
[INFO] [stdout]    |
[INFO] [stdout] 72 |     pub fn analyze_delete(&self, stmt: &DeleteStatement) -> Result<(), SemanticError> {
[INFO] [stdout]    |                                  ^^^^ help: if this is intentional, prefix it with an underscore: `_stmt`
[INFO] [stdout] 
[INFO] [stdout] 
[INFO] [stdout] warning: unused variable: `op`
[INFO] [stdout]   --> src/semantic_analyzer.rs:78:40
[INFO] [stdout]    |
[INFO] [stdout] 78 |             Condition::Comparison(col, op, value) => {
[INFO] [stdout]    |                                        ^^ help: if this is intentional, prefix it with an underscore: `_op`
[INFO] [stdout] 
[INFO] [stdout] 
[INFO] [stderr]     Finished `test` profile [unoptimized + debuginfo] target(s) in 2.84s
[INFO] running `Command { std: "docker" "inspect" "5bed426804f325382673b239f9b364e5e7220c785f24b526873ef3a2af2bc928", kill_on_drop: false }`
[INFO] running `Command { std: "docker" "rm" "-f" "5bed426804f325382673b239f9b364e5e7220c785f24b526873ef3a2af2bc928", kill_on_drop: false }`
[INFO] [stdout] 5bed426804f325382673b239f9b364e5e7220c785f24b526873ef3a2af2bc928
[INFO] running `Command { std: "docker" "create" "-v" "/var/lib/crater-agent-workspace/builds/worker-1-tc2/target:/opt/rustwide/target:rw,Z" "-v" "/var/lib/crater-agent-workspace/builds/worker-1-tc2/source:/opt/rustwide/workdir:ro,Z" "-v" "/var/lib/crater-agent-workspace/cargo-home:/opt/rustwide/cargo-home:ro,Z" "-v" "/var/lib/crater-agent-workspace/rustup-home:/opt/rustwide/rustup-home:ro,Z" "-e" "SOURCE_DIR=/opt/rustwide/workdir" "-e" "CARGO_TARGET_DIR=/opt/rustwide/target" "-e" "CARGO_INCREMENTAL=0" "-e" "RUST_BACKTRACE=full" "-e" "RUSTFLAGS=--cap-lints=warn" "-e" "RUSTDOCFLAGS=--cap-lints=warn" "-e" "CARGO_HOME=/opt/rustwide/cargo-home" "-e" "RUSTUP_HOME=/opt/rustwide/rustup-home" "-w" "/opt/rustwide/workdir" "-m" "1610612736" "--user" "0:0" "--network" "none" "ghcr.io/rust-lang/crates-build-env/linux@sha256:f3a9d4ad9d972b27faf3965f35b62e55ba32bbce8f20bc8fe909558a86702fde" "/opt/rustwide/cargo-home/bin/cargo" "+beta-2024-12-08" "test" "--frozen", kill_on_drop: false }`
[INFO] [stdout] 1d5fd1e4d132fd4d26739439e61a3e0647c533e0d9832f34f7243b5ca661e774
[INFO] running `Command { std: "docker" "start" "-a" "1d5fd1e4d132fd4d26739439e61a3e0647c533e0d9832f34f7243b5ca661e774", kill_on_drop: false }`
[INFO] [stderr] warning: unused variable: `val`
[INFO] [stderr]   --> src/semantic_analyzer.rs:51:23
[INFO] [stderr]    |
[INFO] [stderr] 51 |             let (col, val) = update;
[INFO] [stderr]    |                       ^^^ help: if this is intentional, prefix it with an underscore: `_val`
[INFO] [stderr]    |
[INFO] [stderr]    = note: `#[warn(unused_variables)]` on by default
[INFO] [stderr] 
[INFO] [stderr] warning: unused variable: `table_schema`
[INFO] [stderr]   --> src/semantic_analyzer.rs:65:13
[INFO] [stderr]    |
[INFO] [stderr] 65 |         let table_schema = self.schema.tables.get(&stmt.table)
[INFO] [stderr]    |             ^^^^^^^^^^^^ help: if this is intentional, prefix it with an underscore: `_table_schema`
[INFO] [stderr] 
[INFO] [stderr] warning: unused variable: `stmt`
[INFO] [stderr]   --> src/semantic_analyzer.rs:72:34
[INFO] [stderr]    |
[INFO] [stderr] 72 |     pub fn analyze_delete(&self, stmt: &DeleteStatement) -> Result<(), SemanticError> {
[INFO] [stderr]    |                                  ^^^^ help: if this is intentional, prefix it with an underscore: `_stmt`
[INFO] [stderr] 
[INFO] [stderr] warning: unused variable: `op`
[INFO] [stderr]   --> src/semantic_analyzer.rs:78:40
[INFO] [stderr]    |
[INFO] [stderr] 78 |             Condition::Comparison(col, op, value) => {
[INFO] [stderr]    |                                        ^^ help: if this is intentional, prefix it with an underscore: `_op`
[INFO] [stderr] 
[INFO] [stderr] warning: `rust-sqlite` (lib) generated 4 warnings
[INFO] [stderr] warning: `rust-sqlite` (lib test) generated 4 warnings (4 duplicates)
[INFO] [stderr] warning: unused import: `super::*`
[INFO] [stderr]  --> tests/parser_tests.rs:3:9
[INFO] [stderr]   |
[INFO] [stderr] 3 |     use super::*;
[INFO] [stderr]   |         ^^^^^^^^
[INFO] [stderr]   |
[INFO] [stderr]   = note: `#[warn(unused_imports)]` on by default
[INFO] [stderr] 
[INFO] [stderr] warning: unused import: `lexer::Token`
[INFO] [stderr]  --> src/main.rs:3:5
[INFO] [stderr]   |
[INFO] [stderr] 3 |     lexer::Token,
[INFO] [stderr]   |     ^^^^^^^^^^^^
[INFO] [stderr]   |
[INFO] [stderr]   = note: `#[warn(unused_imports)]` on by default
[INFO] [stderr] 
[INFO] [stderr] warning: unused variable: `parser`
[INFO] [stderr]   --> src/main.rs:11:13
[INFO] [stderr]    |
[INFO] [stderr] 11 |     let mut parser = Parser::new(lexer);
[INFO] [stderr]    |             ^^^^^^ help: if this is intentional, prefix it with an underscore: `_parser`
[INFO] [stderr]    |
[INFO] [stderr]    = note: `#[warn(unused_variables)]` on by default
[INFO] [stderr] 
[INFO] [stderr] warning: variable does not need to be mutable
[INFO] [stderr]   --> src/main.rs:11:9
[INFO] [stderr]    |
[INFO] [stderr] 11 |     let mut parser = Parser::new(lexer);
[INFO] [stderr]    |         ----^^^^^^
[INFO] [stderr]    |         |
[INFO] [stderr]    |         help: remove this `mut`
[INFO] [stderr]    |
[INFO] [stderr]    = note: `#[warn(unused_mut)]` on by default
[INFO] [stderr] 
[INFO] [stderr] warning: unused import: `super::*`
[INFO] [stderr]  --> tests/analyzer_tests.rs:3:9
[INFO] [stderr]   |
[INFO] [stderr] 3 |     use super::*;
[INFO] [stderr]   |         ^^^^^^^^
[INFO] [stderr]   |
[INFO] [stderr]   = note: `#[warn(unused_imports)]` on by default
[INFO] [stderr] 
[INFO] [stderr] warning: unused import: `std::path::Path`
[INFO] [stderr]  --> tests/datastore_tests.rs:2:5
[INFO] [stderr]   |
[INFO] [stderr] 2 | use std::path::Path; 
[INFO] [stderr]   |     ^^^^^^^^^^^^^^^
[INFO] [stderr]   |
[INFO] [stderr]   = note: `#[warn(unused_imports)]` on by default
[INFO] [stderr] 
[INFO] [stderr] warning: unused import: `self`
[INFO] [stderr]   --> tests/datastore_tests.rs:14:31
[INFO] [stderr]    |
[INFO] [stderr] 14 |     use rust_sqlite::schema::{self, ColumnType, TableSchema};
[INFO] [stderr]    |                               ^^^^
[INFO] [stderr] 
[INFO] [stderr] warning: unused import: `hash::Hash`
[INFO] [stderr]   --> tests/datastore_tests.rs:17:37
[INFO] [stderr]    |
[INFO] [stderr] 17 |     use std::{collections::HashMap, hash::Hash};
[INFO] [stderr]    |                                     ^^^^^^^^^^
[INFO] [stderr] 
[INFO] [stderr] warning: `rust-sqlite` (test "parser_tests") generated 1 warning (run `cargo fix --test "parser_tests"` to apply 1 suggestion)
[INFO] [stderr] warning: `rust-sqlite` (bin "rust-sqlite" test) generated 3 warnings (run `cargo fix --bin "rust-sqlite" --tests` to apply 2 suggestions)
[INFO] [stderr] warning: `rust-sqlite` (test "analyzer_tests") generated 1 warning (run `cargo fix --test "analyzer_tests"` to apply 1 suggestion)
[INFO] [stderr] warning: `rust-sqlite` (test "datastore_tests") generated 3 warnings (run `cargo fix --test "datastore_tests"` to apply 3 suggestions)
[INFO] [stderr] warning: `rust-sqlite` (bin "rust-sqlite") generated 3 warnings (3 duplicates)
[INFO] [stderr]     Finished `test` profile [unoptimized + debuginfo] target(s) in 0.08s
[INFO] [stderr]      Running unittests src/lib.rs (/opt/rustwide/target/debug/deps/rust_sqlite-cb97d0d3485cfa45)
[INFO] [stdout] 
[INFO] [stdout] running 0 tests
[INFO] [stdout] 
[INFO] [stdout] test result: ok. 0 passed; 0 failed; 0 ignored; 0 measured; 0 filtered out; finished in 0.00s
[INFO] [stderr]      Running unittests src/main.rs (/opt/rustwide/target/debug/deps/rust_sqlite-bd78176efb418fb7)
[INFO] [stdout] 
[INFO] [stdout] 
[INFO] [stdout] running 0 tests
[INFO] [stderr]      Running tests/analyzer_tests.rs (/opt/rustwide/target/debug/deps/analyzer_tests-86ece26d63095375)
[INFO] [stdout] 
[INFO] [stdout] test result: ok. 0 passed; 0 failed; 0 ignored; 0 measured; 0 filtered out; finished in 0.00s
[INFO] [stdout] 
[INFO] [stdout] 
[INFO] [stdout] running 5 tests
[INFO] [stdout] test tests::test_condition_mismatch ... ok
[INFO] [stdout] test tests::test_missing_column ... ok
[INFO] [stdout] test tests::test_missing_table ... ok
[INFO] [stdout] test tests::test_invalid_order_by_column ... ok
[INFO] [stdout] test tests::test_valid_select ... ok
[INFO] [stdout] 
[INFO] [stdout] test result: ok. 5 passed; 0 failed; 0 ignored; 0 measured; 0 filtered out; finished in 0.02s
[INFO] [stdout] 
[INFO] [stderr]      Running tests/datastore_tests.rs (/opt/rustwide/target/debug/deps/datastore_tests-44f655f54ef52283)
[INFO] [stdout] 
[INFO] [stdout] running 3 tests
[INFO] [stdout] test tests::test_insert_and_select ... ok
[INFO] [stdout] test tests::test_create_table ... ok
[INFO] [stdout] test tests::test_update ... FAILED
[INFO] [stdout] 
[INFO] [stdout] failures:
[INFO] [stdout] 
[INFO] [stdout] ---- tests::test_update stdout ----
[INFO] [stdout] thread 'tests::test_update' panicked at tests/datastore_tests.rs:84:25:
[INFO] [stdout] assertion `left == right` failed
[INFO] [stdout]   left: Some("Alice")
[INFO] [stdout]  right: Some("Alicia")
[INFO] [stdout] stack backtrace:
[INFO] [stdout]    0:     0x6527f3a451ea - std::backtrace_rs::backtrace::libunwind::trace::h8810477743020387
[INFO] [stdout]                                at /rustc/202008a1b8de96d2e5b6bc02d379db03a877d34d/library/std/src/../../backtrace/src/backtrace/libunwind.rs:116:5
[INFO] [stdout]    1:     0x6527f3a451ea - std::backtrace_rs::backtrace::trace_unsynchronized::h3aa55355dd6c54a6
[INFO] [stdout]                                at /rustc/202008a1b8de96d2e5b6bc02d379db03a877d34d/library/std/src/../../backtrace/src/backtrace/mod.rs:66:5
[INFO] [stdout]    2:     0x6527f3a451ea - std::sys::backtrace::_print_fmt::h8588b0f62410823f
[INFO] [stdout]                                at /rustc/202008a1b8de96d2e5b6bc02d379db03a877d34d/library/std/src/sys/backtrace.rs:66:9
[INFO] [stdout]    3:     0x6527f3a451ea - <std::sys::backtrace::BacktraceLock::print::DisplayBacktrace as core::fmt::Display>::fmt::h98c26ac25ffe89bb
[INFO] [stderr] error: test failed, to rerun pass `--test datastore_tests`
[INFO] [stdout]                                at /rustc/202008a1b8de96d2e5b6bc02d379db03a877d34d/library/std/src/sys/backtrace.rs:39:26
[INFO] [stdout]    4:     0x6527f3a6cc83 - core::fmt::rt::Argument::fmt::hf95377f4aebd453b
[INFO] [stdout]                                at /rustc/202008a1b8de96d2e5b6bc02d379db03a877d34d/library/core/src/fmt/rt.rs:177:76
[INFO] [stdout]    5:     0x6527f3a6cc83 - core::fmt::write::h0dd5f6e2238c7982
[INFO] [stdout]                                at /rustc/202008a1b8de96d2e5b6bc02d379db03a877d34d/library/core/src/fmt/mod.rs:1189:21
[INFO] [stdout]    6:     0x6527f3a421c3 - std::io::Write::write_fmt::h03bb0ca26e6faf8c
[INFO] [stdout]                                at /rustc/202008a1b8de96d2e5b6bc02d379db03a877d34d/library/std/src/io/mod.rs:1884:15
[INFO] [stdout]    7:     0x6527f3a45032 - std::sys::backtrace::BacktraceLock::print::h5c19c1c038ee186d
[INFO] [stdout]                                at /rustc/202008a1b8de96d2e5b6bc02d379db03a877d34d/library/std/src/sys/backtrace.rs:42:9
[INFO] [stdout]    8:     0x6527f3a4666d - std::panicking::default_hook::{{closure}}::h77172f079a1fcb13
[INFO] [stdout]                                at /rustc/202008a1b8de96d2e5b6bc02d379db03a877d34d/library/std/src/panicking.rs:268:22
[INFO] [stdout]    9:     0x6527f3a46477 - std::panicking::default_hook::he5f8e3b203ccddba
[INFO] [stdout]                                at /rustc/202008a1b8de96d2e5b6bc02d379db03a877d34d/library/std/src/panicking.rs:292:9
[INFO] [stdout]   10:     0x6527f39b0587 - <alloc::boxed::Box<F,A> as core::ops::function::Fn<Args>>::call::h7a3c7b4a1ae77f2f
[INFO] [stdout]                                at /rustc/202008a1b8de96d2e5b6bc02d379db03a877d34d/library/alloc/src/boxed.rs:1986:9
[INFO] [stdout]   11:     0x6527f39b0587 - test::test_main::{{closure}}::hf0d3b69ae9b353d1
[INFO] [stdout]                                at /rustc/202008a1b8de96d2e5b6bc02d379db03a877d34d/library/test/src/lib.rs:134:21
[INFO] [stdout]   12:     0x6527f3a46d18 - <alloc::boxed::Box<F,A> as core::ops::function::Fn<Args>>::call::h6332e82e7b189abd
[INFO] [stdout]                                at /rustc/202008a1b8de96d2e5b6bc02d379db03a877d34d/library/alloc/src/boxed.rs:1986:9
[INFO] [stdout]   13:     0x6527f3a46d18 - std::panicking::rust_panic_with_hook::h53863d4e9018df39
[INFO] [stdout]                                at /rustc/202008a1b8de96d2e5b6bc02d379db03a877d34d/library/std/src/panicking.rs:809:13
[INFO] [stdout]   14:     0x6527f3a46ada - std::panicking::begin_panic_handler::{{closure}}::h67280e6fa0757873
[INFO] [stdout]                                at /rustc/202008a1b8de96d2e5b6bc02d379db03a877d34d/library/std/src/panicking.rs:674:13
[INFO] [stdout]   15:     0x6527f3a456c9 - std::sys::backtrace::__rust_end_short_backtrace::h1dac3f54d6fbbeb2
[INFO] [stdout]                                at /rustc/202008a1b8de96d2e5b6bc02d379db03a877d34d/library/std/src/sys/backtrace.rs:170:18
[INFO] [stdout]   16:     0x6527f3a4676c - rust_begin_unwind
[INFO] [stdout]                                at /rustc/202008a1b8de96d2e5b6bc02d379db03a877d34d/library/std/src/panicking.rs:665:5
[INFO] [stdout]   17:     0x6527f396abf0 - core::panicking::panic_fmt::h6792bd1b2bf01041
[INFO] [stdout]                                at /rustc/202008a1b8de96d2e5b6bc02d379db03a877d34d/library/core/src/panicking.rs:76:14
[INFO] [stdout]   18:     0x6527f396afbb - core::panicking::assert_failed_inner::hf2c17e6d30928787
[INFO] [stdout]   19:     0x6527f396dd79 - core::panicking::assert_failed::h86f867bf54b4128c
[INFO] [stdout]                                at /rustc/202008a1b8de96d2e5b6bc02d379db03a877d34d/library/core/src/panicking.rs:373:5
[INFO] [stdout]   20:     0x6527f3971f85 - datastore_tests::tests::test_update::he12c083984e75e30
[INFO] [stdout]                                at /opt/rustwide/workdir/tests/datastore_tests.rs:84:25
[INFO] [stdout]   21:     0x6527f39710b7 - datastore_tests::tests::test_update::{{closure}}::ha617778241f3676f
[INFO] [stdout]                                at /opt/rustwide/workdir/tests/datastore_tests.rs:56:21
[INFO] [stdout]   22:     0x6527f3975156 - core::ops::function::FnOnce::call_once::h76a2a86ced04b6c8
[INFO] [stdout]                                at /rustc/202008a1b8de96d2e5b6bc02d379db03a877d34d/library/core/src/ops/function.rs:250:5
[INFO] [stdout]   23:     0x6527f39b50ab - core::ops::function::FnOnce::call_once::h871bf86719ec9aa4
[INFO] [stdout]                                at /rustc/202008a1b8de96d2e5b6bc02d379db03a877d34d/library/core/src/ops/function.rs:250:5
[INFO] [stdout]   24:     0x6527f39b50ab - test::__rust_begin_short_backtrace::h2167df1e2b7d76fd
[INFO] [stdout]                                at /rustc/202008a1b8de96d2e5b6bc02d379db03a877d34d/library/test/src/lib.rs:632:18
[INFO] [stdout]   25:     0x6527f39b4a98 - test::run_test_in_process::{{closure}}::h15d92f75a3adfb79
[INFO] [stdout]                                at /rustc/202008a1b8de96d2e5b6bc02d379db03a877d34d/library/test/src/lib.rs:655:60
[INFO] [stdout]   26:     0x6527f39b4a98 - <core::panic::unwind_safe::AssertUnwindSafe<F> as core::ops::function::FnOnce<()>>::call_once::hb6c8955835a8dbbb
[INFO] [stdout]                                at /rustc/202008a1b8de96d2e5b6bc02d379db03a877d34d/library/core/src/panic/unwind_safe.rs:272:9
[INFO] [stdout]   27:     0x6527f39b4a98 - std::panicking::try::do_call::hc79d0fc888a0bd30
[INFO] [stdout]                                at /rustc/202008a1b8de96d2e5b6bc02d379db03a877d34d/library/std/src/panicking.rs:557:40
[INFO] [stdout]   28:     0x6527f39b4a98 - std::panicking::try::hb8a7878e3a8589d6
[INFO] [stdout]                                at /rustc/202008a1b8de96d2e5b6bc02d379db03a877d34d/library/std/src/panicking.rs:520:19
[INFO] [stdout]   29:     0x6527f39b4a98 - std::panic::catch_unwind::hb8e4600ff0ff5cfa
[INFO] [stdout]                                at /rustc/202008a1b8de96d2e5b6bc02d379db03a877d34d/library/std/src/panic.rs:358:14
[INFO] [stdout]   30:     0x6527f39b4a98 - test::run_test_in_process::hc2900b0b18688dd6
[INFO] [stdout]                                at /rustc/202008a1b8de96d2e5b6bc02d379db03a877d34d/library/test/src/lib.rs:655:27
[INFO] [stdout]   31:     0x6527f39b4a98 - test::run_test::{{closure}}::hac2a9cb07be3d48d
[INFO] [stdout]                                at /rustc/202008a1b8de96d2e5b6bc02d379db03a877d34d/library/test/src/lib.rs:576:43
[INFO] [stdout]   32:     0x6527f397853a - test::run_test::{{closure}}::h4a5b729e66a38cd8
[INFO] [stdout]                                at /rustc/202008a1b8de96d2e5b6bc02d379db03a877d34d/library/test/src/lib.rs:606:41
[INFO] [stdout]   33:     0x6527f397853a - std::sys::backtrace::__rust_begin_short_backtrace::h0496fb742492f573
[INFO] [stdout]                                at /rustc/202008a1b8de96d2e5b6bc02d379db03a877d34d/library/std/src/sys/backtrace.rs:154:18
[INFO] [stdout]   34:     0x6527f397beb4 - std::thread::Builder::spawn_unchecked_::{{closure}}::{{closure}}::hbb6d257c550a54bd
[INFO] [stdout]                                at /rustc/202008a1b8de96d2e5b6bc02d379db03a877d34d/library/std/src/thread/mod.rs:561:17
[INFO] [stdout]   35:     0x6527f397beb4 - <core::panic::unwind_safe::AssertUnwindSafe<F> as core::ops::function::FnOnce<()>>::call_once::h46696fe4a6832328
[INFO] [stdout]                                at /rustc/202008a1b8de96d2e5b6bc02d379db03a877d34d/library/core/src/panic/unwind_safe.rs:272:9
[INFO] [stdout]   36:     0x6527f397beb4 - std::panicking::try::do_call::h2625a51b667bfb64
[INFO] [stdout]                                at /rustc/202008a1b8de96d2e5b6bc02d379db03a877d34d/library/std/src/panicking.rs:557:40
[INFO] [stdout]   37:     0x6527f397beb4 - std::panicking::try::hb956a59a1973aa4c
[INFO] [stdout]                                at /rustc/202008a1b8de96d2e5b6bc02d379db03a877d34d/library/std/src/panicking.rs:520:19
[INFO] [stdout]   38:     0x6527f397beb4 - std::panic::catch_unwind::h64f3b9d1067ef6a0
[INFO] [stdout]                                at /rustc/202008a1b8de96d2e5b6bc02d379db03a877d34d/library/std/src/panic.rs:358:14
[INFO] [stdout]   39:     0x6527f397beb4 - std::thread::Builder::spawn_unchecked_::{{closure}}::h42b2841295b6c0b2
[INFO] [stdout]                                at /rustc/202008a1b8de96d2e5b6bc02d379db03a877d34d/library/std/src/thread/mod.rs:559:30
[INFO] [stdout]   40:     0x6527f397beb4 - core::ops::function::FnOnce::call_once{{vtable.shim}}::h6127de71b8124639
[INFO] [stdout]                                at /rustc/202008a1b8de96d2e5b6bc02d379db03a877d34d/library/core/src/ops/function.rs:250:5
[INFO] [stdout]   41:     0x6527f3a4bbcb - <alloc::boxed::Box<F,A> as core::ops::function::FnOnce<Args>>::call_once::h42f0ba71002a1b2c
[INFO] [stdout]                                at /rustc/202008a1b8de96d2e5b6bc02d379db03a877d34d/library/alloc/src/boxed.rs:1972:9
[INFO] [stdout]   42:     0x6527f3a4bbcb - <alloc::boxed::Box<F,A> as core::ops::function::FnOnce<Args>>::call_once::had9e47d7a3dcecb8
[INFO] [stdout]                                at /rustc/202008a1b8de96d2e5b6bc02d379db03a877d34d/library/alloc/src/boxed.rs:1972:9
[INFO] [stdout]   43:     0x6527f3a4bbcb - std::sys::pal::unix::thread::Thread::new::thread_start::h48cf765408f6f5f2
[INFO] [stdout]                                at /rustc/202008a1b8de96d2e5b6bc02d379db03a877d34d/library/std/src/sys/pal/unix/thread.rs:105:17
[INFO] [stdout]   44:     0x78ab27db9ac3 - <unknown>
[INFO] [stdout]   45:     0x78ab27e4aa04 - clone
[INFO] [stdout]   46:                0x0 - <unknown>
[INFO] [stdout] 
[INFO] [stdout] 
[INFO] [stdout] failures:
[INFO] [stdout]     tests::test_update
[INFO] [stdout] 
[INFO] [stdout] test result: FAILED. 2 passed; 1 failed; 0 ignored; 0 measured; 0 filtered out; finished in 0.06s
[INFO] [stdout] 
[INFO] running `Command { std: "docker" "inspect" "1d5fd1e4d132fd4d26739439e61a3e0647c533e0d9832f34f7243b5ca661e774", kill_on_drop: false }`
[INFO] running `Command { std: "docker" "rm" "-f" "1d5fd1e4d132fd4d26739439e61a3e0647c533e0d9832f34f7243b5ca661e774", kill_on_drop: false }`
[INFO] [stdout] 1d5fd1e4d132fd4d26739439e61a3e0647c533e0d9832f34f7243b5ca661e774
