[INFO] cloning repository https://github.com/andrewbaxter/flowcontrol
[INFO] running `Command { std: "git" "-c" "credential.helper=" "-c" "credential.helper=/workspace/cargo-home/bin/git-credential-null" "clone" "--bare" "https://github.com/andrewbaxter/flowcontrol" "/workspace/cache/git-repos/https%3A%2F%2Fgithub.com%2Fandrewbaxter%2Fflowcontrol", kill_on_drop: false }`
[INFO] [stderr] Cloning into bare repository '/workspace/cache/git-repos/https%3A%2F%2Fgithub.com%2Fandrewbaxter%2Fflowcontrol'...
[INFO] running `Command { std: "git" "rev-parse" "HEAD", kill_on_drop: false }`
[INFO] [stdout] c251a1c36a66086738fa1150b75310f763799030
[INFO] testing andrewbaxter/flowcontrol against beta-2024-12-08 for beta-1.84.0-4-retry
[INFO] running `Command { std: "git" "clone" "/workspace/cache/git-repos/https%3A%2F%2Fgithub.com%2Fandrewbaxter%2Fflowcontrol" "/workspace/builds/worker-5-tc2/source", kill_on_drop: false }`
[INFO] [stderr] Cloning into '/workspace/builds/worker-5-tc2/source'...
[INFO] [stderr] done.
[INFO] validating manifest of git repo https://github.com/andrewbaxter/flowcontrol on toolchain beta-2024-12-08
[INFO] running `Command { std: CARGO_HOME="/workspace/cargo-home" RUSTUP_HOME="/workspace/rustup-home" "/workspace/cargo-home/bin/cargo" "+beta-2024-12-08" "metadata" "--manifest-path" "Cargo.toml" "--no-deps", kill_on_drop: false }`
[INFO] started tweaking git repo https://github.com/andrewbaxter/flowcontrol
[INFO] finished tweaking git repo https://github.com/andrewbaxter/flowcontrol
[INFO] tweaked toml for git repo https://github.com/andrewbaxter/flowcontrol written to /workspace/builds/worker-5-tc2/source/Cargo.toml
[INFO] crate git repo https://github.com/andrewbaxter/flowcontrol already has a lockfile, it will not be regenerated
[INFO] running `Command { std: CARGO_HOME="/workspace/cargo-home" RUSTUP_HOME="/workspace/rustup-home" "/workspace/cargo-home/bin/cargo" "+beta-2024-12-08" "fetch" "--manifest-path" "Cargo.toml", kill_on_drop: false }`
[INFO] [stderr]     Blocking waiting for file lock on package cache
[INFO] running `Command { std: "docker" "create" "-v" "/var/lib/crater-agent-workspace/builds/worker-5-tc2/target:/opt/rustwide/target:rw,Z" "-v" "/var/lib/crater-agent-workspace/builds/worker-5-tc2/source:/opt/rustwide/workdir:ro,Z" "-v" "/var/lib/crater-agent-workspace/cargo-home:/opt/rustwide/cargo-home:ro,Z" "-v" "/var/lib/crater-agent-workspace/rustup-home:/opt/rustwide/rustup-home:ro,Z" "-e" "SOURCE_DIR=/opt/rustwide/workdir" "-e" "CARGO_TARGET_DIR=/opt/rustwide/target" "-e" "CARGO_HOME=/opt/rustwide/cargo-home" "-e" "RUSTUP_HOME=/opt/rustwide/rustup-home" "-w" "/opt/rustwide/workdir" "-m" "1610612736" "--user" "0:0" "--network" "none" "ghcr.io/rust-lang/crates-build-env/linux@sha256:f3a9d4ad9d972b27faf3965f35b62e55ba32bbce8f20bc8fe909558a86702fde" "/opt/rustwide/cargo-home/bin/cargo" "+beta-2024-12-08" "metadata" "--no-deps" "--format-version=1", kill_on_drop: false }`
[INFO] [stdout] cc274ec8e79ec0532ad872335c627861a6652ab7027be5db7a737b7b4b431aa3
[INFO] running `Command { std: "docker" "start" "-a" "cc274ec8e79ec0532ad872335c627861a6652ab7027be5db7a737b7b4b431aa3", kill_on_drop: false }`
[INFO] running `Command { std: "docker" "inspect" "cc274ec8e79ec0532ad872335c627861a6652ab7027be5db7a737b7b4b431aa3", kill_on_drop: false }`
[INFO] running `Command { std: "docker" "rm" "-f" "cc274ec8e79ec0532ad872335c627861a6652ab7027be5db7a737b7b4b431aa3", kill_on_drop: false }`
[INFO] [stdout] cc274ec8e79ec0532ad872335c627861a6652ab7027be5db7a737b7b4b431aa3
[INFO] running `Command { std: "docker" "create" "-v" "/var/lib/crater-agent-workspace/builds/worker-5-tc2/target:/opt/rustwide/target:rw,Z" "-v" "/var/lib/crater-agent-workspace/builds/worker-5-tc2/source:/opt/rustwide/workdir:ro,Z" "-v" "/var/lib/crater-agent-workspace/cargo-home:/opt/rustwide/cargo-home:ro,Z" "-v" "/var/lib/crater-agent-workspace/rustup-home:/opt/rustwide/rustup-home:ro,Z" "-e" "SOURCE_DIR=/opt/rustwide/workdir" "-e" "CARGO_TARGET_DIR=/opt/rustwide/target" "-e" "CARGO_INCREMENTAL=0" "-e" "RUST_BACKTRACE=full" "-e" "RUSTFLAGS=--cap-lints=warn" "-e" "RUSTDOCFLAGS=--cap-lints=warn" "-e" "CARGO_HOME=/opt/rustwide/cargo-home" "-e" "RUSTUP_HOME=/opt/rustwide/rustup-home" "-w" "/opt/rustwide/workdir" "-m" "1610612736" "--user" "0:0" "--network" "none" "ghcr.io/rust-lang/crates-build-env/linux@sha256:f3a9d4ad9d972b27faf3965f35b62e55ba32bbce8f20bc8fe909558a86702fde" "/opt/rustwide/cargo-home/bin/cargo" "+beta-2024-12-08" "build" "--frozen" "--message-format=json", kill_on_drop: false }`
[INFO] [stdout] 8ce6aafb36aa5ca2583ae6f7d34ba5d644b45d8b06b62c4d61fdd5dd84991e8f
[INFO] running `Command { std: "docker" "start" "-a" "8ce6aafb36aa5ca2583ae6f7d34ba5d644b45d8b06b62c4d61fdd5dd84991e8f", kill_on_drop: false }`
[INFO] [stderr]    Compiling flowcontrol v0.2.2 (/opt/rustwide/workdir)
[INFO] [stderr]     Finished `dev` profile [unoptimized + debuginfo] target(s) in 0.14s
[INFO] running `Command { std: "docker" "inspect" "8ce6aafb36aa5ca2583ae6f7d34ba5d644b45d8b06b62c4d61fdd5dd84991e8f", kill_on_drop: false }`
[INFO] running `Command { std: "docker" "rm" "-f" "8ce6aafb36aa5ca2583ae6f7d34ba5d644b45d8b06b62c4d61fdd5dd84991e8f", kill_on_drop: false }`
[INFO] [stdout] 8ce6aafb36aa5ca2583ae6f7d34ba5d644b45d8b06b62c4d61fdd5dd84991e8f
[INFO] running `Command { std: "docker" "create" "-v" "/var/lib/crater-agent-workspace/builds/worker-5-tc2/target:/opt/rustwide/target:rw,Z" "-v" "/var/lib/crater-agent-workspace/builds/worker-5-tc2/source:/opt/rustwide/workdir:ro,Z" "-v" "/var/lib/crater-agent-workspace/cargo-home:/opt/rustwide/cargo-home:ro,Z" "-v" "/var/lib/crater-agent-workspace/rustup-home:/opt/rustwide/rustup-home:ro,Z" "-e" "SOURCE_DIR=/opt/rustwide/workdir" "-e" "CARGO_TARGET_DIR=/opt/rustwide/target" "-e" "CARGO_INCREMENTAL=0" "-e" "RUST_BACKTRACE=full" "-e" "RUSTFLAGS=--cap-lints=warn" "-e" "RUSTDOCFLAGS=--cap-lints=warn" "-e" "CARGO_HOME=/opt/rustwide/cargo-home" "-e" "RUSTUP_HOME=/opt/rustwide/rustup-home" "-w" "/opt/rustwide/workdir" "-m" "1610612736" "--user" "0:0" "--network" "none" "ghcr.io/rust-lang/crates-build-env/linux@sha256:f3a9d4ad9d972b27faf3965f35b62e55ba32bbce8f20bc8fe909558a86702fde" "/opt/rustwide/cargo-home/bin/cargo" "+beta-2024-12-08" "test" "--frozen" "--no-run" "--message-format=json", kill_on_drop: false }`
[INFO] [stdout] f3fcd436c202e295f7fe44e370387ca3eaf2ee37ef2c8a1f25e0ab1b56b7447b
[INFO] running `Command { std: "docker" "start" "-a" "f3fcd436c202e295f7fe44e370387ca3eaf2ee37ef2c8a1f25e0ab1b56b7447b", kill_on_drop: false }`
[INFO] [stderr]    Compiling flowcontrol v0.2.2 (/opt/rustwide/workdir)
[INFO] [stderr]     Finished `test` profile [unoptimized + debuginfo] target(s) in 0.48s
[INFO] running `Command { std: "docker" "inspect" "f3fcd436c202e295f7fe44e370387ca3eaf2ee37ef2c8a1f25e0ab1b56b7447b", kill_on_drop: false }`
[INFO] running `Command { std: "docker" "rm" "-f" "f3fcd436c202e295f7fe44e370387ca3eaf2ee37ef2c8a1f25e0ab1b56b7447b", kill_on_drop: false }`
[INFO] [stdout] f3fcd436c202e295f7fe44e370387ca3eaf2ee37ef2c8a1f25e0ab1b56b7447b
[INFO] running `Command { std: "docker" "create" "-v" "/var/lib/crater-agent-workspace/builds/worker-5-tc2/target:/opt/rustwide/target:rw,Z" "-v" "/var/lib/crater-agent-workspace/builds/worker-5-tc2/source:/opt/rustwide/workdir:ro,Z" "-v" "/var/lib/crater-agent-workspace/cargo-home:/opt/rustwide/cargo-home:ro,Z" "-v" "/var/lib/crater-agent-workspace/rustup-home:/opt/rustwide/rustup-home:ro,Z" "-e" "SOURCE_DIR=/opt/rustwide/workdir" "-e" "CARGO_TARGET_DIR=/opt/rustwide/target" "-e" "CARGO_INCREMENTAL=0" "-e" "RUST_BACKTRACE=full" "-e" "RUSTFLAGS=--cap-lints=warn" "-e" "RUSTDOCFLAGS=--cap-lints=warn" "-e" "CARGO_HOME=/opt/rustwide/cargo-home" "-e" "RUSTUP_HOME=/opt/rustwide/rustup-home" "-w" "/opt/rustwide/workdir" "-m" "1610612736" "--user" "0:0" "--network" "none" "ghcr.io/rust-lang/crates-build-env/linux@sha256:f3a9d4ad9d972b27faf3965f35b62e55ba32bbce8f20bc8fe909558a86702fde" "/opt/rustwide/cargo-home/bin/cargo" "+beta-2024-12-08" "test" "--frozen", kill_on_drop: false }`
[INFO] [stdout] 393eed8a327e8b2ccf560757c98c9c933daad70ffbb78b4efbd6aa0ae08919aa
[INFO] running `Command { std: "docker" "start" "-a" "393eed8a327e8b2ccf560757c98c9c933daad70ffbb78b4efbd6aa0ae08919aa", kill_on_drop: false }`
[INFO] [stderr]     Finished `test` profile [unoptimized + debuginfo] target(s) in 0.01s
[INFO] [stderr]      Running unittests src/lib.rs (/opt/rustwide/target/debug/deps/flowcontrol-40adf3a45a6ca2fe)
[INFO] [stdout] 
[INFO] [stdout] running 1 test
[INFO] [stdout] test test_superif ... ok
[INFO] [stdout] 
[INFO] [stdout] test result: ok. 1 passed; 0 failed; 0 ignored; 0 measured; 0 filtered out; finished in 0.00s
[INFO] [stdout] 
[INFO] [stderr]    Doc-tests flowcontrol
[INFO] [stdout] 
[INFO] [stdout] running 4 tests
[INFO] [stdout] test src/lib.rs - superif (line 61) ... FAILED
[INFO] [stdout] test src/lib.rs - shed (line 15) ... FAILED
[INFO] [stdout] test src/lib.rs - superif (line 47) ... FAILED
[INFO] [stdout] test src/lib.rs - shed (line 6) ... FAILED
[INFO] [stdout] 
[INFO] [stdout] failures:
[INFO] [stdout] 
[INFO] [stdout] ---- src/lib.rs - superif (line 61) stdout ----
[INFO] [stdout] error: cannot find macro `superif` in this scope
[INFO] [stdout]  --> src/lib.rs:62:1
[INFO] [stdout]   |
[INFO] [stdout] 3 | superif!({
[INFO] [stdout]   | ^^^^^^^
[INFO] [stdout]   |
[INFO] [stdout] help: consider importing this macro
[INFO] [stdout]   |
[INFO] [stdout] 2 + use flowcontrol::superif;
[INFO] [stdout]   |
[INFO] [stdout] 
[INFO] [stdout] error: aborting due to 1 previous error
[INFO] [stdout] 
[INFO] [stdout] Couldn't compile the test.
[INFO] [stdout] ---- src/lib.rs - shed (line 15) stdout ----
[INFO] [stdout] error: cannot find macro `shed` in this scope
[INFO] [stdout]  --> src/lib.rs:16:1
[INFO] [stdout]   |
[INFO] [stdout] 3 | shed!{
[INFO] [stdout]   | ^^^^
[INFO] [stdout]   |
[INFO] [stdout] help: consider importing this macro
[INFO] [stdout]   |
[INFO] [stdout] 2 + use flowcontrol::shed;
[INFO] [stdout]   |
[INFO] [stdout] 
[INFO] [stdout] error: aborting due to 1 previous error
[INFO] [stdout] 
[INFO] [stdout] Couldn't compile the test.
[INFO] [stdout] ---- src/lib.rs - superif (line 47) stdout ----
[INFO] [stdout] error: cannot find macro `superif` in this scope
[INFO] [stdout]  --> src/lib.rs:48:1
[INFO] [stdout]   |
[INFO] [stdout] 3 | superif!({
[INFO] [stdout]   | ^^^^^^^
[INFO] [stdout]   |
[INFO] [stdout] help: consider importing this macro
[INFO] [stdout]   |
[INFO] [stdout] 2 + use flowcontrol::superif;
[INFO] [stdout]   |
[INFO] [stdout] 
[INFO] [stdout] error: aborting due to 1 previous error
[INFO] [stdout] 
[INFO] [stdout] Couldn't compile the test.
[INFO] [stdout] ---- src/lib.rs - shed (line 6) stdout ----
[INFO] [stdout] error: cannot find macro `shed` in this scope
[INFO] [stdout]  --> src/lib.rs:7:1
[INFO] [stdout]   |
[INFO] [stdout] 3 | shed!{
[INFO] [stdout]   | ^^^^
[INFO] [stdout]   |
[INFO] [stdout] help: consider importing this macro
[INFO] [stdout]   |
[INFO] [stdout] 2 + use flowcontrol::shed;
[INFO] [stdout]   |
[INFO] [stdout] 
[INFO] [stdout] error: aborting due to 1 previous error
[INFO] [stdout] 
[INFO] [stdout] Couldn't compile the test.
[INFO] [stdout] 
[INFO] [stdout] failures:
[INFO] [stdout]     src/lib.rs - shed (line 15)
[INFO] [stdout]     src/lib.rs - shed (line 6)
[INFO] [stdout]     src/lib.rs - superif (line 47)
[INFO] [stdout]     src/lib.rs - superif (line 61)
[INFO] [stdout] 
[INFO] [stdout] test result: FAILED. 0 passed; 4 failed; 0 ignored; 0 measured; 0 filtered out; finished in 0.20s
[INFO] [stdout] 
[INFO] [stderr] error: doctest failed, to rerun pass `--doc`
[INFO] running `Command { std: "docker" "inspect" "393eed8a327e8b2ccf560757c98c9c933daad70ffbb78b4efbd6aa0ae08919aa", kill_on_drop: false }`
[INFO] running `Command { std: "docker" "rm" "-f" "393eed8a327e8b2ccf560757c98c9c933daad70ffbb78b4efbd6aa0ae08919aa", kill_on_drop: false }`
[INFO] [stdout] 393eed8a327e8b2ccf560757c98c9c933daad70ffbb78b4efbd6aa0ae08919aa
