[INFO] cloning repository https://github.com/andrefsp/rustserver
[INFO] running `Command { std: "git" "-c" "credential.helper=" "-c" "credential.helper=/workspace/cargo-home/bin/git-credential-null" "clone" "--bare" "https://github.com/andrefsp/rustserver" "/workspace/cache/git-repos/https%3A%2F%2Fgithub.com%2Fandrefsp%2Frustserver", kill_on_drop: false }`
[INFO] [stderr] Cloning into bare repository '/workspace/cache/git-repos/https%3A%2F%2Fgithub.com%2Fandrefsp%2Frustserver'...
[INFO] running `Command { std: "git" "rev-parse" "HEAD", kill_on_drop: false }`
[INFO] [stdout] 449b3ebf75c723de6060873d5729ce9d56238a78
[INFO] testing andrefsp/rustserver against 1.83.0 for beta-1.84.0-4-retry
[INFO] running `Command { std: "git" "clone" "/workspace/cache/git-repos/https%3A%2F%2Fgithub.com%2Fandrefsp%2Frustserver" "/workspace/builds/worker-4-tc1/source", kill_on_drop: false }`
[INFO] [stderr] Cloning into '/workspace/builds/worker-4-tc1/source'...
[INFO] [stderr] done.
[INFO] validating manifest of git repo https://github.com/andrefsp/rustserver on toolchain 1.83.0
[INFO] running `Command { std: CARGO_HOME="/workspace/cargo-home" RUSTUP_HOME="/workspace/rustup-home" "/workspace/cargo-home/bin/cargo" "+1.83.0" "metadata" "--manifest-path" "Cargo.toml" "--no-deps", kill_on_drop: false }`
[INFO] started tweaking git repo https://github.com/andrefsp/rustserver
[INFO] finished tweaking git repo https://github.com/andrefsp/rustserver
[INFO] tweaked toml for git repo https://github.com/andrefsp/rustserver written to /workspace/builds/worker-4-tc1/source/Cargo.toml
[INFO] crate git repo https://github.com/andrefsp/rustserver already has a lockfile, it will not be regenerated
[INFO] running `Command { std: CARGO_HOME="/workspace/cargo-home" RUSTUP_HOME="/workspace/rustup-home" "/workspace/cargo-home/bin/cargo" "+1.83.0" "fetch" "--manifest-path" "Cargo.toml", kill_on_drop: false }`
[INFO] [stderr]     Updating crates.io index
[INFO] [stderr]  Downloading crates ...
[INFO] [stderr]   Downloaded mockall_derive v0.10.2
[INFO] [stderr]   Downloaded tokio-tungstenite v0.16.1
[INFO] [stderr]   Downloaded downcast v0.10.0
[INFO] [stderr]   Downloaded mockall v0.10.2
[INFO] [stderr]   Downloaded hyper-tungstenite v0.5.0
[INFO] running `Command { std: "docker" "create" "-v" "/var/lib/crater-agent-workspace/builds/worker-4-tc1/target:/opt/rustwide/target:rw,Z" "-v" "/var/lib/crater-agent-workspace/builds/worker-4-tc1/source:/opt/rustwide/workdir:ro,Z" "-v" "/var/lib/crater-agent-workspace/cargo-home:/opt/rustwide/cargo-home:ro,Z" "-v" "/var/lib/crater-agent-workspace/rustup-home:/opt/rustwide/rustup-home:ro,Z" "-e" "SOURCE_DIR=/opt/rustwide/workdir" "-e" "CARGO_TARGET_DIR=/opt/rustwide/target" "-e" "CARGO_HOME=/opt/rustwide/cargo-home" "-e" "RUSTUP_HOME=/opt/rustwide/rustup-home" "-w" "/opt/rustwide/workdir" "-m" "1610612736" "--user" "0:0" "--network" "none" "ghcr.io/rust-lang/crates-build-env/linux@sha256:f3a9d4ad9d972b27faf3965f35b62e55ba32bbce8f20bc8fe909558a86702fde" "/opt/rustwide/cargo-home/bin/cargo" "+1.83.0" "metadata" "--no-deps" "--format-version=1", kill_on_drop: false }`
[INFO] [stdout] 67eea189ea4fb1dbbb7b35cbfc90719c487c2333862a8278e66b0d3435f725b9
[INFO] running `Command { std: "docker" "start" "-a" "67eea189ea4fb1dbbb7b35cbfc90719c487c2333862a8278e66b0d3435f725b9", kill_on_drop: false }`
[INFO] running `Command { std: "docker" "inspect" "67eea189ea4fb1dbbb7b35cbfc90719c487c2333862a8278e66b0d3435f725b9", kill_on_drop: false }`
[INFO] running `Command { std: "docker" "rm" "-f" "67eea189ea4fb1dbbb7b35cbfc90719c487c2333862a8278e66b0d3435f725b9", kill_on_drop: false }`
[INFO] [stdout] 67eea189ea4fb1dbbb7b35cbfc90719c487c2333862a8278e66b0d3435f725b9
[INFO] running `Command { std: "docker" "create" "-v" "/var/lib/crater-agent-workspace/builds/worker-4-tc1/target:/opt/rustwide/target:rw,Z" "-v" "/var/lib/crater-agent-workspace/builds/worker-4-tc1/source:/opt/rustwide/workdir:ro,Z" "-v" "/var/lib/crater-agent-workspace/cargo-home:/opt/rustwide/cargo-home:ro,Z" "-v" "/var/lib/crater-agent-workspace/rustup-home:/opt/rustwide/rustup-home:ro,Z" "-e" "SOURCE_DIR=/opt/rustwide/workdir" "-e" "CARGO_TARGET_DIR=/opt/rustwide/target" "-e" "CARGO_INCREMENTAL=0" "-e" "RUST_BACKTRACE=full" "-e" "RUSTFLAGS=--cap-lints=warn" "-e" "RUSTDOCFLAGS=--cap-lints=warn" "-e" "CARGO_HOME=/opt/rustwide/cargo-home" "-e" "RUSTUP_HOME=/opt/rustwide/rustup-home" "-w" "/opt/rustwide/workdir" "-m" "1610612736" "--user" "0:0" "--network" "none" "ghcr.io/rust-lang/crates-build-env/linux@sha256:f3a9d4ad9d972b27faf3965f35b62e55ba32bbce8f20bc8fe909558a86702fde" "/opt/rustwide/cargo-home/bin/cargo" "+1.83.0" "build" "--frozen" "--message-format=json", kill_on_drop: false }`
[INFO] [stdout] 416352b3ad77b88e846886a4cefa180c5572e7ea3fa32611a06b8b19d360652f
[INFO] running `Command { std: "docker" "start" "-a" "416352b3ad77b88e846886a4cefa180c5572e7ea3fa32611a06b8b19d360652f", kill_on_drop: false }`
[INFO] [stderr]    Compiling libc v0.2.126
[INFO] [stderr]    Compiling autocfg v1.1.0
[INFO] [stderr]    Compiling proc-macro2 v1.0.39
[INFO] [stderr]    Compiling unicode-ident v1.0.1
[INFO] [stderr]    Compiling version_check v0.9.4
[INFO] [stderr]    Compiling syn v1.0.96
[INFO] [stderr]    Compiling memchr v2.5.0
[INFO] [stderr]    Compiling once_cell v1.12.0
[INFO] [stderr]    Compiling typenum v1.15.0
[INFO] [stderr]    Compiling log v0.4.17
[INFO] [stderr]    Compiling smallvec v1.8.0
[INFO] [stderr]    Compiling pin-project-lite v0.2.9
[INFO] [stderr]    Compiling spin v0.5.2
[INFO] [stderr]    Compiling futures-core v0.3.21
[INFO] [stderr]    Compiling bytes v1.1.0
[INFO] [stderr]    Compiling parking_lot_core v0.9.3
[INFO] [stderr]    Compiling libm v0.2.2
[INFO] [stderr]    Compiling futures-sink v0.3.21
[INFO] [stderr]    Compiling futures-task v0.3.21
[INFO] [stderr]    Compiling futures-channel v0.3.21
[INFO] [stderr]    Compiling futures-util v0.3.21
[INFO] [stderr]    Compiling itoa v1.0.2
[INFO] [stderr]    Compiling ppv-lite86 v0.2.16
[INFO] [stderr]    Compiling lock_api v0.4.7
[INFO] [stderr]    Compiling generic-array v0.14.5
[INFO] [stderr]    Compiling num-traits v0.2.15
[INFO] [stderr]    Compiling ahash v0.7.6
[INFO] [stderr]    Compiling futures-io v0.3.21
[INFO] [stderr]    Compiling slab v0.4.6
[INFO] [stderr]    Compiling base64 v0.13.0
[INFO] [stderr]    Compiling tinyvec_macros v0.1.0
[INFO] [stderr]    Compiling pin-utils v0.1.0
[INFO] [stderr]    Compiling tinyvec v1.6.0
[INFO] [stderr]    Compiling lazy_static v1.4.0
[INFO] [stderr]    Compiling cc v1.0.73
[INFO] [stderr]    Compiling byteorder v1.4.3
[INFO] [stderr]    Compiling percent-encoding v2.1.0
[INFO] [stderr]    Compiling matches v0.1.9
[INFO] [stderr]    Compiling cpufeatures v0.2.2
[INFO] [stderr]    Compiling unicode-bidi v0.3.8
[INFO] [stderr]    Compiling indexmap v1.8.2
[INFO] [stderr]    Compiling untrusted v0.7.1
[INFO] [stderr]    Compiling fnv v1.0.7
[INFO] [stderr]    Compiling form_urlencoded v1.0.1
[INFO] [stderr]    Compiling http v0.2.8
[INFO] [stderr]    Compiling num-integer v0.1.45
[INFO] [stderr]    Compiling quote v1.0.18
[INFO] [stderr]    Compiling httparse v1.7.1
[INFO] [stderr]    Compiling crossbeam-utils v0.8.8
[INFO] [stderr]    Compiling base64ct v1.5.0
[INFO] [stderr]    Compiling getrandom v0.2.7
[INFO] [stderr]    Compiling mio v0.8.3
[INFO] [stderr]    Compiling num_cpus v1.13.1
[INFO] [stderr]    Compiling signal-hook-registry v1.4.0
[INFO] [stderr]    Compiling socket2 v0.4.4
[INFO] [stderr]    Compiling rand_core v0.6.3
[INFO] [stderr]    Compiling subtle v2.4.1
[INFO] [stderr]    Compiling pem-rfc7468 v0.3.1
[INFO] [stderr]    Compiling parking_lot v0.12.1
[INFO] [stderr]    Compiling rand_chacha v0.3.1
[INFO] [stderr]    Compiling const-oid v0.7.1
[INFO] [stderr]    Compiling unicode-normalization v0.1.19
[INFO] [stderr]    Compiling rand v0.8.5
[INFO] [stderr]    Compiling hashbrown v0.11.2
[INFO] [stderr]    Compiling ring v0.16.20
[INFO] [stderr]    Compiling num-iter v0.1.43
[INFO] [stderr]    Compiling tracing-core v0.1.27
[INFO] [stderr]    Compiling zeroize v1.5.5
[INFO] [stderr]    Compiling minimal-lexical v0.2.1
[INFO] [stderr]    Compiling parking_lot_core v0.8.5
[INFO] [stderr]    Compiling instant v0.1.12
[INFO] [stderr]    Compiling num-bigint-dig v0.8.1
[INFO] [stderr]    Compiling num-bigint v0.3.3
[INFO] [stderr]    Compiling serde_derive v1.0.137
[INFO] [stderr]    Compiling block-buffer v0.10.2
[INFO] [stderr]    Compiling crypto-common v0.1.3
[INFO] [stderr]    Compiling crypto-bigint v0.3.2
[INFO] [stderr]    Compiling nom v7.1.1
[INFO] [stderr]    Compiling tracing v0.1.35
[INFO] [stderr]    Compiling idna v0.2.3
[INFO] [stderr]    Compiling digest v0.10.3
[INFO] [stderr]    Compiling utf-8 v0.7.6
[INFO] [stderr]    Compiling either v1.6.1
[INFO] [stderr]    Compiling crossbeam-queue v0.3.5
[INFO] [stderr]    Compiling crc32fast v1.3.2
[INFO] [stderr]    Compiling sha-1 v0.10.0
[INFO] [stderr]    Compiling parking_lot v0.11.2
[INFO] [stderr]    Compiling digest v0.9.0
[INFO] [stderr]    Compiling block-buffer v0.9.0
[INFO] [stderr]    Compiling aho-corasick v0.7.18
[INFO] [stderr]    Compiling tower-service v0.3.1
[INFO] [stderr]    Compiling itertools v0.10.3
[INFO] [stderr]    Compiling regex-syntax v0.6.26
[INFO] [stderr]    Compiling serde v1.0.137
[INFO] [stderr]    Compiling try-lock v0.2.3
[INFO] [stderr]    Compiling adler v1.0.2
[INFO] [stderr]    Compiling url v2.2.2
[INFO] [stderr]    Compiling crc-catalog v1.1.1
[INFO] [stderr]    Compiling unicode_categories v0.1.1
[INFO] [stderr]    Compiling opaque-debug v0.3.0
[INFO] [stderr]    Compiling der v0.5.1
[INFO] [stderr]    Compiling crc v2.1.0
[INFO] [stderr]    Compiling miniz_oxide v0.5.3
[INFO] [stderr]    Compiling sha-1 v0.9.8
[INFO] [stderr]    Compiling want v0.3.0
[INFO] [stderr]    Compiling futures-intrusive v0.4.0
[INFO] [stderr]    Compiling sha2 v0.10.2
[INFO] [stderr]    Compiling stringprep v0.1.2
[INFO] [stderr]    Compiling http-body v0.4.5
[INFO] [stderr]    Compiling spki v0.5.4
[INFO] [stderr]    Compiling hashlink v0.7.0
[INFO] [stderr]    Compiling pkcs8 v0.8.0
[INFO] [stderr]    Compiling pkcs1 v0.3.3
[INFO] [stderr]    Compiling atoi v0.4.0
[INFO] [stderr]    Compiling paste v1.0.7
[INFO] [stderr]    Compiling httpdate v1.0.2
[INFO] [stderr]    Compiling event-listener v2.5.2
[INFO] [stderr]    Compiling hex v0.4.3
[INFO] [stderr]    Compiling unicode-segmentation v1.9.0
[INFO] [stderr]    Compiling bitflags v1.3.2
[INFO] [stderr]    Compiling predicates-core v1.0.3
[INFO] [stderr]    Compiling sqlformat v0.1.8
[INFO] [stderr]    Compiling flate2 v1.0.24
[INFO] [stderr]    Compiling crossbeam-channel v0.5.4
[INFO] [stderr]    Compiling float-cmp v0.8.0
[INFO] [stderr]    Compiling async-trait v0.1.56
[INFO] [stderr]    Compiling rsa v0.6.1
[INFO] [stderr]    Compiling regex v1.5.6
[INFO] [stderr]    Compiling heck v0.4.0
[INFO] [stderr]    Compiling normalize-line-endings v0.3.0
[INFO] [stderr]    Compiling serde_json v1.0.81
[INFO] [stderr]    Compiling difference v2.0.0
[INFO] [stderr]    Compiling termtree v0.2.4
[INFO] [stderr]    Compiling dotenv v0.15.0
[INFO] [stderr]    Compiling predicates-tree v1.0.5
[INFO] [stderr]    Compiling downcast v0.10.0
[INFO] [stderr]    Compiling fragile v1.2.1
[INFO] [stderr]    Compiling hdrhistogram v7.5.0
[INFO] [stderr]    Compiling tower-layer v0.3.1
[INFO] [stderr]    Compiling ryu v1.0.10
[INFO] [stderr]    Compiling tokio-macros v1.8.0
[INFO] [stderr]    Compiling futures-macro v0.3.21
[INFO] [stderr]    Compiling thiserror-impl v1.0.31
[INFO] [stderr]    Compiling pin-project-internal v1.0.10
[INFO] [stderr]    Compiling mockall_derive v0.10.2
[INFO] [stderr]    Compiling predicates v1.0.8
[INFO] [stderr]    Compiling webpki v0.21.4
[INFO] [stderr]    Compiling sct v0.6.1
[INFO] [stderr]    Compiling tokio v1.19.2
[INFO] [stderr]    Compiling rustls v0.19.1
[INFO] [stderr]    Compiling webpki-roots v0.21.1
[INFO] [stderr]    Compiling thiserror v1.0.31
[INFO] [stderr]    Compiling tungstenite v0.16.0
[INFO] [stderr]    Compiling tungstenite v0.17.2
[INFO] [stderr]    Compiling pin-project v1.0.10
[INFO] [stderr]    Compiling futures-executor v0.3.21
[INFO] [stderr]    Compiling mockall v0.10.2
[INFO] [stderr]    Compiling futures v0.3.21
[INFO] [stderr]    Compiling tokio-util v0.7.3
[INFO] [stderr]    Compiling tokio-rustls v0.22.0
[INFO] [stderr]    Compiling tokio-stream v0.1.9
[INFO] [stderr]    Compiling tokio-tungstenite v0.16.1
[INFO] [stderr]    Compiling tokio-tungstenite v0.17.1
[INFO] [stderr]    Compiling sqlx-rt v0.5.13
[INFO] [stderr]    Compiling sqlx-core v0.5.13
[INFO] [stderr]    Compiling uuid v0.8.2
[INFO] [stderr]    Compiling h2 v0.3.13
[INFO] [stderr]    Compiling tower v0.4.12
[INFO] [stderr]    Compiling sqlx-macros v0.5.13
[INFO] [stderr]    Compiling hyper v0.14.19
[INFO] [stderr]    Compiling sqlx v0.5.13
[INFO] [stderr]    Compiling hyper-tungstenite v0.5.0
[INFO] [stderr]    Compiling routerify v3.0.0
[INFO] [stderr]    Compiling rustserver v0.1.0 (/opt/rustwide/workdir)
[INFO] [stdout] warning: unused import: `routerify::Middleware`
[INFO] [stdout]  --> src/middleware.rs:3:5
[INFO] [stdout]   |
[INFO] [stdout] 3 | use routerify::Middleware;
[INFO] [stdout]   |     ^^^^^^^^^^^^^^^^^^^^^
[INFO] [stdout]   |
[INFO] [stdout]   = note: `#[warn(unused_imports)]` on by default
[INFO] [stdout] 
[INFO] [stdout] 
[INFO] [stdout] warning: function `new_id` is never used
[INFO] [stdout]   --> src/handlers/create_user.rs:18:4
[INFO] [stdout]    |
[INFO] [stdout] 18 | fn new_id() -> String {
[INFO] [stdout]    |    ^^^^^^
[INFO] [stdout]    |
[INFO] [stdout]    = note: `#[warn(dead_code)]` on by default
[INFO] [stdout] 
[INFO] [stdout] 
[INFO] [stdout] warning: field `deps` is never read
[INFO] [stdout]   --> src/handlers/socket.rs:18:5
[INFO] [stdout]    |
[INFO] [stdout] 17 | pub struct Socket {
[INFO] [stdout]    |            ------ field in this struct
[INFO] [stdout] 18 |     deps: Deps,
[INFO] [stdout]    |     ^^^^
[INFO] [stdout]    |
[INFO] [stdout]    = note: `Socket` has a derived impl for the trait `Clone`, but this is intentionally ignored during dead code analysis
[INFO] [stdout] 
[INFO] [stdout] 
[INFO] [stdout] warning: unused `Result` in tuple element 0 that must be used
[INFO] [stdout]   --> src/main.rs:34:5
[INFO] [stdout]    |
[INFO] [stdout] 34 |     tokio::join!(svc_spawn, worker_spawn);
[INFO] [stdout]    |     ^^^^^^^^^^^^^^^^^^^^^^^^^^^^^^^^^^^^^
[INFO] [stdout]    |
[INFO] [stdout]    = note: this `Result` may be an `Err` variant, which should be handled
[INFO] [stdout]    = note: `#[warn(unused_must_use)]` on by default
[INFO] [stdout]    = note: this warning originates in the macro `$crate::join` which comes from the expansion of the macro `tokio::join` (in Nightly builds, run with -Z macro-backtrace for more info)
[INFO] [stdout] 
[INFO] [stdout] 
[INFO] [stdout] warning: unused `Result` in tuple element 1 that must be used
[INFO] [stdout]   --> src/main.rs:34:5
[INFO] [stdout]    |
[INFO] [stdout] 34 |     tokio::join!(svc_spawn, worker_spawn);
[INFO] [stdout]    |     ^^^^^^^^^^^^^^^^^^^^^^^^^^^^^^^^^^^^^
[INFO] [stdout]    |
[INFO] [stdout]    = note: this `Result` may be an `Err` variant, which should be handled
[INFO] [stdout]    = note: this warning originates in the macro `$crate::join` which comes from the expansion of the macro `tokio::join` (in Nightly builds, run with -Z macro-backtrace for more info)
[INFO] [stdout] 
[INFO] [stdout] 
[INFO] [stderr]     Finished `dev` profile [unoptimized + debuginfo] target(s) in 51.38s
[INFO] running `Command { std: "docker" "inspect" "416352b3ad77b88e846886a4cefa180c5572e7ea3fa32611a06b8b19d360652f", kill_on_drop: false }`
[INFO] running `Command { std: "docker" "rm" "-f" "416352b3ad77b88e846886a4cefa180c5572e7ea3fa32611a06b8b19d360652f", kill_on_drop: false }`
[INFO] [stdout] 416352b3ad77b88e846886a4cefa180c5572e7ea3fa32611a06b8b19d360652f
[INFO] running `Command { std: "docker" "create" "-v" "/var/lib/crater-agent-workspace/builds/worker-4-tc1/target:/opt/rustwide/target:rw,Z" "-v" "/var/lib/crater-agent-workspace/builds/worker-4-tc1/source:/opt/rustwide/workdir:ro,Z" "-v" "/var/lib/crater-agent-workspace/cargo-home:/opt/rustwide/cargo-home:ro,Z" "-v" "/var/lib/crater-agent-workspace/rustup-home:/opt/rustwide/rustup-home:ro,Z" "-e" "SOURCE_DIR=/opt/rustwide/workdir" "-e" "CARGO_TARGET_DIR=/opt/rustwide/target" "-e" "CARGO_INCREMENTAL=0" "-e" "RUST_BACKTRACE=full" "-e" "RUSTFLAGS=--cap-lints=warn" "-e" "RUSTDOCFLAGS=--cap-lints=warn" "-e" "CARGO_HOME=/opt/rustwide/cargo-home" "-e" "RUSTUP_HOME=/opt/rustwide/rustup-home" "-w" "/opt/rustwide/workdir" "-m" "1610612736" "--user" "0:0" "--network" "none" "ghcr.io/rust-lang/crates-build-env/linux@sha256:f3a9d4ad9d972b27faf3965f35b62e55ba32bbce8f20bc8fe909558a86702fde" "/opt/rustwide/cargo-home/bin/cargo" "+1.83.0" "test" "--frozen" "--no-run" "--message-format=json", kill_on_drop: false }`
[INFO] [stdout] c293d565d53278a341cd205e8606a57725f2cb1e95358bfe3d98cad2d40cb21a
[INFO] running `Command { std: "docker" "start" "-a" "c293d565d53278a341cd205e8606a57725f2cb1e95358bfe3d98cad2d40cb21a", kill_on_drop: false }`
[INFO] [stderr]    Compiling rustserver v0.1.0 (/opt/rustwide/workdir)
[INFO] [stdout] warning: unused import: `routerify::Middleware`
[INFO] [stdout]  --> src/middleware.rs:3:5
[INFO] [stdout]   |
[INFO] [stdout] 3 | use routerify::Middleware;
[INFO] [stdout]   |     ^^^^^^^^^^^^^^^^^^^^^
[INFO] [stdout]   |
[INFO] [stdout]   = note: `#[warn(unused_imports)]` on by default
[INFO] [stdout] 
[INFO] [stdout] 
[INFO] [stdout] warning: function `new_id` is never used
[INFO] [stdout]   --> src/handlers/create_user.rs:18:4
[INFO] [stdout]    |
[INFO] [stdout] 18 | fn new_id() -> String {
[INFO] [stdout]    |    ^^^^^^
[INFO] [stdout]    |
[INFO] [stdout]    = note: `#[warn(dead_code)]` on by default
[INFO] [stdout] 
[INFO] [stdout] 
[INFO] [stdout] warning: field `deps` is never read
[INFO] [stdout]   --> src/handlers/socket.rs:18:5
[INFO] [stdout]    |
[INFO] [stdout] 17 | pub struct Socket {
[INFO] [stdout]    |            ------ field in this struct
[INFO] [stdout] 18 |     deps: Deps,
[INFO] [stdout]    |     ^^^^
[INFO] [stdout]    |
[INFO] [stdout]    = note: `Socket` has a derived impl for the trait `Clone`, but this is intentionally ignored during dead code analysis
[INFO] [stdout] 
[INFO] [stdout] 
[INFO] [stdout] warning: unused `Result` in tuple element 0 that must be used
[INFO] [stdout]   --> src/main.rs:34:5
[INFO] [stdout]    |
[INFO] [stdout] 34 |     tokio::join!(svc_spawn, worker_spawn);
[INFO] [stdout]    |     ^^^^^^^^^^^^^^^^^^^^^^^^^^^^^^^^^^^^^
[INFO] [stdout]    |
[INFO] [stdout]    = note: this `Result` may be an `Err` variant, which should be handled
[INFO] [stdout]    = note: `#[warn(unused_must_use)]` on by default
[INFO] [stdout]    = note: this warning originates in the macro `$crate::join` which comes from the expansion of the macro `tokio::join` (in Nightly builds, run with -Z macro-backtrace for more info)
[INFO] [stdout] 
[INFO] [stdout] 
[INFO] [stdout] warning: unused `Result` in tuple element 1 that must be used
[INFO] [stdout]   --> src/main.rs:34:5
[INFO] [stdout]    |
[INFO] [stdout] 34 |     tokio::join!(svc_spawn, worker_spawn);
[INFO] [stdout]    |     ^^^^^^^^^^^^^^^^^^^^^^^^^^^^^^^^^^^^^
[INFO] [stdout]    |
[INFO] [stdout]    = note: this `Result` may be an `Err` variant, which should be handled
[INFO] [stdout]    = note: this warning originates in the macro `$crate::join` which comes from the expansion of the macro `tokio::join` (in Nightly builds, run with -Z macro-backtrace for more info)
[INFO] [stdout] 
[INFO] [stdout] 
[INFO] [stdout] warning: unused import: `routerify::Middleware`
[INFO] [stdout]  --> src/middleware.rs:3:5
[INFO] [stdout]   |
[INFO] [stdout] 3 | use routerify::Middleware;
[INFO] [stdout]   |     ^^^^^^^^^^^^^^^^^^^^^
[INFO] [stdout]   |
[INFO] [stdout]   = note: `#[warn(unused_imports)]` on by default
[INFO] [stdout] 
[INFO] [stdout] 
[INFO] [stdout] warning: unused variable: `m`
[INFO] [stdout]   --> src/handlers/handlers_test.rs:18:54
[INFO] [stdout]    |
[INFO] [stdout] 18 |     let (_worker, tx, _stop) = worker::new(Box::new(|m: worker::WorkerTask| {}));
[INFO] [stdout]    |                                                      ^ help: if this is intentional, prefix it with an underscore: `_m`
[INFO] [stdout]    |
[INFO] [stdout]    = note: `#[warn(unused_variables)]` on by default
[INFO] [stdout] 
[INFO] [stdout] 
[INFO] [stdout] warning: unused variable: `m`
[INFO] [stdout]   --> src/service_test.rs:13:54
[INFO] [stdout]    |
[INFO] [stdout] 13 |     let (_worker, tx, _stop) = worker::new(Box::new(|m: worker::WorkerTask| {}));
[INFO] [stdout]    |                                                      ^ help: if this is intentional, prefix it with an underscore: `_m`
[INFO] [stdout] 
[INFO] [stdout] 
[INFO] [stdout] warning: unused variable: `m`
[INFO] [stdout]   --> src/service_test.rs:41:54
[INFO] [stdout]    |
[INFO] [stdout] 41 |     let (_worker, tx, _stop) = worker::new(Box::new(|m: worker::WorkerTask| {}));
[INFO] [stdout]    |                                                      ^ help: if this is intentional, prefix it with an underscore: `_m`
[INFO] [stdout] 
[INFO] [stdout] 
[INFO] [stdout] warning: function `new_id` is never used
[INFO] [stdout]   --> src/handlers/create_user.rs:18:4
[INFO] [stdout]    |
[INFO] [stdout] 18 | fn new_id() -> String {
[INFO] [stdout]    |    ^^^^^^
[INFO] [stdout]    |
[INFO] [stdout]    = note: `#[warn(dead_code)]` on by default
[INFO] [stdout] 
[INFO] [stdout] 
[INFO] [stdout] warning: field `deps` is never read
[INFO] [stdout]   --> src/handlers/socket.rs:18:5
[INFO] [stdout]    |
[INFO] [stdout] 17 | pub struct Socket {
[INFO] [stdout]    |            ------ field in this struct
[INFO] [stdout] 18 |     deps: Deps,
[INFO] [stdout]    |     ^^^^
[INFO] [stdout]    |
[INFO] [stdout]    = note: `Socket` has a derived impl for the trait `Clone`, but this is intentionally ignored during dead code analysis
[INFO] [stdout] 
[INFO] [stdout] 
[INFO] [stderr]     Finished `test` profile [unoptimized + debuginfo] target(s) in 12.62s
[INFO] running `Command { std: "docker" "inspect" "c293d565d53278a341cd205e8606a57725f2cb1e95358bfe3d98cad2d40cb21a", kill_on_drop: false }`
[INFO] running `Command { std: "docker" "rm" "-f" "c293d565d53278a341cd205e8606a57725f2cb1e95358bfe3d98cad2d40cb21a", kill_on_drop: false }`
[INFO] [stdout] c293d565d53278a341cd205e8606a57725f2cb1e95358bfe3d98cad2d40cb21a
[INFO] running `Command { std: "docker" "create" "-v" "/var/lib/crater-agent-workspace/builds/worker-4-tc1/target:/opt/rustwide/target:rw,Z" "-v" "/var/lib/crater-agent-workspace/builds/worker-4-tc1/source:/opt/rustwide/workdir:ro,Z" "-v" "/var/lib/crater-agent-workspace/cargo-home:/opt/rustwide/cargo-home:ro,Z" "-v" "/var/lib/crater-agent-workspace/rustup-home:/opt/rustwide/rustup-home:ro,Z" "-e" "SOURCE_DIR=/opt/rustwide/workdir" "-e" "CARGO_TARGET_DIR=/opt/rustwide/target" "-e" "CARGO_INCREMENTAL=0" "-e" "RUST_BACKTRACE=full" "-e" "RUSTFLAGS=--cap-lints=warn" "-e" "RUSTDOCFLAGS=--cap-lints=warn" "-e" "CARGO_HOME=/opt/rustwide/cargo-home" "-e" "RUSTUP_HOME=/opt/rustwide/rustup-home" "-w" "/opt/rustwide/workdir" "-m" "1610612736" "--user" "0:0" "--network" "none" "ghcr.io/rust-lang/crates-build-env/linux@sha256:f3a9d4ad9d972b27faf3965f35b62e55ba32bbce8f20bc8fe909558a86702fde" "/opt/rustwide/cargo-home/bin/cargo" "+1.83.0" "test" "--frozen", kill_on_drop: false }`
[INFO] [stdout] 1a4cc876753ff66ec9f8bb074cc636ef9a1f52ee238559c3cd5fa281ffb81b4c
[INFO] running `Command { std: "docker" "start" "-a" "1a4cc876753ff66ec9f8bb074cc636ef9a1f52ee238559c3cd5fa281ffb81b4c", kill_on_drop: false }`
[INFO] [stderr] warning: unused import: `routerify::Middleware`
[INFO] [stderr]  --> src/middleware.rs:3:5
[INFO] [stderr]   |
[INFO] [stderr] 3 | use routerify::Middleware;
[INFO] [stderr]   |     ^^^^^^^^^^^^^^^^^^^^^
[INFO] [stderr]   |
[INFO] [stderr]   = note: `#[warn(unused_imports)]` on by default
[INFO] [stderr] 
[INFO] [stderr] warning: function `new_id` is never used
[INFO] [stderr]   --> src/handlers/create_user.rs:18:4
[INFO] [stderr]    |
[INFO] [stderr] 18 | fn new_id() -> String {
[INFO] [stderr]    |    ^^^^^^
[INFO] [stderr]    |
[INFO] [stderr]    = note: `#[warn(dead_code)]` on by default
[INFO] [stderr] 
[INFO] [stderr] warning: field `deps` is never read
[INFO] [stderr]   --> src/handlers/socket.rs:18:5
[INFO] [stderr]    |
[INFO] [stderr] 17 | pub struct Socket {
[INFO] [stderr]    |            ------ field in this struct
[INFO] [stderr] 18 |     deps: Deps,
[INFO] [stderr]    |     ^^^^
[INFO] [stderr]    |
[INFO] [stderr]    = note: `Socket` has a derived impl for the trait `Clone`, but this is intentionally ignored during dead code analysis
[INFO] [stderr] 
[INFO] [stderr] warning: unused variable: `m`
[INFO] [stderr]   --> src/handlers/handlers_test.rs:18:54
[INFO] [stderr]    |
[INFO] [stderr] 18 |     let (_worker, tx, _stop) = worker::new(Box::new(|m: worker::WorkerTask| {}));
[INFO] [stderr]    |                                                      ^ help: if this is intentional, prefix it with an underscore: `_m`
[INFO] [stderr]    |
[INFO] [stderr]    = note: `#[warn(unused_variables)]` on by default
[INFO] [stderr] 
[INFO] [stderr] warning: unused variable: `m`
[INFO] [stderr]   --> src/service_test.rs:13:54
[INFO] [stderr]    |
[INFO] [stderr] 13 |     let (_worker, tx, _stop) = worker::new(Box::new(|m: worker::WorkerTask| {}));
[INFO] [stderr]    |                                                      ^ help: if this is intentional, prefix it with an underscore: `_m`
[INFO] [stderr] 
[INFO] [stderr] warning: unused variable: `m`
[INFO] [stderr]   --> src/service_test.rs:41:54
[INFO] [stderr]    |
[INFO] [stderr] 41 |     let (_worker, tx, _stop) = worker::new(Box::new(|m: worker::WorkerTask| {}));
[INFO] [stderr]    |                                                      ^ help: if this is intentional, prefix it with an underscore: `_m`
[INFO] [stderr] 
[INFO] [stderr] warning: `rustserver` (lib) generated 3 warnings (run `cargo fix --lib -p rustserver` to apply 1 suggestion)
[INFO] [stderr] warning: `rustserver` (lib test) generated 6 warnings (3 duplicates)
[INFO] [stderr] warning: unused `Result` in tuple element 0 that must be used
[INFO] [stderr]   --> src/main.rs:34:5
[INFO] [stderr]    |
[INFO] [stderr] 34 |     tokio::join!(svc_spawn, worker_spawn);
[INFO] [stderr]    |     ^^^^^^^^^^^^^^^^^^^^^^^^^^^^^^^^^^^^^
[INFO] [stderr]    |
[INFO] [stderr]    = note: this `Result` may be an `Err` variant, which should be handled
[INFO] [stderr]    = note: `#[warn(unused_must_use)]` on by default
[INFO] [stderr]    = note: this warning originates in the macro `$crate::join` which comes from the expansion of the macro `tokio::join` (in Nightly builds, run with -Z macro-backtrace for more info)
[INFO] [stderr] 
[INFO] [stderr] warning: unused `Result` in tuple element 1 that must be used
[INFO] [stderr]   --> src/main.rs:34:5
[INFO] [stderr]    |
[INFO] [stderr] 34 |     tokio::join!(svc_spawn, worker_spawn);
[INFO] [stderr]    |     ^^^^^^^^^^^^^^^^^^^^^^^^^^^^^^^^^^^^^
[INFO] [stderr]    |
[INFO] [stderr]    = note: this `Result` may be an `Err` variant, which should be handled
[INFO] [stderr]    = note: this warning originates in the macro `$crate::join` which comes from the expansion of the macro `tokio::join` (in Nightly builds, run with -Z macro-backtrace for more info)
[INFO] [stderr] 
[INFO] [stderr] warning: `rustserver` (bin "rustserver" test) generated 2 warnings
[INFO] [stderr]     Finished `test` profile [unoptimized + debuginfo] target(s) in 0.28s
[INFO] [stderr]      Running unittests src/lib.rs (/opt/rustwide/target/debug/deps/rustserver-a0c31f35c408d733)
[INFO] [stdout] 
[INFO] [stdout] running 11 tests
[INFO] [stdout] test models::list_tests::test_can_add_items ... ok
[INFO] [stdout] test handlers::handlers_test::test_create_user_uses_persistence ... ok
[INFO] [stdout] test models::user_tests::test_user_from ... ok
[INFO] [stdout] test models::list_tests::test_can_create_list ... ok
[INFO] [stdout] test models::user_tests::test_user_init ... ok
[INFO] [stdout] test models::user_tests::test_user_list ... ok
[INFO] [stdout] test worker_test::test_worker_bounces_with_channel ... ok
[INFO] [stdout] test service_test::test_ws_connect_and_echo ... ok
[INFO] [stdout] test service_test::test_service_response ... ok
[INFO] [stdout] test worker_test::test_worker_handler_receives_messages ... ok
[INFO] [stdout] test persistance_test::test_persistence_create_and_get_user ... FAILED
[INFO] [stdout] 
[INFO] [stdout] failures:
[INFO] [stdout] 
[INFO] [stdout] ---- persistance_test::test_persistence_create_and_get_user stdout ----
[INFO] [stdout] thread 'persistance_test::test_persistence_create_and_get_user' panicked at src/persistance.rs:112:10:
[INFO] [stdout] called `Result::unwrap()` on an `Err` value: PoolTimedOut
[INFO] [stdout] stack backtrace:
[INFO] [stdout]    0:     0x61443f77581a - std::backtrace_rs::backtrace::libunwind::trace::h5a5b8284f2d0c266
[INFO] [stdout]                                at /rustc/90b35a6239c3d8bdabc530a6a0816f7ff89a0aaf/library/std/src/../../backtrace/src/backtrace/libunwind.rs:116:5
[INFO] [stdout]    1:     0x61443f77581a - std::backtrace_rs::backtrace::trace_unsynchronized::h76d4f1c9b0b875e3
[INFO] [stdout]                                at /rustc/90b35a6239c3d8bdabc530a6a0816f7ff89a0aaf/library/std/src/../../backtrace/src/backtrace/mod.rs:66:5
[INFO] [stdout]    2:     0x61443f77581a - std::sys::backtrace::_print_fmt::hc4546b8364a537c6
[INFO] [stdout]                                at /rustc/90b35a6239c3d8bdabc530a6a0816f7ff89a0aaf/library/std/src/sys/backtrace.rs:66:9
[INFO] [stdout]    3:     0x61443f77581a - <std::sys::backtrace::BacktraceLock::print::DisplayBacktrace as core::fmt::Display>::fmt::h5b6bd5631a6d1f6b
[INFO] [stdout]                                at /rustc/90b35a6239c3d8bdabc530a6a0816f7ff89a0aaf/library/std/src/sys/backtrace.rs:39:26
[INFO] [stdout]    4:     0x61443f79f813 - core::fmt::rt::Argument::fmt::h270f6602a2b96f62
[INFO] [stdout]                                at /rustc/90b35a6239c3d8bdabc530a6a0816f7ff89a0aaf/library/core/src/fmt/rt.rs:177:76
[INFO] [stdout]    5:     0x61443f79f813 - core::fmt::write::h7550c97b06c86515
[INFO] [stdout]                                at /rustc/90b35a6239c3d8bdabc530a6a0816f7ff89a0aaf/library/core/src/fmt/mod.rs:1186:21
[INFO] [stdout]    6:     0x61443f771d03 - std::io::Write::write_fmt::h509ff860e5956e5e
[INFO] [stdout]                                at /rustc/90b35a6239c3d8bdabc530a6a0816f7ff89a0aaf/library/std/src/io/mod.rs:1839:15
[INFO] [stdout]    7:     0x61443f775662 - std::sys::backtrace::BacktraceLock::print::h2395ccd2c84ba3aa
[INFO] [stdout]                                at /rustc/90b35a6239c3d8bdabc530a6a0816f7ff89a0aaf/library/std/src/sys/backtrace.rs:42:9
[INFO] [stdout]    8:     0x61443f776c7a - std::panicking::default_hook::{{closure}}::he19d4c7230e07961
[INFO] [stdout]                                at /rustc/90b35a6239c3d8bdabc530a6a0816f7ff89a0aaf/library/std/src/panicking.rs:268:22
[INFO] [stdout]    9:     0x61443f776a84 - std::panicking::default_hook::hf614597d3c67bbdb
[INFO] [stdout]                                at /rustc/90b35a6239c3d8bdabc530a6a0816f7ff89a0aaf/library/std/src/panicking.rs:292:9
[INFO] [stdout]   10:     0x61443f039b29 - <alloc::boxed::Box<F,A> as core::ops::function::Fn<Args>>::call::h39b51ce4599c23d1
[INFO] [stdout]                                at /rustc/90b35a6239c3d8bdabc530a6a0816f7ff89a0aaf/library/alloc/src/boxed.rs:2468:9
[INFO] [stdout]   11:     0x61443f039b29 - test::test_main::{{closure}}::he977ae839a582784
[INFO] [stdout]                                at /rustc/90b35a6239c3d8bdabc530a6a0816f7ff89a0aaf/library/test/src/lib.rs:133:21
[INFO] [stdout]   12:     0x61443f777318 - <alloc::boxed::Box<F,A> as core::ops::function::Fn<Args>>::call::h9455091b6b06f9fb
[INFO] [stdout]                                at /rustc/90b35a6239c3d8bdabc530a6a0816f7ff89a0aaf/library/alloc/src/boxed.rs:2468:9
[INFO] [stdout]   13:     0x61443f777318 - std::panicking::rust_panic_with_hook::h8942133a8b252070
[INFO] [stdout]                                at /rustc/90b35a6239c3d8bdabc530a6a0816f7ff89a0aaf/library/std/src/panicking.rs:809:13
[INFO] [stdout]   14:     0x61443f7770da - std::panicking::begin_panic_handler::{{closure}}::hb5f5963570096b29
[INFO] [stdout]                                at /rustc/90b35a6239c3d8bdabc530a6a0816f7ff89a0aaf/library/std/src/panicking.rs:674:13
[INFO] [stdout]   15:     0x61443f775cf9 - std::sys::backtrace::__rust_end_short_backtrace::h6208cedc1922feda
[INFO] [stdout]                                at /rustc/90b35a6239c3d8bdabc530a6a0816f7ff89a0aaf/library/std/src/sys/backtrace.rs:170:18
[INFO] [stdout]   16:     0x61443f776d6c - rust_begin_unwind
[INFO] [stdout]                                at /rustc/90b35a6239c3d8bdabc530a6a0816f7ff89a0aaf/library/std/src/panicking.rs:665:5
[INFO] [stdout]   17:     0x61443eced2e0 - core::panicking::panic_fmt::h0c3082644d1bf418
[INFO] [stdout]                                at /rustc/90b35a6239c3d8bdabc530a6a0816f7ff89a0aaf/library/core/src/panicking.rs:74:14
[INFO] [stdout]   18:     0x61443eced7c6 - core::result::unwrap_failed::hd20b4aa073bda1e2
[INFO] [stdout]                                at /rustc/90b35a6239c3d8bdabc530a6a0816f7ff89a0aaf/library/core/src/result.rs:1700:5
[INFO] [stdout]   19:     0x61443ef96428 - core::result::Result<T,E>::unwrap::h102cd7f13c48a3a1
[INFO] [stdout]                                at /rustc/90b35a6239c3d8bdabc530a6a0816f7ff89a0aaf/library/core/src/result.rs:1104:23
[INFO] [stdout]   20:     0x61443ef96428 - rustserver::persistance::get_db_pool::{{closure}}::hd9abc4bc25d50468
[INFO] [stdout]                                at /opt/rustwide/workdir/src/persistance.rs:112:5
[INFO] [stdout]   21:     0x61443ef96688 - rustserver::persistance::new_persistence::{{closure}}::heaed27daa2f7b322
[INFO] [stdout]                                at /opt/rustwide/workdir/src/persistance.rs:118:32
[INFO] [stdout]   22:     0x61443ef03fc2 - rustserver::persistance_test::test_persistence_create_and_get_user::{{closure}}::h5e62c22b3c546def
[INFO] [stdout]                                at /opt/rustwide/workdir/src/persistance_test.rs:18:37
[INFO] [stdout]   23:     0x61443eebdfcd - <core::pin::Pin<P> as core::future::future::Future>::poll::hd1db2e8df064fc96
[INFO] [stdout]                                at /rustc/90b35a6239c3d8bdabc530a6a0816f7ff89a0aaf/library/core/src/future/future.rs:123:9
[INFO] [stdout]   24:     0x61443ed3597f - tokio::runtime::basic_scheduler::CoreGuard::block_on::{{closure}}::{{closure}}::{{closure}}::h25aa2e19a292317e
[INFO] [stdout]                                at /opt/rustwide/cargo-home/registry/src/index.crates.io-6f17d22bba15001f/tokio-1.19.2/src/runtime/basic_scheduler.rs:508:48
[INFO] [stdout]   25:     0x61443ed9dae3 - tokio::coop::with_budget::{{closure}}::h2e9a277f3ceee892
[INFO] [stdout]                                at /opt/rustwide/cargo-home/registry/src/index.crates.io-6f17d22bba15001f/tokio-1.19.2/src/coop.rs:102:9
[INFO] [stdout]   26:     0x61443efe4aaa - std::thread::local::LocalKey<T>::try_with::h5af9bfd842cf5186
[INFO] [stdout]                                at /rustc/90b35a6239c3d8bdabc530a6a0816f7ff89a0aaf/library/std/src/thread/local.rs:283:12
[INFO] [stdout]   27:     0x61443efe3aca - std::thread::local::LocalKey<T>::with::h85ce6eb30502508c
[INFO] [stdout]                                at /rustc/90b35a6239c3d8bdabc530a6a0816f7ff89a0aaf/library/std/src/thread/local.rs:260:9
[INFO] [stdout]   28:     0x61443ed35539 - tokio::coop::with_budget::h85b36f0dc4541a39
[INFO] [stdout]                                at /opt/rustwide/cargo-home/registry/src/index.crates.io-6f17d22bba15001f/tokio-1.19.2/src/coop.rs:95:5
[INFO] [stdout]   29:     0x61443ed35539 - tokio::coop::budget::h4ec56f5f36a7258e
[INFO] [stdout]                                at /opt/rustwide/cargo-home/registry/src/index.crates.io-6f17d22bba15001f/tokio-1.19.2/src/coop.rs:72:5
[INFO] [stdout]   30:     0x61443ed35539 - tokio::runtime::basic_scheduler::CoreGuard::block_on::{{closure}}::{{closure}}::h653acdf81b34e4c3
[INFO] [stdout]                                at /opt/rustwide/cargo-home/registry/src/index.crates.io-6f17d22bba15001f/tokio-1.19.2/src/runtime/basic_scheduler.rs:508:25
[INFO] [stdout]   31:     0x61443ed29940 - tokio::runtime::basic_scheduler::Context::enter::h37803962a12e1d22
[INFO] [stdout]                                at /opt/rustwide/cargo-home/registry/src/index.crates.io-6f17d22bba15001f/tokio-1.19.2/src/runtime/basic_scheduler.rs:362:19
[INFO] [stdout]   32:     0x61443ed34506 - tokio::runtime::basic_scheduler::CoreGuard::block_on::{{closure}}::h825b92605126a7ce
[INFO] [stdout]                                at /opt/rustwide/cargo-home/registry/src/index.crates.io-6f17d22bba15001f/tokio-1.19.2/src/runtime/basic_scheduler.rs:507:36
[INFO] [stdout]   33:     0x61443ed32404 - tokio::runtime::basic_scheduler::CoreGuard::enter::{{closure}}::hd9ca6aea00d0fd5b
[INFO] [stdout]                                at /opt/rustwide/cargo-home/registry/src/index.crates.io-6f17d22bba15001f/tokio-1.19.2/src/runtime/basic_scheduler.rs:565:57
[INFO] [stdout]   34:     0x61443ef930bd - tokio::macros::scoped_tls::ScopedKey<T>::set::hf5a3c9b9f231243b
[INFO] [stdout]                                at /opt/rustwide/cargo-home/registry/src/index.crates.io-6f17d22bba15001f/tokio-1.19.2/src/macros/scoped_tls.rs:61:9
[INFO] [stdout]   35:     0x61443ed3123c - tokio::runtime::basic_scheduler::CoreGuard::enter::h40176b9a557b4d54
[INFO] [stdout]                                at /opt/rustwide/cargo-home/registry/src/index.crates.io-6f17d22bba15001f/tokio-1.19.2/src/runtime/basic_scheduler.rs:565:27
[INFO] [stdout]   36:     0x61443ed3241a - tokio::runtime::basic_scheduler::CoreGuard::block_on::h33f3fa63fc609b84
[INFO] [stdout]                                at /opt/rustwide/cargo-home/registry/src/index.crates.io-6f17d22bba15001f/tokio-1.19.2/src/runtime/basic_scheduler.rs:498:9
[INFO] [stdout]   37:     0x61443ed286b2 - tokio::runtime::basic_scheduler::BasicScheduler::block_on::hdbd24931b92aa0d9
[INFO] [stdout]                                at /opt/rustwide/cargo-home/registry/src/index.crates.io-6f17d22bba15001f/tokio-1.19.2/src/runtime/basic_scheduler.rs:174:24
[INFO] [stdout]   38:     0x61443eff362d - tokio::runtime::Runtime::block_on::h1cc2211023b55344
[INFO] [stdout]                                at /opt/rustwide/cargo-home/registry/src/index.crates.io-6f17d22bba15001f/tokio-1.19.2/src/runtime/mod.rs:480:46
[INFO] [stdout]   39:     0x61443ef03d0d - rustserver::persistance_test::test_persistence_create_and_get_user::h637ddaeef856ab2c
[INFO] [stdout]                                at /opt/rustwide/workdir/src/persistance_test.rs:37:5
[INFO] [stdout]   40:     0x61443ef03bb7 - rustserver::persistance_test::test_persistence_create_and_get_user::{{closure}}::hd0bf96969edd7de1
[INFO] [stdout]                                at /opt/rustwide/workdir/src/persistance_test.rs:17:48
[INFO] [stdout]   41:     0x61443ed7e886 - core::ops::function::FnOnce::call_once::h5986696f3c557f3a
[INFO] [stdout]                                at /rustc/90b35a6239c3d8bdabc530a6a0816f7ff89a0aaf/library/core/src/ops/function.rs:250:5
[INFO] [stdout]   42:     0x61443f03e4eb - core::ops::function::FnOnce::call_once::h109cf8051a59b34e
[INFO] [stdout]                                at /rustc/90b35a6239c3d8bdabc530a6a0816f7ff89a0aaf/library/core/src/ops/function.rs:250:5
[INFO] [stdout]   43:     0x61443f03e4eb - test::__rust_begin_short_backtrace::hf4fff89d377446ba
[INFO] [stdout]                                at /rustc/90b35a6239c3d8bdabc530a6a0816f7ff89a0aaf/library/test/src/lib.rs:621:18
[INFO] [stdout]   44:     0x61443f03dd27 - test::run_test_in_process::{{closure}}::h0e39181dd7ee5a43
[INFO] [stdout]                                at /rustc/90b35a6239c3d8bdabc530a6a0816f7ff89a0aaf/library/test/src/lib.rs:644:60
[INFO] [stdout]   45:     0x61443f03dd27 - <core::panic::unwind_safe::AssertUnwindSafe<F> as core::ops::function::FnOnce<()>>::call_once::hc5a66a30f0bdfd1f
[INFO] [stdout]                                at /rustc/90b35a6239c3d8bdabc530a6a0816f7ff89a0aaf/library/core/src/panic/unwind_safe.rs:272:9
[INFO] [stdout]   46:     0x61443f03dd27 - std::panicking::try::do_call::h873b7cf639554a5e
[INFO] [stdout]                                at /rustc/90b35a6239c3d8bdabc530a6a0816f7ff89a0aaf/library/std/src/panicking.rs:557:40
[INFO] [stdout]   47:     0x61443f03dd27 - std::panicking::try::hdb19862fad9c8bd1
[INFO] [stdout]                                at /rustc/90b35a6239c3d8bdabc530a6a0816f7ff89a0aaf/library/std/src/panicking.rs:520:19
[INFO] [stdout]   48:     0x61443f03dd27 - std::panic::catch_unwind::h281fe732d236d260
[INFO] [stdout]                                at /rustc/90b35a6239c3d8bdabc530a6a0816f7ff89a0aaf/library/std/src/panic.rs:358:14
[INFO] [stdout]   49:     0x61443f03dd27 - test::run_test_in_process::h949b6df8457ed338
[INFO] [stdout]                                at /rustc/90b35a6239c3d8bdabc530a6a0816f7ff89a0aaf/library/test/src/lib.rs:644:27
[INFO] [stdout]   50:     0x61443f03dd27 - test::run_test::{{closure}}::h52c556a6d4740e10
[INFO] [stdout]                                at /rustc/90b35a6239c3d8bdabc530a6a0816f7ff89a0aaf/library/test/src/lib.rs:565:43
[INFO] [stdout]   51:     0x61443f003004 - test::run_test::{{closure}}::h4237f6381c45ccb9
[INFO] [stdout]                                at /rustc/90b35a6239c3d8bdabc530a6a0816f7ff89a0aaf/library/test/src/lib.rs:595:41
[INFO] [stdout]   52:     0x61443f003004 - std::sys::backtrace::__rust_begin_short_backtrace::h505c97a579eca628
[INFO] [stdout]                                at /rustc/90b35a6239c3d8bdabc530a6a0816f7ff89a0aaf/library/std/src/sys/backtrace.rs:154:18
[INFO] [stdout]   53:     0x61443f0066ce - std::thread::Builder::spawn_unchecked_::{{closure}}::{{closure}}::h9e86b2e2bc107ea3
[INFO] [stdout]                                at /rustc/90b35a6239c3d8bdabc530a6a0816f7ff89a0aaf/library/std/src/thread/mod.rs:538:17
[INFO] [stdout]   54:     0x61443f0066ce - <core::panic::unwind_safe::AssertUnwindSafe<F> as core::ops::function::FnOnce<()>>::call_once::h8b06ddb275ff4a25
[INFO] [stdout]                                at /rustc/90b35a6239c3d8bdabc530a6a0816f7ff89a0aaf/library/core/src/panic/unwind_safe.rs:272:9
[INFO] [stdout]   55:     0x61443f0066ce - std::panicking::try::do_call::hb26ecd7cd9a9355d
[INFO] [stdout]                                at /rustc/90b35a6239c3d8bdabc530a6a0816f7ff89a0aaf/library/std/src/panicking.rs:557:40
[INFO] [stdout]   56:     0x61443f0066ce - std::panicking::try::h8ddeca9d705f9069
[INFO] [stdout]                                at /rustc/90b35a6239c3d8bdabc530a6a0816f7ff89a0aaf/library/std/src/panicking.rs:520:19
[INFO] [stdout]   57:     0x61443f0066ce - std::panic::catch_unwind::h49e1c33078844c46
[INFO] [stdout]                                at /rustc/90b35a6239c3d8bdabc530a6a0816f7ff89a0aaf/library/std/src/panic.rs:358:14
[INFO] [stdout]   58:     0x61443f0066ce - std::thread::Builder::spawn_unchecked_::{{closure}}::h6073db6ff56ad35d
[INFO] [stdout]                                at /rustc/90b35a6239c3d8bdabc530a6a0816f7ff89a0aaf/library/std/src/thread/mod.rs:537:30
[INFO] [stdout]   59:     0x61443f0066ce - core::ops::function::FnOnce::call_once{{vtable.shim}}::h2c5a5f3779c774f1
[INFO] [stdout]                                at /rustc/90b35a6239c3d8bdabc530a6a0816f7ff89a0aaf/library/core/src/ops/function.rs:250:5
[INFO] [stdout]   60:     0x61443f77b37b - <alloc::boxed::Box<F,A> as core::ops::function::FnOnce<Args>>::call_once::hf75717d9f28faebf
[INFO] [stdout]                                at /rustc/90b35a6239c3d8bdabc530a6a0816f7ff89a0aaf/library/alloc/src/boxed.rs:2454:9
[INFO] [stdout]   61:     0x61443f77b37b - <alloc::boxed::Box<F,A> as core::ops::function::FnOnce<Args>>::call_once::h7bd883a5f3c5f3c1
[INFO] [stdout]                                at /rustc/90b35a6239c3d8bdabc530a6a0816f7ff89a0aaf/library/alloc/src/boxed.rs:2454:9
[INFO] [stdout]   62:     0x61443f77b37b - std::sys::pal::unix::thread::Thread::new::thread_start::hcc78f3943333fa94
[INFO] [stdout]                                at /rustc/90b35a6239c3d8bdabc530a6a0816f7ff89a0aaf/library/std/src/sys/pal/unix/thread.rs:105:17
[INFO] [stdout]   63:     0x7bb858484ac3 - <unknown>
[INFO] [stdout]   64:     0x7bb858515a04 - clone
[INFO] [stdout]   65:                0x0 - <unknown>
[INFO] [stdout] 
[INFO] [stdout] 
[INFO] [stdout] failures:
[INFO] [stdout]     persistance_test::test_persistence_create_and_get_user
[INFO] [stdout] 
[INFO] [stdout] test result: FAILED. 10 passed; 1 failed; 0 ignored; 0 measured; 0 filtered out; finished in 34.36s
[INFO] [stdout] 
[INFO] [stderr] error: test failed, to rerun pass `--lib`
[INFO] running `Command { std: "docker" "inspect" "1a4cc876753ff66ec9f8bb074cc636ef9a1f52ee238559c3cd5fa281ffb81b4c", kill_on_drop: false }`
[INFO] running `Command { std: "docker" "rm" "-f" "1a4cc876753ff66ec9f8bb074cc636ef9a1f52ee238559c3cd5fa281ffb81b4c", kill_on_drop: false }`
[INFO] [stdout] 1a4cc876753ff66ec9f8bb074cc636ef9a1f52ee238559c3cd5fa281ffb81b4c
