[INFO] cloning repository https://github.com/andrechen77/ahitool-self-update-test
[INFO] running `Command { std: "git" "-c" "credential.helper=" "-c" "credential.helper=/workspace/cargo-home/bin/git-credential-null" "clone" "--bare" "https://github.com/andrechen77/ahitool-self-update-test" "/workspace/cache/git-repos/https%3A%2F%2Fgithub.com%2Fandrechen77%2Fahitool-self-update-test", kill_on_drop: false }`
[INFO] [stderr] Cloning into bare repository '/workspace/cache/git-repos/https%3A%2F%2Fgithub.com%2Fandrechen77%2Fahitool-self-update-test'...
[INFO] running `Command { std: "git" "rev-parse" "HEAD", kill_on_drop: false }`
[INFO] [stdout] d1f39ea0231a5333fe8f43cfc4b47a7b44af1d0e
[INFO] testing andrechen77/ahitool-self-update-test against 1.83.0 for beta-1.84.0-4-retry
[INFO] running `Command { std: "git" "clone" "/workspace/cache/git-repos/https%3A%2F%2Fgithub.com%2Fandrechen77%2Fahitool-self-update-test" "/workspace/builds/worker-5-tc1/source", kill_on_drop: false }`
[INFO] [stderr] Cloning into '/workspace/builds/worker-5-tc1/source'...
[INFO] [stderr] done.
[INFO] validating manifest of git repo https://github.com/andrechen77/ahitool-self-update-test on toolchain 1.83.0
[INFO] running `Command { std: CARGO_HOME="/workspace/cargo-home" RUSTUP_HOME="/workspace/rustup-home" "/workspace/cargo-home/bin/cargo" "+1.83.0" "metadata" "--manifest-path" "Cargo.toml" "--no-deps", kill_on_drop: false }`
[INFO] started tweaking git repo https://github.com/andrechen77/ahitool-self-update-test
[INFO] finished tweaking git repo https://github.com/andrechen77/ahitool-self-update-test
[INFO] tweaked toml for git repo https://github.com/andrechen77/ahitool-self-update-test written to /workspace/builds/worker-5-tc1/source/Cargo.toml
[INFO] crate git repo https://github.com/andrechen77/ahitool-self-update-test already has a lockfile, it will not be regenerated
[INFO] running `Command { std: CARGO_HOME="/workspace/cargo-home" RUSTUP_HOME="/workspace/rustup-home" "/workspace/cargo-home/bin/cargo" "+1.83.0" "fetch" "--manifest-path" "Cargo.toml", kill_on_drop: false }`
[INFO] running `Command { std: "docker" "create" "-v" "/var/lib/crater-agent-workspace/builds/worker-5-tc1/target:/opt/rustwide/target:rw,Z" "-v" "/var/lib/crater-agent-workspace/builds/worker-5-tc1/source:/opt/rustwide/workdir:ro,Z" "-v" "/var/lib/crater-agent-workspace/cargo-home:/opt/rustwide/cargo-home:ro,Z" "-v" "/var/lib/crater-agent-workspace/rustup-home:/opt/rustwide/rustup-home:ro,Z" "-e" "SOURCE_DIR=/opt/rustwide/workdir" "-e" "CARGO_TARGET_DIR=/opt/rustwide/target" "-e" "CARGO_HOME=/opt/rustwide/cargo-home" "-e" "RUSTUP_HOME=/opt/rustwide/rustup-home" "-w" "/opt/rustwide/workdir" "-m" "1610612736" "--user" "0:0" "--network" "none" "ghcr.io/rust-lang/crates-build-env/linux@sha256:f3a9d4ad9d972b27faf3965f35b62e55ba32bbce8f20bc8fe909558a86702fde" "/opt/rustwide/cargo-home/bin/cargo" "+1.83.0" "metadata" "--no-deps" "--format-version=1", kill_on_drop: false }`
[INFO] [stdout] 9408c0f9bc126f8be308dac30c9d02b12f8f0d57885d934b55c208f64ef45a06
[INFO] running `Command { std: "docker" "start" "-a" "9408c0f9bc126f8be308dac30c9d02b12f8f0d57885d934b55c208f64ef45a06", kill_on_drop: false }`
[INFO] running `Command { std: "docker" "inspect" "9408c0f9bc126f8be308dac30c9d02b12f8f0d57885d934b55c208f64ef45a06", kill_on_drop: false }`
[INFO] running `Command { std: "docker" "rm" "-f" "9408c0f9bc126f8be308dac30c9d02b12f8f0d57885d934b55c208f64ef45a06", kill_on_drop: false }`
[INFO] [stdout] 9408c0f9bc126f8be308dac30c9d02b12f8f0d57885d934b55c208f64ef45a06
[INFO] running `Command { std: "docker" "create" "-v" "/var/lib/crater-agent-workspace/builds/worker-5-tc1/target:/opt/rustwide/target:rw,Z" "-v" "/var/lib/crater-agent-workspace/builds/worker-5-tc1/source:/opt/rustwide/workdir:ro,Z" "-v" "/var/lib/crater-agent-workspace/cargo-home:/opt/rustwide/cargo-home:ro,Z" "-v" "/var/lib/crater-agent-workspace/rustup-home:/opt/rustwide/rustup-home:ro,Z" "-e" "SOURCE_DIR=/opt/rustwide/workdir" "-e" "CARGO_TARGET_DIR=/opt/rustwide/target" "-e" "CARGO_INCREMENTAL=0" "-e" "RUST_BACKTRACE=full" "-e" "RUSTFLAGS=--cap-lints=warn" "-e" "RUSTDOCFLAGS=--cap-lints=warn" "-e" "CARGO_HOME=/opt/rustwide/cargo-home" "-e" "RUSTUP_HOME=/opt/rustwide/rustup-home" "-w" "/opt/rustwide/workdir" "-m" "1610612736" "--user" "0:0" "--network" "none" "ghcr.io/rust-lang/crates-build-env/linux@sha256:f3a9d4ad9d972b27faf3965f35b62e55ba32bbce8f20bc8fe909558a86702fde" "/opt/rustwide/cargo-home/bin/cargo" "+1.83.0" "build" "--frozen" "--message-format=json", kill_on_drop: false }`
[INFO] [stdout] a45fe0e4e328c40b5836dcc45bcecc0e4725e3467efa58f422b13155556a8d46
[INFO] running `Command { std: "docker" "start" "-a" "a45fe0e4e328c40b5836dcc45bcecc0e4725e3467efa58f422b13155556a8d46", kill_on_drop: false }`
[INFO] [stderr]    Compiling proc-macro2 v1.0.86
[INFO] [stderr]    Compiling unicode-ident v1.0.12
[INFO] [stderr]    Compiling libc v0.2.162
[INFO] [stderr]    Compiling cfg-if v1.0.0
[INFO] [stderr]    Compiling autocfg v1.3.0
[INFO] [stderr]    Compiling once_cell v1.19.0
[INFO] [stderr]    Compiling cc v1.1.5
[INFO] [stderr]    Compiling bytes v1.7.2
[INFO] [stderr]    Compiling pin-project-lite v0.2.14
[INFO] [stderr]    Compiling itoa v1.0.11
[INFO] [stderr]    Compiling smallvec v1.13.2
[INFO] [stderr]    Compiling parking_lot_core v0.9.10
[INFO] [stderr]    Compiling scopeguard v1.2.0
[INFO] [stderr]    Compiling futures-sink v0.3.30
[INFO] [stderr]    Compiling fnv v1.0.7
[INFO] [stderr]    Compiling futures-core v0.3.30
[INFO] [stderr]    Compiling memchr v2.7.4
[INFO] [stderr]    Compiling futures-task v0.3.30
[INFO] [stderr]    Compiling pin-utils v0.1.0
[INFO] [stderr]    Compiling futures-io v0.3.30
[INFO] [stderr]    Compiling log v0.4.22
[INFO] [stderr]    Compiling hashbrown v0.14.5
[INFO] [stderr]    Compiling equivalent v1.0.1
[INFO] [stderr]    Compiling serde v1.0.204
[INFO] [stderr]    Compiling pkg-config v0.3.30
[INFO] [stderr]    Compiling httparse v1.9.4
[INFO] [stderr]    Compiling vcpkg v0.2.15
[INFO] [stderr]    Compiling try-lock v0.2.5
[INFO] [stderr]    Compiling futures-channel v0.3.30
[INFO] [stderr]    Compiling want v0.3.1
[INFO] [stderr]    Compiling tracing-core v0.1.32
[INFO] [stderr]    Compiling typenum v1.17.0
[INFO] [stderr]    Compiling spin v0.9.8
[INFO] [stderr]    Compiling lock_api v0.4.12
[INFO] [stderr]    Compiling slab v0.4.9
[INFO] [stderr]    Compiling httpdate v1.0.3
[INFO] [stderr]    Compiling untrusted v0.9.0
[INFO] [stderr]    Compiling bitflags v2.6.0
[INFO] [stderr]    Compiling version_check v0.9.5
[INFO] [stderr]    Compiling tower-service v0.3.2
[INFO] [stderr]    Compiling http v1.1.0
[INFO] [stderr]    Compiling tinyvec_macros v0.1.1
[INFO] [stderr]    Compiling tinyvec v1.8.0
[INFO] [stderr]    Compiling generic-array v0.14.7
[INFO] [stderr]    Compiling http v0.2.12
[INFO] [stderr]    Compiling percent-encoding v2.3.1
[INFO] [stderr]    Compiling quote v1.0.36
[INFO] [stderr]    Compiling futures-util v0.3.30
[INFO] [stderr]    Compiling ryu v1.0.18
[INFO] [stderr]    Compiling foreign-types-shared v0.1.1
[INFO] [stderr]    Compiling rustls v0.21.12
[INFO] [stderr]    Compiling openssl v0.10.64
[INFO] [stderr]    Compiling foreign-types v0.3.2
[INFO] [stderr]    Compiling syn v2.0.71
[INFO] [stderr]    Compiling form_urlencoded v1.2.1
[INFO] [stderr]    Compiling byteorder v1.5.0
[INFO] [stderr]    Compiling unicode-bidi v0.3.15
[INFO] [stderr]    Compiling atomic-waker v1.1.2
[INFO] [stderr]    Compiling native-tls v0.2.12
[INFO] [stderr]    Compiling indexmap v2.2.6
[INFO] [stderr]    Compiling unicode-normalization v0.1.23
[INFO] [stderr]    Compiling num-traits v0.2.19
[INFO] [stderr]    Compiling utf8parse v0.2.2
[INFO] [stderr]    Compiling serde_json v1.0.120
[INFO] [stderr]    Compiling openssl-probe v0.1.5
[INFO] [stderr]    Compiling rustix v0.38.39
[INFO] [stderr]    Compiling tower-layer v0.3.2
[INFO] [stderr]    Compiling anstyle-parse v0.2.5
[INFO] [stderr]    Compiling encoding_rs v0.8.34
[INFO] [stderr]    Compiling anstyle-query v1.1.1
[INFO] [stderr]    Compiling mime v0.3.17
[INFO] [stderr]    Compiling socket2 v0.5.7
[INFO] [stderr]    Compiling signal-hook-registry v1.4.2
[INFO] [stderr]    Compiling mio v1.0.2
[INFO] [stderr]    Compiling getrandom v0.2.15
[INFO] [stderr]    Compiling parking_lot v0.12.3
[INFO] [stderr]    Compiling http-body v0.4.6
[INFO] [stderr]    Compiling idna v0.5.0
[INFO] [stderr]    Compiling ring v0.17.8
[INFO] [stderr]    Compiling openssl-sys v0.9.102
[INFO] [stderr]    Compiling http-body v1.0.1
[INFO] [stderr]    Compiling rand_core v0.6.4
[INFO] [stderr]    Compiling thiserror v1.0.63
[INFO] [stderr]    Compiling is_terminal_polyfill v1.70.1
[INFO] [stderr]    Compiling linux-raw-sys v0.4.14
[INFO] [stderr]    Compiling base64 v0.21.7
[INFO] [stderr]    Compiling colorchoice v1.0.2
[INFO] [stderr]    Compiling ipnet v2.9.0
[INFO] [stderr]    Compiling anstyle v1.0.8
[INFO] [stderr]    Compiling is-docker v0.2.0
[INFO] [stderr]    Compiling sync_wrapper v0.1.2
[INFO] [stderr]    Compiling fastrand v2.2.0
[INFO] [stderr]    Compiling cpufeatures v0.2.14
[INFO] [stderr]    Compiling block-buffer v0.10.4
[INFO] [stderr]    Compiling crypto-common v0.1.6
[INFO] [stderr]    Compiling anstream v0.6.15
[INFO] [stderr]    Compiling digest v0.10.7
[INFO] [stderr]    Compiling base64 v0.22.1
[INFO] [stderr]    Compiling clap_lex v0.7.2
[INFO] [stderr]    Compiling rustls-pki-types v1.7.0
[INFO] [stderr]    Compiling overload v0.1.1
[INFO] [stderr]    Compiling heck v0.5.0
[INFO] [stderr]    Compiling lazy_static v1.5.0
[INFO] [stderr]    Compiling anyhow v1.0.86
[INFO] [stderr]    Compiling webpki-roots v0.25.4
[INFO] [stderr]    Compiling rustls-pemfile v1.0.4
[INFO] [stderr]    Compiling strsim v0.11.1
[INFO] [stderr]    Compiling iana-time-zone v0.1.60
[INFO] [stderr]    Compiling sharded-slab v0.1.7
[INFO] [stderr]    Compiling nu-ansi-term v0.46.0
[INFO] [stderr]    Compiling sha2 v0.10.8
[INFO] [stderr]    Compiling rustls-pemfile v2.1.2
[INFO] [stderr]    Compiling clap_builder v4.5.15
[INFO] [stderr]    Compiling is-wsl v0.4.0
[INFO] [stderr]    Compiling tracing-log v0.2.0
[INFO] [stderr]    Compiling csv-core v0.1.11
[INFO] [stderr]    Compiling thread_local v1.1.8
[INFO] [stderr]    Compiling sync_wrapper v1.0.1
[INFO] [stderr]    Compiling pathdiff v0.2.1
[INFO] [stderr]    Compiling base64 v0.13.1
[INFO] [stderr]    Compiling open v5.3.0
[INFO] [stderr]    Compiling tracing-subscriber v0.3.18
[INFO] [stderr]    Compiling tempfile v3.14.0
[INFO] [stderr]    Compiling self-replace v1.5.0
[INFO] [stderr]    Compiling http-body-util v0.1.2
[INFO] [stderr]    Compiling tokio-macros v2.4.0
[INFO] [stderr]    Compiling tracing-attributes v0.1.27
[INFO] [stderr]    Compiling serde_derive v1.0.204
[INFO] [stderr]    Compiling pin-project-internal v1.1.5
[INFO] [stderr]    Compiling openssl-macros v0.1.1
[INFO] [stderr]    Compiling zerocopy-derive v0.7.35
[INFO] [stderr]    Compiling thiserror-impl v1.0.63
[INFO] [stderr]    Compiling clap_derive v4.5.13
[INFO] [stderr]    Compiling zerocopy v0.7.35
[INFO] [stderr]    Compiling tokio v1.40.0
[INFO] [stderr]    Compiling ppv-lite86 v0.2.20
[INFO] [stderr]    Compiling tracing v0.1.40
[INFO] [stderr]    Compiling rand_chacha v0.3.1
[INFO] [stderr]    Compiling pin-project v1.1.5
[INFO] [stderr]    Compiling rand v0.8.5
[INFO] [stderr]    Compiling clap v4.5.15
[INFO] [stderr]    Compiling sct v0.7.1
[INFO] [stderr]    Compiling rustls-webpki v0.101.7
[INFO] [stderr]    Compiling serde_urlencoded v0.7.1
[INFO] [stderr]    Compiling url v2.5.2
[INFO] [stderr]    Compiling chrono v0.4.38
[INFO] [stderr]    Compiling serde_path_to_error v0.1.16
[INFO] [stderr]    Compiling csv v1.3.0
[INFO] [stderr]    Compiling tokio-util v0.7.11
[INFO] [stderr]    Compiling tower v0.4.13
[INFO] [stderr]    Compiling tokio-rustls v0.24.1
[INFO] [stderr]    Compiling tokio-native-tls v0.3.1
[INFO] [stderr]    Compiling h2 v0.4.5
[INFO] [stderr]    Compiling h2 v0.3.26
[INFO] [stderr]    Compiling hyper v0.14.30
[INFO] [stderr]    Compiling hyper v1.4.1
[INFO] [stderr]    Compiling hyper-util v0.1.8
[INFO] [stderr]    Compiling hyper-rustls v0.24.2
[INFO] [stderr]    Compiling reqwest v0.11.27
[INFO] [stderr]    Compiling hyper-tls v0.6.0
[INFO] [stderr]    Compiling reqwest v0.12.5
[INFO] [stderr]    Compiling oauth2 v4.4.2
[INFO] [stderr]    Compiling ahitool v0.1.0 (/opt/rustwide/workdir)
[INFO] [stdout] warning: constant `ENDPOINT_GOOGLE_MAPS_PLACES` is never used
[INFO] [stdout]  --> src/apis/google_maps.rs:8:7
[INFO] [stdout]   |
[INFO] [stdout] 8 | const ENDPOINT_GOOGLE_MAPS_PLACES: &str = "https://places.googleapis.com/v1/places:searchText";
[INFO] [stdout]   |       ^^^^^^^^^^^^^^^^^^^^^^^^^^^
[INFO] [stdout]   |
[INFO] [stdout]   = note: `#[warn(dead_code)]` on by default
[INFO] [stdout] 
[INFO] [stdout] 
[INFO] [stdout] warning: variants `TooFast` and `NotFound` are never constructed
[INFO] [stdout]   --> src/apis/google_maps.rs:13:2
[INFO] [stdout]    |
[INFO] [stdout] 11 | pub enum LookupError {
[INFO] [stdout]    |          ----------- variants in this enum
[INFO] [stdout] 12 |     #[error("This request came too soon after a previous request, and we have been rate-limited")]
[INFO] [stdout] 13 |     TooFast,
[INFO] [stdout]    |     ^^^^^^^
[INFO] [stdout] 14 |     #[error("The address was not found")]
[INFO] [stdout] 15 |     NotFound,
[INFO] [stdout]    |     ^^^^^^^^
[INFO] [stdout]    |
[INFO] [stdout]    = note: `LookupError` has a derived impl for the trait `Debug`, but this is intentionally ignored during dead code analysis
[INFO] [stdout] 
[INFO] [stdout] 
[INFO] [stdout] warning: function `lookup` is never used
[INFO] [stdout]   --> src/apis/google_maps.rs:20:14
[INFO] [stdout]    |
[INFO] [stdout] 20 | pub async fn lookup(client: reqwest::Client, api_key: &str, address: &str) -> Result<LatLng, LookupError> {
[INFO] [stdout]    |              ^^^^^^
[INFO] [stdout] 
[INFO] [stdout] 
[INFO] [stdout] warning: field `places` is never read
[INFO] [stdout]   --> src/apis/google_maps.rs:42:9
[INFO] [stdout]    |
[INFO] [stdout] 41 |     struct ApiResponse {
[INFO] [stdout]    |            ----------- field in this struct
[INFO] [stdout] 42 |         places: Vec<Place>,
[INFO] [stdout]    |         ^^^^^^
[INFO] [stdout] 
[INFO] [stdout] 
[INFO] [stdout] warning: field `location` is never read
[INFO] [stdout]   --> src/apis/google_maps.rs:61:9
[INFO] [stdout]    |
[INFO] [stdout] 58 | struct Place {
[INFO] [stdout]    |        ----- field in this struct
[INFO] [stdout] ...
[INFO] [stdout] 61 |     pub location: LatLng,
[INFO] [stdout]    |         ^^^^^^^^
[INFO] [stdout] 
[INFO] [stdout] 
[INFO] [stdout] warning: fields `latitude` and `longitude` are never read
[INFO] [stdout]   --> src/apis/google_maps.rs:66:9
[INFO] [stdout]    |
[INFO] [stdout] 65 | pub struct LatLng {
[INFO] [stdout]    |            ------ fields in this struct
[INFO] [stdout] 66 |     pub latitude: f64,
[INFO] [stdout]    |         ^^^^^^^^
[INFO] [stdout] 67 |     pub longitude: f64,
[INFO] [stdout]    |         ^^^^^^^^^
[INFO] [stdout] 
[INFO] [stdout] 
[INFO] [stdout] warning: variant `InconsistentInsuranceInfo` is never constructed
[INFO] [stdout]    --> src/jobs.rs:228:5
[INFO] [stdout]     |
[INFO] [stdout] 224 | pub enum JobAnalysisError {
[INFO] [stdout]     |          ---------------- variant in this enum
[INFO] [stdout] ...
[INFO] [stdout] 228 |     InconsistentInsuranceInfo,
[INFO] [stdout]     |     ^^^^^^^^^^^^^^^^^^^^^^^^^
[INFO] [stdout]     |
[INFO] [stdout]     = note: `JobAnalysisError` has a derived impl for the trait `Debug`, but this is intentionally ignored during dead code analysis
[INFO] [stdout] 
[INFO] [stdout] 
[INFO] [stderr]     Finished `dev` profile [unoptimized + debuginfo] target(s) in 58.12s
[INFO] running `Command { std: "docker" "inspect" "a45fe0e4e328c40b5836dcc45bcecc0e4725e3467efa58f422b13155556a8d46", kill_on_drop: false }`
[INFO] running `Command { std: "docker" "rm" "-f" "a45fe0e4e328c40b5836dcc45bcecc0e4725e3467efa58f422b13155556a8d46", kill_on_drop: false }`
[INFO] [stdout] a45fe0e4e328c40b5836dcc45bcecc0e4725e3467efa58f422b13155556a8d46
[INFO] running `Command { std: "docker" "create" "-v" "/var/lib/crater-agent-workspace/builds/worker-5-tc1/target:/opt/rustwide/target:rw,Z" "-v" "/var/lib/crater-agent-workspace/builds/worker-5-tc1/source:/opt/rustwide/workdir:ro,Z" "-v" "/var/lib/crater-agent-workspace/cargo-home:/opt/rustwide/cargo-home:ro,Z" "-v" "/var/lib/crater-agent-workspace/rustup-home:/opt/rustwide/rustup-home:ro,Z" "-e" "SOURCE_DIR=/opt/rustwide/workdir" "-e" "CARGO_TARGET_DIR=/opt/rustwide/target" "-e" "CARGO_INCREMENTAL=0" "-e" "RUST_BACKTRACE=full" "-e" "RUSTFLAGS=--cap-lints=warn" "-e" "RUSTDOCFLAGS=--cap-lints=warn" "-e" "CARGO_HOME=/opt/rustwide/cargo-home" "-e" "RUSTUP_HOME=/opt/rustwide/rustup-home" "-w" "/opt/rustwide/workdir" "-m" "1610612736" "--user" "0:0" "--network" "none" "ghcr.io/rust-lang/crates-build-env/linux@sha256:f3a9d4ad9d972b27faf3965f35b62e55ba32bbce8f20bc8fe909558a86702fde" "/opt/rustwide/cargo-home/bin/cargo" "+1.83.0" "test" "--frozen" "--no-run" "--message-format=json", kill_on_drop: false }`
[INFO] [stdout] 4a6170510abc6eb0d191f4f5f31577149d9a8b92464979bec8c3a7663cf651e7
[INFO] running `Command { std: "docker" "start" "-a" "4a6170510abc6eb0d191f4f5f31577149d9a8b92464979bec8c3a7663cf651e7", kill_on_drop: false }`
[INFO] [stderr]    Compiling ahitool v0.1.0 (/opt/rustwide/workdir)
[INFO] [stdout] warning: constant `ENDPOINT_GOOGLE_MAPS_PLACES` is never used
[INFO] [stdout]  --> src/apis/google_maps.rs:8:7
[INFO] [stdout]   |
[INFO] [stdout] 8 | const ENDPOINT_GOOGLE_MAPS_PLACES: &str = "https://places.googleapis.com/v1/places:searchText";
[INFO] [stdout]   |       ^^^^^^^^^^^^^^^^^^^^^^^^^^^
[INFO] [stdout]   |
[INFO] [stdout]   = note: `#[warn(dead_code)]` on by default
[INFO] [stdout] 
[INFO] [stdout] 
[INFO] [stdout] warning: variants `TooFast` and `NotFound` are never constructed
[INFO] [stdout]   --> src/apis/google_maps.rs:13:2
[INFO] [stdout]    |
[INFO] [stdout] 11 | pub enum LookupError {
[INFO] [stdout]    |          ----------- variants in this enum
[INFO] [stdout] 12 |     #[error("This request came too soon after a previous request, and we have been rate-limited")]
[INFO] [stdout] 13 |     TooFast,
[INFO] [stdout]    |     ^^^^^^^
[INFO] [stdout] 14 |     #[error("The address was not found")]
[INFO] [stdout] 15 |     NotFound,
[INFO] [stdout]    |     ^^^^^^^^
[INFO] [stdout]    |
[INFO] [stdout]    = note: `LookupError` has a derived impl for the trait `Debug`, but this is intentionally ignored during dead code analysis
[INFO] [stdout] 
[INFO] [stdout] 
[INFO] [stdout] warning: function `lookup` is never used
[INFO] [stdout]   --> src/apis/google_maps.rs:20:14
[INFO] [stdout]    |
[INFO] [stdout] 20 | pub async fn lookup(client: reqwest::Client, api_key: &str, address: &str) -> Result<LatLng, LookupError> {
[INFO] [stdout]    |              ^^^^^^
[INFO] [stdout] 
[INFO] [stdout] 
[INFO] [stdout] warning: field `places` is never read
[INFO] [stdout]   --> src/apis/google_maps.rs:42:9
[INFO] [stdout]    |
[INFO] [stdout] 41 |     struct ApiResponse {
[INFO] [stdout]    |            ----------- field in this struct
[INFO] [stdout] 42 |         places: Vec<Place>,
[INFO] [stdout]    |         ^^^^^^
[INFO] [stdout] 
[INFO] [stdout] 
[INFO] [stdout] warning: field `location` is never read
[INFO] [stdout]   --> src/apis/google_maps.rs:61:9
[INFO] [stdout]    |
[INFO] [stdout] 58 | struct Place {
[INFO] [stdout]    |        ----- field in this struct
[INFO] [stdout] ...
[INFO] [stdout] 61 |     pub location: LatLng,
[INFO] [stdout]    |         ^^^^^^^^
[INFO] [stdout] 
[INFO] [stdout] 
[INFO] [stdout] warning: fields `latitude` and `longitude` are never read
[INFO] [stdout]   --> src/apis/google_maps.rs:66:9
[INFO] [stdout]    |
[INFO] [stdout] 65 | pub struct LatLng {
[INFO] [stdout]    |            ------ fields in this struct
[INFO] [stdout] 66 |     pub latitude: f64,
[INFO] [stdout]    |         ^^^^^^^^
[INFO] [stdout] 67 |     pub longitude: f64,
[INFO] [stdout]    |         ^^^^^^^^^
[INFO] [stdout] 
[INFO] [stdout] 
[INFO] [stderr]     Finished `test` profile [unoptimized + debuginfo] target(s) in 5.25s
[INFO] running `Command { std: "docker" "inspect" "4a6170510abc6eb0d191f4f5f31577149d9a8b92464979bec8c3a7663cf651e7", kill_on_drop: false }`
[INFO] running `Command { std: "docker" "rm" "-f" "4a6170510abc6eb0d191f4f5f31577149d9a8b92464979bec8c3a7663cf651e7", kill_on_drop: false }`
[INFO] [stdout] 4a6170510abc6eb0d191f4f5f31577149d9a8b92464979bec8c3a7663cf651e7
[INFO] running `Command { std: "docker" "create" "-v" "/var/lib/crater-agent-workspace/builds/worker-5-tc1/target:/opt/rustwide/target:rw,Z" "-v" "/var/lib/crater-agent-workspace/builds/worker-5-tc1/source:/opt/rustwide/workdir:ro,Z" "-v" "/var/lib/crater-agent-workspace/cargo-home:/opt/rustwide/cargo-home:ro,Z" "-v" "/var/lib/crater-agent-workspace/rustup-home:/opt/rustwide/rustup-home:ro,Z" "-e" "SOURCE_DIR=/opt/rustwide/workdir" "-e" "CARGO_TARGET_DIR=/opt/rustwide/target" "-e" "CARGO_INCREMENTAL=0" "-e" "RUST_BACKTRACE=full" "-e" "RUSTFLAGS=--cap-lints=warn" "-e" "RUSTDOCFLAGS=--cap-lints=warn" "-e" "CARGO_HOME=/opt/rustwide/cargo-home" "-e" "RUSTUP_HOME=/opt/rustwide/rustup-home" "-w" "/opt/rustwide/workdir" "-m" "1610612736" "--user" "0:0" "--network" "none" "ghcr.io/rust-lang/crates-build-env/linux@sha256:f3a9d4ad9d972b27faf3965f35b62e55ba32bbce8f20bc8fe909558a86702fde" "/opt/rustwide/cargo-home/bin/cargo" "+1.83.0" "test" "--frozen", kill_on_drop: false }`
[INFO] [stdout] 28c272169a2875a6a867a1f0c1c47bd231dfe34af54853106cf92381717e5179
[INFO] running `Command { std: "docker" "start" "-a" "28c272169a2875a6a867a1f0c1c47bd231dfe34af54853106cf92381717e5179", kill_on_drop: false }`
[INFO] [stderr] warning: constant `ENDPOINT_GOOGLE_MAPS_PLACES` is never used
[INFO] [stderr]  --> src/apis/google_maps.rs:8:7
[INFO] [stderr]   |
[INFO] [stderr] 8 | const ENDPOINT_GOOGLE_MAPS_PLACES: &str = "https://places.googleapis.com/v1/places:searchText";
[INFO] [stderr]   |       ^^^^^^^^^^^^^^^^^^^^^^^^^^^
[INFO] [stderr]   |
[INFO] [stderr]   = note: `#[warn(dead_code)]` on by default
[INFO] [stderr] 
[INFO] [stderr] warning: variants `TooFast` and `NotFound` are never constructed
[INFO] [stderr]   --> src/apis/google_maps.rs:13:2
[INFO] [stderr]    |
[INFO] [stderr] 11 | pub enum LookupError {
[INFO] [stderr]    |          ----------- variants in this enum
[INFO] [stderr] 12 |     #[error("This request came too soon after a previous request, and we have been rate-limited")]
[INFO] [stderr] 13 |     TooFast,
[INFO] [stderr]    |     ^^^^^^^
[INFO] [stderr] 14 |     #[error("The address was not found")]
[INFO] [stderr] 15 |     NotFound,
[INFO] [stderr]    |     ^^^^^^^^
[INFO] [stderr]    |
[INFO] [stderr]    = note: `LookupError` has a derived impl for the trait `Debug`, but this is intentionally ignored during dead code analysis
[INFO] [stderr] 
[INFO] [stderr] warning: function `lookup` is never used
[INFO] [stderr]   --> src/apis/google_maps.rs:20:14
[INFO] [stderr]    |
[INFO] [stderr] 20 | pub async fn lookup(client: reqwest::Client, api_key: &str, address: &str) -> Result<LatLng, LookupError> {
[INFO] [stderr]    |              ^^^^^^
[INFO] [stderr] 
[INFO] [stderr] warning: field `places` is never read
[INFO] [stderr]   --> src/apis/google_maps.rs:42:9
[INFO] [stderr]    |
[INFO] [stderr] 41 |     struct ApiResponse {
[INFO] [stderr]    |            ----------- field in this struct
[INFO] [stderr] 42 |         places: Vec<Place>,
[INFO] [stderr]    |         ^^^^^^
[INFO] [stderr] 
[INFO] [stderr] warning: field `location` is never read
[INFO] [stderr]   --> src/apis/google_maps.rs:61:9
[INFO] [stderr]    |
[INFO] [stderr] 58 | struct Place {
[INFO] [stderr]    |        ----- field in this struct
[INFO] [stderr] ...
[INFO] [stderr] 61 |     pub location: LatLng,
[INFO] [stderr]    |         ^^^^^^^^
[INFO] [stderr] 
[INFO] [stderr] warning: fields `latitude` and `longitude` are never read
[INFO] [stderr]   --> src/apis/google_maps.rs:66:9
[INFO] [stderr]    |
[INFO] [stderr] 65 | pub struct LatLng {
[INFO] [stderr]    |            ------ fields in this struct
[INFO] [stderr] 66 |     pub latitude: f64,
[INFO] [stderr]    |         ^^^^^^^^
[INFO] [stderr] 67 |     pub longitude: f64,
[INFO] [stderr]    |         ^^^^^^^^^
[INFO] [stderr] 
[INFO] [stderr] warning: `ahitool` (bin "ahitool" test) generated 6 warnings
[INFO] [stderr]     Finished `test` profile [unoptimized + debuginfo] target(s) in 0.16s
[INFO] [stderr]      Running unittests src/main.rs (/opt/rustwide/target/debug/deps/ahitool-74287bceb25518e6)
[INFO] [stdout] 
[INFO] [stdout] running 10 tests
[INFO] [stdout] test job_tracker::test::add_jobs ... ok
[INFO] [stdout] test job_tracker::test::calc_stats ... ok
[INFO] [stdout] test job_tracker::test::calc_stats_of_loss ... ok
[INFO] [stdout] test jobs::test::job_analysis_insurance_with_contingency ... ok
[INFO] [stdout] test jobs::test::job_analysis_insurance_without_contingency ... ok
[INFO] [stdout] test jobs::test::job_analysis_insurance_at_each_stage ... ok
[INFO] [stdout] test jobs::test::job_analysis_retail_with_contingency ... ok
[INFO] [stdout] test jobs::test::job_analysis_loss_after_contract ... ok
[INFO] [stdout] test jobs::test::job_analysis_retail_without_contingency ... ok
[INFO] [stdout] test jobs::test::job_analysis_inconsistent_insurance_info ... FAILED
[INFO] [stdout] 
[INFO] [stdout] failures:
[INFO] [stdout] 
[INFO] [stdout] ---- jobs::test::job_analysis_inconsistent_insurance_info stdout ----
[INFO] [stdout] thread 'jobs::test::job_analysis_inconsistent_insurance_info' panicked at src/jobs.rs:692:9:
[INFO] [stdout] assertion `left == right` failed
[INFO] [stdout]   left: (AnalyzedJob { job: Job { jnid: "0", milestone_dates: MilestoneDates { appointment_date: Some(1970-01-01T00:00:01Z), contingency_date: None, contract_date: Some(1970-01-01T00:00:03Z), install_date: Some(1970-01-01T00:00:04Z), loss_date: None }, status: JobsInProgress, status_mod_date: 1970-01-01T00:00:00Z, sales_rep: None, insurance_checkbox: false, insurance_claim_number: Some("123"), insurance_company_name: Some("Gekko"), job_number: None, job_name: None, amt_receivable: 0 }, analysis: Some(JobAnalysis { kind: InsuranceWithoutContingency, timestamps: [None, Some(1970-01-01T00:00:01Z), None, Some(1970-01-01T00:00:03Z), Some(1970-01-01T00:00:04Z)], loss_timestamp: None }) }, [])
[INFO] [stdout]  right: (AnalyzedJob { job: Job { jnid: "0", milestone_dates: MilestoneDates { appointment_date: Some(1970-01-01T00:00:01Z), contingency_date: None, contract_date: Some(1970-01-01T00:00:03Z), install_date: Some(1970-01-01T00:00:04Z), loss_date: None }, status: JobsInProgress, status_mod_date: 1970-01-01T00:00:00Z, sales_rep: None, insurance_checkbox: false, insurance_claim_number: Some("123"), insurance_company_name: Some("Gekko"), job_number: None, job_name: None, amt_receivable: 0 }, analysis: Some(JobAnalysis { kind: InsuranceWithoutContingency, timestamps: [None, Some(1970-01-01T00:00:01Z), None, Some(1970-01-01T00:00:03Z), Some(1970-01-01T00:00:04Z)], loss_timestamp: None }) }, [InconsistentInsuranceInfo])
[INFO] [stdout] stack backtrace:
[INFO] [stdout]    0:     0x5ec78c88ca8a - std::backtrace_rs::backtrace::libunwind::trace::h5a5b8284f2d0c266
[INFO] [stdout]                                at /rustc/90b35a6239c3d8bdabc530a6a0816f7ff89a0aaf/library/std/src/../../backtrace/src/backtrace/libunwind.rs:116:5
[INFO] [stdout]    1:     0x5ec78c88ca8a - std::backtrace_rs::backtrace::trace_unsynchronized::h76d4f1c9b0b875e3
[INFO] [stdout]                                at /rustc/90b35a6239c3d8bdabc530a6a0816f7ff89a0aaf/library/std/src/../../backtrace/src/backtrace/mod.rs:66:5
[INFO] [stdout]    2:     0x5ec78c88ca8a - std::sys::backtrace::_print_fmt::hc4546b8364a537c6
[INFO] [stdout]                                at /rustc/90b35a6239c3d8bdabc530a6a0816f7ff89a0aaf/library/std/src/sys/backtrace.rs:66:9
[INFO] [stdout]    3:     0x5ec78c88ca8a - <std::sys::backtrace::BacktraceLock::print::DisplayBacktrace as core::fmt::Display>::fmt::h5b6bd5631a6d1f6b
[INFO] [stdout]                                at /rustc/90b35a6239c3d8bdabc530a6a0816f7ff89a0aaf/library/std/src/sys/backtrace.rs:39:26
[INFO] [stdout]    4:     0x5ec78c8b2173 - core::fmt::rt::Argument::fmt::h270f6602a2b96f62
[INFO] [stdout]                                at /rustc/90b35a6239c3d8bdabc530a6a0816f7ff89a0aaf/library/core/src/fmt/rt.rs:177:76
[INFO] [stdout]    5:     0x5ec78c8b2173 - core::fmt::write::h7550c97b06c86515
[INFO] [stdout]                                at /rustc/90b35a6239c3d8bdabc530a6a0816f7ff89a0aaf/library/core/src/fmt/mod.rs:1186:21
[INFO] [stdout]    6:     0x5ec78c889c53 - std::io::Write::write_fmt::h509ff860e5956e5e
[INFO] [stdout]                                at /rustc/90b35a6239c3d8bdabc530a6a0816f7ff89a0aaf/library/std/src/io/mod.rs:1839:15
[INFO] [stdout]    7:     0x5ec78c88c8d2 - std::sys::backtrace::BacktraceLock::print::h2395ccd2c84ba3aa
[INFO] [stdout]                                at /rustc/90b35a6239c3d8bdabc530a6a0816f7ff89a0aaf/library/std/src/sys/backtrace.rs:42:9
[INFO] [stdout]    8:     0x5ec78c88deea - std::panicking::default_hook::{{closure}}::he19d4c7230e07961
[INFO] [stdout]                                at /rustc/90b35a6239c3d8bdabc530a6a0816f7ff89a0aaf/library/std/src/panicking.rs:268:22
[INFO] [stdout]    9:     0x5ec78c88dcf4 - std::panicking::default_hook::hf614597d3c67bbdb
[INFO] [stdout]                                at /rustc/90b35a6239c3d8bdabc530a6a0816f7ff89a0aaf/library/std/src/panicking.rs:292:9
[INFO] [stdout]   10:     0x5ec78c853d89 - <alloc::boxed::Box<F,A> as core::ops::function::Fn<Args>>::call::h39b51ce4599c23d1
[INFO] [stdout]                                at /rustc/90b35a6239c3d8bdabc530a6a0816f7ff89a0aaf/library/alloc/src/boxed.rs:2468:9
[INFO] [stdout]   11:     0x5ec78c853d89 - test::test_main::{{closure}}::he977ae839a582784
[INFO] [stdout]                                at /rustc/90b35a6239c3d8bdabc530a6a0816f7ff89a0aaf/library/test/src/lib.rs:133:21
[INFO] [stdout]   12:     0x5ec78c88e588 - <alloc::boxed::Box<F,A> as core::ops::function::Fn<Args>>::call::h9455091b6b06f9fb
[INFO] [stdout]                                at /rustc/90b35a6239c3d8bdabc530a6a0816f7ff89a0aaf/library/alloc/src/boxed.rs:2468:9
[INFO] [stdout]   13:     0x5ec78c88e588 - std::panicking::rust_panic_with_hook::h8942133a8b252070
[INFO] [stdout]                                at /rustc/90b35a6239c3d8bdabc530a6a0816f7ff89a0aaf/library/std/src/panicking.rs:809:13
[INFO] [stdout]   14:     0x5ec78c88e34a - std::panicking::begin_panic_handler::{{closure}}::hb5f5963570096b29
[INFO] [stdout]                                at /rustc/90b35a6239c3d8bdabc530a6a0816f7ff89a0aaf/library/std/src/panicking.rs:674:13
[INFO] [stdout]   15:     0x5ec78c88cf69 - std::sys::backtrace::__rust_end_short_backtrace::h6208cedc1922feda
[INFO] [stdout]                                at /rustc/90b35a6239c3d8bdabc530a6a0816f7ff89a0aaf/library/std/src/sys/backtrace.rs:170:18
[INFO] [stdout]   16:     0x5ec78c88dfdc - rust_begin_unwind
[INFO] [stdout]                                at /rustc/90b35a6239c3d8bdabc530a6a0816f7ff89a0aaf/library/std/src/panicking.rs:665:5
[INFO] [stdout]   17:     0x5ec78c800a50 - core::panicking::panic_fmt::h0c3082644d1bf418
[INFO] [stdout]                                at /rustc/90b35a6239c3d8bdabc530a6a0816f7ff89a0aaf/library/core/src/panicking.rs:74:14
[INFO] [stdout]   18:     0x5ec78c800e54 - core::panicking::assert_failed_inner::h2ddf1fcc067fa858
[INFO] [stdout]   19:     0x5ec78c816210 - core::panicking::assert_failed::hf15a24c04dbf4589
[INFO] [stdout]                                at /rustc/90b35a6239c3d8bdabc530a6a0816f7ff89a0aaf/library/core/src/panicking.rs:367:5
[INFO] [stdout]   20:     0x5ec78c80ab1d - ahitool::jobs::test::job_analysis_inconsistent_insurance_info::hbb4a01c84182db34
[INFO] [stdout]                                at /opt/rustwide/workdir/src/jobs.rs:692:9
[INFO] [stdout]   21:     0x5ec78c80a267 - ahitool::jobs::test::job_analysis_inconsistent_insurance_info::{{closure}}::hb65d472c290b99a5
[INFO] [stdout]                                at /opt/rustwide/workdir/src/jobs.rs:672:50
[INFO] [stdout]   22:     0x5ec78c8143d6 - core::ops::function::FnOnce::call_once::h54dba2b2a7d497a4
[INFO] [stdout]                                at /rustc/90b35a6239c3d8bdabc530a6a0816f7ff89a0aaf/library/core/src/ops/function.rs:250:5
[INFO] [stdout]   23:     0x5ec78c85874b - core::ops::function::FnOnce::call_once::h109cf8051a59b34e
[INFO] [stdout]                                at /rustc/90b35a6239c3d8bdabc530a6a0816f7ff89a0aaf/library/core/src/ops/function.rs:250:5
[INFO] [stdout]   24:     0x5ec78c85874b - test::__rust_begin_short_backtrace::hf4fff89d377446ba
[INFO] [stdout]                                at /rustc/90b35a6239c3d8bdabc530a6a0816f7ff89a0aaf/library/test/src/lib.rs:621:18
[INFO] [stdout]   25:     0x5ec78c857f87 - test::run_test_in_process::{{closure}}::h0e39181dd7ee5a43
[INFO] [stdout]                                at /rustc/90b35a6239c3d8bdabc530a6a0816f7ff89a0aaf/library/test/src/lib.rs:644:60
[INFO] [stdout]   26:     0x5ec78c857f87 - <core::panic::unwind_safe::AssertUnwindSafe<F> as core::ops::function::FnOnce<()>>::call_once::hc5a66a30f0bdfd1f
[INFO] [stdout]                                at /rustc/90b35a6239c3d8bdabc530a6a0816f7ff89a0aaf/library/core/src/panic/unwind_safe.rs:272:9
[INFO] [stdout]   27:     0x5ec78c857f87 - std::panicking::try::do_call::h873b7cf639554a5e
[INFO] [stdout]                                at /rustc/90b35a6239c3d8bdabc530a6a0816f7ff89a0aaf/library/std/src/panicking.rs:557:40
[INFO] [stdout]   28:     0x5ec78c857f87 - std::panicking::try::hdb19862fad9c8bd1
[INFO] [stdout]                                at /rustc/90b35a6239c3d8bdabc530a6a0816f7ff89a0aaf/library/std/src/panicking.rs:520:19
[INFO] [stdout]   29:     0x5ec78c857f87 - std::panic::catch_unwind::h281fe732d236d260
[INFO] [stdout]                                at /rustc/90b35a6239c3d8bdabc530a6a0816f7ff89a0aaf/library/std/src/panic.rs:358:14
[INFO] [stdout]   30:     0x5ec78c857f87 - test::run_test_in_process::h949b6df8457ed338
[INFO] [stdout]                                at /rustc/90b35a6239c3d8bdabc530a6a0816f7ff89a0aaf/library/test/src/lib.rs:644:27
[INFO] [stdout]   31:     0x5ec78c857f87 - test::run_test::{{closure}}::h52c556a6d4740e10
[INFO] [stdout]                                at /rustc/90b35a6239c3d8bdabc530a6a0816f7ff89a0aaf/library/test/src/lib.rs:565:43
[INFO] [stdout]   32:     0x5ec78c81d264 - test::run_test::{{closure}}::h4237f6381c45ccb9
[INFO] [stdout]                                at /rustc/90b35a6239c3d8bdabc530a6a0816f7ff89a0aaf/library/test/src/lib.rs:595:41
[INFO] [stdout]   33:     0x5ec78c81d264 - std::sys::backtrace::__rust_begin_short_backtrace::h505c97a579eca628
[INFO] [stdout]                                at /rustc/90b35a6239c3d8bdabc530a6a0816f7ff89a0aaf/library/std/src/sys/backtrace.rs:154:18
[INFO] [stdout]   34:     0x5ec78c82092e - std::thread::Builder::spawn_unchecked_::{{closure}}::{{closure}}::h9e86b2e2bc107ea3
[INFO] [stdout]                                at /rustc/90b35a6239c3d8bdabc530a6a0816f7ff89a0aaf/library/std/src/thread/mod.rs:538:17
[INFO] [stdout]   35:     0x5ec78c82092e - <core::panic::unwind_safe::AssertUnwindSafe<F> as core::ops::function::FnOnce<()>>::call_once::h8b06ddb275ff4a25
[INFO] [stdout]                                at /rustc/90b35a6239c3d8bdabc530a6a0816f7ff89a0aaf/library/core/src/panic/unwind_safe.rs:272:9
[INFO] [stdout]   36:     0x5ec78c82092e - std::panicking::try::do_call::hb26ecd7cd9a9355d
[INFO] [stdout]                                at /rustc/90b35a6239c3d8bdabc530a6a0816f7ff89a0aaf/library/std/src/panicking.rs:557:40
[INFO] [stdout]   37:     0x5ec78c82092e - std::panicking::try::h8ddeca9d705f9069
[INFO] [stdout]                                at /rustc/90b35a6239c3d8bdabc530a6a0816f7ff89a0aaf/library/std/src/panicking.rs:520:19
[INFO] [stdout]   38:     0x5ec78c82092e - std::panic::catch_unwind::h49e1c33078844c46
[INFO] [stdout]                                at /rustc/90b35a6239c3d8bdabc530a6a0816f7ff89a0aaf/library/std/src/panic.rs:358:14
[INFO] [stdout]   39:     0x5ec78c82092e - std::thread::Builder::spawn_unchecked_::{{closure}}::h6073db6ff56ad35d
[INFO] [stdout]                                at /rustc/90b35a6239c3d8bdabc530a6a0816f7ff89a0aaf/library/std/src/thread/mod.rs:537:30
[INFO] [stdout]   40:     0x5ec78c82092e - core::ops::function::FnOnce::call_once{{vtable.shim}}::h2c5a5f3779c774f1
[INFO] [stdout]                                at /rustc/90b35a6239c3d8bdabc530a6a0816f7ff89a0aaf/library/core/src/ops/function.rs:250:5
[INFO] [stdout]   41:     0x5ec78c8922db - <alloc::boxed::Box<F,A> as core::ops::function::FnOnce<Args>>::call_once::hf75717d9f28faebf
[INFO] [stdout]                                at /rustc/90b35a6239c3d8bdabc530a6a0816f7ff89a0aaf/library/alloc/src/boxed.rs:2454:9
[INFO] [stdout]   42:     0x5ec78c8922db - <alloc::boxed::Box<F,A> as core::ops::function::FnOnce<Args>>::call_once::h7bd883a5f3c5f3c1
[INFO] [stdout]                                at /rustc/90b35a6239c3d8bdabc530a6a0816f7ff89a0aaf/library/alloc/src/boxed.rs:2454:9
[INFO] [stdout]   43:     0x5ec78c8922db - std::sys::pal::unix::thread::Thread::new::thread_start::hcc78f3943333fa94
[INFO] [stdout]                                at /rustc/90b35a6239c3d8bdabc530a6a0816f7ff89a0aaf/library/std/src/sys/pal/unix/thread.rs:105:17
[INFO] [stdout]   44:     0x7dd7b07e4ac3 - <unknown>
[INFO] [stdout]   45:     0x7dd7b0875a04 - clone
[INFO] [stdout]   46:                0x0 - <unknown>
[INFO] [stdout] 
[INFO] [stdout] 
[INFO] [stdout] failures:
[INFO] [stdout]     jobs::test::job_analysis_inconsistent_insurance_info
[INFO] [stdout] 
[INFO] [stdout] test result: FAILED. 9 passed; 1 failed; 0 ignored; 0 measured; 0 filtered out; finished in 0.11s
[INFO] [stdout] 
[INFO] [stderr] error: test failed, to rerun pass `--bin ahitool`
[INFO] running `Command { std: "docker" "inspect" "28c272169a2875a6a867a1f0c1c47bd231dfe34af54853106cf92381717e5179", kill_on_drop: false }`
[INFO] running `Command { std: "docker" "rm" "-f" "28c272169a2875a6a867a1f0c1c47bd231dfe34af54853106cf92381717e5179", kill_on_drop: false }`
[INFO] [stdout] 28c272169a2875a6a867a1f0c1c47bd231dfe34af54853106cf92381717e5179
