[INFO] cloning repository https://github.com/andreastedile/actum
[INFO] running `Command { std: "git" "-c" "credential.helper=" "-c" "credential.helper=/workspace/cargo-home/bin/git-credential-null" "clone" "--bare" "https://github.com/andreastedile/actum" "/workspace/cache/git-repos/https%3A%2F%2Fgithub.com%2Fandreastedile%2Factum", kill_on_drop: false }`
[INFO] [stderr] Cloning into bare repository '/workspace/cache/git-repos/https%3A%2F%2Fgithub.com%2Fandreastedile%2Factum'...
[INFO] running `Command { std: "git" "rev-parse" "HEAD", kill_on_drop: false }`
[INFO] [stdout] 0e35afeb943eede4badbf2802c258737b0435da8
[INFO] testing andreastedile/actum against 1.83.0 for beta-1.84.0-4-retry
[INFO] running `Command { std: "git" "clone" "/workspace/cache/git-repos/https%3A%2F%2Fgithub.com%2Fandreastedile%2Factum" "/workspace/builds/worker-6-tc1/source", kill_on_drop: false }`
[INFO] [stderr] Cloning into '/workspace/builds/worker-6-tc1/source'...
[INFO] [stderr] done.
[INFO] validating manifest of git repo https://github.com/andreastedile/actum on toolchain 1.83.0
[INFO] running `Command { std: CARGO_HOME="/workspace/cargo-home" RUSTUP_HOME="/workspace/rustup-home" "/workspace/cargo-home/bin/cargo" "+1.83.0" "metadata" "--manifest-path" "Cargo.toml" "--no-deps", kill_on_drop: false }`
[INFO] started tweaking git repo https://github.com/andreastedile/actum
[INFO] finished tweaking git repo https://github.com/andreastedile/actum
[INFO] tweaked toml for git repo https://github.com/andreastedile/actum written to /workspace/builds/worker-6-tc1/source/Cargo.toml
[INFO] running `Command { std: CARGO_HOME="/workspace/cargo-home" RUSTUP_HOME="/workspace/rustup-home" "/workspace/cargo-home/bin/cargo" "+1.83.0" "generate-lockfile" "--manifest-path" "Cargo.toml", kill_on_drop: false }`
[INFO] [stderr]     Updating crates.io index
[INFO] [stderr]      Locking 61 packages to latest compatible versions
[INFO] running `Command { std: CARGO_HOME="/workspace/cargo-home" RUSTUP_HOME="/workspace/rustup-home" "/workspace/cargo-home/bin/cargo" "+1.83.0" "fetch" "--manifest-path" "Cargo.toml", kill_on_drop: false }`
[INFO] running `Command { std: "docker" "create" "-v" "/var/lib/crater-agent-workspace/builds/worker-6-tc1/target:/opt/rustwide/target:rw,Z" "-v" "/var/lib/crater-agent-workspace/builds/worker-6-tc1/source:/opt/rustwide/workdir:ro,Z" "-v" "/var/lib/crater-agent-workspace/cargo-home:/opt/rustwide/cargo-home:ro,Z" "-v" "/var/lib/crater-agent-workspace/rustup-home:/opt/rustwide/rustup-home:ro,Z" "-e" "SOURCE_DIR=/opt/rustwide/workdir" "-e" "CARGO_TARGET_DIR=/opt/rustwide/target" "-e" "CARGO_HOME=/opt/rustwide/cargo-home" "-e" "RUSTUP_HOME=/opt/rustwide/rustup-home" "-w" "/opt/rustwide/workdir" "-m" "1610612736" "--user" "0:0" "--network" "none" "ghcr.io/rust-lang/crates-build-env/linux@sha256:f3a9d4ad9d972b27faf3965f35b62e55ba32bbce8f20bc8fe909558a86702fde" "/opt/rustwide/cargo-home/bin/cargo" "+1.83.0" "metadata" "--no-deps" "--format-version=1", kill_on_drop: false }`
[INFO] [stdout] 77c54b3fae819efec8d1b1d64626480abeadc9ed0d98e37835c11bdcd69e57d0
[INFO] running `Command { std: "docker" "start" "-a" "77c54b3fae819efec8d1b1d64626480abeadc9ed0d98e37835c11bdcd69e57d0", kill_on_drop: false }`
[INFO] running `Command { std: "docker" "inspect" "77c54b3fae819efec8d1b1d64626480abeadc9ed0d98e37835c11bdcd69e57d0", kill_on_drop: false }`
[INFO] running `Command { std: "docker" "rm" "-f" "77c54b3fae819efec8d1b1d64626480abeadc9ed0d98e37835c11bdcd69e57d0", kill_on_drop: false }`
[INFO] [stdout] 77c54b3fae819efec8d1b1d64626480abeadc9ed0d98e37835c11bdcd69e57d0
[INFO] running `Command { std: "docker" "create" "-v" "/var/lib/crater-agent-workspace/builds/worker-6-tc1/target:/opt/rustwide/target:rw,Z" "-v" "/var/lib/crater-agent-workspace/builds/worker-6-tc1/source:/opt/rustwide/workdir:ro,Z" "-v" "/var/lib/crater-agent-workspace/cargo-home:/opt/rustwide/cargo-home:ro,Z" "-v" "/var/lib/crater-agent-workspace/rustup-home:/opt/rustwide/rustup-home:ro,Z" "-e" "SOURCE_DIR=/opt/rustwide/workdir" "-e" "CARGO_TARGET_DIR=/opt/rustwide/target" "-e" "CARGO_INCREMENTAL=0" "-e" "RUST_BACKTRACE=full" "-e" "RUSTFLAGS=--cap-lints=warn" "-e" "RUSTDOCFLAGS=--cap-lints=warn" "-e" "CARGO_HOME=/opt/rustwide/cargo-home" "-e" "RUSTUP_HOME=/opt/rustwide/rustup-home" "-w" "/opt/rustwide/workdir" "-m" "1610612736" "--user" "0:0" "--network" "none" "ghcr.io/rust-lang/crates-build-env/linux@sha256:f3a9d4ad9d972b27faf3965f35b62e55ba32bbce8f20bc8fe909558a86702fde" "/opt/rustwide/cargo-home/bin/cargo" "+1.83.0" "build" "--frozen" "--message-format=json", kill_on_drop: false }`
[INFO] [stdout] db2dcd01e249b72c731416d4e2bd7a9f2e6f327a847b3efff3929e4845b59197
[INFO] running `Command { std: "docker" "start" "-a" "db2dcd01e249b72c731416d4e2bd7a9f2e6f327a847b3efff3929e4845b59197", kill_on_drop: false }`
[INFO] [stderr]    Compiling proc-macro2 v1.0.92
[INFO] [stderr]    Compiling unicode-ident v1.0.14
[INFO] [stderr]    Compiling autocfg v1.4.0
[INFO] [stderr]    Compiling futures-sink v0.3.31
[INFO] [stderr]    Compiling futures-core v0.3.31
[INFO] [stderr]    Compiling pin-project-lite v0.2.15
[INFO] [stderr]    Compiling memchr v2.7.4
[INFO] [stderr]    Compiling futures-task v0.3.31
[INFO] [stderr]    Compiling pin-utils v0.1.0
[INFO] [stderr]    Compiling futures-io v0.3.31
[INFO] [stderr]    Compiling tracing-core v0.1.33
[INFO] [stderr]    Compiling futures-channel v0.3.31
[INFO] [stderr]    Compiling tracing v0.1.41
[INFO] [stderr]    Compiling slab v0.4.9
[INFO] [stderr]    Compiling quote v1.0.37
[INFO] [stderr]    Compiling syn v2.0.90
[INFO] [stderr]    Compiling futures-macro v0.3.31
[INFO] [stderr]    Compiling futures-util v0.3.31
[INFO] [stderr]    Compiling futures-executor v0.3.31
[INFO] [stderr]    Compiling futures v0.3.31
[INFO] [stderr]    Compiling actum v0.1.0 (/opt/rustwide/workdir)
[INFO] [stderr]     Finished `dev` profile [unoptimized + debuginfo] target(s) in 11.98s
[INFO] running `Command { std: "docker" "inspect" "db2dcd01e249b72c731416d4e2bd7a9f2e6f327a847b3efff3929e4845b59197", kill_on_drop: false }`
[INFO] running `Command { std: "docker" "rm" "-f" "db2dcd01e249b72c731416d4e2bd7a9f2e6f327a847b3efff3929e4845b59197", kill_on_drop: false }`
[INFO] [stdout] db2dcd01e249b72c731416d4e2bd7a9f2e6f327a847b3efff3929e4845b59197
[INFO] running `Command { std: "docker" "create" "-v" "/var/lib/crater-agent-workspace/builds/worker-6-tc1/target:/opt/rustwide/target:rw,Z" "-v" "/var/lib/crater-agent-workspace/builds/worker-6-tc1/source:/opt/rustwide/workdir:ro,Z" "-v" "/var/lib/crater-agent-workspace/cargo-home:/opt/rustwide/cargo-home:ro,Z" "-v" "/var/lib/crater-agent-workspace/rustup-home:/opt/rustwide/rustup-home:ro,Z" "-e" "SOURCE_DIR=/opt/rustwide/workdir" "-e" "CARGO_TARGET_DIR=/opt/rustwide/target" "-e" "CARGO_INCREMENTAL=0" "-e" "RUST_BACKTRACE=full" "-e" "RUSTFLAGS=--cap-lints=warn" "-e" "RUSTDOCFLAGS=--cap-lints=warn" "-e" "CARGO_HOME=/opt/rustwide/cargo-home" "-e" "RUSTUP_HOME=/opt/rustwide/rustup-home" "-w" "/opt/rustwide/workdir" "-m" "1610612736" "--user" "0:0" "--network" "none" "ghcr.io/rust-lang/crates-build-env/linux@sha256:f3a9d4ad9d972b27faf3965f35b62e55ba32bbce8f20bc8fe909558a86702fde" "/opt/rustwide/cargo-home/bin/cargo" "+1.83.0" "test" "--frozen" "--no-run" "--message-format=json", kill_on_drop: false }`
[INFO] [stdout] 49086bed1076598cc2e9921154df2bd1a77f17d7537198c16f7a6b6afb7d28b6
[INFO] running `Command { std: "docker" "start" "-a" "49086bed1076598cc2e9921154df2bd1a77f17d7537198c16f7a6b6afb7d28b6", kill_on_drop: false }`
[INFO] [stderr]    Compiling once_cell v1.20.2
[INFO] [stderr]    Compiling regex-syntax v0.8.5
[INFO] [stderr]    Compiling regex-syntax v0.6.29
[INFO] [stderr]    Compiling overload v0.1.1
[INFO] [stderr]    Compiling lazy_static v1.5.0
[INFO] [stderr]    Compiling cfg-if v1.0.0
[INFO] [stderr]    Compiling log v0.4.22
[INFO] [stderr]    Compiling smallvec v1.13.2
[INFO] [stderr]    Compiling tokio-macros v2.4.0
[INFO] [stderr]    Compiling sharded-slab v0.1.7
[INFO] [stderr]    Compiling nu-ansi-term v0.46.0
[INFO] [stderr]    Compiling tracing-core v0.1.33
[INFO] [stderr]    Compiling thread_local v1.1.8
[INFO] [stderr]    Compiling tracing v0.1.41
[INFO] [stderr]    Compiling tracing-log v0.2.0
[INFO] [stderr]    Compiling actum v0.1.0 (/opt/rustwide/workdir)
[INFO] [stderr]    Compiling tokio v1.42.0
[INFO] [stderr]    Compiling regex-automata v0.4.9
[INFO] [stderr]    Compiling regex-automata v0.1.10
[INFO] [stderr]    Compiling matchers v0.1.0
[INFO] [stderr]    Compiling regex v1.11.1
[INFO] [stderr]    Compiling tracing-subscriber v0.3.19
[INFO] [stdout] warning: unused import: `futures::StreamExt`
[INFO] [stdout]  --> examples/how_to_testkit.rs:1:5
[INFO] [stdout]   |
[INFO] [stdout] 1 | use futures::StreamExt;
[INFO] [stdout]   |     ^^^^^^^^^^^^^^^^^^
[INFO] [stdout]   |
[INFO] [stdout]   = note: `#[warn(unused_imports)]` on by default
[INFO] [stdout] 
[INFO] [stdout] 
[INFO] [stdout] warning: variable does not need to be mutable
[INFO] [stdout]   --> examples/timer.rs:33:9
[INFO] [stdout]    |
[INFO] [stdout] 33 |     let mut root = actum(an_actor);
[INFO] [stdout]    |         ----^^^^
[INFO] [stdout]    |         |
[INFO] [stdout]    |         help: remove this `mut`
[INFO] [stdout]    |
[INFO] [stdout]    = note: `#[warn(unused_mut)]` on by default
[INFO] [stdout] 
[INFO] [stdout] 
[INFO] [stderr]     Finished `test` profile [unoptimized + debuginfo] target(s) in 17.72s
[INFO] running `Command { std: "docker" "inspect" "49086bed1076598cc2e9921154df2bd1a77f17d7537198c16f7a6b6afb7d28b6", kill_on_drop: false }`
[INFO] running `Command { std: "docker" "rm" "-f" "49086bed1076598cc2e9921154df2bd1a77f17d7537198c16f7a6b6afb7d28b6", kill_on_drop: false }`
[INFO] [stdout] 49086bed1076598cc2e9921154df2bd1a77f17d7537198c16f7a6b6afb7d28b6
[INFO] running `Command { std: "docker" "create" "-v" "/var/lib/crater-agent-workspace/builds/worker-6-tc1/target:/opt/rustwide/target:rw,Z" "-v" "/var/lib/crater-agent-workspace/builds/worker-6-tc1/source:/opt/rustwide/workdir:ro,Z" "-v" "/var/lib/crater-agent-workspace/cargo-home:/opt/rustwide/cargo-home:ro,Z" "-v" "/var/lib/crater-agent-workspace/rustup-home:/opt/rustwide/rustup-home:ro,Z" "-e" "SOURCE_DIR=/opt/rustwide/workdir" "-e" "CARGO_TARGET_DIR=/opt/rustwide/target" "-e" "CARGO_INCREMENTAL=0" "-e" "RUST_BACKTRACE=full" "-e" "RUSTFLAGS=--cap-lints=warn" "-e" "RUSTDOCFLAGS=--cap-lints=warn" "-e" "CARGO_HOME=/opt/rustwide/cargo-home" "-e" "RUSTUP_HOME=/opt/rustwide/rustup-home" "-w" "/opt/rustwide/workdir" "-m" "1610612736" "--user" "0:0" "--network" "none" "ghcr.io/rust-lang/crates-build-env/linux@sha256:f3a9d4ad9d972b27faf3965f35b62e55ba32bbce8f20bc8fe909558a86702fde" "/opt/rustwide/cargo-home/bin/cargo" "+1.83.0" "test" "--frozen", kill_on_drop: false }`
[INFO] [stdout] 29d43eef081cf19ebf97fb938e77c54be13de023d59fe6caa11a5ff781f84411
[INFO] running `Command { std: "docker" "start" "-a" "29d43eef081cf19ebf97fb938e77c54be13de023d59fe6caa11a5ff781f84411", kill_on_drop: false }`
[INFO] [stderr] warning: variable does not need to be mutable
[INFO] [stderr]   --> examples/timer.rs:33:9
[INFO] [stderr]    |
[INFO] [stderr] 33 |     let mut root = actum(an_actor);
[INFO] [stderr]    |         ----^^^^
[INFO] [stderr]    |         |
[INFO] [stderr]    |         help: remove this `mut`
[INFO] [stderr]    |
[INFO] [stderr]    = note: `#[warn(unused_mut)]` on by default
[INFO] [stderr] 
[INFO] [stderr] warning: unused import: `futures::StreamExt`
[INFO] [stderr]  --> examples/how_to_testkit.rs:1:5
[INFO] [stderr]   |
[INFO] [stderr] 1 | use futures::StreamExt;
[INFO] [stderr]   |     ^^^^^^^^^^^^^^^^^^
[INFO] [stderr]   |
[INFO] [stderr]   = note: `#[warn(unused_imports)]` on by default
[INFO] [stderr] 
[INFO] [stderr] warning: `actum` (example "timer") generated 1 warning (run `cargo fix --example "timer"` to apply 1 suggestion)
[INFO] [stderr] warning: `actum` (example "how_to_testkit") generated 1 warning (run `cargo fix --example "how_to_testkit"` to apply 1 suggestion)
[INFO] [stderr]     Finished `test` profile [unoptimized + debuginfo] target(s) in 0.06s
[INFO] [stderr]      Running unittests src/lib.rs (/opt/rustwide/target/debug/deps/actum-d97e12b95f2d0ee6)
[INFO] [stdout] 
[INFO] [stdout] running 3 tests
[INFO] [stdout] test resolve_when_one::tests::test_1 ... ok
[INFO] [stdout] test resolve_when_one::tests::test_2 ... ok
[INFO] [stdout] test resolve_when_one::tests::test_3 ... ok
[INFO] [stdout] 
[INFO] [stdout] test result: ok. 3 passed; 0 failed; 0 ignored; 0 measured; 0 filtered out; finished in 0.20s
[INFO] [stdout] 
[INFO] [stderr]    Doc-tests actum
[INFO] [stdout] 
[INFO] [stdout] running 6 tests
[INFO] [stdout] test src/lib.rs - actum (line 47) ... FAILED
[INFO] [stdout] test src/lib.rs - actum (line 62) ... FAILED
[INFO] [stdout] test src/drop_guard.rs - drop_guard::ActorDropGuard (line 8) ... FAILED
[INFO] [stdout] test src/lib.rs - actum (line 27) ... FAILED
[INFO] [stdout] test src/testkit.rs - testkit::Testkit (line 62) ... FAILED
[INFO] [stdout] test src/testkit.rs - testkit::Testkit (line 24) ... ok
[INFO] [stdout] 
[INFO] [stdout] failures:
[INFO] [stdout] 
[INFO] [stdout] ---- src/lib.rs - actum (line 47) stdout ----
[INFO] [stdout] error[E0271]: expected `{async block@src/lib.rs:8:54: 8:64}` to be a future that resolves to `ActorCell<u64, StandardBounds>`, but it resolves to `()`
[INFO] [stdout]   --> src/lib.rs:53:36
[INFO] [stdout]    |
[INFO] [stdout] 8  |     let mut root = actum::<u64, _, _>(|mut cell, me| async move {
[INFO] [stdout]    |                                    ^ expected `ActorCell<u64, StandardBounds>`, found `()`
[INFO] [stdout]    |
[INFO] [stdout]    = note: expected struct `ActorCell<u64, StandardBounds>`
[INFO] [stdout]            found unit type `()`
[INFO] [stdout] note: required by a bound in `actum::actum`
[INFO] [stdout]   --> /opt/rustwide/workdir/src/lib.rs:88:17
[INFO] [stdout]    |
[INFO] [stdout] 84 | pub fn actum<M, F, Fut>(f: F) -> Actor<M, ActorTask<M, F, Fut, StandardBounds>>
[INFO] [stdout]    |        ----- required by a bound in this function
[INFO] [stdout] ...
[INFO] [stdout] 88 |     Fut: Future<Output = ActorCell<M, StandardBounds>> + Send + 'static,
[INFO] [stdout]    |                 ^^^^^^^^^^^^^^^^^^^^^^^^^^^^^^^^^^^^^ required by this bound in `actum`
[INFO] [stdout] 
[INFO] [stdout] error[E0599]: the method `run_task` exists for struct `ActorTask<u64, {closure@src/lib.rs:8:39}, {async block@src/lib.rs:8:54: 8:64}, StandardBounds>`, but its trait bounds were not satisfied
[INFO] [stdout]   --> src/lib.rs:58:15
[INFO] [stdout]    |
[INFO] [stdout] 13 |     root.task.run_task().await;
[INFO] [stdout]    |               ^^^^^^^^ method cannot be called due to unsatisfied trait bounds
[INFO] [stdout]    |
[INFO] [stdout]   ::: /opt/rustwide/workdir/src/actor_cell/actor_task.rs:11:1
[INFO] [stdout]    |
[INFO] [stdout] 11 | pub struct ActorTask<M, F, Fut, CABT> {
[INFO] [stdout]    | ------------------------------------- doesn't satisfy `_: RunTask`
[INFO] [stdout]    |
[INFO] [stdout]    = note: the following trait bounds were not satisfied:
[INFO] [stdout]            `<{async block@src/lib.rs:8:54: 8:64} as Future>::Output = ActorCell<u64, StandardBounds>`
[INFO] [stdout]            which is required by `ActorTask<u64, {closure@src/lib.rs:8:39: 8:53}, {async block@src/lib.rs:8:54: 8:64}, StandardBounds>: actum::prelude::RunTask`
[INFO] [stdout] 
[INFO] [stdout] error: aborting due to 2 previous errors
[INFO] [stdout] 
[INFO] [stdout] Some errors have detailed explanations: E0271, E0599.
[INFO] [stdout] For more information about an error, try `rustc --explain E0271`.
[INFO] [stdout] Couldn't compile the test.
[INFO] [stdout] ---- src/lib.rs - actum (line 62) stdout ----
[INFO] [stdout] error[E0271]: expected `impl Future<Output = ()>` to be a future that resolves to `ActorCell<u64, StandardBounds>`, but it resolves to `()`
[INFO] [stdout]   --> src/lib.rs:80:20
[INFO] [stdout]    |
[INFO] [stdout] 20 |     let mut root = actum(|cell, me| root(cell, me, vec));
[INFO] [stdout]    |                    ^^^^^^^^^^^^^^^^^^^^^^^^^^^^^^^^^^^^^ expected `ActorCell<u64, StandardBounds>`, found `()`
[INFO] [stdout]    |
[INFO] [stdout]    = note: expected struct `ActorCell<u64, StandardBounds>`
[INFO] [stdout]            found unit type `()`
[INFO] [stdout] note: required by a bound in `actum::actum`
[INFO] [stdout]   --> /opt/rustwide/workdir/src/lib.rs:88:17
[INFO] [stdout]    |
[INFO] [stdout] 84 | pub fn actum<M, F, Fut>(f: F) -> Actor<M, ActorTask<M, F, Fut, StandardBounds>>
[INFO] [stdout]    |        ----- required by a bound in this function
[INFO] [stdout] ...
[INFO] [stdout] 88 |     Fut: Future<Output = ActorCell<M, StandardBounds>> + Send + 'static,
[INFO] [stdout]    |                 ^^^^^^^^^^^^^^^^^^^^^^^^^^^^^^^^^^^^^ required by this bound in `actum`
[INFO] [stdout] 
[INFO] [stdout] error[E0599]: the method `run_task` exists for struct `ActorTask<u64, {closure@src/lib.rs:20:26}, impl Future<Output = ()>, StandardBounds>`, but its trait bounds were not satisfied
[INFO] [stdout]   --> src/lib.rs:82:15
[INFO] [stdout]    |
[INFO] [stdout] 22 |     root.task.run_task().await;
[INFO] [stdout]    |               ^^^^^^^^ method cannot be called due to unsatisfied trait bounds
[INFO] [stdout]    |
[INFO] [stdout]   ::: /opt/rustwide/workdir/src/actor_cell/actor_task.rs:11:1
[INFO] [stdout]    |
[INFO] [stdout] 11 | pub struct ActorTask<M, F, Fut, CABT> {
[INFO] [stdout]    | ------------------------------------- doesn't satisfy `_: RunTask`
[INFO] [stdout]    |
[INFO] [stdout]    = note: the following trait bounds were not satisfied:
[INFO] [stdout]            `<impl Future<Output = ()> as Future>::Output = ActorCell<u64, StandardBounds>`
[INFO] [stdout]            which is required by `ActorTask<u64, {closure@src/lib.rs:20:26: 20:36}, impl Future<Output = ()>, StandardBounds>: actum::prelude::RunTask`
[INFO] [stdout] 
[INFO] [stdout] error: aborting due to 2 previous errors
[INFO] [stdout] 
[INFO] [stdout] Some errors have detailed explanations: E0271, E0599.
[INFO] [stdout] For more information about an error, try `rustc --explain E0271`.
[INFO] [stdout] Couldn't compile the test.
[INFO] [stdout] ---- src/drop_guard.rs - drop_guard::ActorDropGuard (line 8) stdout ----
[INFO] [stdout] error[E0271]: expected `impl Future<Output = ()>` to be a future that resolves to `ActorCell<u64, StandardBounds>`, but it resolves to `()`
[INFO] [stdout]   --> src/drop_guard.rs:23:20
[INFO] [stdout]    |
[INFO] [stdout] 17 |     let mut root = actum(root);
[INFO] [stdout]    |                    ^^^^^^^^^^^ expected `ActorCell<u64, StandardBounds>`, found `()`
[INFO] [stdout]    |
[INFO] [stdout]    = note: expected struct `ActorCell<u64, StandardBounds>`
[INFO] [stdout]            found unit type `()`
[INFO] [stdout] note: required by a bound in `actum::actum`
[INFO] [stdout]   --> /opt/rustwide/workdir/src/lib.rs:88:17
[INFO] [stdout]    |
[INFO] [stdout] 84 | pub fn actum<M, F, Fut>(f: F) -> Actor<M, ActorTask<M, F, Fut, StandardBounds>>
[INFO] [stdout]    |        ----- required by a bound in this function
[INFO] [stdout] ...
[INFO] [stdout] 88 |     Fut: Future<Output = ActorCell<M, StandardBounds>> + Send + 'static,
[INFO] [stdout]    |                 ^^^^^^^^^^^^^^^^^^^^^^^^^^^^^^^^^^^^^ required by this bound in `actum`
[INFO] [stdout] 
[INFO] [stdout] error[E0599]: the method `run_task` exists for struct `ActorTask<u64, fn(ActorCell<u64, StandardBounds>, ActorRef<u64>) -> ... {root::<...>}, ..., ...>`, but its trait bounds were not satisfied
[INFO] [stdout]   --> src/drop_guard.rs:26:23
[INFO] [stdout]    |
[INFO] [stdout] 20 |     let _ = root.task.run_task().await;
[INFO] [stdout]    |                       ^^^^^^^^ method cannot be called due to unsatisfied trait bounds
[INFO] [stdout]    |
[INFO] [stdout]   ::: /opt/rustwide/workdir/src/actor_cell/actor_task.rs:11:1
[INFO] [stdout]    |
[INFO] [stdout] 11 | pub struct ActorTask<M, F, Fut, CABT> {
[INFO] [stdout]    | ------------------------------------- doesn't satisfy `_: RunTask`
[INFO] [stdout]    |
[INFO] [stdout]    = note: the full type name has been written to '/tmp/rustdoctestB9RS1I/rust_out.long-type-4990156638657834955.txt'
[INFO] [stdout]    = note: consider using `--verbose` to print the full type name to the console
[INFO] [stdout]    = note: the following trait bounds were not satisfied:
[INFO] [stdout]            `<impl Future<Output = ()> as Future>::Output = ActorCell<u64, StandardBounds>`
[INFO] [stdout]            which is required by `ActorTask<u64, fn(ActorCell<u64, StandardBounds>, actum::actor_ref::ActorRef<u64>) -> impl Future<Output = ()> {root::<ActorCell<u64, StandardBounds>>}, impl Future<Output = ()>, StandardBounds>: actum::prelude::RunTask`
[INFO] [stdout] 
[INFO] [stdout] error: aborting due to 2 previous errors
[INFO] [stdout] 
[INFO] [stdout] Some errors have detailed explanations: E0271, E0599.
[INFO] [stdout] For more information about an error, try `rustc --explain E0271`.
[INFO] [stdout] Couldn't compile the test.
[INFO] [stdout] ---- src/lib.rs - actum (line 27) stdout ----
[INFO] [stdout] error[E0271]: expected `impl Future<Output = ()>` to be a future that resolves to `ActorCell<u64, StandardBounds>`, but it resolves to `()`
[INFO] [stdout]   --> src/lib.rs:41:20
[INFO] [stdout]    |
[INFO] [stdout] 16 |     let mut root = actum(root);
[INFO] [stdout]    |                    ^^^^^^^^^^^ expected `ActorCell<u64, StandardBounds>`, found `()`
[INFO] [stdout]    |
[INFO] [stdout]    = note: expected struct `ActorCell<u64, StandardBounds>`
[INFO] [stdout]            found unit type `()`
[INFO] [stdout] note: required by a bound in `actum::actum`
[INFO] [stdout]   --> /opt/rustwide/workdir/src/lib.rs:88:17
[INFO] [stdout]    |
[INFO] [stdout] 84 | pub fn actum<M, F, Fut>(f: F) -> Actor<M, ActorTask<M, F, Fut, StandardBounds>>
[INFO] [stdout]    |        ----- required by a bound in this function
[INFO] [stdout] ...
[INFO] [stdout] 88 |     Fut: Future<Output = ActorCell<M, StandardBounds>> + Send + 'static,
[INFO] [stdout]    |                 ^^^^^^^^^^^^^^^^^^^^^^^^^^^^^^^^^^^^^ required by this bound in `actum`
[INFO] [stdout] 
[INFO] [stdout] error[E0599]: the method `run_task` exists for struct `ActorTask<u64, fn(ActorCell<u64, StandardBounds>, ActorRef<u64>) -> ... {root::<...>}, ..., ...>`, but its trait bounds were not satisfied
[INFO] [stdout]   --> src/lib.rs:43:15
[INFO] [stdout]    |
[INFO] [stdout] 18 |     root.task.run_task().await;
[INFO] [stdout]    |               ^^^^^^^^ method cannot be called due to unsatisfied trait bounds
[INFO] [stdout]    |
[INFO] [stdout]   ::: /opt/rustwide/workdir/src/actor_cell/actor_task.rs:11:1
[INFO] [stdout]    |
[INFO] [stdout] 11 | pub struct ActorTask<M, F, Fut, CABT> {
[INFO] [stdout]    | ------------------------------------- doesn't satisfy `_: RunTask`
[INFO] [stdout]    |
[INFO] [stdout]    = note: the full type name has been written to '/tmp/rustdoctest6c8xk8/rust_out.long-type-12939936405905672046.txt'
[INFO] [stdout]    = note: consider using `--verbose` to print the full type name to the console
[INFO] [stdout]    = note: the following trait bounds were not satisfied:
[INFO] [stdout]            `<impl Future<Output = ()> as Future>::Output = ActorCell<u64, StandardBounds>`
[INFO] [stdout]            which is required by `ActorTask<u64, fn(ActorCell<u64, StandardBounds>, actum::actor_ref::ActorRef<u64>) -> impl Future<Output = ()> {root::<ActorCell<u64, StandardBounds>>}, impl Future<Output = ()>, StandardBounds>: actum::prelude::RunTask`
[INFO] [stdout] 
[INFO] [stdout] error: aborting due to 2 previous errors
[INFO] [stdout] 
[INFO] [stdout] Some errors have detailed explanations: E0271, E0599.
[INFO] [stdout] For more information about an error, try `rustc --explain E0271`.
[INFO] [stdout] Couldn't compile the test.
[INFO] [stdout] ---- src/testkit.rs - testkit::Testkit (line 62) stdout ----
[INFO] [stdout] error[E0271]: expected `impl Future<Output = ()>` to be a future that resolves to `<AB as ActorBounds<u64>>::ChildActorBounds<u32>`, but it resolves to `()`
[INFO] [stdout]   --> src/testkit.rs:72:22
[INFO] [stdout]    |
[INFO] [stdout] 13 |     let child = cell.spawn(child).await.unwrap();
[INFO] [stdout]    |                      ^^^^^ expected associated type, found `()`
[INFO] [stdout]    |
[INFO] [stdout]    = note: expected associated type `<AB as actum::actor_bounds::ActorBounds<u64>>::ChildActorBounds<u32>`
[INFO] [stdout]                     found unit type `()`
[INFO] [stdout]    = help: consider constraining the associated type `<AB as actum::actor_bounds::ActorBounds<u64>>::ChildActorBounds<u32>` to `()`
[INFO] [stdout]    = note: for more information, visit https://doc.rust-lang.org/book/ch19-03-advanced-traits.html
[INFO] [stdout] note: required by a bound in `actum::actor_bounds::ActorBounds::spawn`
[INFO] [stdout]   --> /opt/rustwide/workdir/src/actor_bounds.rs:39:21
[INFO] [stdout]    |
[INFO] [stdout] 32 |     fn spawn<M2, F, Fut>(
[INFO] [stdout]    |        ----- required by a bound in this associated function
[INFO] [stdout] ...
[INFO] [stdout] 39 |         Fut: Future<Output = Self::ChildActorBounds<M2>> + Send + 'static;
[INFO] [stdout]    |                     ^^^^^^^^^^^^^^^^^^^^^^^^^^^^^^^^^^^ required by this bound in `ActorBounds::spawn`
[INFO] [stdout] 
[INFO] [stdout] error[E0271]: expected `impl Future<Output = ()>` to be a future that resolves to `<AB as ActorBounds<u64>>::ChildActorBounds<u32>`, but it resolves to `()`
[INFO] [stdout]   --> src/testkit.rs:72:17
[INFO] [stdout]    |
[INFO] [stdout] 13 |     let child = cell.spawn(child).await.unwrap();
[INFO] [stdout]    |                 ^^^^^^^^^^^^^^^^^ expected associated type, found `()`
[INFO] [stdout]    |
[INFO] [stdout]    = note: expected associated type `<AB as actum::actor_bounds::ActorBounds<u64>>::ChildActorBounds<u32>`
[INFO] [stdout]                     found unit type `()`
[INFO] [stdout]    = help: consider constraining the associated type `<AB as actum::actor_bounds::ActorBounds<u64>>::ChildActorBounds<u32>` to `()`
[INFO] [stdout]    = note: for more information, visit https://doc.rust-lang.org/book/ch19-03-advanced-traits.html
[INFO] [stdout] note: required by a bound in `actum::actor_bounds::ActorBounds::{synthetic#1}`
[INFO] [stdout]   --> /opt/rustwide/workdir/src/actor_bounds.rs:39:21
[INFO] [stdout]    |
[INFO] [stdout] 39 |         Fut: Future<Output = Self::ChildActorBounds<M2>> + Send + 'static;
[INFO] [stdout]    |                     ^^^^^^^^^^^^^^^^^^^^^^^^^^^^^^^^^^^ required by this bound in `ActorBounds::{synthetic#1}`
[INFO] [stdout] 
[INFO] [stdout] error[E0271]: expected `impl Future<Output = ()>` to be a future that resolves to `<AB as ActorBounds<u64>>::ChildActorBounds<u32>`, but it resolves to `()`
[INFO] [stdout]   --> src/testkit.rs:72:17
[INFO] [stdout]    |
[INFO] [stdout] 13 |     let child = cell.spawn(child).await.unwrap();
[INFO] [stdout]    |                 ^^^^^^^^^^^^^^^^^^^^^^^ expected `()`, found associated type
[INFO] [stdout]    |
[INFO] [stdout]    = note:    expected unit type `()`
[INFO] [stdout]            found associated type `<AB as actum::actor_bounds::ActorBounds<u64>>::ChildActorBounds<u32>`
[INFO] [stdout]    = help: consider constraining the associated type `<AB as actum::actor_bounds::ActorBounds<u64>>::ChildActorBounds<u32>` to `()`
[INFO] [stdout]    = note: for more information, visit https://doc.rust-lang.org/book/ch19-03-advanced-traits.html
[INFO] [stdout]    = note: all local variables must have a statically known size
[INFO] [stdout]    = help: unsized locals are gated as an unstable feature
[INFO] [stdout] 
[INFO] [stdout] error[E0271]: expected `impl Future<Output = ()>` to be a future that resolves to `<AB as ActorBounds<u64>>::ChildActorBounds<u32>`, but it resolves to `()`
[INFO] [stdout]   --> src/testkit.rs:72:35
[INFO] [stdout]    |
[INFO] [stdout] 13 |     let child = cell.spawn(child).await.unwrap();
[INFO] [stdout]    |                                   ^^^^^ expected associated type, found `()`
[INFO] [stdout]    |
[INFO] [stdout]    = note: expected associated type `<AB as actum::actor_bounds::ActorBounds<u64>>::ChildActorBounds<u32>`
[INFO] [stdout]                     found unit type `()`
[INFO] [stdout]    = help: consider constraining the associated type `<AB as actum::actor_bounds::ActorBounds<u64>>::ChildActorBounds<u32>` to `()`
[INFO] [stdout]    = note: for more information, visit https://doc.rust-lang.org/book/ch19-03-advanced-traits.html
[INFO] [stdout] 
[INFO] [stdout] error[E0271]: expected `impl Future<Output = ()>` to be a future that resolves to `<AB as ActorBounds<u64>>::ChildActorBounds<u32>`, but it resolves to `()`
[INFO] [stdout]   --> src/testkit.rs:72:17
[INFO] [stdout]    |
[INFO] [stdout] 13 |     let child = cell.spawn(child).await.unwrap();
[INFO] [stdout]    |                 ^^^^^^^^^^^^^^^^^^^^^^^^^^^^^^^^ expected associated type, found `()`
[INFO] [stdout]    |
[INFO] [stdout]    = note: expected associated type `<AB as actum::actor_bounds::ActorBounds<u64>>::ChildActorBounds<u32>`
[INFO] [stdout]                     found unit type `()`
[INFO] [stdout]    = help: consider constraining the associated type `<AB as actum::actor_bounds::ActorBounds<u64>>::ChildActorBounds<u32>` to `()`
[INFO] [stdout]    = note: for more information, visit https://doc.rust-lang.org/book/ch19-03-advanced-traits.html
[INFO] [stdout] note: required by a bound in `actum::actor_bounds::ActorBounds::SpawnOut`
[INFO] [stdout]   --> /opt/rustwide/workdir/src/actor_bounds.rs:20:21
[INFO] [stdout]    |
[INFO] [stdout] 16 |     type SpawnOut<M2, F, Fut>: RunTask
[INFO] [stdout]    |          -------- required by a bound in this associated type
[INFO] [stdout] ...
[INFO] [stdout] 20 |         Fut: Future<Output = Self::ChildActorBounds<M2>> + Send + 'static;
[INFO] [stdout]    |                     ^^^^^^^^^^^^^^^^^^^^^^^^^^^^^^^^^^^ required by this bound in `ActorBounds::SpawnOut`
[INFO] [stdout] 
[INFO] [stdout] error[E0599]: the method `run_task` exists for associated type `<AB as ActorBounds<u64>>::SpawnOut<u32, fn(..., ...) -> ... {child::<...>}, ...>`, but its trait bounds were not satisfied
[INFO] [stdout]   --> src/testkit.rs:73:42
[INFO] [stdout]    |
[INFO] [stdout] 14 |     let handle = tokio::spawn(child.task.run_task());
[INFO] [stdout]    |                                          ^^^^^^^^ method cannot be called due to unsatisfied trait bounds
[INFO] [stdout]    |
[INFO] [stdout]    = note: the full type name has been written to '/tmp/rustdoctestKYSPaX/rust_out.long-type-16326587952008524186.txt'
[INFO] [stdout]    = note: consider using `--verbose` to print the full type name to the console
[INFO] [stdout]    = note: the following trait bounds were not satisfied:
[INFO] [stdout]            `<impl futures::Future<Output = ()> as futures::Future>::Output = <AB as actum::actor_bounds::ActorBounds<u64>>::ChildActorBounds<u32>`
[INFO] [stdout]            which is required by `<AB as actum::actor_bounds::ActorBounds<u64>>::SpawnOut<u32, fn(<AB as actum::actor_bounds::ActorBounds<u64>>::ChildActorBounds<u32>, actum::actor_ref::ActorRef<u32>) -> impl futures::Future<Output = ()> {child::<<AB as actum::actor_bounds::ActorBounds<u64>>::ChildActorBounds<u32>>}, impl futures::Future<Output = ()>>: actum::prelude::RunTask`
[INFO] [stdout] 
[INFO] [stdout] error: aborting due to 6 previous errors
[INFO] [stdout] 
[INFO] [stdout] Some errors have detailed explanations: E0271, E0599.
[INFO] [stdout] For more information about an error, try `rustc --explain E0271`.
[INFO] [stdout] Couldn't compile the test.
[INFO] [stdout] 
[INFO] [stdout] failures:
[INFO] [stdout]     src/drop_guard.rs - drop_guard::ActorDropGuard (line 8)
[INFO] [stdout]     src/lib.rs - actum (line 27)
[INFO] [stdout]     src/lib.rs - actum (line 47)
[INFO] [stdout]     src/lib.rs - actum (line 62)
[INFO] [stdout]     src/testkit.rs - testkit::Testkit (line 62)
[INFO] [stdout] 
[INFO] [stdout] test result: FAILED. 1 passed; 5 failed; 0 ignored; 0 measured; 0 filtered out; finished in 0.52s
[INFO] [stdout] 
[INFO] [stderr] error: doctest failed, to rerun pass `--doc`
[INFO] running `Command { std: "docker" "inspect" "29d43eef081cf19ebf97fb938e77c54be13de023d59fe6caa11a5ff781f84411", kill_on_drop: false }`
[INFO] running `Command { std: "docker" "rm" "-f" "29d43eef081cf19ebf97fb938e77c54be13de023d59fe6caa11a5ff781f84411", kill_on_drop: false }`
[INFO] [stdout] 29d43eef081cf19ebf97fb938e77c54be13de023d59fe6caa11a5ff781f84411
