[INFO] cloning repository https://github.com/andofwinds/parr
[INFO] running `Command { std: "git" "-c" "credential.helper=" "-c" "credential.helper=/workspace/cargo-home/bin/git-credential-null" "clone" "--bare" "https://github.com/andofwinds/parr" "/workspace/cache/git-repos/https%3A%2F%2Fgithub.com%2Fandofwinds%2Fparr", kill_on_drop: false }`
[INFO] [stderr] Cloning into bare repository '/workspace/cache/git-repos/https%3A%2F%2Fgithub.com%2Fandofwinds%2Fparr'...
[INFO] running `Command { std: "git" "rev-parse" "HEAD", kill_on_drop: false }`
[INFO] [stdout] 3fa64a9bac86f8ae09be0da18b094211a3e978a6
[INFO] testing andofwinds/parr against beta-2024-12-08 for beta-1.84.0-4-retry
[INFO] running `Command { std: "git" "clone" "/workspace/cache/git-repos/https%3A%2F%2Fgithub.com%2Fandofwinds%2Fparr" "/workspace/builds/worker-6-tc2/source", kill_on_drop: false }`
[INFO] [stderr] Cloning into '/workspace/builds/worker-6-tc2/source'...
[INFO] [stderr] done.
[INFO] validating manifest of git repo https://github.com/andofwinds/parr on toolchain beta-2024-12-08
[INFO] running `Command { std: CARGO_HOME="/workspace/cargo-home" RUSTUP_HOME="/workspace/rustup-home" "/workspace/cargo-home/bin/cargo" "+beta-2024-12-08" "metadata" "--manifest-path" "Cargo.toml" "--no-deps", kill_on_drop: false }`
[INFO] started tweaking git repo https://github.com/andofwinds/parr
[INFO] finished tweaking git repo https://github.com/andofwinds/parr
[INFO] tweaked toml for git repo https://github.com/andofwinds/parr written to /workspace/builds/worker-6-tc2/source/Cargo.toml
[INFO] crate git repo https://github.com/andofwinds/parr already has a lockfile, it will not be regenerated
[INFO] running `Command { std: CARGO_HOME="/workspace/cargo-home" RUSTUP_HOME="/workspace/rustup-home" "/workspace/cargo-home/bin/cargo" "+beta-2024-12-08" "fetch" "--manifest-path" "Cargo.toml", kill_on_drop: false }`
[INFO] running `Command { std: "docker" "create" "-v" "/var/lib/crater-agent-workspace/builds/worker-6-tc2/target:/opt/rustwide/target:rw,Z" "-v" "/var/lib/crater-agent-workspace/builds/worker-6-tc2/source:/opt/rustwide/workdir:ro,Z" "-v" "/var/lib/crater-agent-workspace/cargo-home:/opt/rustwide/cargo-home:ro,Z" "-v" "/var/lib/crater-agent-workspace/rustup-home:/opt/rustwide/rustup-home:ro,Z" "-e" "SOURCE_DIR=/opt/rustwide/workdir" "-e" "CARGO_TARGET_DIR=/opt/rustwide/target" "-e" "CARGO_HOME=/opt/rustwide/cargo-home" "-e" "RUSTUP_HOME=/opt/rustwide/rustup-home" "-w" "/opt/rustwide/workdir" "-m" "1610612736" "--user" "0:0" "--network" "none" "ghcr.io/rust-lang/crates-build-env/linux@sha256:f3a9d4ad9d972b27faf3965f35b62e55ba32bbce8f20bc8fe909558a86702fde" "/opt/rustwide/cargo-home/bin/cargo" "+beta-2024-12-08" "metadata" "--no-deps" "--format-version=1", kill_on_drop: false }`
[INFO] [stdout] 6526b002b8716d5710c2822a1303cfec6defb06353c984e42010c495c69fd457
[INFO] running `Command { std: "docker" "start" "-a" "6526b002b8716d5710c2822a1303cfec6defb06353c984e42010c495c69fd457", kill_on_drop: false }`
[INFO] running `Command { std: "docker" "inspect" "6526b002b8716d5710c2822a1303cfec6defb06353c984e42010c495c69fd457", kill_on_drop: false }`
[INFO] running `Command { std: "docker" "rm" "-f" "6526b002b8716d5710c2822a1303cfec6defb06353c984e42010c495c69fd457", kill_on_drop: false }`
[INFO] [stdout] 6526b002b8716d5710c2822a1303cfec6defb06353c984e42010c495c69fd457
[INFO] running `Command { std: "docker" "create" "-v" "/var/lib/crater-agent-workspace/builds/worker-6-tc2/target:/opt/rustwide/target:rw,Z" "-v" "/var/lib/crater-agent-workspace/builds/worker-6-tc2/source:/opt/rustwide/workdir:ro,Z" "-v" "/var/lib/crater-agent-workspace/cargo-home:/opt/rustwide/cargo-home:ro,Z" "-v" "/var/lib/crater-agent-workspace/rustup-home:/opt/rustwide/rustup-home:ro,Z" "-e" "SOURCE_DIR=/opt/rustwide/workdir" "-e" "CARGO_TARGET_DIR=/opt/rustwide/target" "-e" "CARGO_INCREMENTAL=0" "-e" "RUST_BACKTRACE=full" "-e" "RUSTFLAGS=--cap-lints=warn" "-e" "RUSTDOCFLAGS=--cap-lints=warn" "-e" "CARGO_HOME=/opt/rustwide/cargo-home" "-e" "RUSTUP_HOME=/opt/rustwide/rustup-home" "-w" "/opt/rustwide/workdir" "-m" "1610612736" "--user" "0:0" "--network" "none" "ghcr.io/rust-lang/crates-build-env/linux@sha256:f3a9d4ad9d972b27faf3965f35b62e55ba32bbce8f20bc8fe909558a86702fde" "/opt/rustwide/cargo-home/bin/cargo" "+beta-2024-12-08" "build" "--frozen" "--message-format=json", kill_on_drop: false }`
[INFO] [stdout] f36e88926583ccc867013b0f43f10b5b2f7c73fbb1b7a50c36945570e09681d9
[INFO] running `Command { std: "docker" "start" "-a" "f36e88926583ccc867013b0f43f10b5b2f7c73fbb1b7a50c36945570e09681d9", kill_on_drop: false }`
[INFO] [stderr]    Compiling parr v0.1.3 (/opt/rustwide/workdir)
[INFO] [stderr]     Finished `dev` profile [unoptimized + debuginfo] target(s) in 0.08s
[INFO] running `Command { std: "docker" "inspect" "f36e88926583ccc867013b0f43f10b5b2f7c73fbb1b7a50c36945570e09681d9", kill_on_drop: false }`
[INFO] running `Command { std: "docker" "rm" "-f" "f36e88926583ccc867013b0f43f10b5b2f7c73fbb1b7a50c36945570e09681d9", kill_on_drop: false }`
[INFO] [stdout] f36e88926583ccc867013b0f43f10b5b2f7c73fbb1b7a50c36945570e09681d9
[INFO] running `Command { std: "docker" "create" "-v" "/var/lib/crater-agent-workspace/builds/worker-6-tc2/target:/opt/rustwide/target:rw,Z" "-v" "/var/lib/crater-agent-workspace/builds/worker-6-tc2/source:/opt/rustwide/workdir:ro,Z" "-v" "/var/lib/crater-agent-workspace/cargo-home:/opt/rustwide/cargo-home:ro,Z" "-v" "/var/lib/crater-agent-workspace/rustup-home:/opt/rustwide/rustup-home:ro,Z" "-e" "SOURCE_DIR=/opt/rustwide/workdir" "-e" "CARGO_TARGET_DIR=/opt/rustwide/target" "-e" "CARGO_INCREMENTAL=0" "-e" "RUST_BACKTRACE=full" "-e" "RUSTFLAGS=--cap-lints=warn" "-e" "RUSTDOCFLAGS=--cap-lints=warn" "-e" "CARGO_HOME=/opt/rustwide/cargo-home" "-e" "RUSTUP_HOME=/opt/rustwide/rustup-home" "-w" "/opt/rustwide/workdir" "-m" "1610612736" "--user" "0:0" "--network" "none" "ghcr.io/rust-lang/crates-build-env/linux@sha256:f3a9d4ad9d972b27faf3965f35b62e55ba32bbce8f20bc8fe909558a86702fde" "/opt/rustwide/cargo-home/bin/cargo" "+beta-2024-12-08" "test" "--frozen" "--no-run" "--message-format=json", kill_on_drop: false }`
[INFO] [stdout] f8f389d997227e7a6aec1aed6946784342304cb200412ad613435106a741f428
[INFO] running `Command { std: "docker" "start" "-a" "f8f389d997227e7a6aec1aed6946784342304cb200412ad613435106a741f428", kill_on_drop: false }`
[INFO] [stderr]    Compiling parr v0.1.3 (/opt/rustwide/workdir)
[INFO] [stdout] warning: variable `x` is assigned to, but never used
[INFO] [stdout]    --> src/lib.rs:158:17
[INFO] [stdout]     |
[INFO] [stdout] 158 |         let mut x: isize = 0;
[INFO] [stdout]     |                 ^
[INFO] [stdout]     |
[INFO] [stdout]     = note: consider using `_x` instead
[INFO] [stdout]     = note: `#[warn(unused_variables)]` on by default
[INFO] [stdout] 
[INFO] [stdout] 
[INFO] [stdout] warning: unnecessary `unsafe` block
[INFO] [stdout]    --> src/lib.rs:152:13
[INFO] [stdout]     |
[INFO] [stdout] 152 |             unsafe {
[INFO] [stdout]     |             ^^^^^^ unnecessary `unsafe` block
[INFO] [stdout]     |
[INFO] [stdout]     = note: `#[warn(unused_unsafe)]` on by default
[INFO] [stdout] 
[INFO] [stdout] 
[INFO] [stderr]     Finished `test` profile [unoptimized + debuginfo] target(s) in 0.41s
[INFO] running `Command { std: "docker" "inspect" "f8f389d997227e7a6aec1aed6946784342304cb200412ad613435106a741f428", kill_on_drop: false }`
[INFO] running `Command { std: "docker" "rm" "-f" "f8f389d997227e7a6aec1aed6946784342304cb200412ad613435106a741f428", kill_on_drop: false }`
[INFO] [stdout] f8f389d997227e7a6aec1aed6946784342304cb200412ad613435106a741f428
[INFO] running `Command { std: "docker" "create" "-v" "/var/lib/crater-agent-workspace/builds/worker-6-tc2/target:/opt/rustwide/target:rw,Z" "-v" "/var/lib/crater-agent-workspace/builds/worker-6-tc2/source:/opt/rustwide/workdir:ro,Z" "-v" "/var/lib/crater-agent-workspace/cargo-home:/opt/rustwide/cargo-home:ro,Z" "-v" "/var/lib/crater-agent-workspace/rustup-home:/opt/rustwide/rustup-home:ro,Z" "-e" "SOURCE_DIR=/opt/rustwide/workdir" "-e" "CARGO_TARGET_DIR=/opt/rustwide/target" "-e" "CARGO_INCREMENTAL=0" "-e" "RUST_BACKTRACE=full" "-e" "RUSTFLAGS=--cap-lints=warn" "-e" "RUSTDOCFLAGS=--cap-lints=warn" "-e" "CARGO_HOME=/opt/rustwide/cargo-home" "-e" "RUSTUP_HOME=/opt/rustwide/rustup-home" "-w" "/opt/rustwide/workdir" "-m" "1610612736" "--user" "0:0" "--network" "none" "ghcr.io/rust-lang/crates-build-env/linux@sha256:f3a9d4ad9d972b27faf3965f35b62e55ba32bbce8f20bc8fe909558a86702fde" "/opt/rustwide/cargo-home/bin/cargo" "+beta-2024-12-08" "test" "--frozen", kill_on_drop: false }`
[INFO] [stdout] 1aef164533c01761d6bb89dce6cda957ea21338f609764a6ebd783bddb95579c
[INFO] running `Command { std: "docker" "start" "-a" "1aef164533c01761d6bb89dce6cda957ea21338f609764a6ebd783bddb95579c", kill_on_drop: false }`
[INFO] [stderr] warning: variable `x` is assigned to, but never used
[INFO] [stderr]    --> src/lib.rs:158:17
[INFO] [stderr]     |
[INFO] [stderr] 158 |         let mut x: isize = 0;
[INFO] [stderr]     |                 ^
[INFO] [stderr]     |
[INFO] [stderr]     = note: consider using `_x` instead
[INFO] [stderr]     = note: `#[warn(unused_variables)]` on by default
[INFO] [stderr] 
[INFO] [stderr] warning: unnecessary `unsafe` block
[INFO] [stderr]    --> src/lib.rs:152:13
[INFO] [stderr]     |
[INFO] [stderr] 152 |             unsafe {
[INFO] [stderr]     |             ^^^^^^ unnecessary `unsafe` block
[INFO] [stderr]     |
[INFO] [stderr]     = note: `#[warn(unused_unsafe)]` on by default
[INFO] [stderr] 
[INFO] [stderr] warning: `parr` (lib test) generated 2 warnings
[INFO] [stderr]     Finished `test` profile [unoptimized + debuginfo] target(s) in 0.01s
[INFO] [stderr]      Running unittests src/lib.rs (/opt/rustwide/target/debug/deps/parr-f92908d580432461)
[INFO] [stdout] 
[INFO] [stdout] running 9 tests
[INFO] [stdout] test tests::change_state ... ok
[INFO] [stdout] test tests::default ... ok
[INFO] [stdout] test tests::foreign_access ... ok
[INFO] [stdout] test tests::from_ptr ... ok
[INFO] [stdout] test tests::from_slice ... ok
[INFO] [stdout] test tests::get_size ... ok
[INFO] [stdout] test tests::struct_as_member ... ok
[INFO] [stdout] test tests::foreign_volatile ... ok
[INFO] [stdout] test tests::from_u64 ... ok
[INFO] [stdout] 
[INFO] [stdout] test result: ok. 9 passed; 0 failed; 0 ignored; 0 measured; 0 filtered out; finished in 0.01s
[INFO] [stdout] 
[INFO] [stderr]    Doc-tests parr
[INFO] [stdout] 
[INFO] [stdout] running 3 tests
[INFO] [stdout] test src/lib.rs - (line 37) ... FAILED
[INFO] [stdout] test src/lib.rs - (line 15) ... FAILED
[INFO] [stdout] test src/lib.rs - (line 23) ... FAILED
[INFO] [stdout] 
[INFO] [stdout] failures:
[INFO] [stdout] 
[INFO] [stdout] ---- src/lib.rs - (line 37) stdout ----
[INFO] [stdout] error[E0412]: cannot find type `Parr` in this scope
[INFO] [stdout]  --> src/lib.rs:38:24
[INFO] [stdout]   |
[INFO] [stdout] 3 | extern "C" fn foo(arr: Parr<u8>) { }
[INFO] [stdout]   |                        ^^^^ not found in this scope
[INFO] [stdout]   |
[INFO] [stdout] help: consider importing this struct
[INFO] [stdout]   |
[INFO] [stdout] 2 + use parr::Parr;
[INFO] [stdout]   |
[INFO] [stdout] 
[INFO] [stdout] error: aborting due to 1 previous error
[INFO] [stdout] 
[INFO] [stdout] For more information about this error, try `rustc --explain E0412`.
[INFO] [stdout] Couldn't compile the test.
[INFO] [stdout] ---- src/lib.rs - (line 15) stdout ----
[INFO] [stdout] error[E0412]: cannot find type `Parr` in this scope
[INFO] [stdout]  --> src/lib.rs:18:11
[INFO] [stdout]   |
[INFO] [stdout] 6 | let parr: Parr<u8> = Parr::from_ptr(arr.as_ptr());  // Create a Parr which is pointing to the out array.
[INFO] [stdout]   |           ^^^^ not found in this scope
[INFO] [stdout]   |
[INFO] [stdout] help: consider importing this struct
[INFO] [stdout]   |
[INFO] [stdout] 2 + use parr::Parr;
[INFO] [stdout]   |
[INFO] [stdout] 
[INFO] [stdout] error[E0433]: failed to resolve: use of undeclared type `Parr`
[INFO] [stdout]  --> src/lib.rs:18:22
[INFO] [stdout]   |
[INFO] [stdout] 6 | let parr: Parr<u8> = Parr::from_ptr(arr.as_ptr());  // Create a Parr which is pointing to the out array.
[INFO] [stdout]   |                      ^^^^ use of undeclared type `Parr`
[INFO] [stdout]   |
[INFO] [stdout] help: consider importing this struct
[INFO] [stdout]   |
[INFO] [stdout] 2 + use parr::Parr;
[INFO] [stdout]   |
[INFO] [stdout] 
[INFO] [stdout] error: in expressions, `_` can only be used on the left-hand side of an assignment
[INFO] [stdout]  --> src/lib.rs:17:15
[INFO] [stdout]   |
[INFO] [stdout] 5 | let arr: [u8; _] = [11_u8, 22, 33];  // Store array to some variable which is Parr will be point to.
[INFO] [stdout]   |               ^ `_` not allowed here
[INFO] [stdout] 
[INFO] [stdout] error[E0658]: using `_` for array lengths is unstable
[INFO] [stdout]  --> src/lib.rs:17:15
[INFO] [stdout]   |
[INFO] [stdout] 5 | let arr: [u8; _] = [11_u8, 22, 33];  // Store array to some variable which is Parr will be point to.
[INFO] [stdout]   |               ^ help: consider specifying the array length: `3`
[INFO] [stdout]   |
[INFO] [stdout]   = note: see issue #85077 <https://github.com/rust-lang/rust/issues/85077> for more information
[INFO] [stdout] 
[INFO] [stdout] error: aborting due to 4 previous errors
[INFO] [stdout] 
[INFO] [stdout] Some errors have detailed explanations: E0412, E0433, E0658.
[INFO] [stdout] For more information about an error, try `rustc --explain E0412`.
[INFO] [stdout] Couldn't compile the test.
[INFO] [stdout] ---- src/lib.rs - (line 23) stdout ----
[INFO] [stdout] error[E0412]: cannot find type `Parr` in this scope
[INFO] [stdout]  --> src/lib.rs:26:10
[INFO] [stdout]   |
[INFO] [stdout] 5 |     arr: Parr<u8>,
[INFO] [stdout]   |          ^^^^ not found in this scope
[INFO] [stdout]   |
[INFO] [stdout] help: consider importing this struct
[INFO] [stdout]   |
[INFO] [stdout] 2 + use parr::Parr;
[INFO] [stdout]   |
[INFO] [stdout] 
[INFO] [stdout] error: aborting due to 1 previous error
[INFO] [stdout] 
[INFO] [stdout] For more information about this error, try `rustc --explain E0412`.
[INFO] [stdout] Couldn't compile the test.
[INFO] [stdout] 
[INFO] [stdout] failures:
[INFO] [stdout]     src/lib.rs - (line 15)
[INFO] [stdout]     src/lib.rs - (line 23)
[INFO] [stdout]     src/lib.rs - (line 37)
[INFO] [stdout] 
[INFO] [stdout] test result: FAILED. 0 passed; 3 failed; 0 ignored; 0 measured; 0 filtered out; finished in 0.09s
[INFO] [stdout] 
[INFO] [stderr] error: doctest failed, to rerun pass `--doc`
[INFO] running `Command { std: "docker" "inspect" "1aef164533c01761d6bb89dce6cda957ea21338f609764a6ebd783bddb95579c", kill_on_drop: false }`
[INFO] running `Command { std: "docker" "rm" "-f" "1aef164533c01761d6bb89dce6cda957ea21338f609764a6ebd783bddb95579c", kill_on_drop: false }`
[INFO] [stdout] 1aef164533c01761d6bb89dce6cda957ea21338f609764a6ebd783bddb95579c
