[INFO] cloning repository https://github.com/ammar-abu-yaman/simple-torrent
[INFO] running `Command { std: "git" "-c" "credential.helper=" "-c" "credential.helper=/workspace/cargo-home/bin/git-credential-null" "clone" "--bare" "https://github.com/ammar-abu-yaman/simple-torrent" "/workspace/cache/git-repos/https%3A%2F%2Fgithub.com%2Fammar-abu-yaman%2Fsimple-torrent", kill_on_drop: false }`
[INFO] [stderr] Cloning into bare repository '/workspace/cache/git-repos/https%3A%2F%2Fgithub.com%2Fammar-abu-yaman%2Fsimple-torrent'...
[INFO] running `Command { std: "git" "rev-parse" "HEAD", kill_on_drop: false }`
[INFO] [stdout] d27dbb705ca5d221d326ce1cb556385fe05bd8dc
[INFO] testing ammar-abu-yaman/simple-torrent against beta-2024-12-08 for beta-1.84.0-4-retry
[INFO] running `Command { std: "git" "clone" "/workspace/cache/git-repos/https%3A%2F%2Fgithub.com%2Fammar-abu-yaman%2Fsimple-torrent" "/workspace/builds/worker-7-tc2/source", kill_on_drop: false }`
[INFO] [stderr] Cloning into '/workspace/builds/worker-7-tc2/source'...
[INFO] [stderr] done.
[INFO] validating manifest of git repo https://github.com/ammar-abu-yaman/simple-torrent on toolchain beta-2024-12-08
[INFO] running `Command { std: CARGO_HOME="/workspace/cargo-home" RUSTUP_HOME="/workspace/rustup-home" "/workspace/cargo-home/bin/cargo" "+beta-2024-12-08" "metadata" "--manifest-path" "Cargo.toml" "--no-deps", kill_on_drop: false }`
[INFO] started tweaking git repo https://github.com/ammar-abu-yaman/simple-torrent
[INFO] finished tweaking git repo https://github.com/ammar-abu-yaman/simple-torrent
[INFO] tweaked toml for git repo https://github.com/ammar-abu-yaman/simple-torrent written to /workspace/builds/worker-7-tc2/source/Cargo.toml
[INFO] crate git repo https://github.com/ammar-abu-yaman/simple-torrent already has a lockfile, it will not be regenerated
[INFO] running `Command { std: CARGO_HOME="/workspace/cargo-home" RUSTUP_HOME="/workspace/rustup-home" "/workspace/cargo-home/bin/cargo" "+beta-2024-12-08" "fetch" "--manifest-path" "Cargo.toml", kill_on_drop: false }`
[INFO] running `Command { std: "docker" "create" "-v" "/var/lib/crater-agent-workspace/builds/worker-7-tc2/target:/opt/rustwide/target:rw,Z" "-v" "/var/lib/crater-agent-workspace/builds/worker-7-tc2/source:/opt/rustwide/workdir:ro,Z" "-v" "/var/lib/crater-agent-workspace/cargo-home:/opt/rustwide/cargo-home:ro,Z" "-v" "/var/lib/crater-agent-workspace/rustup-home:/opt/rustwide/rustup-home:ro,Z" "-e" "SOURCE_DIR=/opt/rustwide/workdir" "-e" "CARGO_TARGET_DIR=/opt/rustwide/target" "-e" "CARGO_HOME=/opt/rustwide/cargo-home" "-e" "RUSTUP_HOME=/opt/rustwide/rustup-home" "-w" "/opt/rustwide/workdir" "-m" "1610612736" "--user" "0:0" "--network" "none" "ghcr.io/rust-lang/crates-build-env/linux@sha256:f3a9d4ad9d972b27faf3965f35b62e55ba32bbce8f20bc8fe909558a86702fde" "/opt/rustwide/cargo-home/bin/cargo" "+beta-2024-12-08" "metadata" "--no-deps" "--format-version=1", kill_on_drop: false }`
[INFO] [stdout] 60acac54c9bc75fda8b8a4b3f9d61a7d4844316230fb81d8add8f2a9cb4043ea
[INFO] running `Command { std: "docker" "start" "-a" "60acac54c9bc75fda8b8a4b3f9d61a7d4844316230fb81d8add8f2a9cb4043ea", kill_on_drop: false }`
[INFO] running `Command { std: "docker" "inspect" "60acac54c9bc75fda8b8a4b3f9d61a7d4844316230fb81d8add8f2a9cb4043ea", kill_on_drop: false }`
[INFO] running `Command { std: "docker" "rm" "-f" "60acac54c9bc75fda8b8a4b3f9d61a7d4844316230fb81d8add8f2a9cb4043ea", kill_on_drop: false }`
[INFO] [stdout] 60acac54c9bc75fda8b8a4b3f9d61a7d4844316230fb81d8add8f2a9cb4043ea
[INFO] running `Command { std: "docker" "create" "-v" "/var/lib/crater-agent-workspace/builds/worker-7-tc2/target:/opt/rustwide/target:rw,Z" "-v" "/var/lib/crater-agent-workspace/builds/worker-7-tc2/source:/opt/rustwide/workdir:ro,Z" "-v" "/var/lib/crater-agent-workspace/cargo-home:/opt/rustwide/cargo-home:ro,Z" "-v" "/var/lib/crater-agent-workspace/rustup-home:/opt/rustwide/rustup-home:ro,Z" "-e" "SOURCE_DIR=/opt/rustwide/workdir" "-e" "CARGO_TARGET_DIR=/opt/rustwide/target" "-e" "CARGO_INCREMENTAL=0" "-e" "RUST_BACKTRACE=full" "-e" "RUSTFLAGS=--cap-lints=warn" "-e" "RUSTDOCFLAGS=--cap-lints=warn" "-e" "CARGO_HOME=/opt/rustwide/cargo-home" "-e" "RUSTUP_HOME=/opt/rustwide/rustup-home" "-w" "/opt/rustwide/workdir" "-m" "1610612736" "--user" "0:0" "--network" "none" "ghcr.io/rust-lang/crates-build-env/linux@sha256:f3a9d4ad9d972b27faf3965f35b62e55ba32bbce8f20bc8fe909558a86702fde" "/opt/rustwide/cargo-home/bin/cargo" "+beta-2024-12-08" "build" "--frozen" "--message-format=json", kill_on_drop: false }`
[INFO] [stdout] c70aa7c3f61bcaba9ae514ccf751baabadf54eefbc046d24eb3b8744a6d6d48d
[INFO] running `Command { std: "docker" "start" "-a" "c70aa7c3f61bcaba9ae514ccf751baabadf54eefbc046d24eb3b8744a6d6d48d", kill_on_drop: false }`
[INFO] [stderr]    Compiling libc v0.2.153
[INFO] [stderr]    Compiling proc-macro2 v1.0.82
[INFO] [stderr]    Compiling unicode-ident v1.0.12
[INFO] [stderr]    Compiling bytes v1.6.0
[INFO] [stderr]    Compiling pin-project-lite v0.2.14
[INFO] [stderr]    Compiling cfg-if v1.0.0
[INFO] [stderr]    Compiling once_cell v1.19.0
[INFO] [stderr]    Compiling pkg-config v0.3.30
[INFO] [stderr]    Compiling cc v1.0.97
[INFO] [stderr]    Compiling vcpkg v0.2.15
[INFO] [stderr]    Compiling autocfg v1.3.0
[INFO] [stderr]    Compiling futures-core v0.3.30
[INFO] [stderr]    Compiling futures-sink v0.3.30
[INFO] [stderr]    Compiling log v0.4.21
[INFO] [stderr]    Compiling itoa v1.0.11
[INFO] [stderr]    Compiling fnv v1.0.7
[INFO] [stderr]    Compiling version_check v0.9.4
[INFO] [stderr]    Compiling typenum v1.17.0
[INFO] [stderr]    Compiling hashbrown v0.14.5
[INFO] [stderr]    Compiling futures-task v0.3.30
[INFO] [stderr]    Compiling memchr v2.7.2
[INFO] [stderr]    Compiling httparse v1.8.0
[INFO] [stderr]    Compiling pin-utils v0.1.0
[INFO] [stderr]    Compiling openssl v0.10.64
[INFO] [stderr]    Compiling tracing-core v0.1.32
[INFO] [stderr]    Compiling equivalent v1.0.1
[INFO] [stderr]    Compiling foreign-types-shared v0.1.1
[INFO] [stderr]    Compiling futures-io v0.3.30
[INFO] [stderr]    Compiling serde v1.0.202
[INFO] [stderr]    Compiling foreign-types v0.3.2
[INFO] [stderr]    Compiling slab v0.4.9
[INFO] [stderr]    Compiling bitflags v2.5.0
[INFO] [stderr]    Compiling try-lock v0.2.5
[INFO] [stderr]    Compiling atomic-waker v1.1.2
[INFO] [stderr]    Compiling generic-array v0.14.7
[INFO] [stderr]    Compiling native-tls v0.2.11
[INFO] [stderr]    Compiling tinyvec_macros v0.1.1
[INFO] [stderr]    Compiling tinyvec v1.6.0
[INFO] [stderr]    Compiling http v1.1.0
[INFO] [stderr]    Compiling want v0.3.1
[INFO] [stderr]    Compiling futures-channel v0.3.30
[INFO] [stderr]    Compiling tracing v0.1.40
[INFO] [stderr]    Compiling tower-layer v0.3.2
[INFO] [stderr]    Compiling futures-util v0.3.30
[INFO] [stderr]    Compiling smallvec v1.13.2
[INFO] [stderr]    Compiling tower-service v0.3.2
[INFO] [stderr]    Compiling openssl-probe v0.1.5
[INFO] [stderr]    Compiling quote v1.0.36
[INFO] [stderr]    Compiling percent-encoding v2.3.1
[INFO] [stderr]    Compiling unicode-bidi v0.3.15
[INFO] [stderr]    Compiling indexmap v2.2.6
[INFO] [stderr]    Compiling rustls-pki-types v1.7.0
[INFO] [stderr]    Compiling base64 v0.22.1
[INFO] [stderr]    Compiling ryu v1.0.18
[INFO] [stderr]    Compiling ppv-lite86 v0.2.17
[INFO] [stderr]    Compiling form_urlencoded v1.2.1
[INFO] [stderr]    Compiling syn v2.0.63
[INFO] [stderr]    Compiling encoding_rs v0.8.34
[INFO] [stderr]    Compiling sync_wrapper v0.1.2
[INFO] [stderr]    Compiling mime v0.3.17
[INFO] [stderr]    Compiling cpufeatures v0.2.12
[INFO] [stderr]    Compiling ipnet v2.9.0
[INFO] [stderr]    Compiling hex v0.4.3
[INFO] [stderr]    Compiling openssl-sys v0.9.102
[INFO] [stderr]    Compiling urlencoding v2.1.3
[INFO] [stderr]    Compiling num_cpus v1.16.0
[INFO] [stderr]    Compiling socket2 v0.5.7
[INFO] [stderr]    Compiling mio v0.8.11
[INFO] [stderr]    Compiling unicode-normalization v0.1.23
[INFO] [stderr]    Compiling getrandom v0.2.14
[INFO] [stderr]    Compiling http-body v1.0.0
[INFO] [stderr]    Compiling rustls-pemfile v2.1.2
[INFO] [stderr]    Compiling http-body-util v0.1.1
[INFO] [stderr]    Compiling rand_core v0.6.4
[INFO] [stderr]    Compiling byteorder v1.5.0
[INFO] [stderr]    Compiling bit-vec v0.6.3
[INFO] [stderr]    Compiling tokio v1.37.0
[INFO] [stderr]    Compiling idna v0.5.0
[INFO] [stderr]    Compiling rand_chacha v0.3.1
[INFO] [stderr]    Compiling rand v0.8.5
[INFO] [stderr]    Compiling crypto-common v0.1.6
[INFO] [stderr]    Compiling block-buffer v0.10.4
[INFO] [stderr]    Compiling digest v0.10.7
[INFO] [stderr]    Compiling sha1 v0.10.6
[INFO] [stderr]    Compiling url v2.5.0
[INFO] [stderr]    Compiling serde_derive v1.0.202
[INFO] [stderr]    Compiling pin-project-internal v1.1.5
[INFO] [stderr]    Compiling openssl-macros v0.1.1
[INFO] [stderr]    Compiling tokio-util v0.7.11
[INFO] [stderr]    Compiling pin-project v1.1.5
[INFO] [stderr]    Compiling tower v0.4.13
[INFO] [stderr]    Compiling h2 v0.4.5
[INFO] [stderr]    Compiling tokio-native-tls v0.3.1
[INFO] [stderr]    Compiling serde_bytes v0.11.14
[INFO] [stderr]    Compiling serde_urlencoded v0.7.1
[INFO] [stderr]    Compiling serde_bencode v0.2.4
[INFO] [stderr]    Compiling hyper v1.3.1
[INFO] [stderr]    Compiling hyper-util v0.1.3
[INFO] [stderr]    Compiling hyper-tls v0.6.0
[INFO] [stderr]    Compiling reqwest v0.12.4
[INFO] [stderr]    Compiling engine v0.1.0 (/opt/rustwide/workdir/stlib)
[INFO] [stdout] warning: unused import: `std::fs::File`
[INFO] [stdout]  --> stlib/src/model/torrent.rs:1:5
[INFO] [stdout]   |
[INFO] [stdout] 1 | use std::fs::File;
[INFO] [stdout]   |     ^^^^^^^^^^^^^
[INFO] [stdout]   |
[INFO] [stdout]   = note: `#[warn(unused_imports)]` on by default
[INFO] [stdout] 
[INFO] [stdout] 
[INFO] [stdout] warning: unused import: `udp_connector::*`
[INFO] [stdout]  --> stlib/src/tracker/mod.rs:6:9
[INFO] [stdout]   |
[INFO] [stdout] 6 | pub use udp_connector::*;
[INFO] [stdout]   |         ^^^^^^^^^^^^^^^^
[INFO] [stdout] 
[INFO] [stdout] 
[INFO] [stdout] warning: unused variable: `request`
[INFO] [stdout]   --> stlib/src/tracker/mod.rs:12:32
[INFO] [stdout]    |
[INFO] [stdout] 12 |     async fn scrape(&mut self, request: &TrackerScrapeRequest) -> Result<TrackerScrapeResponse, String> {
[INFO] [stdout]    |                                ^^^^^^^ help: if this is intentional, prefix it with an underscore: `_request`
[INFO] [stdout]    |
[INFO] [stdout]    = note: `#[warn(unused_variables)]` on by default
[INFO] [stdout] 
[INFO] [stdout] 
[INFO] [stdout] warning: unused variable: `length`
[INFO] [stdout]   --> stlib/src/model/torrent.rs:57:48
[INFO] [stdout]    |
[INFO] [stdout] 57 |                         let FileEntryBencode { length, path } = file;
[INFO] [stdout]    |                                                ^^^^^^ help: try ignoring the field: `length: _`
[INFO] [stdout] 
[INFO] [stdout] 
[INFO] [stdout] warning: field `id` is never read
[INFO] [stdout]   --> stlib/src/model/tracker.rs:75:9
[INFO] [stdout]    |
[INFO] [stdout] 73 | struct LegacyPeerInfo {
[INFO] [stdout]    |        -------------- field in this struct
[INFO] [stdout] 74 |     #[serde(with = "serde_bytes")]
[INFO] [stdout] 75 |     pub id: Sha1Hash,
[INFO] [stdout]    |         ^^
[INFO] [stdout]    |
[INFO] [stdout]    = note: `LegacyPeerInfo` has a derived impl for the trait `Debug`, but this is intentionally ignored during dead code analysis
[INFO] [stdout]    = note: `#[warn(dead_code)]` on by default
[INFO] [stdout] 
[INFO] [stdout] 
[INFO] [stdout] warning: fields `choked`, `chocking`, `interested`, and `bitfield` are never read
[INFO] [stdout]   --> stlib/src/peer/peer.rs:10:5
[INFO] [stdout]    |
[INFO] [stdout] 6  | pub struct Peer {
[INFO] [stdout]    |            ---- fields in this struct
[INFO] [stdout] ...
[INFO] [stdout] 10 |     choked: bool,
[INFO] [stdout]    |     ^^^^^^
[INFO] [stdout] 11 |     chocking: bool,
[INFO] [stdout]    |     ^^^^^^^^
[INFO] [stdout] 12 |     interested: bool,
[INFO] [stdout]    |     ^^^^^^^^^^
[INFO] [stdout] 13 |     bitfield: BitVec,
[INFO] [stdout]    |     ^^^^^^^^
[INFO] [stdout] 
[INFO] [stdout] 
[INFO] [stdout] warning: associated function `new` is never used
[INFO] [stdout]   --> stlib/src/peer/peer.rs:17:8
[INFO] [stdout]    |
[INFO] [stdout] 16 | impl Peer {
[INFO] [stdout]    | --------- associated function in this implementation
[INFO] [stdout] 17 |     fn new(ip: u32, port: u16) -> Self {
[INFO] [stdout]    |        ^^^
[INFO] [stdout] 
[INFO] [stdout] 
[INFO] [stdout] warning: field `ip` is never read
[INFO] [stdout]   --> stlib/src/tracker/mod.rs:25:5
[INFO] [stdout]    |
[INFO] [stdout] 17 | pub struct TrackerAnnounceRequest {
[INFO] [stdout]    |            ---------------------- field in this struct
[INFO] [stdout] ...
[INFO] [stdout] 25 |     ip: u32,
[INFO] [stdout]    |     ^^
[INFO] [stdout] 
[INFO] [stdout] 
[INFO] [stdout] warning: constant `MINUTE_SECONDS` is never used
[INFO] [stdout]   --> stlib/src/tracker/udp_connector.rs:11:7
[INFO] [stdout]    |
[INFO] [stdout] 11 | const MINUTE_SECONDS: u64 = 60;
[INFO] [stdout]    |       ^^^^^^^^^^^^^^
[INFO] [stdout] 
[INFO] [stdout] 
[INFO] [stdout] warning: constant `CONNECT_REQUEST_PROTOCOL_ID` is never used
[INFO] [stdout]   --> stlib/src/tracker/udp_connector.rs:12:7
[INFO] [stdout]    |
[INFO] [stdout] 12 | const CONNECT_REQUEST_PROTOCOL_ID: u64 = 0x41727101980;
[INFO] [stdout]    |       ^^^^^^^^^^^^^^^^^^^^^^^^^^^
[INFO] [stdout] 
[INFO] [stdout] 
[INFO] [stdout] warning: constant `CONNECT_REQUEST_MIN_PACKET_SIZE` is never used
[INFO] [stdout]   --> stlib/src/tracker/udp_connector.rs:13:7
[INFO] [stdout]    |
[INFO] [stdout] 13 | const CONNECT_REQUEST_MIN_PACKET_SIZE: usize = 16;
[INFO] [stdout]    |       ^^^^^^^^^^^^^^^^^^^^^^^^^^^^^^^
[INFO] [stdout] 
[INFO] [stdout] 
[INFO] [stdout] warning: constant `ANNOUNCE_REQUEST_MIN_PACKET_SIZE` is never used
[INFO] [stdout]   --> stlib/src/tracker/udp_connector.rs:14:7
[INFO] [stdout]    |
[INFO] [stdout] 14 | const ANNOUNCE_REQUEST_MIN_PACKET_SIZE: usize = 20;
[INFO] [stdout]    |       ^^^^^^^^^^^^^^^^^^^^^^^^^^^^^^^^
[INFO] [stdout] 
[INFO] [stdout] 
[INFO] [stdout] warning: constant `IPV4_PORT_SIZE` is never used
[INFO] [stdout]   --> stlib/src/tracker/udp_connector.rs:15:7
[INFO] [stdout]    |
[INFO] [stdout] 15 | const IPV4_PORT_SIZE: usize = 4 + 2;
[INFO] [stdout]    |       ^^^^^^^^^^^^^^
[INFO] [stdout] 
[INFO] [stdout] 
[INFO] [stdout] warning: struct `UdpTrackerConnector` is never constructed
[INFO] [stdout]   --> stlib/src/tracker/udp_connector.rs:18:8
[INFO] [stdout]    |
[INFO] [stdout] 18 | struct UdpTrackerConnector {
[INFO] [stdout]    |        ^^^^^^^^^^^^^^^^^^^
[INFO] [stdout] 
[INFO] [stdout] 
[INFO] [stdout] warning: associated function `new` is never used
[INFO] [stdout]   --> stlib/src/tracker/udp_connector.rs:25:8
[INFO] [stdout]    |
[INFO] [stdout] 24 | impl UdpTrackerConnector {
[INFO] [stdout]    | ------------------------ associated function in this implementation
[INFO] [stdout] 25 |     fn new() -> Self {
[INFO] [stdout]    |        ^^^
[INFO] [stdout] 
[INFO] [stdout] 
[INFO] [stdout] warning: method `connect` is never used
[INFO] [stdout]   --> stlib/src/tracker/udp_connector.rs:98:14
[INFO] [stdout]    |
[INFO] [stdout] 96 | impl UdpTrackerConnector {
[INFO] [stdout]    | ------------------------ method in this implementation
[INFO] [stdout] 97 |     
[INFO] [stdout] 98 |     async fn connect(&mut self, socket: &mut UdpSocket, timeout_multiplier: &mut u32) -> Result<(), io::Error> {
[INFO] [stdout]    |              ^^^^^^^
[INFO] [stdout] 
[INFO] [stdout] 
[INFO] [stdout] warning: enum `Action` is never used
[INFO] [stdout]    --> stlib/src/tracker/udp_connector.rs:130:6
[INFO] [stdout]     |
[INFO] [stdout] 130 | enum Action {
[INFO] [stdout]     |      ^^^^^^
[INFO] [stdout] 
[INFO] [stdout] 
[INFO] [stdout] warning: function `send_recv_timeout` is never used
[INFO] [stdout]    --> stlib/src/tracker/udp_connector.rs:135:4
[INFO] [stdout]     |
[INFO] [stdout] 135 | fn send_recv_timeout(socket: &mut UdpSocket, buf: &mut [u8], message: &[u8], timeout_multiplier: u32) -> Result<usize, io::Error> {
[INFO] [stdout]     |    ^^^^^^^^^^^^^^^^^
[INFO] [stdout] 
[INFO] [stdout] 
[INFO] [stdout] warning: function `make_connection_request` is never used
[INFO] [stdout]    --> stlib/src/tracker/udp_connector.rs:145:4
[INFO] [stdout]     |
[INFO] [stdout] 145 | fn make_connection_request(translation_id: u32) -> [u8; 16] {
[INFO] [stdout]     |    ^^^^^^^^^^^^^^^^^^^^^^^
[INFO] [stdout] 
[INFO] [stdout] 
[INFO] [stdout] warning: function `make_announce_request` is never used
[INFO] [stdout]    --> stlib/src/tracker/udp_connector.rs:156:4
[INFO] [stdout]     |
[INFO] [stdout] 156 | fn make_announce_request(connection_id: u64, transaction_id: u32, key: u32, request: &TrackerAnnounceRequest) -> [u8; 98] {
[INFO] [stdout]     |    ^^^^^^^^^^^^^^^^^^^^^
[INFO] [stdout] 
[INFO] [stdout] 
[INFO] [stdout] warning: use of `async fn` in public traits is discouraged as auto trait bounds cannot be specified
[INFO] [stdout]   --> stlib/src/tracker/mod.rs:12:5
[INFO] [stdout]    |
[INFO] [stdout] 12 |     async fn scrape(&mut self, request: &TrackerScrapeRequest) -> Result<TrackerScrapeResponse, String> {
[INFO] [stdout]    |     ^^^^^
[INFO] [stdout]    |
[INFO] [stdout]    = note: you can suppress this lint if you plan to use the trait only in your own code, or do not care about auto traits like `Send` on the `Future`
[INFO] [stdout]    = note: `#[warn(async_fn_in_trait)]` on by default
[INFO] [stdout] help: you can alternatively desugar to a normal `fn` that returns `impl Future` and add any desired bounds such as `Send`, but these cannot be relaxed without a breaking API change
[INFO] [stdout]    |
[INFO] [stdout] 12 ~     fn scrape(&mut self, request: &TrackerScrapeRequest) -> impl std::future::Future<Output = Result<TrackerScrapeResponse, String>> + Send {async {
[INFO] [stdout] 13 |         unimplemented!("Not implemented")
[INFO] [stdout] 14 ~     } }
[INFO] [stdout]    |
[INFO] [stdout] 
[INFO] [stdout] 
[INFO] [stderr]     Finished `dev` profile [unoptimized + debuginfo] target(s) in 46.38s
[INFO] running `Command { std: "docker" "inspect" "c70aa7c3f61bcaba9ae514ccf751baabadf54eefbc046d24eb3b8744a6d6d48d", kill_on_drop: false }`
[INFO] running `Command { std: "docker" "rm" "-f" "c70aa7c3f61bcaba9ae514ccf751baabadf54eefbc046d24eb3b8744a6d6d48d", kill_on_drop: false }`
[INFO] [stdout] c70aa7c3f61bcaba9ae514ccf751baabadf54eefbc046d24eb3b8744a6d6d48d
[INFO] running `Command { std: "docker" "create" "-v" "/var/lib/crater-agent-workspace/builds/worker-7-tc2/target:/opt/rustwide/target:rw,Z" "-v" "/var/lib/crater-agent-workspace/builds/worker-7-tc2/source:/opt/rustwide/workdir:ro,Z" "-v" "/var/lib/crater-agent-workspace/cargo-home:/opt/rustwide/cargo-home:ro,Z" "-v" "/var/lib/crater-agent-workspace/rustup-home:/opt/rustwide/rustup-home:ro,Z" "-e" "SOURCE_DIR=/opt/rustwide/workdir" "-e" "CARGO_TARGET_DIR=/opt/rustwide/target" "-e" "CARGO_INCREMENTAL=0" "-e" "RUST_BACKTRACE=full" "-e" "RUSTFLAGS=--cap-lints=warn" "-e" "RUSTDOCFLAGS=--cap-lints=warn" "-e" "CARGO_HOME=/opt/rustwide/cargo-home" "-e" "RUSTUP_HOME=/opt/rustwide/rustup-home" "-w" "/opt/rustwide/workdir" "-m" "1610612736" "--user" "0:0" "--network" "none" "ghcr.io/rust-lang/crates-build-env/linux@sha256:f3a9d4ad9d972b27faf3965f35b62e55ba32bbce8f20bc8fe909558a86702fde" "/opt/rustwide/cargo-home/bin/cargo" "+beta-2024-12-08" "test" "--frozen" "--no-run" "--message-format=json", kill_on_drop: false }`
[INFO] [stdout] 088bfc6ee671149b62ad1033cb254ab2dc500d7b36c017db396eb9382a2487a3
[INFO] running `Command { std: "docker" "start" "-a" "088bfc6ee671149b62ad1033cb254ab2dc500d7b36c017db396eb9382a2487a3", kill_on_drop: false }`
[INFO] [stdout] warning: unused import: `std::fs::File`
[INFO] [stdout]  --> stlib/src/model/torrent.rs:1:5
[INFO] [stdout]   |
[INFO] [stdout] 1 | use std::fs::File;
[INFO] [stdout]   |     ^^^^^^^^^^^^^
[INFO] [stdout]   |
[INFO] [stdout]   = note: `#[warn(unused_imports)]` on by default
[INFO] [stdout] 
[INFO] [stdout] 
[INFO] [stdout] warning: unused import: `udp_connector::*`
[INFO] [stdout]  --> stlib/src/tracker/mod.rs:6:9
[INFO] [stdout]   |
[INFO] [stdout] 6 | pub use udp_connector::*;
[INFO] [stdout]   |         ^^^^^^^^^^^^^^^^
[INFO] [stdout] 
[INFO] [stdout] 
[INFO] [stdout] warning: unused variable: `request`
[INFO] [stdout]   --> stlib/src/tracker/mod.rs:12:32
[INFO] [stdout]    |
[INFO] [stdout] 12 |     async fn scrape(&mut self, request: &TrackerScrapeRequest) -> Result<TrackerScrapeResponse, String> {
[INFO] [stdout]    |                                ^^^^^^^ help: if this is intentional, prefix it with an underscore: `_request`
[INFO] [stdout]    |
[INFO] [stdout]    = note: `#[warn(unused_variables)]` on by default
[INFO] [stdout] 
[INFO] [stdout] 
[INFO] [stderr]    Compiling engine v0.1.0 (/opt/rustwide/workdir/stlib)
[INFO] [stdout] warning: unused variable: `length`
[INFO] [stdout]   --> stlib/src/model/torrent.rs:57:48
[INFO] [stdout]    |
[INFO] [stdout] 57 |                         let FileEntryBencode { length, path } = file;
[INFO] [stdout]    |                                                ^^^^^^ help: try ignoring the field: `length: _`
[INFO] [stdout] 
[INFO] [stdout] 
[INFO] [stdout] warning: field `id` is never read
[INFO] [stdout]   --> stlib/src/model/tracker.rs:75:9
[INFO] [stdout]    |
[INFO] [stdout] 73 | struct LegacyPeerInfo {
[INFO] [stdout]    |        -------------- field in this struct
[INFO] [stdout] 74 |     #[serde(with = "serde_bytes")]
[INFO] [stdout] 75 |     pub id: Sha1Hash,
[INFO] [stdout]    |         ^^
[INFO] [stdout]    |
[INFO] [stdout]    = note: `LegacyPeerInfo` has a derived impl for the trait `Debug`, but this is intentionally ignored during dead code analysis
[INFO] [stdout]    = note: `#[warn(dead_code)]` on by default
[INFO] [stdout] 
[INFO] [stdout] 
[INFO] [stdout] warning: fields `choked`, `chocking`, `interested`, and `bitfield` are never read
[INFO] [stdout]   --> stlib/src/peer/peer.rs:10:5
[INFO] [stdout]    |
[INFO] [stdout] 6  | pub struct Peer {
[INFO] [stdout]    |            ---- fields in this struct
[INFO] [stdout] ...
[INFO] [stdout] 10 |     choked: bool,
[INFO] [stdout]    |     ^^^^^^
[INFO] [stdout] 11 |     chocking: bool,
[INFO] [stdout]    |     ^^^^^^^^
[INFO] [stdout] 12 |     interested: bool,
[INFO] [stdout]    |     ^^^^^^^^^^
[INFO] [stdout] 13 |     bitfield: BitVec,
[INFO] [stdout]    |     ^^^^^^^^
[INFO] [stdout] 
[INFO] [stdout] 
[INFO] [stdout] warning: associated function `new` is never used
[INFO] [stdout]   --> stlib/src/peer/peer.rs:17:8
[INFO] [stdout]    |
[INFO] [stdout] 16 | impl Peer {
[INFO] [stdout]    | --------- associated function in this implementation
[INFO] [stdout] 17 |     fn new(ip: u32, port: u16) -> Self {
[INFO] [stdout]    |        ^^^
[INFO] [stdout] 
[INFO] [stdout] 
[INFO] [stdout] warning: field `ip` is never read
[INFO] [stdout]   --> stlib/src/tracker/mod.rs:25:5
[INFO] [stdout]    |
[INFO] [stdout] 17 | pub struct TrackerAnnounceRequest {
[INFO] [stdout]    |            ---------------------- field in this struct
[INFO] [stdout] ...
[INFO] [stdout] 25 |     ip: u32,
[INFO] [stdout]    |     ^^
[INFO] [stdout] 
[INFO] [stdout] 
[INFO] [stdout] warning: constant `MINUTE_SECONDS` is never used
[INFO] [stdout]   --> stlib/src/tracker/udp_connector.rs:11:7
[INFO] [stdout]    |
[INFO] [stdout] 11 | const MINUTE_SECONDS: u64 = 60;
[INFO] [stdout]    |       ^^^^^^^^^^^^^^
[INFO] [stdout] 
[INFO] [stdout] 
[INFO] [stdout] warning: constant `CONNECT_REQUEST_PROTOCOL_ID` is never used
[INFO] [stdout]   --> stlib/src/tracker/udp_connector.rs:12:7
[INFO] [stdout]    |
[INFO] [stdout] 12 | const CONNECT_REQUEST_PROTOCOL_ID: u64 = 0x41727101980;
[INFO] [stdout]    |       ^^^^^^^^^^^^^^^^^^^^^^^^^^^
[INFO] [stdout] 
[INFO] [stdout] 
[INFO] [stdout] warning: constant `CONNECT_REQUEST_MIN_PACKET_SIZE` is never used
[INFO] [stdout]   --> stlib/src/tracker/udp_connector.rs:13:7
[INFO] [stdout]    |
[INFO] [stdout] 13 | const CONNECT_REQUEST_MIN_PACKET_SIZE: usize = 16;
[INFO] [stdout]    |       ^^^^^^^^^^^^^^^^^^^^^^^^^^^^^^^
[INFO] [stdout] 
[INFO] [stdout] 
[INFO] [stdout] warning: constant `ANNOUNCE_REQUEST_MIN_PACKET_SIZE` is never used
[INFO] [stdout]   --> stlib/src/tracker/udp_connector.rs:14:7
[INFO] [stdout]    |
[INFO] [stdout] 14 | const ANNOUNCE_REQUEST_MIN_PACKET_SIZE: usize = 20;
[INFO] [stdout]    |       ^^^^^^^^^^^^^^^^^^^^^^^^^^^^^^^^
[INFO] [stdout] 
[INFO] [stdout] 
[INFO] [stdout] warning: constant `IPV4_PORT_SIZE` is never used
[INFO] [stdout]   --> stlib/src/tracker/udp_connector.rs:15:7
[INFO] [stdout]    |
[INFO] [stdout] 15 | const IPV4_PORT_SIZE: usize = 4 + 2;
[INFO] [stdout]    |       ^^^^^^^^^^^^^^
[INFO] [stdout] 
[INFO] [stdout] 
[INFO] [stdout] warning: struct `UdpTrackerConnector` is never constructed
[INFO] [stdout]   --> stlib/src/tracker/udp_connector.rs:18:8
[INFO] [stdout]    |
[INFO] [stdout] 18 | struct UdpTrackerConnector {
[INFO] [stdout]    |        ^^^^^^^^^^^^^^^^^^^
[INFO] [stdout] 
[INFO] [stdout] 
[INFO] [stdout] warning: associated function `new` is never used
[INFO] [stdout]   --> stlib/src/tracker/udp_connector.rs:25:8
[INFO] [stdout]    |
[INFO] [stdout] 24 | impl UdpTrackerConnector {
[INFO] [stdout]    | ------------------------ associated function in this implementation
[INFO] [stdout] 25 |     fn new() -> Self {
[INFO] [stdout]    |        ^^^
[INFO] [stdout] 
[INFO] [stdout] 
[INFO] [stdout] warning: method `connect` is never used
[INFO] [stdout]   --> stlib/src/tracker/udp_connector.rs:98:14
[INFO] [stdout]    |
[INFO] [stdout] 96 | impl UdpTrackerConnector {
[INFO] [stdout]    | ------------------------ method in this implementation
[INFO] [stdout] 97 |     
[INFO] [stdout] 98 |     async fn connect(&mut self, socket: &mut UdpSocket, timeout_multiplier: &mut u32) -> Result<(), io::Error> {
[INFO] [stdout]    |              ^^^^^^^
[INFO] [stdout] 
[INFO] [stdout] 
[INFO] [stdout] warning: enum `Action` is never used
[INFO] [stdout]    --> stlib/src/tracker/udp_connector.rs:130:6
[INFO] [stdout]     |
[INFO] [stdout] 130 | enum Action {
[INFO] [stdout]     |      ^^^^^^
[INFO] [stdout] 
[INFO] [stdout] 
[INFO] [stdout] warning: function `send_recv_timeout` is never used
[INFO] [stdout]    --> stlib/src/tracker/udp_connector.rs:135:4
[INFO] [stdout]     |
[INFO] [stdout] 135 | fn send_recv_timeout(socket: &mut UdpSocket, buf: &mut [u8], message: &[u8], timeout_multiplier: u32) -> Result<usize, io::Error> {
[INFO] [stdout]     |    ^^^^^^^^^^^^^^^^^
[INFO] [stdout] 
[INFO] [stdout] 
[INFO] [stdout] warning: function `make_connection_request` is never used
[INFO] [stdout]    --> stlib/src/tracker/udp_connector.rs:145:4
[INFO] [stdout]     |
[INFO] [stdout] 145 | fn make_connection_request(translation_id: u32) -> [u8; 16] {
[INFO] [stdout]     |    ^^^^^^^^^^^^^^^^^^^^^^^
[INFO] [stdout] 
[INFO] [stdout] 
[INFO] [stdout] warning: function `make_announce_request` is never used
[INFO] [stdout]    --> stlib/src/tracker/udp_connector.rs:156:4
[INFO] [stdout]     |
[INFO] [stdout] 156 | fn make_announce_request(connection_id: u64, transaction_id: u32, key: u32, request: &TrackerAnnounceRequest) -> [u8; 98] {
[INFO] [stdout]     |    ^^^^^^^^^^^^^^^^^^^^^
[INFO] [stdout] 
[INFO] [stdout] 
[INFO] [stdout] warning: use of `async fn` in public traits is discouraged as auto trait bounds cannot be specified
[INFO] [stdout]   --> stlib/src/tracker/mod.rs:12:5
[INFO] [stdout]    |
[INFO] [stdout] 12 |     async fn scrape(&mut self, request: &TrackerScrapeRequest) -> Result<TrackerScrapeResponse, String> {
[INFO] [stdout]    |     ^^^^^
[INFO] [stdout]    |
[INFO] [stdout]    = note: you can suppress this lint if you plan to use the trait only in your own code, or do not care about auto traits like `Send` on the `Future`
[INFO] [stdout]    = note: `#[warn(async_fn_in_trait)]` on by default
[INFO] [stdout] help: you can alternatively desugar to a normal `fn` that returns `impl Future` and add any desired bounds such as `Send`, but these cannot be relaxed without a breaking API change
[INFO] [stdout]    |
[INFO] [stdout] 12 ~     fn scrape(&mut self, request: &TrackerScrapeRequest) -> impl std::future::Future<Output = Result<TrackerScrapeResponse, String>> + Send {async {
[INFO] [stdout] 13 |         unimplemented!("Not implemented")
[INFO] [stdout] 14 ~     } }
[INFO] [stdout]    |
[INFO] [stdout] 
[INFO] [stdout] 
[INFO] [stdout] warning: unused import: `std::fs::File`
[INFO] [stdout]  --> stlib/src/model/torrent.rs:1:5
[INFO] [stdout]   |
[INFO] [stdout] 1 | use std::fs::File;
[INFO] [stdout]   |     ^^^^^^^^^^^^^
[INFO] [stdout]   |
[INFO] [stdout]   = note: `#[warn(unused_imports)]` on by default
[INFO] [stdout] 
[INFO] [stdout] 
[INFO] [stdout] warning: unused import: `udp_connector::*`
[INFO] [stdout]  --> stlib/src/tracker/mod.rs:6:9
[INFO] [stdout]   |
[INFO] [stdout] 6 | pub use udp_connector::*;
[INFO] [stdout]   |         ^^^^^^^^^^^^^^^^
[INFO] [stdout] 
[INFO] [stdout] 
[INFO] [stdout] warning: unused variable: `request`
[INFO] [stdout]   --> stlib/src/tracker/mod.rs:12:32
[INFO] [stdout]    |
[INFO] [stdout] 12 |     async fn scrape(&mut self, request: &TrackerScrapeRequest) -> Result<TrackerScrapeResponse, String> {
[INFO] [stdout]    |                                ^^^^^^^ help: if this is intentional, prefix it with an underscore: `_request`
[INFO] [stdout]    |
[INFO] [stdout]    = note: `#[warn(unused_variables)]` on by default
[INFO] [stdout] 
[INFO] [stdout] 
[INFO] [stdout] warning: unused variable: `length`
[INFO] [stdout]   --> stlib/src/model/torrent.rs:57:48
[INFO] [stdout]    |
[INFO] [stdout] 57 |                         let FileEntryBencode { length, path } = file;
[INFO] [stdout]    |                                                ^^^^^^ help: try ignoring the field: `length: _`
[INFO] [stdout] 
[INFO] [stdout] 
[INFO] [stdout] warning: field `id` is never read
[INFO] [stdout]   --> stlib/src/model/tracker.rs:75:9
[INFO] [stdout]    |
[INFO] [stdout] 73 | struct LegacyPeerInfo {
[INFO] [stdout]    |        -------------- field in this struct
[INFO] [stdout] 74 |     #[serde(with = "serde_bytes")]
[INFO] [stdout] 75 |     pub id: Sha1Hash,
[INFO] [stdout]    |         ^^
[INFO] [stdout]    |
[INFO] [stdout]    = note: `LegacyPeerInfo` has a derived impl for the trait `Debug`, but this is intentionally ignored during dead code analysis
[INFO] [stdout]    = note: `#[warn(dead_code)]` on by default
[INFO] [stdout] 
[INFO] [stdout] 
[INFO] [stdout] warning: fields `choked`, `chocking`, `interested`, and `bitfield` are never read
[INFO] [stdout]   --> stlib/src/peer/peer.rs:10:5
[INFO] [stdout]    |
[INFO] [stdout] 6  | pub struct Peer {
[INFO] [stdout]    |            ---- fields in this struct
[INFO] [stdout] ...
[INFO] [stdout] 10 |     choked: bool,
[INFO] [stdout]    |     ^^^^^^
[INFO] [stdout] 11 |     chocking: bool,
[INFO] [stdout]    |     ^^^^^^^^
[INFO] [stdout] 12 |     interested: bool,
[INFO] [stdout]    |     ^^^^^^^^^^
[INFO] [stdout] 13 |     bitfield: BitVec,
[INFO] [stdout]    |     ^^^^^^^^
[INFO] [stdout] 
[INFO] [stdout] 
[INFO] [stdout] warning: associated function `new` is never used
[INFO] [stdout]   --> stlib/src/peer/peer.rs:17:8
[INFO] [stdout]    |
[INFO] [stdout] 16 | impl Peer {
[INFO] [stdout]    | --------- associated function in this implementation
[INFO] [stdout] 17 |     fn new(ip: u32, port: u16) -> Self {
[INFO] [stdout]    |        ^^^
[INFO] [stdout] 
[INFO] [stdout] 
[INFO] [stdout] warning: field `ip` is never read
[INFO] [stdout]   --> stlib/src/tracker/mod.rs:25:5
[INFO] [stdout]    |
[INFO] [stdout] 17 | pub struct TrackerAnnounceRequest {
[INFO] [stdout]    |            ---------------------- field in this struct
[INFO] [stdout] ...
[INFO] [stdout] 25 |     ip: u32,
[INFO] [stdout]    |     ^^
[INFO] [stdout] 
[INFO] [stdout] 
[INFO] [stdout] warning: constant `MINUTE_SECONDS` is never used
[INFO] [stdout]   --> stlib/src/tracker/udp_connector.rs:11:7
[INFO] [stdout]    |
[INFO] [stdout] 11 | const MINUTE_SECONDS: u64 = 60;
[INFO] [stdout]    |       ^^^^^^^^^^^^^^
[INFO] [stdout] 
[INFO] [stdout] 
[INFO] [stdout] warning: constant `CONNECT_REQUEST_PROTOCOL_ID` is never used
[INFO] [stdout]   --> stlib/src/tracker/udp_connector.rs:12:7
[INFO] [stdout]    |
[INFO] [stdout] 12 | const CONNECT_REQUEST_PROTOCOL_ID: u64 = 0x41727101980;
[INFO] [stdout]    |       ^^^^^^^^^^^^^^^^^^^^^^^^^^^
[INFO] [stdout] 
[INFO] [stdout] 
[INFO] [stdout] warning: constant `CONNECT_REQUEST_MIN_PACKET_SIZE` is never used
[INFO] [stdout]   --> stlib/src/tracker/udp_connector.rs:13:7
[INFO] [stdout]    |
[INFO] [stdout] 13 | const CONNECT_REQUEST_MIN_PACKET_SIZE: usize = 16;
[INFO] [stdout]    |       ^^^^^^^^^^^^^^^^^^^^^^^^^^^^^^^
[INFO] [stdout] 
[INFO] [stdout] 
[INFO] [stdout] warning: constant `ANNOUNCE_REQUEST_MIN_PACKET_SIZE` is never used
[INFO] [stdout]   --> stlib/src/tracker/udp_connector.rs:14:7
[INFO] [stdout]    |
[INFO] [stdout] 14 | const ANNOUNCE_REQUEST_MIN_PACKET_SIZE: usize = 20;
[INFO] [stdout]    |       ^^^^^^^^^^^^^^^^^^^^^^^^^^^^^^^^
[INFO] [stdout] 
[INFO] [stdout] 
[INFO] [stdout] warning: constant `IPV4_PORT_SIZE` is never used
[INFO] [stdout]   --> stlib/src/tracker/udp_connector.rs:15:7
[INFO] [stdout]    |
[INFO] [stdout] 15 | const IPV4_PORT_SIZE: usize = 4 + 2;
[INFO] [stdout]    |       ^^^^^^^^^^^^^^
[INFO] [stdout] 
[INFO] [stdout] 
[INFO] [stdout] warning: struct `UdpTrackerConnector` is never constructed
[INFO] [stdout]   --> stlib/src/tracker/udp_connector.rs:18:8
[INFO] [stdout]    |
[INFO] [stdout] 18 | struct UdpTrackerConnector {
[INFO] [stdout]    |        ^^^^^^^^^^^^^^^^^^^
[INFO] [stdout] 
[INFO] [stdout] 
[INFO] [stdout] warning: associated function `new` is never used
[INFO] [stdout]   --> stlib/src/tracker/udp_connector.rs:25:8
[INFO] [stdout]    |
[INFO] [stdout] 24 | impl UdpTrackerConnector {
[INFO] [stdout]    | ------------------------ associated function in this implementation
[INFO] [stdout] 25 |     fn new() -> Self {
[INFO] [stdout]    |        ^^^
[INFO] [stdout] 
[INFO] [stdout] 
[INFO] [stdout] warning: method `connect` is never used
[INFO] [stdout]   --> stlib/src/tracker/udp_connector.rs:98:14
[INFO] [stdout]    |
[INFO] [stdout] 96 | impl UdpTrackerConnector {
[INFO] [stdout]    | ------------------------ method in this implementation
[INFO] [stdout] 97 |     
[INFO] [stdout] 98 |     async fn connect(&mut self, socket: &mut UdpSocket, timeout_multiplier: &mut u32) -> Result<(), io::Error> {
[INFO] [stdout]    |              ^^^^^^^
[INFO] [stdout] 
[INFO] [stdout] 
[INFO] [stdout] warning: enum `Action` is never used
[INFO] [stdout]    --> stlib/src/tracker/udp_connector.rs:130:6
[INFO] [stdout]     |
[INFO] [stdout] 130 | enum Action {
[INFO] [stdout]     |      ^^^^^^
[INFO] [stdout] 
[INFO] [stdout] 
[INFO] [stdout] warning: function `send_recv_timeout` is never used
[INFO] [stdout]    --> stlib/src/tracker/udp_connector.rs:135:4
[INFO] [stdout]     |
[INFO] [stdout] 135 | fn send_recv_timeout(socket: &mut UdpSocket, buf: &mut [u8], message: &[u8], timeout_multiplier: u32) -> Result<usize, io::Error> {
[INFO] [stdout]     |    ^^^^^^^^^^^^^^^^^
[INFO] [stdout] 
[INFO] [stdout] 
[INFO] [stdout] warning: function `make_connection_request` is never used
[INFO] [stdout]    --> stlib/src/tracker/udp_connector.rs:145:4
[INFO] [stdout]     |
[INFO] [stdout] 145 | fn make_connection_request(translation_id: u32) -> [u8; 16] {
[INFO] [stdout]     |    ^^^^^^^^^^^^^^^^^^^^^^^
[INFO] [stdout] 
[INFO] [stdout] 
[INFO] [stdout] warning: function `make_announce_request` is never used
[INFO] [stdout]    --> stlib/src/tracker/udp_connector.rs:156:4
[INFO] [stdout]     |
[INFO] [stdout] 156 | fn make_announce_request(connection_id: u64, transaction_id: u32, key: u32, request: &TrackerAnnounceRequest) -> [u8; 98] {
[INFO] [stdout]     |    ^^^^^^^^^^^^^^^^^^^^^
[INFO] [stdout] 
[INFO] [stdout] 
[INFO] [stdout] warning: use of `async fn` in public traits is discouraged as auto trait bounds cannot be specified
[INFO] [stdout]   --> stlib/src/tracker/mod.rs:12:5
[INFO] [stdout]    |
[INFO] [stdout] 12 |     async fn scrape(&mut self, request: &TrackerScrapeRequest) -> Result<TrackerScrapeResponse, String> {
[INFO] [stdout]    |     ^^^^^
[INFO] [stdout]    |
[INFO] [stdout]    = note: you can suppress this lint if you plan to use the trait only in your own code, or do not care about auto traits like `Send` on the `Future`
[INFO] [stdout]    = note: `#[warn(async_fn_in_trait)]` on by default
[INFO] [stdout] help: you can alternatively desugar to a normal `fn` that returns `impl Future` and add any desired bounds such as `Send`, but these cannot be relaxed without a breaking API change
[INFO] [stdout]    |
[INFO] [stdout] 12 ~     fn scrape(&mut self, request: &TrackerScrapeRequest) -> impl std::future::Future<Output = Result<TrackerScrapeResponse, String>> + Send {async {
[INFO] [stdout] 13 |         unimplemented!("Not implemented")
[INFO] [stdout] 14 ~     } }
[INFO] [stdout]    |
[INFO] [stdout] 
[INFO] [stdout] 
[INFO] [stderr]     Finished `test` profile [unoptimized + debuginfo] target(s) in 4.04s
[INFO] running `Command { std: "docker" "inspect" "088bfc6ee671149b62ad1033cb254ab2dc500d7b36c017db396eb9382a2487a3", kill_on_drop: false }`
[INFO] running `Command { std: "docker" "rm" "-f" "088bfc6ee671149b62ad1033cb254ab2dc500d7b36c017db396eb9382a2487a3", kill_on_drop: false }`
[INFO] [stdout] 088bfc6ee671149b62ad1033cb254ab2dc500d7b36c017db396eb9382a2487a3
[INFO] running `Command { std: "docker" "create" "-v" "/var/lib/crater-agent-workspace/builds/worker-7-tc2/target:/opt/rustwide/target:rw,Z" "-v" "/var/lib/crater-agent-workspace/builds/worker-7-tc2/source:/opt/rustwide/workdir:ro,Z" "-v" "/var/lib/crater-agent-workspace/cargo-home:/opt/rustwide/cargo-home:ro,Z" "-v" "/var/lib/crater-agent-workspace/rustup-home:/opt/rustwide/rustup-home:ro,Z" "-e" "SOURCE_DIR=/opt/rustwide/workdir" "-e" "CARGO_TARGET_DIR=/opt/rustwide/target" "-e" "CARGO_INCREMENTAL=0" "-e" "RUST_BACKTRACE=full" "-e" "RUSTFLAGS=--cap-lints=warn" "-e" "RUSTDOCFLAGS=--cap-lints=warn" "-e" "CARGO_HOME=/opt/rustwide/cargo-home" "-e" "RUSTUP_HOME=/opt/rustwide/rustup-home" "-w" "/opt/rustwide/workdir" "-m" "1610612736" "--user" "0:0" "--network" "none" "ghcr.io/rust-lang/crates-build-env/linux@sha256:f3a9d4ad9d972b27faf3965f35b62e55ba32bbce8f20bc8fe909558a86702fde" "/opt/rustwide/cargo-home/bin/cargo" "+beta-2024-12-08" "test" "--frozen", kill_on_drop: false }`
[INFO] [stdout] 4f59bc65c8d1536130e4564bdfde2ea4fd68fb4627a7fa3dfc40daafd675260e
[INFO] running `Command { std: "docker" "start" "-a" "4f59bc65c8d1536130e4564bdfde2ea4fd68fb4627a7fa3dfc40daafd675260e", kill_on_drop: false }`
[INFO] [stderr] warning: unused import: `std::fs::File`
[INFO] [stderr]  --> stlib/src/model/torrent.rs:1:5
[INFO] [stderr]   |
[INFO] [stderr] 1 | use std::fs::File;
[INFO] [stderr]   |     ^^^^^^^^^^^^^
[INFO] [stderr]   |
[INFO] [stderr]   = note: `#[warn(unused_imports)]` on by default
[INFO] [stderr] 
[INFO] [stderr] warning: unused import: `udp_connector::*`
[INFO] [stderr]  --> stlib/src/tracker/mod.rs:6:9
[INFO] [stderr]   |
[INFO] [stderr] 6 | pub use udp_connector::*;
[INFO] [stderr]   |         ^^^^^^^^^^^^^^^^
[INFO] [stderr] 
[INFO] [stderr] warning: unused variable: `request`
[INFO] [stderr]   --> stlib/src/tracker/mod.rs:12:32
[INFO] [stderr]    |
[INFO] [stderr] 12 |     async fn scrape(&mut self, request: &TrackerScrapeRequest) -> Result<TrackerScrapeResponse, String> {
[INFO] [stderr]    |                                ^^^^^^^ help: if this is intentional, prefix it with an underscore: `_request`
[INFO] [stderr]    |
[INFO] [stderr]    = note: `#[warn(unused_variables)]` on by default
[INFO] [stderr] 
[INFO] [stderr] warning: unused variable: `length`
[INFO] [stderr]   --> stlib/src/model/torrent.rs:57:48
[INFO] [stderr]    |
[INFO] [stderr] 57 |                         let FileEntryBencode { length, path } = file;
[INFO] [stderr]    |                                                ^^^^^^ help: try ignoring the field: `length: _`
[INFO] [stderr] 
[INFO] [stderr] warning: field `id` is never read
[INFO] [stderr]   --> stlib/src/model/tracker.rs:75:9
[INFO] [stderr]    |
[INFO] [stderr] 73 | struct LegacyPeerInfo {
[INFO] [stderr]    |        -------------- field in this struct
[INFO] [stderr] 74 |     #[serde(with = "serde_bytes")]
[INFO] [stderr] 75 |     pub id: Sha1Hash,
[INFO] [stderr]    |         ^^
[INFO] [stderr]    |
[INFO] [stderr]    = note: `LegacyPeerInfo` has a derived impl for the trait `Debug`, but this is intentionally ignored during dead code analysis
[INFO] [stderr]    = note: `#[warn(dead_code)]` on by default
[INFO] [stderr] 
[INFO] [stderr] warning: fields `choked`, `chocking`, `interested`, and `bitfield` are never read
[INFO] [stderr]   --> stlib/src/peer/peer.rs:10:5
[INFO] [stderr]    |
[INFO] [stderr] 6  | pub struct Peer {
[INFO] [stderr]    |            ---- fields in this struct
[INFO] [stderr] ...
[INFO] [stderr] 10 |     choked: bool,
[INFO] [stderr]    |     ^^^^^^
[INFO] [stderr] 11 |     chocking: bool,
[INFO] [stderr]    |     ^^^^^^^^
[INFO] [stderr] 12 |     interested: bool,
[INFO] [stderr]    |     ^^^^^^^^^^
[INFO] [stderr] 13 |     bitfield: BitVec,
[INFO] [stderr]    |     ^^^^^^^^
[INFO] [stderr] 
[INFO] [stderr] warning: associated function `new` is never used
[INFO] [stderr]   --> stlib/src/peer/peer.rs:17:8
[INFO] [stderr]    |
[INFO] [stderr] 16 | impl Peer {
[INFO] [stderr]    | --------- associated function in this implementation
[INFO] [stderr] 17 |     fn new(ip: u32, port: u16) -> Self {
[INFO] [stderr]    |        ^^^
[INFO] [stderr] 
[INFO] [stderr] warning: field `ip` is never read
[INFO] [stderr]   --> stlib/src/tracker/mod.rs:25:5
[INFO] [stderr]    |
[INFO] [stderr] 17 | pub struct TrackerAnnounceRequest {
[INFO] [stderr]    |            ---------------------- field in this struct
[INFO] [stderr] ...
[INFO] [stderr] 25 |     ip: u32,
[INFO] [stderr]    |     ^^
[INFO] [stderr] 
[INFO] [stderr] warning: constant `MINUTE_SECONDS` is never used
[INFO] [stderr]   --> stlib/src/tracker/udp_connector.rs:11:7
[INFO] [stderr]    |
[INFO] [stderr] 11 | const MINUTE_SECONDS: u64 = 60;
[INFO] [stderr]    |       ^^^^^^^^^^^^^^
[INFO] [stderr] 
[INFO] [stderr] warning: constant `CONNECT_REQUEST_PROTOCOL_ID` is never used
[INFO] [stderr]   --> stlib/src/tracker/udp_connector.rs:12:7
[INFO] [stderr]    |
[INFO] [stderr] 12 | const CONNECT_REQUEST_PROTOCOL_ID: u64 = 0x41727101980;
[INFO] [stderr]    |       ^^^^^^^^^^^^^^^^^^^^^^^^^^^
[INFO] [stderr] 
[INFO] [stderr] warning: constant `CONNECT_REQUEST_MIN_PACKET_SIZE` is never used
[INFO] [stderr]   --> stlib/src/tracker/udp_connector.rs:13:7
[INFO] [stderr]    |
[INFO] [stderr] 13 | const CONNECT_REQUEST_MIN_PACKET_SIZE: usize = 16;
[INFO] [stderr]    |       ^^^^^^^^^^^^^^^^^^^^^^^^^^^^^^^
[INFO] [stderr] 
[INFO] [stderr] warning: constant `ANNOUNCE_REQUEST_MIN_PACKET_SIZE` is never used
[INFO] [stderr]   --> stlib/src/tracker/udp_connector.rs:14:7
[INFO] [stderr]    |
[INFO] [stderr] 14 | const ANNOUNCE_REQUEST_MIN_PACKET_SIZE: usize = 20;
[INFO] [stderr]    |       ^^^^^^^^^^^^^^^^^^^^^^^^^^^^^^^^
[INFO] [stderr] 
[INFO] [stderr] warning: constant `IPV4_PORT_SIZE` is never used
[INFO] [stderr]   --> stlib/src/tracker/udp_connector.rs:15:7
[INFO] [stderr]    |
[INFO] [stderr] 15 | const IPV4_PORT_SIZE: usize = 4 + 2;
[INFO] [stderr]    |       ^^^^^^^^^^^^^^
[INFO] [stderr] 
[INFO] [stderr] warning: struct `UdpTrackerConnector` is never constructed
[INFO] [stderr]   --> stlib/src/tracker/udp_connector.rs:18:8
[INFO] [stderr]    |
[INFO] [stderr] 18 | struct UdpTrackerConnector {
[INFO] [stderr]    |        ^^^^^^^^^^^^^^^^^^^
[INFO] [stderr] 
[INFO] [stderr] warning: associated function `new` is never used
[INFO] [stderr]   --> stlib/src/tracker/udp_connector.rs:25:8
[INFO] [stderr]    |
[INFO] [stderr] 24 | impl UdpTrackerConnector {
[INFO] [stderr]    | ------------------------ associated function in this implementation
[INFO] [stderr] 25 |     fn new() -> Self {
[INFO] [stderr]    |        ^^^
[INFO] [stderr] 
[INFO] [stderr] warning: method `connect` is never used
[INFO] [stderr]   --> stlib/src/tracker/udp_connector.rs:98:14
[INFO] [stderr]    |
[INFO] [stderr] 96 | impl UdpTrackerConnector {
[INFO] [stderr]    | ------------------------ method in this implementation
[INFO] [stderr] 97 |     
[INFO] [stderr] 98 |     async fn connect(&mut self, socket: &mut UdpSocket, timeout_multiplier: &mut u32) -> Result<(), io::Error> {
[INFO] [stderr]    |              ^^^^^^^
[INFO] [stderr] 
[INFO] [stderr] warning: enum `Action` is never used
[INFO] [stderr]    --> stlib/src/tracker/udp_connector.rs:130:6
[INFO] [stderr]     |
[INFO] [stderr] 130 | enum Action {
[INFO] [stderr]     |      ^^^^^^
[INFO] [stderr] 
[INFO] [stderr] warning: function `send_recv_timeout` is never used
[INFO] [stderr]    --> stlib/src/tracker/udp_connector.rs:135:4
[INFO] [stderr]     |
[INFO] [stderr] 135 | fn send_recv_timeout(socket: &mut UdpSocket, buf: &mut [u8], message: &[u8], timeout_multiplier: u32) -> Result<usize, io::Error> {
[INFO] [stderr]     |    ^^^^^^^^^^^^^^^^^
[INFO] [stderr] 
[INFO] [stderr] warning: function `make_connection_request` is never used
[INFO] [stderr]    --> stlib/src/tracker/udp_connector.rs:145:4
[INFO] [stderr]     |
[INFO] [stderr] 145 | fn make_connection_request(translation_id: u32) -> [u8; 16] {
[INFO] [stderr]     |    ^^^^^^^^^^^^^^^^^^^^^^^
[INFO] [stderr] 
[INFO] [stderr] warning: function `make_announce_request` is never used
[INFO] [stderr]    --> stlib/src/tracker/udp_connector.rs:156:4
[INFO] [stderr]     |
[INFO] [stderr] 156 | fn make_announce_request(connection_id: u64, transaction_id: u32, key: u32, request: &TrackerAnnounceRequest) -> [u8; 98] {
[INFO] [stderr]     |    ^^^^^^^^^^^^^^^^^^^^^
[INFO] [stderr] 
[INFO] [stderr] warning: use of `async fn` in public traits is discouraged as auto trait bounds cannot be specified
[INFO] [stderr]   --> stlib/src/tracker/mod.rs:12:5
[INFO] [stderr]    |
[INFO] [stderr] 12 |     async fn scrape(&mut self, request: &TrackerScrapeRequest) -> Result<TrackerScrapeResponse, String> {
[INFO] [stderr]    |     ^^^^^
[INFO] [stderr]    |
[INFO] [stderr]    = note: you can suppress this lint if you plan to use the trait only in your own code, or do not care about auto traits like `Send` on the `Future`
[INFO] [stderr]    = note: `#[warn(async_fn_in_trait)]` on by default
[INFO] [stderr] help: you can alternatively desugar to a normal `fn` that returns `impl Future` and add any desired bounds such as `Send`, but these cannot be relaxed without a breaking API change
[INFO] [stderr]    |
[INFO] [stderr] 12 ~     fn scrape(&mut self, request: &TrackerScrapeRequest) -> impl std::future::Future<Output = Result<TrackerScrapeResponse, String>> + Send {async {
[INFO] [stderr] 13 |         unimplemented!("Not implemented")
[INFO] [stderr] 14 ~     } }
[INFO] [stderr]    |
[INFO] [stderr] 
[INFO] [stderr] warning: `engine` (lib) generated 21 warnings (run `cargo fix --lib -p engine` to apply 2 suggestions)
[INFO] [stderr] warning: `engine` (lib test) generated 21 warnings (21 duplicates)
[INFO] [stderr]     Finished `test` profile [unoptimized + debuginfo] target(s) in 0.27s
[INFO] [stderr]      Running unittests src/lib.rs (/opt/rustwide/target/debug/deps/engine-6838bfd28f516068)
[INFO] [stdout] 
[INFO] [stdout] running 6 tests
[INFO] [stdout] test model::torrent::tests::test_parse_single_file_torrent ... ok
[INFO] [stdout] test util::common::tests::test_hashing ... ok
[INFO] [stdout] test model::torrent::tests::test_parse_multi_torrent ... ok
[INFO] [stdout] test util::common::tests::test_resolve_ipv4_addr_given_malformed_addr ... ok
[INFO] [stdout] test util::common::tests::test_resolve_ipv4_addr_given_ip_addr ... ok
[INFO] [stderr] error: test failed, to rerun pass `--lib`
[INFO] [stdout] test util::common::tests::test_resolve_ipv4_addr_given_domain_name ... FAILED
[INFO] [stdout] 
[INFO] [stdout] failures:
[INFO] [stdout] 
[INFO] [stdout] ---- util::common::tests::test_resolve_ipv4_addr_given_domain_name stdout ----
[INFO] [stdout] thread 'util::common::tests::test_resolve_ipv4_addr_given_domain_name' panicked at stlib/src/util/common.rs:44:51:
[INFO] [stdout] called `Result::unwrap()` on an `Err` value: Custom { kind: Uncategorized, error: "failed to lookup address information: Temporary failure in name resolution" }
[INFO] [stdout] stack backtrace:
[INFO] [stdout]    0:     0x5748e96d77aa - std::backtrace_rs::backtrace::libunwind::trace::h8810477743020387
[INFO] [stdout]                                at /rustc/202008a1b8de96d2e5b6bc02d379db03a877d34d/library/std/src/../../backtrace/src/backtrace/libunwind.rs:116:5
[INFO] [stdout]    1:     0x5748e96d77aa - std::backtrace_rs::backtrace::trace_unsynchronized::h3aa55355dd6c54a6
[INFO] [stdout]                                at /rustc/202008a1b8de96d2e5b6bc02d379db03a877d34d/library/std/src/../../backtrace/src/backtrace/mod.rs:66:5
[INFO] [stdout]    2:     0x5748e96d77aa - std::sys::backtrace::_print_fmt::h8588b0f62410823f
[INFO] [stdout]                                at /rustc/202008a1b8de96d2e5b6bc02d379db03a877d34d/library/std/src/sys/backtrace.rs:66:9
[INFO] [stdout]    3:     0x5748e96d77aa - <std::sys::backtrace::BacktraceLock::print::DisplayBacktrace as core::fmt::Display>::fmt::h98c26ac25ffe89bb
[INFO] [stdout]                                at /rustc/202008a1b8de96d2e5b6bc02d379db03a877d34d/library/std/src/sys/backtrace.rs:39:26
[INFO] [stdout]    4:     0x5748e96ff943 - core::fmt::rt::Argument::fmt::hf95377f4aebd453b
[INFO] [stdout]                                at /rustc/202008a1b8de96d2e5b6bc02d379db03a877d34d/library/core/src/fmt/rt.rs:177:76
[INFO] [stdout]    5:     0x5748e96ff943 - core::fmt::write::h0dd5f6e2238c7982
[INFO] [stdout]                                at /rustc/202008a1b8de96d2e5b6bc02d379db03a877d34d/library/core/src/fmt/mod.rs:1189:21
[INFO] [stdout]    6:     0x5748e96d44b3 - std::io::Write::write_fmt::h03bb0ca26e6faf8c
[INFO] [stdout]                                at /rustc/202008a1b8de96d2e5b6bc02d379db03a877d34d/library/std/src/io/mod.rs:1884:15
[INFO] [stdout]    7:     0x5748e96d75f2 - std::sys::backtrace::BacktraceLock::print::h5c19c1c038ee186d
[INFO] [stdout]                                at /rustc/202008a1b8de96d2e5b6bc02d379db03a877d34d/library/std/src/sys/backtrace.rs:42:9
[INFO] [stdout]    8:     0x5748e96d8c2d - std::panicking::default_hook::{{closure}}::h77172f079a1fcb13
[INFO] [stdout]                                at /rustc/202008a1b8de96d2e5b6bc02d379db03a877d34d/library/std/src/panicking.rs:268:22
[INFO] [stdout]    9:     0x5748e96d8a37 - std::panicking::default_hook::he5f8e3b203ccddba
[INFO] [stdout]                                at /rustc/202008a1b8de96d2e5b6bc02d379db03a877d34d/library/std/src/panicking.rs:292:9
[INFO] [stdout]   10:     0x5748e9684507 - <alloc::boxed::Box<F,A> as core::ops::function::Fn<Args>>::call::h7a3c7b4a1ae77f2f
[INFO] [stdout]                                at /rustc/202008a1b8de96d2e5b6bc02d379db03a877d34d/library/alloc/src/boxed.rs:1986:9
[INFO] [stdout]   11:     0x5748e9684507 - test::test_main::{{closure}}::hf0d3b69ae9b353d1
[INFO] [stdout]                                at /rustc/202008a1b8de96d2e5b6bc02d379db03a877d34d/library/test/src/lib.rs:134:21
[INFO] [stdout]   12:     0x5748e96d92d8 - <alloc::boxed::Box<F,A> as core::ops::function::Fn<Args>>::call::h6332e82e7b189abd
[INFO] [stdout]                                at /rustc/202008a1b8de96d2e5b6bc02d379db03a877d34d/library/alloc/src/boxed.rs:1986:9
[INFO] [stdout]   13:     0x5748e96d92d8 - std::panicking::rust_panic_with_hook::h53863d4e9018df39
[INFO] [stdout]                                at /rustc/202008a1b8de96d2e5b6bc02d379db03a877d34d/library/std/src/panicking.rs:809:13
[INFO] [stdout]   14:     0x5748e96d909a - std::panicking::begin_panic_handler::{{closure}}::h67280e6fa0757873
[INFO] [stdout]                                at /rustc/202008a1b8de96d2e5b6bc02d379db03a877d34d/library/std/src/panicking.rs:674:13
[INFO] [stdout]   15:     0x5748e96d7c89 - std::sys::backtrace::__rust_end_short_backtrace::h1dac3f54d6fbbeb2
[INFO] [stdout]                                at /rustc/202008a1b8de96d2e5b6bc02d379db03a877d34d/library/std/src/sys/backtrace.rs:170:18
[INFO] [stdout]   16:     0x5748e96d8d2c - rust_begin_unwind
[INFO] [stdout]                                at /rustc/202008a1b8de96d2e5b6bc02d379db03a877d34d/library/std/src/panicking.rs:665:5
[INFO] [stdout]   17:     0x5748e9609bb0 - core::panicking::panic_fmt::h6792bd1b2bf01041
[INFO] [stdout]                                at /rustc/202008a1b8de96d2e5b6bc02d379db03a877d34d/library/core/src/panicking.rs:76:14
[INFO] [stdout]   18:     0x5748e9609ff6 - core::result::unwrap_failed::h05e0602ed34287c5
[INFO] [stdout]                                at /rustc/202008a1b8de96d2e5b6bc02d379db03a877d34d/library/core/src/result.rs:1699:5
[INFO] [stdout]   19:     0x5748e9630fe7 - core::result::Result<T,E>::unwrap::h8d819b2fc89861f0
[INFO] [stdout]                                at /rustc/202008a1b8de96d2e5b6bc02d379db03a877d34d/library/core/src/result.rs:1104:23
[INFO] [stdout]   20:     0x5748e9630fe7 - engine::util::common::tests::test_resolve_ipv4_addr_given_domain_name::he89b53b22520cc51
[INFO] [stdout]                                at /opt/rustwide/workdir/stlib/src/util/common.rs:44:27
[INFO] [stdout]   21:     0x5748e9630f47 - engine::util::common::tests::test_resolve_ipv4_addr_given_domain_name::{{closure}}::h5a0f96c97e5b7100
[INFO] [stdout]                                at /opt/rustwide/workdir/stlib/src/util/common.rs:42:50
[INFO] [stdout]   22:     0x5748e9628386 - core::ops::function::FnOnce::call_once::h1ecd7c85ef95c41b
[INFO] [stdout]                                at /rustc/202008a1b8de96d2e5b6bc02d379db03a877d34d/library/core/src/ops/function.rs:250:5
[INFO] [stdout]   23:     0x5748e968902b - core::ops::function::FnOnce::call_once::h871bf86719ec9aa4
[INFO] [stdout]                                at /rustc/202008a1b8de96d2e5b6bc02d379db03a877d34d/library/core/src/ops/function.rs:250:5
[INFO] [stdout]   24:     0x5748e968902b - test::__rust_begin_short_backtrace::h2167df1e2b7d76fd
[INFO] [stdout]                                at /rustc/202008a1b8de96d2e5b6bc02d379db03a877d34d/library/test/src/lib.rs:632:18
[INFO] [stdout]   25:     0x5748e9688a18 - test::run_test_in_process::{{closure}}::h15d92f75a3adfb79
[INFO] [stdout]                                at /rustc/202008a1b8de96d2e5b6bc02d379db03a877d34d/library/test/src/lib.rs:655:60
[INFO] [stdout]   26:     0x5748e9688a18 - <core::panic::unwind_safe::AssertUnwindSafe<F> as core::ops::function::FnOnce<()>>::call_once::hb6c8955835a8dbbb
[INFO] [stdout]                                at /rustc/202008a1b8de96d2e5b6bc02d379db03a877d34d/library/core/src/panic/unwind_safe.rs:272:9
[INFO] [stdout]   27:     0x5748e9688a18 - std::panicking::try::do_call::hc79d0fc888a0bd30
[INFO] [stdout]                                at /rustc/202008a1b8de96d2e5b6bc02d379db03a877d34d/library/std/src/panicking.rs:557:40
[INFO] [stdout]   28:     0x5748e9688a18 - std::panicking::try::hb8a7878e3a8589d6
[INFO] [stdout]                                at /rustc/202008a1b8de96d2e5b6bc02d379db03a877d34d/library/std/src/panicking.rs:520:19
[INFO] [stdout]   29:     0x5748e9688a18 - std::panic::catch_unwind::hb8e4600ff0ff5cfa
[INFO] [stdout]                                at /rustc/202008a1b8de96d2e5b6bc02d379db03a877d34d/library/std/src/panic.rs:358:14
[INFO] [stdout]   30:     0x5748e9688a18 - test::run_test_in_process::hc2900b0b18688dd6
[INFO] [stdout]                                at /rustc/202008a1b8de96d2e5b6bc02d379db03a877d34d/library/test/src/lib.rs:655:27
[INFO] [stdout]   31:     0x5748e9688a18 - test::run_test::{{closure}}::hac2a9cb07be3d48d
[INFO] [stdout]                                at /rustc/202008a1b8de96d2e5b6bc02d379db03a877d34d/library/test/src/lib.rs:576:43
[INFO] [stdout]   32:     0x5748e964c4ba - test::run_test::{{closure}}::h4a5b729e66a38cd8
[INFO] [stdout]                                at /rustc/202008a1b8de96d2e5b6bc02d379db03a877d34d/library/test/src/lib.rs:606:41
[INFO] [stdout]   33:     0x5748e964c4ba - std::sys::backtrace::__rust_begin_short_backtrace::h0496fb742492f573
[INFO] [stdout]                                at /rustc/202008a1b8de96d2e5b6bc02d379db03a877d34d/library/std/src/sys/backtrace.rs:154:18
[INFO] [stdout]   34:     0x5748e964fe34 - std::thread::Builder::spawn_unchecked_::{{closure}}::{{closure}}::hbb6d257c550a54bd
[INFO] [stdout]                                at /rustc/202008a1b8de96d2e5b6bc02d379db03a877d34d/library/std/src/thread/mod.rs:561:17
[INFO] [stdout]   35:     0x5748e964fe34 - <core::panic::unwind_safe::AssertUnwindSafe<F> as core::ops::function::FnOnce<()>>::call_once::h46696fe4a6832328
[INFO] [stdout]                                at /rustc/202008a1b8de96d2e5b6bc02d379db03a877d34d/library/core/src/panic/unwind_safe.rs:272:9
[INFO] [stdout]   36:     0x5748e964fe34 - std::panicking::try::do_call::h2625a51b667bfb64
[INFO] [stdout]                                at /rustc/202008a1b8de96d2e5b6bc02d379db03a877d34d/library/std/src/panicking.rs:557:40
[INFO] [stdout]   37:     0x5748e964fe34 - std::panicking::try::hb956a59a1973aa4c
[INFO] [stdout]                                at /rustc/202008a1b8de96d2e5b6bc02d379db03a877d34d/library/std/src/panicking.rs:520:19
[INFO] [stdout]   38:     0x5748e964fe34 - std::panic::catch_unwind::h64f3b9d1067ef6a0
[INFO] [stdout]                                at /rustc/202008a1b8de96d2e5b6bc02d379db03a877d34d/library/std/src/panic.rs:358:14
[INFO] [stdout]   39:     0x5748e964fe34 - std::thread::Builder::spawn_unchecked_::{{closure}}::h42b2841295b6c0b2
[INFO] [stdout]                                at /rustc/202008a1b8de96d2e5b6bc02d379db03a877d34d/library/std/src/thread/mod.rs:559:30
[INFO] [stdout]   40:     0x5748e964fe34 - core::ops::function::FnOnce::call_once{{vtable.shim}}::h6127de71b8124639
[INFO] [stdout]                                at /rustc/202008a1b8de96d2e5b6bc02d379db03a877d34d/library/core/src/ops/function.rs:250:5
[INFO] [stdout]   41:     0x5748e96dd21b - <alloc::boxed::Box<F,A> as core::ops::function::FnOnce<Args>>::call_once::h42f0ba71002a1b2c
[INFO] [stdout]                                at /rustc/202008a1b8de96d2e5b6bc02d379db03a877d34d/library/alloc/src/boxed.rs:1972:9
[INFO] [stdout]   42:     0x5748e96dd21b - <alloc::boxed::Box<F,A> as core::ops::function::FnOnce<Args>>::call_once::had9e47d7a3dcecb8
[INFO] [stdout]                                at /rustc/202008a1b8de96d2e5b6bc02d379db03a877d34d/library/alloc/src/boxed.rs:1972:9
[INFO] [stdout]   43:     0x5748e96dd21b - std::sys::pal::unix::thread::Thread::new::thread_start::h48cf765408f6f5f2
[INFO] [stdout]                                at /rustc/202008a1b8de96d2e5b6bc02d379db03a877d34d/library/std/src/sys/pal/unix/thread.rs:105:17
[INFO] [stdout]   44:     0x72880436fac3 - <unknown>
[INFO] [stdout]   45:     0x728804400a04 - clone
[INFO] [stdout]   46:                0x0 - <unknown>
[INFO] [stdout] 
[INFO] [stdout] 
[INFO] [stdout] failures:
[INFO] [stdout]     util::common::tests::test_resolve_ipv4_addr_given_domain_name
[INFO] [stdout] 
[INFO] [stdout] test result: FAILED. 5 passed; 1 failed; 0 ignored; 0 measured; 0 filtered out; finished in 0.10s
[INFO] [stdout] 
[INFO] running `Command { std: "docker" "inspect" "4f59bc65c8d1536130e4564bdfde2ea4fd68fb4627a7fa3dfc40daafd675260e", kill_on_drop: false }`
[INFO] running `Command { std: "docker" "rm" "-f" "4f59bc65c8d1536130e4564bdfde2ea4fd68fb4627a7fa3dfc40daafd675260e", kill_on_drop: false }`
[INFO] [stdout] 4f59bc65c8d1536130e4564bdfde2ea4fd68fb4627a7fa3dfc40daafd675260e
