[INFO] cloning repository https://github.com/amdecian/hook0
[INFO] running `Command { std: "git" "-c" "credential.helper=" "-c" "credential.helper=/workspace/cargo-home/bin/git-credential-null" "clone" "--bare" "https://github.com/amdecian/hook0" "/workspace/cache/git-repos/https%3A%2F%2Fgithub.com%2Famdecian%2Fhook0", kill_on_drop: false }`
[INFO] [stderr] Cloning into bare repository '/workspace/cache/git-repos/https%3A%2F%2Fgithub.com%2Famdecian%2Fhook0'...
[INFO] running `Command { std: "git" "rev-parse" "HEAD", kill_on_drop: false }`
[INFO] [stdout] ba13f3663cec67fb200454b34a072a973791a28d
[INFO] testing amdecian/hook0 against 1.83.0 for beta-1.84.0-4-retry
[INFO] running `Command { std: "git" "clone" "/workspace/cache/git-repos/https%3A%2F%2Fgithub.com%2Famdecian%2Fhook0" "/workspace/builds/worker-6-tc1/source", kill_on_drop: false }`
[INFO] [stderr] Cloning into '/workspace/builds/worker-6-tc1/source'...
[INFO] [stderr] done.
[INFO] validating manifest of git repo https://github.com/amdecian/hook0 on toolchain 1.83.0
[INFO] running `Command { std: CARGO_HOME="/workspace/cargo-home" RUSTUP_HOME="/workspace/rustup-home" "/workspace/cargo-home/bin/cargo" "+1.83.0" "metadata" "--manifest-path" "Cargo.toml" "--no-deps", kill_on_drop: false }`
[INFO] started tweaking git repo https://github.com/amdecian/hook0
[INFO] finished tweaking git repo https://github.com/amdecian/hook0
[INFO] tweaked toml for git repo https://github.com/amdecian/hook0 written to /workspace/builds/worker-6-tc1/source/Cargo.toml
[INFO] crate git repo https://github.com/amdecian/hook0 already has a lockfile, it will not be regenerated
[INFO] running `Command { std: CARGO_HOME="/workspace/cargo-home" RUSTUP_HOME="/workspace/rustup-home" "/workspace/cargo-home/bin/cargo" "+1.83.0" "fetch" "--manifest-path" "Cargo.toml", kill_on_drop: false }`
[INFO] [stderr]     Blocking waiting for file lock on package cache
[INFO] [stderr]     Updating crates.io index
[INFO] [stderr]     Blocking waiting for file lock on package cache
[INFO] [stderr]  Downloading crates ...
[INFO] [stderr]   Downloaded sqlformat v0.2.6
[INFO] [stderr]   Downloaded flume v0.11.1
[INFO] [stderr]   Downloaded biscuit-quote v0.2.2
[INFO] [stderr]   Downloaded lazy-regex-proc_macros v3.3.0
[INFO] [stderr]   Downloaded mrml-json-macros v0.1.4
[INFO] [stderr]   Downloaded sentry-panic v0.34.0
[INFO] [stderr]   Downloaded paperclip-macros v0.7.0
[INFO] [stderr]   Downloaded actix-governor v0.6.0
[INFO] [stderr]   Downloaded spinning_top v0.3.0
[INFO] [stderr]   Downloaded html5ever v0.29.0
[INFO] [stderr]   Downloaded sentry v0.34.0
[INFO] [stderr]   Downloaded raw-cpuid v11.2.0
[INFO] [stderr]   Downloaded mrml v4.0.1
[INFO] [stderr]   Downloaded biscuit-auth v5.0.0
[INFO] [stderr]   Downloaded governor v0.6.3
[INFO] [stderr]   Downloaded sqlx-core v0.8.2
[INFO] [stderr]   Downloaded sqlx v0.8.2
[INFO] [stderr]   Downloaded sqlx-postgres v0.8.2
[INFO] [stderr]   Downloaded sqlx-sqlite v0.8.2
[INFO] [stderr]   Downloaded openapiv3-paper v2.0.2
[INFO] [stderr]   Downloaded html2text v0.13.2
[INFO] [stderr]   Downloaded openapiv3 v1.0.4
[INFO] [stderr]   Downloaded sentry-types v0.34.0
[INFO] [stderr]   Downloaded sentry-core v0.34.0
[INFO] [stderr]   Downloaded http-api-problem v0.57.0
[INFO] [stderr]   Downloaded unic-ucd-common v0.9.0
[INFO] [stderr]   Downloaded sqlx-macros-core v0.8.2
[INFO] [stderr]   Downloaded biscuit-parser v0.1.2
[INFO] [stderr]   Downloaded markup5ever v0.14.0
[INFO] [stderr]   Downloaded paperclip-core v0.7.2
[INFO] [stderr]   Downloaded sentry-actix v0.34.0
[INFO] [stderr]   Downloaded validator_derive v0.18.2
[INFO] [stderr]   Downloaded sentry-tracing v0.34.0
[INFO] [stderr]   Downloaded enum-as-inner v0.6.1
[INFO] [stderr]   Downloaded test-log v0.2.16
[INFO] [stderr]   Downloaded terminal_size v0.4.0
[INFO] [stderr]   Downloaded sentry-backtrace v0.34.0
[INFO] [stderr]   Downloaded nom-regex v0.2.0
[INFO] [stderr]   Downloaded test-log-macros v0.2.16
[INFO] [stderr]   Downloaded lazy-regex v3.3.0
[INFO] [stderr]   Downloaded sentry-anyhow v0.34.0
[INFO] [stderr]   Downloaded sentry-log v0.34.0
[INFO] [stderr]   Downloaded sqlx-macros v0.8.2
[INFO] [stderr]   Downloaded sqlx-mysql v0.8.2
[INFO] [stderr]   Downloaded sentry-contexts v0.34.0
[INFO] [stderr]   Downloaded paperclip-actix v0.7.2
[INFO] [stderr]   Downloaded paperclip v0.9.4
[INFO] running `Command { std: "docker" "create" "-v" "/var/lib/crater-agent-workspace/builds/worker-6-tc1/target:/opt/rustwide/target:rw,Z" "-v" "/var/lib/crater-agent-workspace/builds/worker-6-tc1/source:/opt/rustwide/workdir:ro,Z" "-v" "/var/lib/crater-agent-workspace/cargo-home:/opt/rustwide/cargo-home:ro,Z" "-v" "/var/lib/crater-agent-workspace/rustup-home:/opt/rustwide/rustup-home:ro,Z" "-e" "SOURCE_DIR=/opt/rustwide/workdir" "-e" "CARGO_TARGET_DIR=/opt/rustwide/target" "-e" "CARGO_HOME=/opt/rustwide/cargo-home" "-e" "RUSTUP_HOME=/opt/rustwide/rustup-home" "-w" "/opt/rustwide/workdir" "-m" "1610612736" "--user" "0:0" "--network" "none" "ghcr.io/rust-lang/crates-build-env/linux@sha256:f3a9d4ad9d972b27faf3965f35b62e55ba32bbce8f20bc8fe909558a86702fde" "/opt/rustwide/cargo-home/bin/cargo" "+1.83.0" "metadata" "--no-deps" "--format-version=1", kill_on_drop: false }`
[INFO] [stdout] 5639f08606f5226a24b9584fe3af29e4e8650c33d6a2315b9a0984d5125a6e25
[INFO] running `Command { std: "docker" "start" "-a" "5639f08606f5226a24b9584fe3af29e4e8650c33d6a2315b9a0984d5125a6e25", kill_on_drop: false }`
[INFO] running `Command { std: "docker" "inspect" "5639f08606f5226a24b9584fe3af29e4e8650c33d6a2315b9a0984d5125a6e25", kill_on_drop: false }`
[INFO] running `Command { std: "docker" "rm" "-f" "5639f08606f5226a24b9584fe3af29e4e8650c33d6a2315b9a0984d5125a6e25", kill_on_drop: false }`
[INFO] [stdout] 5639f08606f5226a24b9584fe3af29e4e8650c33d6a2315b9a0984d5125a6e25
[INFO] running `Command { std: "docker" "create" "-v" "/var/lib/crater-agent-workspace/builds/worker-6-tc1/target:/opt/rustwide/target:rw,Z" "-v" "/var/lib/crater-agent-workspace/builds/worker-6-tc1/source:/opt/rustwide/workdir:ro,Z" "-v" "/var/lib/crater-agent-workspace/cargo-home:/opt/rustwide/cargo-home:ro,Z" "-v" "/var/lib/crater-agent-workspace/rustup-home:/opt/rustwide/rustup-home:ro,Z" "-e" "SOURCE_DIR=/opt/rustwide/workdir" "-e" "CARGO_TARGET_DIR=/opt/rustwide/target" "-e" "CARGO_INCREMENTAL=0" "-e" "RUST_BACKTRACE=full" "-e" "RUSTFLAGS=--cap-lints=warn" "-e" "RUSTDOCFLAGS=--cap-lints=warn" "-e" "CARGO_HOME=/opt/rustwide/cargo-home" "-e" "RUSTUP_HOME=/opt/rustwide/rustup-home" "-w" "/opt/rustwide/workdir" "-m" "1610612736" "--user" "0:0" "--network" "none" "ghcr.io/rust-lang/crates-build-env/linux@sha256:f3a9d4ad9d972b27faf3965f35b62e55ba32bbce8f20bc8fe909558a86702fde" "/opt/rustwide/cargo-home/bin/cargo" "+1.83.0" "build" "--frozen" "--message-format=json", kill_on_drop: false }`
[INFO] [stdout] 940af2d72f1519661c5f87a0296889da9850ca04728c38a7f9e1378f6f0f0eb3
[INFO] running `Command { std: "docker" "start" "-a" "940af2d72f1519661c5f87a0296889da9850ca04728c38a7f9e1378f6f0f0eb3", kill_on_drop: false }`
[INFO] [stderr]    Compiling proc-macro2 v1.0.89
[INFO] [stderr]    Compiling unicode-ident v1.0.13
[INFO] [stderr]    Compiling libc v0.2.161
[INFO] [stderr]    Compiling cfg-if v1.0.0
[INFO] [stderr]    Compiling serde v1.0.213
[INFO] [stderr]    Compiling memchr v2.7.4
[INFO] [stderr]    Compiling autocfg v1.4.0
[INFO] [stderr]    Compiling once_cell v1.20.2
[INFO] [stderr]    Compiling version_check v0.9.5
[INFO] [stderr]    Compiling byteorder v1.5.0
[INFO] [stderr]    Compiling pin-project-lite v0.2.15
[INFO] [stderr]    Compiling itoa v1.0.11
[INFO] [stderr]    Compiling bytes v1.8.0
[INFO] [stderr]    Compiling parking_lot_core v0.9.10
[INFO] [stderr]    Compiling futures-core v0.3.31
[INFO] [stderr]    Compiling lock_api v0.4.12
[INFO] [stderr]    Compiling scopeguard v1.2.0
[INFO] [stderr]    Compiling log v0.4.22
[INFO] [stderr]    Compiling shlex v1.3.0
[INFO] [stderr]    Compiling slab v0.4.9
[INFO] [stderr]    Compiling subtle v2.6.1
[INFO] [stderr]    Compiling tinyvec_macros v0.1.1
[INFO] [stderr]    Compiling percent-encoding v2.3.1
[INFO] [stderr]    Compiling tinyvec v1.8.0
[INFO] [stderr]    Compiling futures-task v0.3.31
[INFO] [stderr]    Compiling pin-utils v0.1.0
[INFO] [stderr]    Compiling getrandom v0.2.15
[INFO] [stderr]    Compiling jobserver v0.1.32
[INFO] [stderr]    Compiling socket2 v0.5.7
[INFO] [stderr]    Compiling quote v1.0.37
[INFO] [stderr]    Compiling rand_core v0.6.4
[INFO] [stderr]    Compiling cc v1.1.31
[INFO] [stderr]    Compiling syn v2.0.85
[INFO] [stderr]    Compiling unicode-normalization v0.1.24
[INFO] [stderr]    Compiling futures-io v0.3.31
[INFO] [stderr]    Compiling typenum v1.17.0
[INFO] [stderr]    Compiling unicode-bidi v0.3.17
[INFO] [stderr]    Compiling futures-sink v0.3.31
[INFO] [stderr]    Compiling generic-array v0.14.7
[INFO] [stderr]    Compiling tracing-core v0.1.32
[INFO] [stderr]    Compiling form_urlencoded v1.2.1
[INFO] [stderr]    Compiling ryu v1.0.18
[INFO] [stderr]    Compiling mio v1.0.2
[INFO] [stderr]    Compiling signal-hook-registry v1.4.2
[INFO] [stderr]    Compiling idna v0.5.0
[INFO] [stderr]    Compiling serde_json v1.0.132
[INFO] [stderr]    Compiling thiserror v1.0.65
[INFO] [stderr]    Compiling fnv v1.0.7
[INFO] [stderr]    Compiling futures-channel v0.3.31
[INFO] [stderr]    Compiling equivalent v1.0.1
[INFO] [stderr]    Compiling hashbrown v0.15.0
[INFO] [stderr]    Compiling aho-corasick v1.1.3
[INFO] [stderr]    Compiling regex-syntax v0.8.5
[INFO] [stderr]    Compiling time-core v0.1.2
[INFO] [stderr]    Compiling num-conv v0.1.0
[INFO] [stderr]    Compiling powerfmt v0.2.0
[INFO] [stderr]    Compiling bitflags v2.6.0
[INFO] [stderr]    Compiling cpufeatures v0.2.14
[INFO] [stderr]    Compiling deranged v0.3.11
[INFO] [stderr]    Compiling time-macros v0.2.18
[INFO] [stderr]    Compiling ahash v0.8.11
[INFO] [stderr]    Compiling ring v0.17.8
[INFO] [stderr]    Compiling paste v1.0.15
[INFO] [stderr]    Compiling crypto-common v0.1.6
[INFO] [stderr]    Compiling block-buffer v0.10.4
[INFO] [stderr]    Compiling hex v0.4.3
[INFO] [stderr]    Compiling digest v0.10.7
[INFO] [stderr]    Compiling rustls-pki-types v1.10.0
[INFO] [stderr]    Compiling zeroize v1.8.1
[INFO] [stderr]    Compiling adler2 v2.0.0
[INFO] [stderr]    Compiling spin v0.9.8
[INFO] [stderr]    Compiling httparse v1.9.5
[INFO] [stderr]    Compiling regex-automata v0.4.8
[INFO] [stderr]    Compiling untrusted v0.9.0
[INFO] [stderr]    Compiling miniz_oxide v0.8.0
[INFO] [stderr]    Compiling base64 v0.22.1
[INFO] [stderr]    Compiling time v0.3.36
[INFO] [stderr]    Compiling mime v0.3.17
[INFO] [stderr]    Compiling num-traits v0.2.19
[INFO] [stderr]    Compiling allocator-api2 v0.2.18
[INFO] [stderr]    Compiling minimal-lexical v0.2.1
[INFO] [stderr]    Compiling nom v7.1.3
[INFO] [stderr]    Compiling heck v0.5.0
[INFO] [stderr]    Compiling pkg-config v0.3.31
[INFO] [stderr]    Compiling encoding_rs v0.8.35
[INFO] [stderr]    Compiling crossbeam-utils v0.8.20
[INFO] [stderr]    Compiling zstd-sys v2.0.13+zstd.1.5.6
[INFO] [stderr]    Compiling semver v1.0.23
[INFO] [stderr]    Compiling regex v1.11.1
[INFO] [stderr]    Compiling syn v1.0.109
[INFO] [stderr]    Compiling rustls-webpki v0.102.8
[INFO] [stderr]    Compiling serde_derive v1.0.213
[INFO] [stderr]    Compiling zerocopy-derive v0.7.35
[INFO] [stderr]    Compiling tracing-attributes v0.1.27
[INFO] [stderr]    Compiling tokio-macros v2.4.0
[INFO] [stderr]    Compiling futures-macro v0.3.31
[INFO] [stderr]    Compiling zerocopy v0.7.35
[INFO] [stderr]    Compiling thiserror-impl v1.0.65
[INFO] [stderr]    Compiling ppv-lite86 v0.2.20
[INFO] [stderr]    Compiling rand_chacha v0.3.1
[INFO] [stderr]    Compiling tracing v0.1.40
[INFO] [stderr]    Compiling futures-util v0.3.31
[INFO] [stderr]    Compiling rand v0.8.5
[INFO] [stderr]    Compiling synstructure v0.13.1
[INFO] [stderr]    Compiling webpki-roots v0.26.6
[INFO] [stderr]    Compiling httpdate v1.0.3
[INFO] [stderr]    Compiling iana-time-zone v0.1.61
[INFO] [stderr]    Compiling siphasher v0.3.11
[INFO] [stderr]    Compiling rustls-pemfile v2.2.0
[INFO] [stderr]    Compiling http v0.2.12
[INFO] [stderr]    Compiling bytestring v1.3.1
[INFO] [stderr]    Compiling zstd-safe v7.2.1
[INFO] [stderr]    Compiling alloc-no-stdlib v2.0.4
[INFO] [stderr]    Compiling local-waker v0.1.4
[INFO] [stderr]    Compiling rustls v0.23.15
[INFO] [stderr]    Compiling alloc-stdlib v0.2.2
[INFO] [stderr]    Compiling zerofrom-derive v0.1.4
[INFO] [stderr]    Compiling regex-lite v0.1.6
[INFO] [stderr]    Compiling brotli-decompressor v4.0.1
[INFO] [stderr]    Compiling actix-utils v3.0.1
[INFO] [stderr]    Compiling rustc_version v0.4.1
[INFO] [stderr]    Compiling zerofrom v0.1.4
[INFO] [stderr]    Compiling yoke-derive v0.7.4
[INFO] [stderr]    Compiling actix-service v2.0.2
[INFO] [stderr]    Compiling http v1.1.0
[INFO] [stderr]    Compiling cookie v0.16.2
[INFO] [stderr]    Compiling crc32fast v1.4.2
[INFO] [stderr]    Compiling stable_deref_trait v1.2.0
[INFO] [stderr]    Compiling convert_case v0.4.0
[INFO] [stderr]    Compiling flate2 v1.0.34
[INFO] [stderr]    Compiling derive_more v0.99.18
[INFO] [stderr]    Compiling brotli v6.0.0
[INFO] [stderr]    Compiling local-channel v0.1.5
[INFO] [stderr]    Compiling hashbrown v0.14.5
[INFO] [stderr]    Compiling yoke v0.7.4
[INFO] [stderr]    Compiling smallvec v1.13.2
[INFO] [stderr]    Compiling parking_lot v0.12.3
[INFO] [stderr]    Compiling url v2.5.2
[INFO] [stderr]    Compiling indexmap v2.6.0
[INFO] [stderr]    Compiling tokio v1.41.0
[INFO] [stderr]    Compiling uuid v1.11.0
[INFO] [stderr]    Compiling either v1.13.0
[INFO] [stderr]    Compiling serde_urlencoded v0.7.1
[INFO] [stderr]    Compiling debugid v0.8.0
[INFO] [stderr]    Compiling sentry-types v0.34.0
[INFO] [stderr]    Compiling actix-router v0.5.3
[INFO] [stderr]    Compiling zerovec-derive v0.10.3
[INFO] [stderr]    Compiling actix-macros v0.2.4
[INFO] [stderr]    Compiling sha2 v0.10.8
[INFO] [stderr]    Compiling sha1 v0.10.6
[INFO] [stderr]    Compiling parking v2.2.1
[INFO] [stderr]    Compiling language-tags v0.3.2
[INFO] [stderr]    Compiling gimli v0.31.1
[INFO] [stderr]    Compiling strsim v0.11.1
[INFO] [stderr]    Compiling rustversion v1.0.18
[INFO] [stderr]    Compiling linux-raw-sys v0.4.14
[INFO] [stderr]    Compiling zerovec v0.10.4
[INFO] [stderr]    Compiling zstd v0.13.2
[INFO] [stderr]    Compiling actix-web-codegen v4.3.0
[INFO] [stderr]    Compiling http-body v1.0.1
[INFO] [stderr]    Compiling displaydoc v0.2.5
[INFO] [stderr]    Compiling sentry-core v0.34.0
[INFO] [stderr]    Compiling tokio-util v0.7.12
[INFO] [stderr]    Compiling actix-rt v2.10.0
[INFO] [stderr]    Compiling object v0.36.5
[INFO] [stderr]    Compiling h2 v0.3.26
[INFO] [stderr]    Compiling actix-codec v0.5.2
[INFO] [stderr]    Compiling addr2line v0.24.2
[INFO] [stderr]    Compiling actix-server v2.5.0
[INFO] [stderr]    Compiling crc-catalog v2.4.0
[INFO] [stderr]    Compiling atomic-waker v1.1.2
[INFO] [stderr]    Compiling impl-more v0.1.8
[INFO] [stderr]    Compiling unicode_categories v0.1.1
[INFO] [stderr]    Compiling try-lock v0.2.5
[INFO] [stderr]    Compiling rustc-demangle v0.1.24
[INFO] [stderr]    Compiling want v0.3.1
[INFO] [stderr]    Compiling sqlformat v0.2.6
[INFO] [stderr]    Compiling h2 v0.4.6
[INFO] [stderr]    Compiling crc v3.2.1
[INFO] [stderr]    Compiling ipnetwork v0.20.0
[INFO] [stderr]    Compiling chrono v0.4.38
[INFO] [stderr]    Compiling backtrace v0.3.74
[INFO] [stderr]    Compiling phf_shared v0.10.0
[INFO] [stderr]    Compiling enum-as-inner v0.6.1
[INFO] [stderr]    Compiling async-trait v0.1.83
[INFO] [stderr]    Compiling atoi v2.0.0
[INFO] [stderr]    Compiling actix-http v3.9.0
[INFO] [stderr]    Compiling match_cfg v0.1.0
[INFO] [stderr]    Compiling hostname v0.3.1
[INFO] [stderr]    Compiling tinystr v0.7.6
[INFO] [stderr]    Compiling concurrent-queue v2.5.0
[INFO] [stderr]    Compiling tokio-rustls v0.26.0
[INFO] [stderr]    Compiling phf_shared v0.11.2
[INFO] [stderr]    Compiling hmac v0.12.1
[INFO] [stderr]    Compiling idna v0.4.0
[INFO] [stderr]    Compiling proc-macro-error-attr v1.0.4
[INFO] [stderr]    Compiling ident_case v1.0.1
[INFO] [stderr]    Compiling linked-hash-map v0.5.6
[INFO] [stderr]    Compiling rustix v0.38.38
[INFO] [stderr]    Compiling utf8parse v0.2.2
[INFO] [stderr]    Compiling litemap v0.7.3
[INFO] [stderr]    Compiling ipnet v2.10.1
[INFO] [stderr]    Compiling actix-web v4.9.0
[INFO] [stderr]    Compiling hyper v1.5.0
[INFO] [stderr]    Compiling quick-error v1.2.3
[INFO] [stderr]    Compiling anyhow v1.0.91
[INFO] [stderr]    Compiling tower-service v0.3.3
[INFO] [stderr]    Compiling unicode-properties v0.1.3
[INFO] [stderr]    Compiling data-encoding v2.6.0
[INFO] [stderr]    Compiling lazy_static v1.5.0
[INFO] [stderr]    Compiling writeable v0.5.5
[INFO] [stderr]    Compiling stringprep v0.1.5
[INFO] [stderr]    Compiling hickory-proto v0.24.1
[INFO] [stderr]    Compiling icu_locid v1.5.0
[INFO] [stderr]    Compiling hyper-util v0.1.9
[INFO] [stderr]    Compiling tokio-stream v0.1.16
[INFO] [stderr]    Compiling resolv-conf v0.7.0
[INFO] [stderr]    Compiling anstyle-parse v0.2.6
[INFO] [stderr]    Compiling lru-cache v0.1.2
[INFO] [stderr]    Compiling darling_core v0.20.10
[INFO] [stderr]    Compiling hkdf v0.12.4
[INFO] [stderr]    Compiling phf_generator v0.11.2
[INFO] [stderr]    Compiling event-listener v5.3.1
[INFO] [stderr]    Compiling futures-intrusive v0.5.0
[INFO] [stderr]    Compiling hashlink v0.9.1
[INFO] [stderr]    Compiling phf_generator v0.10.0
[INFO] [stderr]    Compiling crossbeam-queue v0.3.11
[INFO] [stderr]    Compiling icu_provider_macros v1.5.0
[INFO] [stderr]    Compiling md-5 v0.10.6
[INFO] [stderr]    Compiling indexmap v1.9.3
[INFO] [stderr]    Compiling proc-macro-error v1.0.4
[INFO] [stderr]    Compiling dotenvy v0.15.7
[INFO] [stderr]    Compiling home v0.5.9
[INFO] [stderr]    Compiling new_debug_unreachable v1.0.6
[INFO] [stderr]    Compiling whoami v1.5.2
[INFO] [stderr]    Compiling fastrand v2.1.1
[INFO] [stderr]    Compiling unicase v2.8.0
[INFO] [stderr]    Compiling colorchoice v1.0.3
[INFO] [stderr]    Compiling is_terminal_polyfill v1.70.1
[INFO] [stderr]    Compiling anstyle v1.0.9
[INFO] [stderr]    Compiling anstyle-query v1.1.2
[INFO] [stderr]    Compiling mime_guess v2.0.5
[INFO] [stderr]    Compiling anstream v0.6.17
[INFO] [stderr]    Compiling icu_provider v1.5.0
[INFO] [stderr]    Compiling darling_macro v0.20.10
[INFO] [stderr]    Compiling hickory-resolver v0.24.1
[INFO] [stderr]    Compiling string_cache_codegen v0.5.2
[INFO] [stderr]    Compiling sqlx-core v0.8.2
[INFO] [stderr]    Compiling hyper-rustls v0.27.3
[INFO] [stderr]    Compiling phf_codegen v0.11.2
[INFO] [stderr]    Compiling sentry-backtrace v0.34.0
[INFO] [stderr]    Compiling http-body-util v0.1.2
[INFO] [stderr]    Compiling itertools v0.10.5
[INFO] [stderr]    Compiling sentry-contexts v0.34.0
[INFO] [stderr]    Compiling futures-executor v0.3.31
[INFO] [stderr]    Compiling psm v0.1.23
[INFO] [stderr]    Compiling proc-macro-error-attr2 v2.0.0
[INFO] [stderr]    Compiling sync_wrapper v1.0.1
[INFO] [stderr]    Compiling hashbrown v0.12.3
[INFO] [stderr]    Compiling icu_locid_transform_data v1.5.0
[INFO] [stderr]    Compiling mac v0.1.1
[INFO] [stderr]    Compiling heck v0.4.1
[INFO] [stderr]    Compiling rustls v0.22.4
[INFO] [stderr]    Compiling strum_macros v0.24.3
[INFO] [stderr]    Compiling tempfile v3.13.0
[INFO] [stderr]    Compiling proc-macro-error2 v2.0.1
[INFO] [stderr]    Compiling sqlx-postgres v0.8.2
[INFO] [stderr]    Compiling futf v0.1.5
[INFO] [stderr]    Compiling icu_locid_transform v1.5.0
[INFO] [stderr]    Compiling reqwest v0.12.8
[INFO] [stderr]    Compiling futures v0.3.31
[INFO] [stderr]    Compiling markup5ever v0.14.0
[INFO] [stderr]    Compiling darling v0.20.10
[INFO] [stderr]    Compiling icu_collections v1.5.0
[INFO] [stderr]    Compiling curve25519-dalek v4.1.3
[INFO] [stderr]    Compiling stacker v0.1.17
[INFO] [stderr]    Compiling hostname v0.4.0
[INFO] [stderr]    Compiling uname v0.1.1
[INFO] [stderr]    Compiling utf-8 v0.7.6
[INFO] [stderr]    Compiling unsafe-libyaml v0.2.11
[INFO] [stderr]    Compiling strum v0.24.1
[INFO] [stderr]    Compiling portable-atomic v1.9.0
[INFO] [stderr]    Compiling icu_properties_data v1.5.0
[INFO] [stderr]    Compiling precomputed-hash v0.1.1
[INFO] [stderr]    Compiling string_cache v0.8.7
[INFO] [stderr]    Compiling paperclip-macros v0.7.0
[INFO] [stderr]    Compiling icu_properties v1.5.1
[INFO] [stderr]    Compiling tendril v0.4.3
[INFO] [stderr]    Compiling phf v0.11.2
[INFO] [stderr]    Compiling serde_yaml v0.9.34+deprecated
[INFO] [stderr]    Compiling terminal_size v0.4.0
[INFO] [stderr]    Compiling prost-derive v0.10.1
[INFO] [stderr]    Compiling sqlx-macros-core v0.8.2
[INFO] [stderr]    Compiling openapiv3 v1.0.4
[INFO] [stderr]    Compiling sentry-panic v0.34.0
[INFO] [stderr]    Compiling sentry-anyhow v0.34.0
[INFO] [stderr]    Compiling sentry-log v0.34.0
[INFO] [stderr]    Compiling html5ever v0.29.0
[INFO] [stderr]    Compiling curve25519-dalek-derive v0.1.1
[INFO] [stderr]    Compiling env_filter v0.1.2
[INFO] [stderr]    Compiling raw-cpuid v11.2.0
[INFO] [stderr]    Compiling unic-common v0.9.0
[INFO] [stderr]    Compiling write16 v1.0.0
[INFO] [stderr]    Compiling icu_normalizer_data v1.5.0
[INFO] [stderr]    Compiling clap_lex v0.7.2
[INFO] [stderr]    Compiling humantime v2.1.0
[INFO] [stderr]    Compiling utf8_iter v1.0.4
[INFO] [stderr]    Compiling getrandom v0.1.16
[INFO] [stderr]    Compiling v_htmlescape v0.15.8
[INFO] [stderr]    Compiling utf16_iter v1.0.5
[INFO] [stderr]    Compiling uuid v0.8.2
[INFO] [stderr]    Compiling signature v2.2.0
[INFO] [stderr]    Compiling unic-char-range v0.9.0
[INFO] [stderr]    Compiling unic-char-property v0.9.0
[INFO] [stderr]    Compiling ed25519 v2.2.3
[INFO] [stderr]    Compiling icu_normalizer v1.5.0
[INFO] [stderr]    Compiling env_logger v0.11.5
[INFO] [stderr]    Compiling sentry v0.34.0
[INFO] [stderr]    Compiling paperclip-core v0.7.2
[INFO] [stderr]    Compiling clap_builder v4.5.20
[INFO] [stderr]    Compiling quanta v0.12.3
[INFO] [stderr]    Compiling biscuit-parser v0.1.2
[INFO] [stderr]    Compiling sqlx-macros v0.8.2
[INFO] [stderr]    Compiling unic-ucd-version v0.9.0
[INFO] [stderr]    Compiling prost v0.10.4
[INFO] [stderr]    Compiling Inflector v0.11.4
[INFO] [stderr]    Compiling strum_macros v0.26.4
[INFO] [stderr]    Compiling itertools v0.13.0
[INFO] [stderr]    Compiling dashmap v5.5.3
[INFO] [stderr]    Compiling crossbeam-channel v0.5.13
[INFO] [stderr]    Compiling lazy-regex-proc_macros v3.3.0
[INFO] [stderr]    Compiling clap_derive v4.5.18
[INFO] [stderr]    Compiling actix_derive v0.6.2
[INFO] [stderr]    Compiling block-buffer v0.9.0
[INFO] [stderr]    Compiling digest v0.9.0
[INFO] [stderr]    Compiling spinning_top v0.3.0
[INFO] [stderr]    Compiling futures-timer v3.0.3
[INFO] [stderr]    Compiling nonzero_ext v0.3.0
[INFO] [stderr]    Compiling no-std-compat v0.4.1
[INFO] [stderr]    Compiling paperclip v0.9.4
[INFO] [stderr]    Compiling opaque-debug v0.3.1
[INFO] [stderr]    Compiling base64ct v1.6.0
[INFO] [stderr]    Compiling biscuit-auth v5.0.0
[INFO] [stderr]    Compiling governor v0.6.3
[INFO] [stderr]    Compiling sha2 v0.9.9
[INFO] [stderr]    Compiling password-hash v0.5.0
[INFO] [stderr]    Compiling lazy-regex v3.3.0
[INFO] [stderr]    Compiling strum v0.26.3
[INFO] [stderr]    Compiling actix v0.13.5
[INFO] [stderr]    Compiling mrml-json-macros v0.1.4
[INFO] [stderr]    Compiling biscuit-quote v0.2.2
[INFO] [stderr]    Compiling paperclip-actix v0.7.2
[INFO] [stderr]    Compiling ed25519-dalek v2.1.1
[INFO] [stderr]    Compiling chumsky v0.9.3
[INFO] [stderr]    Compiling clap v4.5.20
[INFO] [stderr]    Compiling prost-types v0.10.1
[INFO] [stderr]    Compiling unic-ucd-common v0.9.0
[INFO] [stderr]    Compiling idna v1.0.2
[INFO] [stderr]    Compiling hook0-sentry-integration v0.1.0 (/opt/rustwide/workdir/sentry-integration)
[INFO] [stderr]    Compiling validator_derive v0.18.2
[INFO] [stderr]    Compiling openapiv3-paper v2.0.2
[INFO] [stderr]    Compiling enum_dispatch v0.3.13
[INFO] [stderr]    Compiling email-encoding v0.3.0
[INFO] [stderr]    Compiling blake2 v0.10.6
[INFO] [stderr]    Compiling base64 v0.13.1
[INFO] [stderr]    Compiling http-range v0.1.5
[INFO] [stderr]    Compiling hook0-api v0.1.0 (/opt/rustwide/workdir/api)
[INFO] [stderr]    Compiling unicode-width v0.2.0
[INFO] [stderr]    Compiling quoted_printable v0.5.1
[INFO] [stderr]    Compiling xmlparser v0.13.6
[INFO] [stderr]    Compiling rustc-hash v2.0.0
[INFO] [stderr]    Compiling email_address v0.2.9
[INFO] [stderr]    Compiling mrml v4.0.1
[INFO] [stderr]    Compiling html2text v0.13.2
[INFO] [stderr]    Compiling lettre v0.11.10
[INFO] [stderr]    Compiling validator v0.18.1
[INFO] [stderr]    Compiling actix-files v0.6.6
[INFO] [stderr]    Compiling argon2 v0.5.3
[INFO] [stderr]    Compiling http-api-problem v0.57.0
[INFO] [stderr]    Compiling actix-governor v0.6.0
[INFO] [stderr]    Compiling hook0-client v0.1.0 (/opt/rustwide/workdir/clients/rust)
[INFO] [stderr]    Compiling sentry-actix v0.34.0
[INFO] [stderr]    Compiling actix-cors v0.7.0
[INFO] [stderr]    Compiling async-recursion v1.1.1
[INFO] [stderr]    Compiling nom-regex v0.2.0
[INFO] [stderr]    Compiling sqlx v0.8.2
[INFO] [stderr]    Compiling hook0-output-worker v0.3.0 (/opt/rustwide/workdir/output-worker)
[INFO] [stderr]     Finished `dev` profile [unoptimized + debuginfo] target(s) in 7m 51s
[INFO] running `Command { std: "docker" "inspect" "940af2d72f1519661c5f87a0296889da9850ca04728c38a7f9e1378f6f0f0eb3", kill_on_drop: false }`
[INFO] running `Command { std: "docker" "rm" "-f" "940af2d72f1519661c5f87a0296889da9850ca04728c38a7f9e1378f6f0f0eb3", kill_on_drop: false }`
[INFO] [stdout] 940af2d72f1519661c5f87a0296889da9850ca04728c38a7f9e1378f6f0f0eb3
[INFO] running `Command { std: "docker" "create" "-v" "/var/lib/crater-agent-workspace/builds/worker-6-tc1/target:/opt/rustwide/target:rw,Z" "-v" "/var/lib/crater-agent-workspace/builds/worker-6-tc1/source:/opt/rustwide/workdir:ro,Z" "-v" "/var/lib/crater-agent-workspace/cargo-home:/opt/rustwide/cargo-home:ro,Z" "-v" "/var/lib/crater-agent-workspace/rustup-home:/opt/rustwide/rustup-home:ro,Z" "-e" "SOURCE_DIR=/opt/rustwide/workdir" "-e" "CARGO_TARGET_DIR=/opt/rustwide/target" "-e" "CARGO_INCREMENTAL=0" "-e" "RUST_BACKTRACE=full" "-e" "RUSTFLAGS=--cap-lints=warn" "-e" "RUSTDOCFLAGS=--cap-lints=warn" "-e" "CARGO_HOME=/opt/rustwide/cargo-home" "-e" "RUSTUP_HOME=/opt/rustwide/rustup-home" "-w" "/opt/rustwide/workdir" "-m" "1610612736" "--user" "0:0" "--network" "none" "ghcr.io/rust-lang/crates-build-env/linux@sha256:f3a9d4ad9d972b27faf3965f35b62e55ba32bbce8f20bc8fe909558a86702fde" "/opt/rustwide/cargo-home/bin/cargo" "+1.83.0" "test" "--frozen" "--no-run" "--message-format=json", kill_on_drop: false }`
[INFO] [stdout] 222fee53bafc823b295311f9901f553cccc5f319d534fc255a85033b517b11c4
[INFO] running `Command { std: "docker" "start" "-a" "222fee53bafc823b295311f9901f553cccc5f319d534fc255a85033b517b11c4", kill_on_drop: false }`
[INFO] [stderr]    Compiling test-log-macros v0.2.16
[INFO] [stderr]    Compiling hook0-output-worker v0.3.0 (/opt/rustwide/workdir/output-worker)
[INFO] [stderr]    Compiling hook0-client v0.1.0 (/opt/rustwide/workdir/clients/rust)
[INFO] [stderr]    Compiling hook0-sentry-integration v0.1.0 (/opt/rustwide/workdir/sentry-integration)
[INFO] [stderr]    Compiling test-log v0.2.16
[INFO] [stderr]    Compiling hook0-api v0.1.0 (/opt/rustwide/workdir/api)
[INFO] [stderr]     Finished `test` profile [unoptimized + debuginfo] target(s) in 27.77s
[INFO] running `Command { std: "docker" "inspect" "222fee53bafc823b295311f9901f553cccc5f319d534fc255a85033b517b11c4", kill_on_drop: false }`
[INFO] running `Command { std: "docker" "rm" "-f" "222fee53bafc823b295311f9901f553cccc5f319d534fc255a85033b517b11c4", kill_on_drop: false }`
[INFO] [stdout] 222fee53bafc823b295311f9901f553cccc5f319d534fc255a85033b517b11c4
[INFO] running `Command { std: "docker" "create" "-v" "/var/lib/crater-agent-workspace/builds/worker-6-tc1/target:/opt/rustwide/target:rw,Z" "-v" "/var/lib/crater-agent-workspace/builds/worker-6-tc1/source:/opt/rustwide/workdir:ro,Z" "-v" "/var/lib/crater-agent-workspace/cargo-home:/opt/rustwide/cargo-home:ro,Z" "-v" "/var/lib/crater-agent-workspace/rustup-home:/opt/rustwide/rustup-home:ro,Z" "-e" "SOURCE_DIR=/opt/rustwide/workdir" "-e" "CARGO_TARGET_DIR=/opt/rustwide/target" "-e" "CARGO_INCREMENTAL=0" "-e" "RUST_BACKTRACE=full" "-e" "RUSTFLAGS=--cap-lints=warn" "-e" "RUSTDOCFLAGS=--cap-lints=warn" "-e" "CARGO_HOME=/opt/rustwide/cargo-home" "-e" "RUSTUP_HOME=/opt/rustwide/rustup-home" "-w" "/opt/rustwide/workdir" "-m" "1610612736" "--user" "0:0" "--network" "none" "ghcr.io/rust-lang/crates-build-env/linux@sha256:f3a9d4ad9d972b27faf3965f35b62e55ba32bbce8f20bc8fe909558a86702fde" "/opt/rustwide/cargo-home/bin/cargo" "+1.83.0" "test" "--frozen", kill_on_drop: false }`
[INFO] [stdout] 314cf77bb83700e4eb09868198487cd76c3dfa871bc1f149f8f85084adf41eb0
[INFO] running `Command { std: "docker" "start" "-a" "314cf77bb83700e4eb09868198487cd76c3dfa871bc1f149f8f85084adf41eb0", kill_on_drop: false }`
[INFO] [stderr]     Finished `test` profile [unoptimized + debuginfo] target(s) in 1.21s
[INFO] [stderr]      Running unittests src/main.rs (/opt/rustwide/target/debug/deps/hook0_api-41689bcc3999f483)
[INFO] [stdout] 
[INFO] [stdout] running 44 tests
[INFO] [stdout] test handlers::events::tests::validate_json_payload ... ok
[INFO] [stdout] test handlers::events::tests::payload_content_type_parsing ... ok
[INFO] [stdout] test handlers::subscriptions::tests::test_deserialize_http_target_no_host ... ok
[INFO] [stdout] test handlers::subscriptions::tests::test_deserialize_http_target_wrong_scheme ... ok
[INFO] [stdout] test handlers::events::tests::validate_binary_payload ... ok
[INFO] [stdout] test handlers::subscriptions::tests::test_deserialize_http_target_valid ... ok
[INFO] [stdout] test iam::tests::refresh_token_authorization ... ok
[INFO] [stdout] test iam::tests::service_access_token_authorization_no_organization_id ... ok
[INFO] [stdout] test iam::tests::service_access_token_authorization_wrong_organization ... ok
[INFO] [stdout] test iam::tests::service_access_token_authorization_root_token ... ok
[INFO] [stdout] test middleware_get_user_ip::tests::parse_ip_v4_invalid_separation ... ok
[INFO] [stdout] test middleware_get_user_ip::tests::parse_ip_v4_invalid_ip ... ok
[INFO] [stdout] test middleware_get_user_ip::tests::parse_ip_v6_invalid_ip ... ok
[INFO] [stdout] test middleware_get_user_ip::tests::parse_ip_v4_no_port ... ok
[INFO] [stdout] test middleware_get_user_ip::tests::parse_ip_v4_valid ... ok
[INFO] [stdout] test middleware_get_user_ip::tests::parse_ip_v6_valid ... ok
[INFO] [stdout] test validators::tests::event_types_empty ... ok
[INFO] [stdout] test validators::tests::event_types_invalid_name_length1 ... ok
[INFO] [stdout] test validators::tests::event_types_invalid_name_length2 ... ok
[INFO] [stdout] test validators::tests::event_types_invalid_size ... ok
[INFO] [stdout] test iam::tests::service_access_token_authorization_expiration ... ok
[INFO] [stdout] test middleware_get_user_ip::tests::parse_ip_v6_invalid_separation ... ok
[INFO] [stdout] test validators::tests::labels_empty ... ok
[INFO] [stdout] test validators::tests::event_types_valid ... ok
[INFO] [stdout] test validators::tests::labels_invalid_property_length1 ... ok
[INFO] [stdout] test middleware_get_user_ip::tests::parse_ip_v6_no_port ... ok
[INFO] [stdout] test validators::tests::labels_invalid_property_length2 ... ok
[INFO] [stdout] test validators::tests::labels_invalid_property_length3 ... ok
[INFO] [stdout] test validators::tests::labels_invalid_property_length4 ... ok
[INFO] [stdout] test validators::tests::labels_invalid_size ... ok
[INFO] [stdout] test validators::tests::labels_valid ... ok
[INFO] [stdout] test validators::tests::metadata_empty ... ok
[INFO] [stdout] test validators::tests::metadata_invalid_property_length1 ... ok
[INFO] [stdout] test validators::tests::metadata_invalid_property_length2 ... ok
[INFO] [stdout] test validators::tests::metadata_invalid_property_length3 ... ok
[INFO] [stdout] test validators::tests::metadata_invalid_property_length4 ... ok
[INFO] [stdout] test validators::tests::metadata_invalid_property_types ... ok
[INFO] [stdout] test validators::tests::metadata_valid ... ok
[INFO] [stdout] test validators::tests::metadata_invalid_size ... ok
[INFO] [stdout] test iam::tests::service_access_token_authorization_application ... ok
[INFO] [stdout] test validators::tests::labels_invalid_property_types ... ok
[INFO] [stdout] test iam::tests::refreshh_token_authorization_expiration ... FAILED
[INFO] [stdout] test iam::tests::user_access_token_authorization_editor ... FAILED
[INFO] [stdout] test iam::tests::user_access_token_authorization_roles ... FAILED
[INFO] [stdout] 
[INFO] [stdout] failures:
[INFO] [stdout] 
[INFO] [stdout] ---- iam::tests::refreshh_token_authorization_expiration stdout ----
[INFO] [stdout] [2024-12-14T09:57:59Z TRACE hook0_api::iam] Authorizer state:
[INFO] [stdout]     // Facts:
[INFO] [stdout]     // origin: 0
[INFO] [stdout]     created_at(2024-12-14T09:57:59Z);
[INFO] [stdout]     session_id(hex:9863b91e33194b6f9f21f25a2173714d);
[INFO] [stdout]     token_id(hex:50c7fb5d46e442ddb58676a7799f5f42);
[INFO] [stdout]     type("refresh");
[INFO] [stdout]     user_id(hex:26376063e635499d9e0b4b98ff3b56fe);
[INFO] [stdout]     version(1);
[INFO] [stdout]     // origin: 0, authorizer
[INFO] [stdout]     valid_version("refresh", 1);
[INFO] [stdout]     // origin: authorizer
[INFO] [stdout]     supported_version("refresh", 1);
[INFO] [stdout]     time(2024-12-14T09:57:59Z);
[INFO] [stdout]     
[INFO] [stdout]     // Rules:
[INFO] [stdout]     // origin: authorizer
[INFO] [stdout]     expired($t) <- expired_at($exp), time($t), $exp < $t;
[INFO] [stdout]     valid_version($t, $v) <- type($t), version($v), supported_version($t, $v);
[INFO] [stdout]     
[INFO] [stdout]     // Checks:
[INFO] [stdout]     // origin: 0
[INFO] [stdout]     check if time($t), $t < 2024-12-14T10:27:59Z;
[INFO] [stdout]     // origin: 1
[INFO] [stdout]     check if time($time), $time <= 2024-12-14T09:58:00Z;
[INFO] [stdout]     // origin: authorizer
[INFO] [stdout]     check if valid_version($t, $v);
[INFO] [stdout]     
[INFO] [stdout]     // Policies:
[INFO] [stdout]     deny if expired($t);
[INFO] [stdout]     allow if true;
[INFO] [stdout]     
[INFO] [stdout] [api/src/iam.rs:1481:17] authorize_refresh_token(&not_yet_expired_biscuit) = Err(
[INFO] [stdout]     RunLimit(
[INFO] [stdout]         Timeout,
[INFO] [stdout]     ),
[INFO] [stdout] )
[INFO] [stdout] thread 'iam::tests::refreshh_token_authorization_expiration' panicked at api/src/iam.rs:1481:9:
[INFO] [stdout] assertion failed: dbg!(authorize_refresh_token(&not_yet_expired_biscuit)).is_ok()
[INFO] [stdout] stack backtrace:
[INFO] [stdout]    0:     0x6495d09681ca - std::backtrace_rs::backtrace::libunwind::trace::h5a5b8284f2d0c266
[INFO] [stdout]                                at /rustc/90b35a6239c3d8bdabc530a6a0816f7ff89a0aaf/library/std/src/../../backtrace/src/backtrace/libunwind.rs:116:5
[INFO] [stdout]    1:     0x6495d09681ca - std::backtrace_rs::backtrace::trace_unsynchronized::h76d4f1c9b0b875e3
[INFO] [stdout]                                at /rustc/90b35a6239c3d8bdabc530a6a0816f7ff89a0aaf/library/std/src/../../backtrace/src/backtrace/mod.rs:66:5
[INFO] [stdout]    2:     0x6495d09681ca - std::sys::backtrace::_print_fmt::hc4546b8364a537c6
[INFO] [stdout]                                at /rustc/90b35a6239c3d8bdabc530a6a0816f7ff89a0aaf/library/std/src/sys/backtrace.rs:66:9
[INFO] [stdout]    3:     0x6495d09681ca - <std::sys::backtrace::BacktraceLock::print::DisplayBacktrace as core::fmt::Display>::fmt::h5b6bd5631a6d1f6b
[INFO] [stdout]                                at /rustc/90b35a6239c3d8bdabc530a6a0816f7ff89a0aaf/library/std/src/sys/backtrace.rs:39:26
[INFO] [stdout]    4:     0x6495d098f453 - core::fmt::rt::Argument::fmt::h270f6602a2b96f62
[INFO] [stdout]                                at /rustc/90b35a6239c3d8bdabc530a6a0816f7ff89a0aaf/library/core/src/fmt/rt.rs:177:76
[INFO] [stdout]    5:     0x6495d098f453 - core::fmt::write::h7550c97b06c86515
[INFO] [stdout]                                at /rustc/90b35a6239c3d8bdabc530a6a0816f7ff89a0aaf/library/core/src/fmt/mod.rs:1186:21
[INFO] [stdout]    6:     0x6495d09652b3 - std::io::Write::write_fmt::h509ff860e5956e5e
[INFO] [stdout]                                at /rustc/90b35a6239c3d8bdabc530a6a0816f7ff89a0aaf/library/std/src/io/mod.rs:1839:15
[INFO] [stdout]    7:     0x6495d0968012 - std::sys::backtrace::BacktraceLock::print::h2395ccd2c84ba3aa
[INFO] [stdout]                                at /rustc/90b35a6239c3d8bdabc530a6a0816f7ff89a0aaf/library/std/src/sys/backtrace.rs:42:9
[INFO] [stdout]    8:     0x6495d096962a - std::panicking::default_hook::{{closure}}::he19d4c7230e07961
[INFO] [stdout]                                at /rustc/90b35a6239c3d8bdabc530a6a0816f7ff89a0aaf/library/std/src/panicking.rs:268:22
[INFO] [stdout]    9:     0x6495d0969434 - std::panicking::default_hook::hf614597d3c67bbdb
[INFO] [stdout]                                at /rustc/90b35a6239c3d8bdabc530a6a0816f7ff89a0aaf/library/std/src/panicking.rs:292:9
[INFO] [stdout]   10:     0x6495d03ecd69 - <alloc::boxed::Box<F,A> as core::ops::function::Fn<Args>>::call::h39b51ce4599c23d1
[INFO] [stdout]                                at /rustc/90b35a6239c3d8bdabc530a6a0816f7ff89a0aaf/library/alloc/src/boxed.rs:2468:9
[INFO] [stdout]   11:     0x6495d03ecd69 - test::test_main::{{closure}}::he977ae839a582784
[INFO] [stdout]                                at /rustc/90b35a6239c3d8bdabc530a6a0816f7ff89a0aaf/library/test/src/lib.rs:133:21
[INFO] [stdout]   12:     0x6495d0969cc8 - <alloc::boxed::Box<F,A> as core::ops::function::Fn<Args>>::call::h9455091b6b06f9fb
[INFO] [stdout]                                at /rustc/90b35a6239c3d8bdabc530a6a0816f7ff89a0aaf/library/alloc/src/boxed.rs:2468:9
[INFO] [stdout]   13:     0x6495d0969cc8 - std::panicking::rust_panic_with_hook::h8942133a8b252070
[INFO] [stdout]                                at /rustc/90b35a6239c3d8bdabc530a6a0816f7ff89a0aaf/library/std/src/panicking.rs:809:13
[INFO] [stdout]   14:     0x6495d0969a56 - std::panicking::begin_panic_handler::{{closure}}::hb5f5963570096b29
[INFO] [stdout]                                at /rustc/90b35a6239c3d8bdabc530a6a0816f7ff89a0aaf/library/std/src/panicking.rs:667:13
[INFO] [stdout]   15:     0x6495d09686a9 - std::sys::backtrace::__rust_end_short_backtrace::h6208cedc1922feda
[INFO] [stdout]                                at /rustc/90b35a6239c3d8bdabc530a6a0816f7ff89a0aaf/library/std/src/sys/backtrace.rs:170:18
[INFO] [stdout]   16:     0x6495d096971c - rust_begin_unwind
[INFO] [stdout]                                at /rustc/90b35a6239c3d8bdabc530a6a0816f7ff89a0aaf/library/std/src/panicking.rs:665:5
[INFO] [stdout]   17:     0x6495d0343130 - core::panicking::panic_fmt::h0c3082644d1bf418
[INFO] [stdout]                                at /rustc/90b35a6239c3d8bdabc530a6a0816f7ff89a0aaf/library/core/src/panicking.rs:74:14
[INFO] [stdout]   18:     0x6495d03431bc - core::panicking::panic::h957f98c65a3b3074
[INFO] [stdout]                                at /rustc/90b35a6239c3d8bdabc530a6a0816f7ff89a0aaf/library/core/src/panicking.rs:148:5
[INFO] [stdout]   19:     0x6495d039cddc - hook0_api::iam::tests::refreshh_token_authorization_expiration::h9b408c8ad5c65d78
[INFO] [stdout]                                at /opt/rustwide/workdir/api/src/iam.rs:1481:9
[INFO] [stdout]   20:     0x6495d039c287 - hook0_api::iam::tests::refreshh_token_authorization_expiration::{{closure}}::ha6ed1c989139a0e0
[INFO] [stdout]                                at /opt/rustwide/workdir/api/src/iam.rs:1458:49
[INFO] [stdout]   21:     0x6495d0383246 - core::ops::function::FnOnce::call_once::h18af17ecf5fced70
[INFO] [stdout]                                at /rustc/90b35a6239c3d8bdabc530a6a0816f7ff89a0aaf/library/core/src/ops/function.rs:250:5
[INFO] [stdout]   22:     0x6495d03f172b - core::ops::function::FnOnce::call_once::h109cf8051a59b34e
[INFO] [stdout]                                at /rustc/90b35a6239c3d8bdabc530a6a0816f7ff89a0aaf/library/core/src/ops/function.rs:250:5
[INFO] [stdout]   23:     0x6495d03f172b - test::__rust_begin_short_backtrace::hf4fff89d377446ba
[INFO] [stdout]                                at /rustc/90b35a6239c3d8bdabc530a6a0816f7ff89a0aaf/library/test/src/lib.rs:621:18
[INFO] [stdout]   24:     0x6495d03f0f67 - test::run_test_in_process::{{closure}}::h0e39181dd7ee5a43
[INFO] [stdout]                                at /rustc/90b35a6239c3d8bdabc530a6a0816f7ff89a0aaf/library/test/src/lib.rs:644:60
[INFO] [stdout]   25:     0x6495d03f0f67 - <core::panic::unwind_safe::AssertUnwindSafe<F> as core::ops::function::FnOnce<()>>::call_once::hc5a66a30f0bdfd1f
[INFO] [stdout]                                at /rustc/90b35a6239c3d8bdabc530a6a0816f7ff89a0aaf/library/core/src/panic/unwind_safe.rs:272:9
[INFO] [stdout]   26:     0x6495d03f0f67 - std::panicking::try::do_call::h873b7cf639554a5e
[INFO] [stdout]                                at /rustc/90b35a6239c3d8bdabc530a6a0816f7ff89a0aaf/library/std/src/panicking.rs:557:40
[INFO] [stdout]   27:     0x6495d03f0f67 - std::panicking::try::hdb19862fad9c8bd1
[INFO] [stdout]                                at /rustc/90b35a6239c3d8bdabc530a6a0816f7ff89a0aaf/library/std/src/panicking.rs:520:19
[INFO] [stdout]   28:     0x6495d03f0f67 - std::panic::catch_unwind::h281fe732d236d260
[INFO] [stdout]                                at /rustc/90b35a6239c3d8bdabc530a6a0816f7ff89a0aaf/library/std/src/panic.rs:358:14
[INFO] [stdout]   29:     0x6495d03f0f67 - test::run_test_in_process::h949b6df8457ed338
[INFO] [stdout]                                at /rustc/90b35a6239c3d8bdabc530a6a0816f7ff89a0aaf/library/test/src/lib.rs:644:27
[INFO] [stdout]   30:     0x6495d03f0f67 - test::run_test::{{closure}}::h52c556a6d4740e10
[INFO] [stdout]                                at /rustc/90b35a6239c3d8bdabc530a6a0816f7ff89a0aaf/library/test/src/lib.rs:565:43
[INFO] [stdout]   31:     0x6495d03b6244 - test::run_test::{{closure}}::h4237f6381c45ccb9
[INFO] [stdout]                                at /rustc/90b35a6239c3d8bdabc530a6a0816f7ff89a0aaf/library/test/src/lib.rs:595:41
[INFO] [stdout]   32:     0x6495d03b6244 - std::sys::backtrace::__rust_begin_short_backtrace::h505c97a579eca628
[INFO] [stdout]                                at /rustc/90b35a6239c3d8bdabc530a6a0816f7ff89a0aaf/library/std/src/sys/backtrace.rs:154:18
[INFO] [stdout]   33:     0x6495d03b990e - std::thread::Builder::spawn_unchecked_::{{closure}}::{{closure}}::h9e86b2e2bc107ea3
[INFO] [stdout]                                at /rustc/90b35a6239c3d8bdabc530a6a0816f7ff89a0aaf/library/std/src/thread/mod.rs:538:17
[INFO] [stdout]   34:     0x6495d03b990e - <core::panic::unwind_safe::AssertUnwindSafe<F> as core::ops::function::FnOnce<()>>::call_once::h8b06ddb275ff4a25
[INFO] [stdout]                                at /rustc/90b35a6239c3d8bdabc530a6a0816f7ff89a0aaf/library/core/src/panic/unwind_safe.rs:272:9
[INFO] [stdout]   35:     0x6495d03b990e - std::panicking::try::do_call::hb26ecd7cd9a9355d
[INFO] [stdout]                                at /rustc/90b35a6239c3d8bdabc530a6a0816f7ff89a0aaf/library/std/src/panicking.rs:557:40
[INFO] [stdout]   36:     0x6495d03b990e - std::panicking::try::h8ddeca9d705f9069
[INFO] [stdout]                                at /rustc/90b35a6239c3d8bdabc530a6a0816f7ff89a0aaf/library/std/src/panicking.rs:520:19
[INFO] [stdout]   37:     0x6495d03b990e - std::panic::catch_unwind::h49e1c33078844c46
[INFO] [stdout]                                at /rustc/90b35a6239c3d8bdabc530a6a0816f7ff89a0aaf/library/std/src/panic.rs:358:14
[INFO] [stdout]   38:     0x6495d03b990e - std::thread::Builder::spawn_unchecked_::{{closure}}::h6073db6ff56ad35d
[INFO] [stdout]                                at /rustc/90b35a6239c3d8bdabc530a6a0816f7ff89a0aaf/library/std/src/thread/mod.rs:537:30
[INFO] [stdout]   39:     0x6495d03b990e - core::ops::function::FnOnce::call_once{{vtable.shim}}::h2c5a5f3779c774f1
[INFO] [stdout]                                at /rustc/90b35a6239c3d8bdabc530a6a0816f7ff89a0aaf/library/core/src/ops/function.rs:250:5
[INFO] [stdout]   40:     0x6495d096da1b - <alloc::boxed::Box<F,A> as core::ops::function::FnOnce<Args>>::call_once::hf75717d9f28faebf
[INFO] [stdout]                                at /rustc/90b35a6239c3d8bdabc530a6a0816f7ff89a0aaf/library/alloc/src/boxed.rs:2454:9
[INFO] [stdout]   41:     0x6495d096da1b - <alloc::boxed::Box<F,A> as core::ops::function::FnOnce<Args>>::call_once::h7bd883a5f3c5f3c1
[INFO] [stdout]                                at /rustc/90b35a6239c3d8bdabc530a6a0816f7ff89a0aaf/library/alloc/src/boxed.rs:2454:9
[INFO] [stdout]   42:     0x6495d096da1b - std::sys::pal::unix::thread::Thread::new::thread_start::hcc78f3943333fa94
[INFO] [stdout]                                at /rustc/90b35a6239c3d8bdabc530a6a0816f7ff89a0aaf/library/std/src/sys/pal/unix/thread.rs:105:17
[INFO] [stdout]   43:     0x7a1b3572dac3 - <unknown>
[INFO] [stdout]   44:     0x7a1b357bea04 - clone
[INFO] [stdout]   45:                0x0 - <unknown>
[INFO] [stdout] 
[INFO] [stdout] ---- iam::tests::user_access_token_authorization_editor stdout ----
[INFO] [stdout] [2024-12-14T09:57:59Z TRACE hook0_api::iam] Authorizer state:
[INFO] [stdout]     // Facts:
[INFO] [stdout]     // origin: 0
[INFO] [stdout]     created_at(2024-12-14T09:57:59Z);
[INFO] [stdout]     email("email");
[INFO] [stdout]     first_name("first_name");
[INFO] [stdout]     last_name("last_name");
[INFO] [stdout]     organization_role(hex:ab1b421043a44c4db4ac2fcf19d0cd1f, "editor");
[INFO] [stdout]     session_id(hex:e3c9de4c8da94e7da6deee7c030de2af);
[INFO] [stdout]     token_id(hex:a38fae129b5a4bd48f48e1858e124818);
[INFO] [stdout]     type("user_access");
[INFO] [stdout]     user_id(hex:01c3e672f7b64497a0a62668bb2bf8a9);
[INFO] [stdout]     version(1);
[INFO] [stdout]     // origin: 0, authorizer
[INFO] [stdout]     organization_id(hex:ab1b421043a44c4db4ac2fcf19d0cd1f);
[INFO] [stdout]     role("editor");
[INFO] [stdout]     valid_role("editor");
[INFO] [stdout]     valid_type("user_access");
[INFO] [stdout]     valid_version("user_access", 1);
[INFO] [stdout]     // origin: authorizer
[INFO] [stdout]     action("test:simple");
[INFO] [stdout]     allowed_role("editor");
[INFO] [stdout]     allowed_role("viewer");
[INFO] [stdout]     supported_version("service_access", 1);
[INFO] [stdout]     supported_version("user_access", 1);
[INFO] [stdout]     time(2024-12-14T09:57:59Z);
[INFO] [stdout]     valid_types(["master_access", "service_access", "user_access"]);
[INFO] [stdout]     valid_types(["user_access", "master_access", "service_access"]);
[INFO] [stdout]     
[INFO] [stdout]     // Rules:
[INFO] [stdout]     // origin: authorizer
[INFO] [stdout]     expired($t) <- expired_at($exp), time($t), $exp < $t;
[INFO] [stdout]     organization_id($id) <- type("user_access"), organization_role($id, $r), $id == hex:ab1b421043a44c4db4ac2fcf19d0cd1f;
[INFO] [stdout]     organization_id(hex:ab1b421043a44c4db4ac2fcf19d0cd1f) <- type("master_access");
[INFO] [stdout]     role($r) <- type("user_access"), organization_id($id), organization_role($id, $r);
[INFO] [stdout]     valid_role("master") <- type("master_access");
[INFO] [stdout]     valid_role("service") <- type("service_access");
[INFO] [stdout]     valid_role($r) <- role($r), allowed_role($r);
[INFO] [stdout]     valid_type($t) <- type($t), valid_types($vt), $vt.contains($t);
[INFO] [stdout]     valid_version("master_access", 0) <- type("master_access");
[INFO] [stdout]     valid_version($t, $v) <- type($t), version($v), supported_version($t, $v);
[INFO] [stdout]     
[INFO] [stdout]     // Checks:
[INFO] [stdout]     // origin: 0
[INFO] [stdout]     check if time($t), $t < 2024-12-14T10:02:59Z;
[INFO] [stdout]     // origin: authorizer
[INFO] [stdout]     check if valid_type($t);
[INFO] [stdout]     check if valid_version($t, $v);
[INFO] [stdout]     check if valid_role($r);
[INFO] [stdout]     check if organization_id(hex:ab1b421043a44c4db4ac2fcf19d0cd1f);
[INFO] [stdout]     
[INFO] [stdout]     // Policies:
[INFO] [stdout]     deny if expired($t);
[INFO] [stdout]     allow if true;
[INFO] [stdout]     
[INFO] [stdout] [api/src/iam.rs:1346:13] authorize(&biscuit, Some(organization_id), Action::TestSimple,
[INFO] [stdout] MAX_DURATION_TIME_IN_MS) = Err(
[INFO] [stdout]     RunLimit(
[INFO] [stdout]         Timeout,
[INFO] [stdout]     ),
[INFO] [stdout] )
[INFO] [stdout] thread 'iam::tests::user_access_token_authorization_editor' panicked at api/src/iam.rs:1345:9:
[INFO] [stdout] assertion `left == right` failed
[INFO] [stdout]   left: Err(RunLimit(Timeout))
[INFO] [stdout]  right: Ok(User(AuthorizedUserToken { session_id: e3c9de4c-8da9-4e7d-a6de-ee7c030de2af, user_id: 01c3e672-f7b6-4497-a0a6-2668bb2bf8a9, organizations: [(ab1b4210-43a4-4c4d-b4ac-2fcf19d0cd1f, Editor)], email: "email", first_name: "first_name", last_name: "last_name" }))
[INFO] [stdout] stack backtrace:
[INFO] [stdout]    0:     0x6495d09681ca - std::backtrace_rs::backtrace::libunwind::trace::h5a5b8284f2d0c266
[INFO] [stdout]                                at /rustc/90b35a6239c3d8bdabc530a6a0816f7ff89a0aaf/library/std/src/../../backtrace/src/backtrace/libunwind.rs:116:5
[INFO] [stdout]    1:     0x6495d09681ca - std::backtrace_rs::backtrace::trace_unsynchronized::h76d4f1c9b0b875e3
[INFO] [stdout]                                at /rustc/90b35a6239c3d8bdabc530a6a0816f7ff89a0aaf/library/std/src/../../backtrace/src/backtrace/mod.rs:66:5
[INFO] [stdout]    2:     0x6495d09681ca - std::sys::backtrace::_print_fmt::hc4546b8364a537c6
[INFO] [stdout]                                at /rustc/90b35a6239c3d8bdabc530a6a0816f7ff89a0aaf/library/std/src/sys/backtrace.rs:66:9
[INFO] [stdout]    3:     0x6495d09681ca - <std::sys::backtrace::BacktraceLock::print::DisplayBacktrace as core::fmt::Display>::fmt::h5b6bd5631a6d1f6b
[INFO] [stdout]                                at /rustc/90b35a6239c3d8bdabc530a6a0816f7ff89a0aaf/library/std/src/sys/backtrace.rs:39:26
[INFO] [stdout]    4:     0x6495d098f453 - core::fmt::rt::Argument::fmt::h270f6602a2b96f62
[INFO] [stdout]                                at /rustc/90b35a6239c3d8bdabc530a6a0816f7ff89a0aaf/library/core/src/fmt/rt.rs:177:76
[INFO] [stdout]    5:     0x6495d098f453 - core::fmt::write::h7550c97b06c86515
[INFO] [stdout]                                at /rustc/90b35a6239c3d8bdabc530a6a0816f7ff89a0aaf/library/core/src/fmt/mod.rs:1186:21
[INFO] [stdout]    6:     0x6495d09652b3 - std::io::Write::write_fmt::h509ff860e5956e5e
[INFO] [stdout]                                at /rustc/90b35a6239c3d8bdabc530a6a0816f7ff89a0aaf/library/std/src/io/mod.rs:1839:15
[INFO] [stdout]    7:     0x6495d0968012 - std::sys::backtrace::BacktraceLock::print::h2395ccd2c84ba3aa
[INFO] [stdout]                                at /rustc/90b35a6239c3d8bdabc530a6a0816f7ff89a0aaf/library/std/src/sys/backtrace.rs:42:9
[INFO] [stdout]    8:     0x6495d096962a - std::panicking::default_hook::{{closure}}::he19d4c7230e07961
[INFO] [stdout]                                at /rustc/90b35a6239c3d8bdabc530a6a0816f7ff89a0aaf/library/std/src/panicking.rs:268:22
[INFO] [stdout]    9:     0x6495d0969434 - std::panicking::default_hook::hf614597d3c67bbdb
[INFO] [stdout]                                at /rustc/90b35a6239c3d8bdabc530a6a0816f7ff89a0aaf/library/std/src/panicking.rs:292:9
[INFO] [stdout]   10:     0x6495d03ecd69 - <alloc::boxed::Box<F,A> as core::ops::function::Fn<Args>>::call::h39b51ce4599c23d1
[INFO] [stdout]                                at /rustc/90b35a6239c3d8bdabc530a6a0816f7ff89a0aaf/library/alloc/src/boxed.rs:2468:9
[INFO] [stdout]   11:     0x6495d03ecd69 - test::test_main::{{closure}}::he977ae839a582784
[INFO] [stdout]                                at /rustc/90b35a6239c3d8bdabc530a6a0816f7ff89a0aaf/library/test/src/lib.rs:133:21
[INFO] [stdout]   12:     0x6495d0969cc8 - <alloc::boxed::Box<F,A> as core::ops::function::Fn<Args>>::call::h9455091b6b06f9fb
[INFO] [stdout]                                at /rustc/90b35a6239c3d8bdabc530a6a0816f7ff89a0aaf/library/alloc/src/boxed.rs:2468:9
[INFO] [stdout]   13:     0x6495d0969cc8 - std::panicking::rust_panic_with_hook::h8942133a8b252070
[INFO] [stdout]                                at /rustc/90b35a6239c3d8bdabc530a6a0816f7ff89a0aaf/library/std/src/panicking.rs:809:13
[INFO] [stdout]   14:     0x6495d0969a8a - std::panicking::begin_panic_handler::{{closure}}::hb5f5963570096b29
[INFO] [stdout]                                at /rustc/90b35a6239c3d8bdabc530a6a0816f7ff89a0aaf/library/std/src/panicking.rs:674:13
[INFO] [stdout]   15:     0x6495d09686a9 - std::sys::backtrace::__rust_end_short_backtrace::h6208cedc1922feda
[INFO] [stdout]                                at /rustc/90b35a6239c3d8bdabc530a6a0816f7ff89a0aaf/library/std/src/sys/backtrace.rs:170:18
[INFO] [stdout]   16:     0x6495d096971c - rust_begin_unwind
[INFO] [stdout]                                at /rustc/90b35a6239c3d8bdabc530a6a0816f7ff89a0aaf/library/std/src/panicking.rs:665:5
[INFO] [stdout]   17:     0x6495d0343130 - core::panicking::panic_fmt::h0c3082644d1bf418
[INFO] [stdout]                                at /rustc/90b35a6239c3d8bdabc530a6a0816f7ff89a0aaf/library/core/src/panicking.rs:74:14
[INFO] [stdout]   18:     0x6495d0343534 - core::panicking::assert_failed_inner::h2ddf1fcc067fa858
[INFO] [stdout]   19:     0x6495d0373313 - core::panicking::assert_failed::h1a032e9cfc302ef6
[INFO] [stdout]                                at /rustc/90b35a6239c3d8bdabc530a6a0816f7ff89a0aaf/library/core/src/panicking.rs:367:5
[INFO] [stdout]   20:     0x6495d0399b7a - hook0_api::iam::tests::user_access_token_authorization_editor::he8471fd8bee39b4e
[INFO] [stdout]                                at /opt/rustwide/workdir/api/src/iam.rs:1345:9
[INFO] [stdout]   21:     0x6495d0398fb7 - hook0_api::iam::tests::user_access_token_authorization_editor::{{closure}}::h9801335d7f572732
[INFO] [stdout]                                at /opt/rustwide/workdir/api/src/iam.rs:1326:48
[INFO] [stdout]   22:     0x6495d03834f6 - core::ops::function::FnOnce::call_once::h438e4bdffaee44e3
[INFO] [stdout]                                at /rustc/90b35a6239c3d8bdabc530a6a0816f7ff89a0aaf/library/core/src/ops/function.rs:250:5
[INFO] [stdout]   23:     0x6495d03f172b - core::ops::function::FnOnce::call_once::h109cf8051a59b34e
[INFO] [stdout]                                at /rustc/90b35a6239c3d8bdabc530a6a0816f7ff89a0aaf/library/core/src/ops/function.rs:250:5
[INFO] [stdout]   24:     0x6495d03f172b - test::__rust_begin_short_backtrace::hf4fff89d377446ba
[INFO] [stdout]                                at /rustc/90b35a6239c3d8bdabc530a6a0816f7ff89a0aaf/library/test/src/lib.rs:621:18
[INFO] [stdout]   25:     0x6495d03f0f67 - test::run_test_in_process::{{closure}}::h0e39181dd7ee5a43
[INFO] [stdout]                                at /rustc/90b35a6239c3d8bdabc530a6a0816f7ff89a0aaf/library/test/src/lib.rs:644:60
[INFO] [stdout]   26:     0x6495d03f0f67 - <core::panic::unwind_safe::AssertUnwindSafe<F> as core::ops::function::FnOnce<()>>::call_once::hc5a66a30f0bdfd1f
[INFO] [stdout]                                at /rustc/90b35a6239c3d8bdabc530a6a0816f7ff89a0aaf/library/core/src/panic/unwind_safe.rs:272:9
[INFO] [stdout]   27:     0x6495d03f0f67 - std::panicking::try::do_call::h873b7cf639554a5e
[INFO] [stdout]                                at /rustc/90b35a6239c3d8bdabc530a6a0816f7ff89a0aaf/library/std/src/panicking.rs:557:40
[INFO] [stdout]   28:     0x6495d03f0f67 - std::panicking::try::hdb19862fad9c8bd1
[INFO] [stdout]                                at /rustc/90b35a6239c3d8bdabc530a6a0816f7ff89a0aaf/library/std/src/panicking.rs:520:19
[INFO] [stdout]   29:     0x6495d03f0f67 - std::panic::catch_unwind::h281fe732d236d260
[INFO] [stdout]                                at /rustc/90b35a6239c3d8bdabc530a6a0816f7ff89a0aaf/library/std/src/panic.rs:358:14
[INFO] [stdout]   30:     0x6495d03f0f67 - test::run_test_in_process::h949b6df8457ed338
[INFO] [stdout]                                at /rustc/90b35a6239c3d8bdabc530a6a0816f7ff89a0aaf/library/test/src/lib.rs:644:27
[INFO] [stdout]   31:     0x6495d03f0f67 - test::run_test::{{closure}}::h52c556a6d4740e10
[INFO] [stdout]                                at /rustc/90b35a6239c3d8bdabc530a6a0816f7ff89a0aaf/library/test/src/lib.rs:565:43
[INFO] [stdout]   32:     0x6495d03b6244 - test::run_test::{{closure}}::h4237f6381c45ccb9
[INFO] [stdout]                                at /rustc/90b35a6239c3d8bdabc530a6a0816f7ff89a0aaf/library/test/src/lib.rs:595:41
[INFO] [stdout]   33:     0x6495d03b6244 - std::sys::backtrace::__rust_begin_short_backtrace::h505c97a579eca628
[INFO] [stdout]                                at /rustc/90b35a6239c3d8bdabc530a6a0816f7ff89a0aaf/library/std/src/sys/backtrace.rs:154:18
[INFO] [stdout]   34:     0x6495d03b990e - std::thread::Builder::spawn_unchecked_::{{closure}}::{{closure}}::h9e86b2e2bc107ea3
[INFO] [stdout]                                at /rustc/90b35a6239c3d8bdabc530a6a0816f7ff89a0aaf/library/std/src/thread/mod.rs:538:17
[INFO] [stdout]   35:     0x6495d03b990e - <core::panic::unwind_safe::AssertUnwindSafe<F> as core::ops::function::FnOnce<()>>::call_once::h8b06ddb275ff4a25
[INFO] [stdout]                                at /rustc/90b35a6239c3d8bdabc530a6a0816f7ff89a0aaf/library/core/src/panic/unwind_safe.rs:272:9
[INFO] [stdout]   36:     0x6495d03b990e - std::panicking::try::do_call::hb26ecd7cd9a9355d
[INFO] [stdout]                                at /rustc/90b35a6239c3d8bdabc530a6a0816f7ff89a0aaf/library/std/src/panicking.rs:557:40
[INFO] [stdout]   37:     0x6495d03b990e - std::panicking::try::h8ddeca9d705f9069
[INFO] [stdout]                                at /rustc/90b35a6239c3d8bdabc530a6a0816f7ff89a0aaf/library/std/src/panicking.rs:520:19
[INFO] [stdout]   38:     0x6495d03b990e - std::panic::catch_unwind::h49e1c33078844c46
[INFO] [stdout]                                at /rustc/90b35a6239c3d8bdabc530a6a0816f7ff89a0aaf/library/std/src/panic.rs:358:14
[INFO] [stdout]   39:     0x6495d03b990e - std::thread::Builder::spawn_unchecked_::{{closure}}::h6073db6ff56ad35d
[INFO] [stdout]                                at /rustc/90b35a6239c3d8bdabc530a6a0816f7ff89a0aaf/library/std/src/thread/mod.rs:537:30
[INFO] [stdout]   40:     0x6495d03b990e - core::ops::function::FnOnce::call_once{{vtable.shim}}::h2c5a5f3779c774f1
[INFO] [stdout]                                at /rustc/90b35a6239c3d8bdabc530a6a0816f7ff89a0aaf/library/core/src/ops/function.rs:250:5
[INFO] [stdout]   41:     0x6495d096da1b - <alloc::boxed::Box<F,A> as core::ops::function::FnOnce<Args>>::call_once::hf75717d9f28faebf
[INFO] [stdout]                                at /rustc/90b35a6239c3d8bdabc530a6a0816f7ff89a0aaf/library/alloc/src/boxed.rs:2454:9
[INFO] [stdout]   42:     0x6495d096da1b - <alloc::boxed::Box<F,A> as core::ops::function::FnOnce<Args>>::call_once::h7bd883a5f3c5f3c1
[INFO] [stdout]                                at /rustc/90b35a6239c3d8bdabc530a6a0816f7ff89a0aaf/library/alloc/src/boxed.rs:2454:9
[INFO] [stdout]   43:     0x6495d096da1b - std::sys::pal::unix::thread::Thread::new::thread_start::hcc78f3943333fa94
[INFO] [stdout]                                at /rustc/90b35a6239c3d8bdabc530a6a0816f7ff89a0aaf/library/std/src/sys/pal/unix/thread.rs:105:17
[INFO] [stdout]   44:     0x7a1b3572dac3 - <unknown>
[INFO] [stdout]   45:     0x7a1b357bea04 - clone
[INFO] [stdout]   46:                0x0 - <unknown>
[INFO] [stdout] 
[INFO] [stdout] ---- iam::tests::user_access_token_authorization_roles stdout ----
[INFO] [stdout] [2024-12-14T09:57:59Z TRACE hook0_api::iam] Authorizer state:
[INFO] [stdout]     // Facts:
[INFO] [stdout]     // origin: 0
[INFO] [stdout]     created_at(2024-12-14T09:57:59Z);
[INFO] [stdout]     email("");
[INFO] [stdout]     first_name("");
[INFO] [stdout]     last_name("");
[INFO] [stdout]     organization_role(hex:54f5a10a155f419b8f1e9c177e32102c, "viewer");
[INFO] [stdout]     organization_role(hex:7cf0e48542574376bb533eff3001101e, "editor");
[INFO] [stdout]     session_id(hex:19601565af7c44e3b05379516aa0a615);
[INFO] [stdout]     token_id(hex:a0a5b1be1617412584f7d70ebe48b653);
[INFO] [stdout]     type("user_access");
[INFO] [stdout]     user_id(hex:5b35792ac4ed4591b58facaf2a90e4f5);
[INFO] [stdout]     version(1);
[INFO] [stdout]     // origin: 0, authorizer
[INFO] [stdout]     organization_id(hex:7cf0e48542574376bb533eff3001101e);
[INFO] [stdout]     role("editor");
[INFO] [stdout]     valid_role("editor");
[INFO] [stdout]     valid_type("user_access");
[INFO] [stdout]     valid_version("user_access", 1);
[INFO] [stdout]     // origin: authorizer
[INFO] [stdout]     action("test:simple");
[INFO] [stdout]     allowed_role("editor");
[INFO] [stdout]     allowed_role("viewer");
[INFO] [stdout]     supported_version("service_access", 1);
[INFO] [stdout]     supported_version("user_access", 1);
[INFO] [stdout]     time(2024-12-14T09:57:59Z);
[INFO] [stdout]     valid_types(["master_access", "service_access", "user_access"]);
[INFO] [stdout]     valid_types(["user_access", "master_access", "service_access"]);
[INFO] [stdout]     
[INFO] [stdout]     // Rules:
[INFO] [stdout]     // origin: authorizer
[INFO] [stdout]     expired($t) <- expired_at($exp), time($t), $exp < $t;
[INFO] [stdout]     organization_id($id) <- type("user_access"), organization_role($id, $r), $id == hex:7cf0e48542574376bb533eff3001101e;
[INFO] [stdout]     organization_id(hex:7cf0e48542574376bb533eff3001101e) <- type("master_access");
[INFO] [stdout]     role($r) <- type("user_access"), organization_id($id), organization_role($id, $r);
[INFO] [stdout]     valid_role("master") <- type("master_access");
[INFO] [stdout]     valid_role("service") <- type("service_access");
[INFO] [stdout]     valid_role($r) <- role($r), allowed_role($r);
[INFO] [stdout]     valid_type($t) <- type($t), valid_types($vt), $vt.contains($t);
[INFO] [stdout]     valid_version("master_access", 0) <- type("master_access");
[INFO] [stdout]     valid_version($t, $v) <- type($t), version($v), supported_version($t, $v);
[INFO] [stdout]     
[INFO] [stdout]     // Checks:
[INFO] [stdout]     // origin: 0
[INFO] [stdout]     check if time($t), $t < 2024-12-14T10:02:59Z;
[INFO] [stdout]     // origin: authorizer
[INFO] [stdout]     check if valid_type($t);
[INFO] [stdout]     check if valid_version($t, $v);
[INFO] [stdout]     check if valid_role($r);
[INFO] [stdout]     check if organization_id(hex:7cf0e48542574376bb533eff3001101e);
[INFO] [stdout]     
[INFO] [stdout]     // Policies:
[INFO] [stdout]     deny if expired($t);
[INFO] [stdout]     allow if true;
[INFO] [stdout]     
[INFO] [stdout] [api/src/iam.rs:1389:17] authorize(&biscuit, Some(organization_id1), Action::TestSimple,
[INFO] [stdout] MAX_DURATION_TIME_IN_MS) = Ok(
[INFO] [stdout]     User(
[INFO] [stdout]         AuthorizedUserToken {
[INFO] [stdout]             session_id: 19601565-af7c-44e3-b053-79516aa0a615,
[INFO] [stdout]             user_id: 5b35792a-c4ed-4591-b58f-acaf2a90e4f5,
[INFO] [stdout]             organizations: [
[INFO] [stdout]                 (
[INFO] [stdout]                     7cf0e485-4257-4376-bb53-3eff3001101e,
[INFO] [stdout]                     Editor,
[INFO] [stdout]                 ),
[INFO] [stdout]                 (
[INFO] [stdout]                     54f5a10a-155f-419b-8f1e-9c177e32102c,
[INFO] [stdout]                     Viewer,
[INFO] [stdout]                 ),
[INFO] [stdout]             ],
[INFO] [stdout]             email: "",
[INFO] [stdout]             first_name: "",
[INFO] [stdout]             last_name: "",
[INFO] [stdout]         },
[INFO] [stdout]     ),
[INFO] [stdout] )
[INFO] [stdout] [2024-12-14T09:57:59Z TRACE hook0_api::iam] Authorizer state:
[INFO] [stdout]     // Facts:
[INFO] [stdout]     // origin: 0
[INFO] [stdout]     created_at(2024-12-14T09:57:59Z);
[INFO] [stdout]     email("");
[INFO] [stdout]     first_name("");
[INFO] [stdout]     last_name("");
[INFO] [stdout]     organization_role(hex:54f5a10a155f419b8f1e9c177e32102c, "viewer");
[INFO] [stdout]     organization_role(hex:7cf0e48542574376bb533eff3001101e, "editor");
[INFO] [stdout]     session_id(hex:19601565af7c44e3b05379516aa0a615);
[INFO] [stdout]     token_id(hex:a0a5b1be1617412584f7d70ebe48b653);
[INFO] [stdout]     type("user_access");
[INFO] [stdout]     user_id(hex:5b35792ac4ed4591b58facaf2a90e4f5);
[INFO] [stdout]     version(1);
[INFO] [stdout]     // origin: 0, authorizer
[INFO] [stdout]     organization_id(hex:54f5a10a155f419b8f1e9c177e32102c);
[INFO] [stdout]     role("viewer");
[INFO] [stdout]     valid_role("viewer");
[INFO] [stdout]     valid_type("user_access");
[INFO] [stdout]     valid_version("user_access", 1);
[INFO] [stdout]     // origin: authorizer
[INFO] [stdout]     action("test:simple");
[INFO] [stdout]     allowed_role("editor");
[INFO] [stdout]     allowed_role("viewer");
[INFO] [stdout]     supported_version("service_access", 1);
[INFO] [stdout]     supported_version("user_access", 1);
[INFO] [stdout]     time(2024-12-14T09:57:59Z);
[INFO] [stdout]     valid_types(["master_access", "service_access", "user_access"]);
[INFO] [stdout]     valid_types(["user_access", "master_access", "service_access"]);
[INFO] [stdout]     
[INFO] [stdout]     // Rules:
[INFO] [stdout]     // origin: authorizer
[INFO] [stdout]     expired($t) <- expired_at($exp), time($t), $exp < $t;
[INFO] [stdout]     organization_id($id) <- type("user_access"), organization_role($id, $r), $id == hex:54f5a10a155f419b8f1e9c177e32102c;
[INFO] [stdout]     organization_id(hex:54f5a10a155f419b8f1e9c177e32102c) <- type("master_access");
[INFO] [stdout]     role($r) <- type("user_access"), organization_id($id), organization_role($id, $r);
[INFO] [stdout]     valid_role("master") <- type("master_access");
[INFO] [stdout]     valid_role("service") <- type("service_access");
[INFO] [stdout]     valid_role($r) <- role($r), allowed_role($r);
[INFO] [stdout]     valid_type($t) <- type($t), valid_types($vt), $vt.contains($t);
[INFO] [stdout]     valid_version("master_access", 0) <- type("master_access");
[INFO] [stdout]     valid_version($t, $v) <- type($t), version($v), supported_version($t, $v);
[INFO] [stdout]     
[INFO] [stdout]     // Checks:
[INFO] [stdout]     // origin: 0
[INFO] [stdout]     check if time($t), $t < 2024-12-14T10:02:59Z;
[INFO] [stdout]     // origin: authorizer
[INFO] [stdout]     check if valid_type($t);
[INFO] [stdout]     check if valid_version($t, $v);
[INFO] [stdout]     check if valid_role($r);
[INFO] [stdout]     check if organization_id(hex:54f5a10a155f419b8f1e9c177e32102c);
[INFO] [stdout]     
[INFO] [stdout]     // Policies:
[INFO] [stdout]     deny if expired($t);
[INFO] [stdout]     allow if true;
[INFO] [stdout]     
[INFO] [stdout] [api/src/iam.rs:1396:17] authorize(&biscuit, Some(organization_id2), Action::TestSimple,
[INFO] [stdout] MAX_DURATION_TIME_IN_MS) = Err(
[INFO] [stdout]     RunLimit(
[INFO] [stdout]         Timeout,
[INFO] [stdout]     ),
[INFO] [stdout] )
[INFO] [stdout] thread 'iam::tests::user_access_token_authorization_roles' panicked at api/src/iam.rs:1396:9:
[INFO] [stdout] assertion failed: dbg!(authorize(&biscuit, Some(organization_id2), Action::TestSimple,
[INFO] [stdout]         MAX_DURATION_TIME_IN_MS)).is_ok()
[INFO] [stdout] stack backtrace:
[INFO] [stdout]    0:     0x6495d09681ca - std::backtrace_rs::backtrace::libunwind::trace::h5a5b8284f2d0c266
[INFO] [stdout]                                at /rustc/90b35a6239c3d8bdabc530a6a0816f7ff89a0aaf/library/std/src/../../backtrace/src/backtrace/libunwind.rs:116:5
[INFO] [stdout]    1:     0x6495d09681ca - std::backtrace_rs::backtrace::trace_unsynchronized::h76d4f1c9b0b875e3
[INFO] [stdout]                                at /rustc/90b35a6239c3d8bdabc530a6a0816f7ff89a0aaf/library/std/src/../../backtrace/src/backtrace/mod.rs:66:5
[INFO] [stdout]    2:     0x6495d09681ca - std::sys::backtrace::_print_fmt::hc4546b8364a537c6
[INFO] [stdout]                                at /rustc/90b35a6239c3d8bdabc530a6a0816f7ff89a0aaf/library/std/src/sys/backtrace.rs:66:9
[INFO] [stdout]    3:     0x6495d09681ca - <std::sys::backtrace::BacktraceLock::print::DisplayBacktrace as core::fmt::Display>::fmt::h5b6bd5631a6d1f6b
[INFO] [stdout]                                at /rustc/90b35a6239c3d8bdabc530a6a0816f7ff89a0aaf/library/std/src/sys/backtrace.rs:39:26
[INFO] [stdout]    4:     0x6495d098f453 - core::fmt::rt::Argument::fmt::h270f6602a2b96f62
[INFO] [stdout]                                at /rustc/90b35a6239c3d8bdabc530a6a0816f7ff89a0aaf/library/core/src/fmt/rt.rs:177:76
[INFO] [stdout]    5:     0x6495d098f453 - core::fmt::write::h7550c97b06c86515
[INFO] [stdout]                                at /rustc/90b35a6239c3d8bdabc530a6a0816f7ff89a0aaf/library/core/src/fmt/mod.rs:1186:21
[INFO] [stdout]    6:     0x6495d09652b3 - std::io::Write::write_fmt::h509ff860e5956e5e
[INFO] [stdout]                                at /rustc/90b35a6239c3d8bdabc530a6a0816f7ff89a0aaf/library/std/src/io/mod.rs:1839:15
[INFO] [stdout]    7:     0x6495d0968012 - std::sys::backtrace::BacktraceLock::print::h2395ccd2c84ba3aa
[INFO] [stdout]                                at /rustc/90b35a6239c3d8bdabc530a6a0816f7ff89a0aaf/library/std/src/sys/backtrace.rs:42:9
[INFO] [stdout]    8:     0x6495d096962a - std::panicking::default_hook::{{closure}}::he19d4c7230e07961
[INFO] [stdout]                                at /rustc/90b35a6239c3d8bdabc530a6a0816f7ff89a0aaf/library/std/src/panicking.rs:268:22
[INFO] [stdout]    9:     0x6495d0969434 - std::panicking::default_hook::hf614597d3c67bbdb
[INFO] [stdout]                                at /rustc/90b35a6239c3d8bdabc530a6a0816f7ff89a0aaf/library/std/src/panicking.rs:292:9
[INFO] [stdout]   10:     0x6495d03ecd69 - <alloc::boxed::Box<F,A> as core::ops::function::Fn<Args>>::call::h39b51ce4599c23d1
[INFO] [stdout]                                at /rustc/90b35a6239c3d8bdabc530a6a0816f7ff89a0aaf/library/alloc/src/boxed.rs:2468:9
[INFO] [stdout]   11:     0x6495d03ecd69 - test::test_main::{{closure}}::he977ae839a582784
[INFO] [stdout]                                at /rustc/90b35a6239c3d8bdabc530a6a0816f7ff89a0aaf/library/test/src/lib.rs:133:21
[INFO] [stdout]   12:     0x6495d0969cc8 - <alloc::boxed::Box<F,A> as core::ops::function::Fn<Args>>::call::h9455091b6b06f9fb
[INFO] [stdout]                                at /rustc/90b35a6239c3d8bdabc530a6a0816f7ff89a0aaf/library/alloc/src/boxed.rs:2468:9
[INFO] [stdout]   13:     0x6495d0969cc8 - std::panicking::rust_panic_with_hook::h8942133a8b252070
[INFO] [stdout]                                at /rustc/90b35a6239c3d8bdabc530a6a0816f7ff89a0aaf/library/std/src/panicking.rs:809:13
[INFO] [stdout]   14:     0x6495d0969a56 - std::panicking::begin_panic_handler::{{closure}}::hb5f5963570096b29
[INFO] [stdout]                                at /rustc/90b35a6239c3d8bdabc530a6a0816f7ff89a0aaf/library/std/src/panicking.rs:667:13
[INFO] [stdout]   15:     0x6495d09686a9 - std::sys::backtrace::__rust_end_short_backtrace::h6208cedc1922feda
[INFO] [stdout]                                at /rustc/90b35a6239c3d8bdabc530a6a0816f7ff89a0aaf/library/std/src/sys/backtrace.rs:170:18
[INFO] [stdout]   16:     0x6495d096971c - rust_begin_unwind
[INFO] [stdout]                                at /rustc/90b35a6239c3d8bdabc530a6a0816f7ff89a0aaf/library/std/src/panicking.rs:665:5
[INFO] [stdout]   17:     0x6495d0343130 - core::panicking::panic_fmt::h0c3082644d1bf418
[INFO] [stdout]                                at /rustc/90b35a6239c3d8bdabc530a6a0816f7ff89a0aaf/library/core/src/panicking.rs:74:14
[INFO] [stdout]   18:     0x6495d03431bc - core::panicking::panic::h957f98c65a3b3074
[INFO] [stdout]                                at /rustc/90b35a6239c3d8bdabc530a6a0816f7ff89a0aaf/library/core/src/panicking.rs:148:5
[INFO] [stdout]   19:     0x6495d039a9b2 - hook0_api::iam::tests::user_access_token_authorization_roles::hc80b37f828c1b60b
[INFO] [stdout]                                at /opt/rustwide/workdir/api/src/iam.rs:1396:9
[INFO] [stdout]   20:     0x6495d0399d07 - hook0_api::iam::tests::user_access_token_authorization_roles::{{closure}}::h35915e4dd5151ffa
[INFO] [stdout]                                at /opt/rustwide/workdir/api/src/iam.rs:1365:47
[INFO] [stdout]   21:     0x6495d03833f6 - core::ops::function::FnOnce::call_once::h2c26f564a3ae23d4
[INFO] [stdout]                                at /rustc/90b35a6239c3d8bdabc530a6a0816f7ff89a0aaf/library/core/src/ops/function.rs:250:5
[INFO] [stdout]   22:     0x6495d03f172b - core::ops::function::FnOnce::call_once::h109cf8051a59b34e
[INFO] [stdout]                                at /rustc/90b35a6239c3d8bdabc530a6a0816f7ff89a0aaf/library/core/src/ops/function.rs:250:5
[INFO] [stdout]   23:     0x6495d03f172b - test::__rust_begin_short_backtrace::hf4fff89d377446ba
[INFO] [stdout]                                at /rustc/90b35a6239c3d8bdabc530a6a0816f7ff89a0aaf/library/test/src/lib.rs:621:18
[INFO] [stdout]   24:     0x6495d03f0f67 - test::run_test_in_process::{{closure}}::h0e39181dd7ee5a43
[INFO] [stdout]                                at /rustc/90b35a6239c3d8bdabc530a6a0816f7ff89a0aaf/library/test/src/lib.rs:644:60
[INFO] [stdout]   25:     0x6495d03f0f67 - <core::panic::unwind_safe::AssertUnwindSafe<F> as core::ops::function::FnOnce<()>>::call_once::hc5a66a30f0bdfd1f
[INFO] [stdout]                                at /rustc/90b35a6239c3d8bdabc530a6a0816f7ff89a0aaf/library/core/src/panic/unwind_safe.rs:272:9
[INFO] [stdout]   26:     0x6495d03f0f67 - std::panicking::try::do_call::h873b7cf639554a5e
[INFO] [stdout]                                at /rustc/90b35a6239c3d8bdabc530a6a0816f7ff89a0aaf/library/std/src/panicking.rs:557:40
[INFO] [stdout]   27:     0x6495d03f0f67 - std::panicking::try::hdb19862fad9c8bd1
[INFO] [stdout]                                at /rustc/90b35a6239c3d8bdabc530a6a0816f7ff89a0aaf/library/std/src/panicking.rs:520:19
[INFO] [stdout]   28:     0x6495d03f0f67 - std::panic::catch_unwind::h281fe732d236d260
[INFO] [stdout]                                at /rustc/90b35a6239c3d8bdabc530a6a0816f7ff89a0aaf/library/std/src/panic.rs:358:14
[INFO] [stdout]   29:     0x6495d03f0f67 - test::run_test_in_process::h949b6df8457ed338
[INFO] [stdout]                                at /rustc/90b35a6239c3d8bdabc530a6a0816f7ff89a0aaf/library/test/src/lib.rs:644:27
[INFO] [stdout]   30:     0x6495d03f0f67 - test::run_test::{{closure}}::h52c556a6d4740e10
[INFO] [stdout]                                at /rustc/90b35a6239c3d8bdabc530a6a0816f7ff89a0aaf/library/test/src/lib.rs:565:43
[INFO] [stdout]   31:     0x6495d03b6244 - test::run_test::{{closure}}::h4237f6381c45ccb9
[INFO] [stdout]                                at /rustc/90b35a6239c3d8bdabc530a6a0816f7ff89a0aaf/library/test/src/lib.rs:595:41
[INFO] [stdout]   32:     0x6495d03b6244 - std::sys::backtrace::__rust_begin_short_backtrace::h505c97a579eca628
[INFO] [stdout]                                at /rustc/90b35a6239c3d8bdabc530a6a0816f7ff89a0aaf/library/std/src/sys/backtrace.rs:154:18
[INFO] [stdout]   33:     0x6495d03b990e - std::thread::Builder::spawn_unchecked_::{{closure}}::{{closure}}::h9e86b2e2bc107ea3
[INFO] [stdout]                                at /rustc/90b35a6239c3d8bdabc530a6a0816f7ff89a0aaf/library/std/src/thread/mod.rs:538:17
[INFO] [stdout]   34:     0x6495d03b990e - <core::panic::unwind_safe::AssertUnwindSafe<F> as core::ops::function::FnOnce<()>>::call_once::h8b06ddb275ff4a25
[INFO] [stdout]                                at /rustc/90b35a6239c3d8bdabc530a6a0816f7ff89a0aaf/library/core/src/panic/unwind_safe.rs:272:9
[INFO] [stdout]   35:     0x6495d03b990e - std::panicking::try::do_call::hb26ecd7cd9a9355d
[INFO] [stdout]                                at /rustc/90b35a6239c3d8bdabc530a6a0816f7ff89a0aaf/library/std/src/panicking.rs:557:40
[INFO] [stdout]   36:     0x6495d03b990e - std::panicking::try::h8ddeca9d705f9069
[INFO] [stdout]                                at /rustc/90b35a6239c3d8bdabc530a6a0816f7ff89a0aaf/library/std/src/panicking.rs:520:19
[INFO] [stdout]   37:     0x6495d03b990e - std::panic::catch_unwind::h49e1c33078844c46
[INFO] [stdout]                                at /rustc/90b35a6239c3d8bdabc530a6a0816f7ff89a0aaf/library/std/src/panic.rs:358:14
[INFO] [stdout]   38:     0x6495d03b990e - std::thread::Builder::spawn_unchecked_::{{closure}}::h6073db6ff56ad35d
[INFO] [stdout]                                at /rustc/90b35a6239c3d8bdabc530a6a0816f7ff89a0aaf/library/std/src/thread/mod.rs:537:30
[INFO] [stdout]   39:     0x6495d03b990e - core::ops::function::FnOnce::call_once{{vtable.shim}}::h2c5a5f3779c774f1
[INFO] [stdout]                                at /rustc/90b35a6239c3d8bdabc530a6a0816f7ff89a0aaf/library/core/src/ops/function.rs:250:5
[INFO] [stdout]   40:     0x6495d096da1b - <alloc::boxed::Box<F,A> as core::ops::function::FnOnce<Args>>::call_once::hf75717d9f28faebf
[INFO] [stdout]                                at /rustc/90b35a6239c3d8bdabc530a6a0816f7ff89a0aaf/library/alloc/src/boxed.rs:2454:9
[INFO] [stdout]   41:     0x6495d096da1b - <alloc::boxed::Box<F,A> as core::ops::function::FnOnce<Args>>::call_once::h7bd883a5f3c5f3c1
[INFO] [stdout]                                at /rustc/90b35a6239c3d8bdabc530a6a0816f7ff89a0aaf/library/alloc/src/boxed.rs:2454:9
[INFO] [stdout]   42:     0x6495d096da1b - std::sys::pal::unix::thread::Thread::new::thread_start::hcc78f3943333fa94
[INFO] [stdout]                                at /rustc/90b35a6239c3d8bdabc530a6a0816f7ff89a0aaf/library/std/src/sys/pal/unix/thread.rs:105:17
[INFO] [stdout]   43:     0x7a1b3572dac3 - <unknown>
[INFO] [stdout]   44:     0x7a1b357bea04 - clone
[INFO] [stdout]   45:                0x0 - <unknown>
[INFO] [stdout] 
[INFO] [stdout] 
[INFO] [stdout] failures:
[INFO] [stdout]     iam::tests::refreshh_token_authorization_expiration
[INFO] [stdout]     iam::tests::user_access_token_authorization_editor
[INFO] [stdout]     iam::tests::user_access_token_authorization_roles
[INFO] [stdout] 
[INFO] [stdout] test result: FAILED. 41 passed; 3 failed; 0 ignored; 0 measured; 0 filtered out; finished in 0.38s
[INFO] [stdout] 
[INFO] [stderr] error: test failed, to rerun pass `-p hook0-api --bin hook0-api`
[INFO] running `Command { std: "docker" "inspect" "314cf77bb83700e4eb09868198487cd76c3dfa871bc1f149f8f85084adf41eb0", kill_on_drop: false }`
[INFO] running `Command { std: "docker" "rm" "-f" "314cf77bb83700e4eb09868198487cd76c3dfa871bc1f149f8f85084adf41eb0", kill_on_drop: false }`
[INFO] [stdout] 314cf77bb83700e4eb09868198487cd76c3dfa871bc1f149f8f85084adf41eb0
