[INFO] cloning repository https://github.com/alvesmarcos/pascalzim
[INFO] running `Command { std: "git" "-c" "credential.helper=" "-c" "credential.helper=/workspace/cargo-home/bin/git-credential-null" "clone" "--bare" "https://github.com/alvesmarcos/pascalzim" "/workspace/cache/git-repos/https%3A%2F%2Fgithub.com%2Falvesmarcos%2Fpascalzim", kill_on_drop: false }`
[INFO] [stderr] Cloning into bare repository '/workspace/cache/git-repos/https%3A%2F%2Fgithub.com%2Falvesmarcos%2Fpascalzim'...
[INFO] running `Command { std: "git" "rev-parse" "HEAD", kill_on_drop: false }`
[INFO] [stdout] b6949db97425ea212247da0ee7c1b7d7a01a1ada
[INFO] testing alvesmarcos/pascalzim against 1.83.0 for beta-1.84.0-4-retry
[INFO] running `Command { std: "git" "clone" "/workspace/cache/git-repos/https%3A%2F%2Fgithub.com%2Falvesmarcos%2Fpascalzim" "/workspace/builds/worker-1-tc1/source", kill_on_drop: false }`
[INFO] [stderr] Cloning into '/workspace/builds/worker-1-tc1/source'...
[INFO] [stderr] done.
[INFO] validating manifest of git repo https://github.com/alvesmarcos/pascalzim on toolchain 1.83.0
[INFO] running `Command { std: CARGO_HOME="/workspace/cargo-home" RUSTUP_HOME="/workspace/rustup-home" "/workspace/cargo-home/bin/cargo" "+1.83.0" "metadata" "--manifest-path" "Cargo.toml" "--no-deps", kill_on_drop: false }`
[INFO] started tweaking git repo https://github.com/alvesmarcos/pascalzim
[INFO] finished tweaking git repo https://github.com/alvesmarcos/pascalzim
[INFO] tweaked toml for git repo https://github.com/alvesmarcos/pascalzim written to /workspace/builds/worker-1-tc1/source/Cargo.toml
[INFO] crate git repo https://github.com/alvesmarcos/pascalzim already has a lockfile, it will not be regenerated
[INFO] running `Command { std: CARGO_HOME="/workspace/cargo-home" RUSTUP_HOME="/workspace/rustup-home" "/workspace/cargo-home/bin/cargo" "+1.83.0" "fetch" "--manifest-path" "Cargo.toml", kill_on_drop: false }`
[INFO] [stderr] warning: no edition set: defaulting to the 2015 edition while the latest is 2021
[INFO] running `Command { std: "docker" "create" "-v" "/var/lib/crater-agent-workspace/builds/worker-1-tc1/target:/opt/rustwide/target:rw,Z" "-v" "/var/lib/crater-agent-workspace/builds/worker-1-tc1/source:/opt/rustwide/workdir:ro,Z" "-v" "/var/lib/crater-agent-workspace/cargo-home:/opt/rustwide/cargo-home:ro,Z" "-v" "/var/lib/crater-agent-workspace/rustup-home:/opt/rustwide/rustup-home:ro,Z" "-e" "SOURCE_DIR=/opt/rustwide/workdir" "-e" "CARGO_TARGET_DIR=/opt/rustwide/target" "-e" "CARGO_HOME=/opt/rustwide/cargo-home" "-e" "RUSTUP_HOME=/opt/rustwide/rustup-home" "-w" "/opt/rustwide/workdir" "-m" "1610612736" "--user" "0:0" "--network" "none" "ghcr.io/rust-lang/crates-build-env/linux@sha256:f3a9d4ad9d972b27faf3965f35b62e55ba32bbce8f20bc8fe909558a86702fde" "/opt/rustwide/cargo-home/bin/cargo" "+1.83.0" "metadata" "--no-deps" "--format-version=1", kill_on_drop: false }`
[INFO] [stdout] e3b22664afb00de8ea2c8241989c9542b774d9c986f6de66b6f6f49210fec1e1
[INFO] running `Command { std: "docker" "start" "-a" "e3b22664afb00de8ea2c8241989c9542b774d9c986f6de66b6f6f49210fec1e1", kill_on_drop: false }`
[INFO] running `Command { std: "docker" "inspect" "e3b22664afb00de8ea2c8241989c9542b774d9c986f6de66b6f6f49210fec1e1", kill_on_drop: false }`
[INFO] running `Command { std: "docker" "rm" "-f" "e3b22664afb00de8ea2c8241989c9542b774d9c986f6de66b6f6f49210fec1e1", kill_on_drop: false }`
[INFO] [stdout] e3b22664afb00de8ea2c8241989c9542b774d9c986f6de66b6f6f49210fec1e1
[INFO] running `Command { std: "docker" "create" "-v" "/var/lib/crater-agent-workspace/builds/worker-1-tc1/target:/opt/rustwide/target:rw,Z" "-v" "/var/lib/crater-agent-workspace/builds/worker-1-tc1/source:/opt/rustwide/workdir:ro,Z" "-v" "/var/lib/crater-agent-workspace/cargo-home:/opt/rustwide/cargo-home:ro,Z" "-v" "/var/lib/crater-agent-workspace/rustup-home:/opt/rustwide/rustup-home:ro,Z" "-e" "SOURCE_DIR=/opt/rustwide/workdir" "-e" "CARGO_TARGET_DIR=/opt/rustwide/target" "-e" "CARGO_INCREMENTAL=0" "-e" "RUST_BACKTRACE=full" "-e" "RUSTFLAGS=--cap-lints=warn" "-e" "RUSTDOCFLAGS=--cap-lints=warn" "-e" "CARGO_HOME=/opt/rustwide/cargo-home" "-e" "RUSTUP_HOME=/opt/rustwide/rustup-home" "-w" "/opt/rustwide/workdir" "-m" "1610612736" "--user" "0:0" "--network" "none" "ghcr.io/rust-lang/crates-build-env/linux@sha256:f3a9d4ad9d972b27faf3965f35b62e55ba32bbce8f20bc8fe909558a86702fde" "/opt/rustwide/cargo-home/bin/cargo" "+1.83.0" "build" "--frozen" "--message-format=json", kill_on_drop: false }`
[INFO] [stdout] a0b719ae416c4b1793a628de29ac9db9a7f688494beb0f75e6c3a9ed826bcb9f
[INFO] running `Command { std: "docker" "start" "-a" "a0b719ae416c4b1793a628de29ac9db9a7f688494beb0f75e6c3a9ed826bcb9f", kill_on_drop: false }`
[INFO] [stderr] warning: no edition set: defaulting to the 2015 edition while the latest is 2021
[INFO] [stderr]    Compiling pascalzim v0.0.1 (/opt/rustwide/workdir)
[INFO] [stdout] warning: variable does not need to be mutable
[INFO] [stdout]    --> src/parser.rs:386:15
[INFO] [stdout]     |
[INFO] [stdout] 386 |           let mut saved_line = self.symbol.line;
[INFO] [stdout]     |               ----^^^^^^^^^^
[INFO] [stdout]     |               |
[INFO] [stdout]     |               help: remove this `mut`
[INFO] [stdout]     |
[INFO] [stdout]     = note: `#[warn(unused_mut)]` on by default
[INFO] [stdout] 
[INFO] [stdout] 
[INFO] [stdout] warning: variable does not need to be mutable
[INFO] [stdout]    --> src/parser.rs:389:15
[INFO] [stdout]     |
[INFO] [stdout] 389 |           let mut exp_result : Category = self.types_stack.pop().unwrap(); 
[INFO] [stdout]     |               ----^^^^^^^^^^
[INFO] [stdout]     |               |
[INFO] [stdout]     |               help: remove this `mut`
[INFO] [stdout] 
[INFO] [stdout] 
[INFO] [stdout] warning: variable does not need to be mutable
[INFO] [stdout]    --> src/parser.rs:473:11
[INFO] [stdout]     |
[INFO] [stdout] 473 |       let mut saved_operator = self.symbol.clone();
[INFO] [stdout]     |           ----^^^^^^^^^^^^^^
[INFO] [stdout]     |           |
[INFO] [stdout]     |           help: remove this `mut`
[INFO] [stdout] 
[INFO] [stdout] 
[INFO] [stdout] warning: variable does not need to be mutable
[INFO] [stdout]    --> src/parser.rs:476:11
[INFO] [stdout]     |
[INFO] [stdout] 476 |       let mut op1 = self.types_stack.pop().unwrap();
[INFO] [stdout]     |           ----^^^
[INFO] [stdout]     |           |
[INFO] [stdout]     |           help: remove this `mut`
[INFO] [stdout] 
[INFO] [stdout] 
[INFO] [stdout] warning: variable does not need to be mutable
[INFO] [stdout]    --> src/parser.rs:477:11
[INFO] [stdout]     |
[INFO] [stdout] 477 |       let mut op2 = self.types_stack.pop().unwrap();
[INFO] [stdout]     |           ----^^^
[INFO] [stdout]     |           |
[INFO] [stdout]     |           help: remove this `mut`
[INFO] [stdout] 
[INFO] [stdout] 
[INFO] [stdout] warning: variable does not need to be mutable
[INFO] [stdout]    --> src/parser.rs:522:11
[INFO] [stdout]     |
[INFO] [stdout] 522 |       let mut saved_operator = self.symbol.clone();
[INFO] [stdout]     |           ----^^^^^^^^^^^^^^
[INFO] [stdout]     |           |
[INFO] [stdout]     |           help: remove this `mut`
[INFO] [stdout] 
[INFO] [stdout] 
[INFO] [stdout] warning: variable does not need to be mutable
[INFO] [stdout]    --> src/parser.rs:526:11
[INFO] [stdout]     |
[INFO] [stdout] 526 |       let mut op1 = self.types_stack.pop().unwrap();
[INFO] [stdout]     |           ----^^^
[INFO] [stdout]     |           |
[INFO] [stdout]     |           help: remove this `mut`
[INFO] [stdout] 
[INFO] [stdout] 
[INFO] [stdout] warning: variable does not need to be mutable
[INFO] [stdout]    --> src/parser.rs:527:11
[INFO] [stdout]     |
[INFO] [stdout] 527 |       let mut op2 = self.types_stack.pop().unwrap();
[INFO] [stdout]     |           ----^^^
[INFO] [stdout]     |           |
[INFO] [stdout]     |           help: remove this `mut`
[INFO] [stdout] 
[INFO] [stdout] 
[INFO] [stdout] warning: variable does not need to be mutable
[INFO] [stdout]    --> src/parser.rs:556:11
[INFO] [stdout]     |
[INFO] [stdout] 556 |       let mut saved_operator = self.symbol.clone();
[INFO] [stdout]     |           ----^^^^^^^^^^^^^^
[INFO] [stdout]     |           |
[INFO] [stdout]     |           help: remove this `mut`
[INFO] [stdout] 
[INFO] [stdout] 
[INFO] [stdout] warning: variable does not need to be mutable
[INFO] [stdout]    --> src/parser.rs:561:11
[INFO] [stdout]     |
[INFO] [stdout] 561 |       let mut op1 = self.types_stack.pop().unwrap();
[INFO] [stdout]     |           ----^^^
[INFO] [stdout]     |           |
[INFO] [stdout]     |           help: remove this `mut`
[INFO] [stdout] 
[INFO] [stdout] 
[INFO] [stdout] warning: variable does not need to be mutable
[INFO] [stdout]    --> src/parser.rs:562:11
[INFO] [stdout]     |
[INFO] [stdout] 562 |       let mut op2 = self.types_stack.pop().unwrap();
[INFO] [stdout]     |           ----^^^
[INFO] [stdout]     |           |
[INFO] [stdout]     |           help: remove this `mut`
[INFO] [stdout] 
[INFO] [stdout] 
[INFO] [stdout] warning: variable does not need to be mutable
[INFO] [stdout]    --> src/parser.rs:593:13
[INFO] [stdout]     |
[INFO] [stdout] 593 |         let mut cat = self.match_token_category(self.symbol.clone());
[INFO] [stdout]     |             ----^^^
[INFO] [stdout]     |             |
[INFO] [stdout]     |             help: remove this `mut`
[INFO] [stdout] 
[INFO] [stdout] 
[INFO] [stdout] warning: variable does not need to be mutable
[INFO] [stdout]    --> src/parser.rs:614:11
[INFO] [stdout]     |
[INFO] [stdout] 614 |       let mut cat = self.match_token_category(self.symbol.clone());
[INFO] [stdout]     |           ----^^^
[INFO] [stdout]     |           |
[INFO] [stdout]     |           help: remove this `mut`
[INFO] [stdout] 
[INFO] [stdout] 
[INFO] [stdout] warning: function `test_parser_program10` is never used
[INFO] [stdout]    --> src/parser.rs:838:4
[INFO] [stdout]     |
[INFO] [stdout] 838 | fn test_parser_program10() {
[INFO] [stdout]     |    ^^^^^^^^^^^^^^^^^^^^^
[INFO] [stdout]     |
[INFO] [stdout]     = note: `#[warn(dead_code)]` on by default
[INFO] [stdout] 
[INFO] [stdout] 
[INFO] [stdout] warning: function `test_parser_program12` is never used
[INFO] [stdout]    --> src/parser.rs:854:4
[INFO] [stdout]     |
[INFO] [stdout] 854 | fn test_parser_program12() {
[INFO] [stdout]     |    ^^^^^^^^^^^^^^^^^^^^^
[INFO] [stdout] 
[INFO] [stdout] 
[INFO] [stdout] warning: function `test_parser_program13` is never used
[INFO] [stdout]    --> src/parser.rs:862:4
[INFO] [stdout]     |
[INFO] [stdout] 862 | fn test_parser_program13() {
[INFO] [stdout]     |    ^^^^^^^^^^^^^^^^^^^^^
[INFO] [stdout] 
[INFO] [stdout] 
[INFO] [stderr]     Finished `dev` profile [unoptimized + debuginfo] target(s) in 0.25s
[INFO] running `Command { std: "docker" "inspect" "a0b719ae416c4b1793a628de29ac9db9a7f688494beb0f75e6c3a9ed826bcb9f", kill_on_drop: false }`
[INFO] running `Command { std: "docker" "rm" "-f" "a0b719ae416c4b1793a628de29ac9db9a7f688494beb0f75e6c3a9ed826bcb9f", kill_on_drop: false }`
[INFO] [stdout] a0b719ae416c4b1793a628de29ac9db9a7f688494beb0f75e6c3a9ed826bcb9f
[INFO] running `Command { std: "docker" "create" "-v" "/var/lib/crater-agent-workspace/builds/worker-1-tc1/target:/opt/rustwide/target:rw,Z" "-v" "/var/lib/crater-agent-workspace/builds/worker-1-tc1/source:/opt/rustwide/workdir:ro,Z" "-v" "/var/lib/crater-agent-workspace/cargo-home:/opt/rustwide/cargo-home:ro,Z" "-v" "/var/lib/crater-agent-workspace/rustup-home:/opt/rustwide/rustup-home:ro,Z" "-e" "SOURCE_DIR=/opt/rustwide/workdir" "-e" "CARGO_TARGET_DIR=/opt/rustwide/target" "-e" "CARGO_INCREMENTAL=0" "-e" "RUST_BACKTRACE=full" "-e" "RUSTFLAGS=--cap-lints=warn" "-e" "RUSTDOCFLAGS=--cap-lints=warn" "-e" "CARGO_HOME=/opt/rustwide/cargo-home" "-e" "RUSTUP_HOME=/opt/rustwide/rustup-home" "-w" "/opt/rustwide/workdir" "-m" "1610612736" "--user" "0:0" "--network" "none" "ghcr.io/rust-lang/crates-build-env/linux@sha256:f3a9d4ad9d972b27faf3965f35b62e55ba32bbce8f20bc8fe909558a86702fde" "/opt/rustwide/cargo-home/bin/cargo" "+1.83.0" "test" "--frozen" "--no-run" "--message-format=json", kill_on_drop: false }`
[INFO] [stdout] 1e1e81c74f07d33e513cb9486f5368f89d8db89f0c0267adec3278901924d3b2
[INFO] running `Command { std: "docker" "start" "-a" "1e1e81c74f07d33e513cb9486f5368f89d8db89f0c0267adec3278901924d3b2", kill_on_drop: false }`
[INFO] [stderr] warning: no edition set: defaulting to the 2015 edition while the latest is 2021
[INFO] [stdout] warning: variable does not need to be mutable
[INFO] [stdout]    --> src/parser.rs:386:15
[INFO] [stdout]     |
[INFO] [stdout] 386 |           let mut saved_line = self.symbol.line;
[INFO] [stdout]     |               ----^^^^^^^^^^
[INFO] [stdout]     |               |
[INFO] [stdout]     |               help: remove this `mut`
[INFO] [stdout]     |
[INFO] [stdout]     = note: `#[warn(unused_mut)]` on by default
[INFO] [stdout] 
[INFO] [stdout] 
[INFO] [stdout] warning: variable does not need to be mutable
[INFO] [stdout]    --> src/parser.rs:389:15
[INFO] [stdout]     |
[INFO] [stdout] 389 |           let mut exp_result : Category = self.types_stack.pop().unwrap(); 
[INFO] [stdout]     |               ----^^^^^^^^^^
[INFO] [stdout]     |               |
[INFO] [stdout]     |               help: remove this `mut`
[INFO] [stdout] 
[INFO] [stdout] 
[INFO] [stdout] warning: variable does not need to be mutable
[INFO] [stdout]    --> src/parser.rs:473:11
[INFO] [stdout]     |
[INFO] [stdout] 473 |       let mut saved_operator = self.symbol.clone();
[INFO] [stdout]     |           ----^^^^^^^^^^^^^^
[INFO] [stdout]     |           |
[INFO] [stdout]     |           help: remove this `mut`
[INFO] [stdout] 
[INFO] [stdout] 
[INFO] [stdout] warning: variable does not need to be mutable
[INFO] [stdout]    --> src/parser.rs:476:11
[INFO] [stdout]     |
[INFO] [stdout] 476 |       let mut op1 = self.types_stack.pop().unwrap();
[INFO] [stdout]     |           ----^^^
[INFO] [stdout]     |           |
[INFO] [stdout]     |           help: remove this `mut`
[INFO] [stdout] 
[INFO] [stdout] 
[INFO] [stdout] warning: variable does not need to be mutable
[INFO] [stdout]    --> src/parser.rs:477:11
[INFO] [stdout]     |
[INFO] [stdout] 477 |       let mut op2 = self.types_stack.pop().unwrap();
[INFO] [stdout]     |           ----^^^
[INFO] [stdout]     |           |
[INFO] [stdout]     |           help: remove this `mut`
[INFO] [stdout] 
[INFO] [stdout] 
[INFO] [stdout] warning: variable does not need to be mutable
[INFO] [stdout]    --> src/parser.rs:522:11
[INFO] [stdout]     |
[INFO] [stdout] 522 |       let mut saved_operator = self.symbol.clone();
[INFO] [stdout]     |           ----^^^^^^^^^^^^^^
[INFO] [stdout]     |           |
[INFO] [stdout]     |           help: remove this `mut`
[INFO] [stdout] 
[INFO] [stdout] 
[INFO] [stdout] warning: variable does not need to be mutable
[INFO] [stdout]    --> src/parser.rs:526:11
[INFO] [stdout]     |
[INFO] [stdout] 526 |       let mut op1 = self.types_stack.pop().unwrap();
[INFO] [stdout]     |           ----^^^
[INFO] [stdout]     |           |
[INFO] [stdout]     |           help: remove this `mut`
[INFO] [stdout] 
[INFO] [stdout] 
[INFO] [stdout] warning: variable does not need to be mutable
[INFO] [stdout]    --> src/parser.rs:527:11
[INFO] [stdout]     |
[INFO] [stdout] 527 |       let mut op2 = self.types_stack.pop().unwrap();
[INFO] [stdout]     |           ----^^^
[INFO] [stdout]     |           |
[INFO] [stdout]     |           help: remove this `mut`
[INFO] [stdout] 
[INFO] [stdout] 
[INFO] [stdout] warning: variable does not need to be mutable
[INFO] [stdout]    --> src/parser.rs:556:11
[INFO] [stdout]     |
[INFO] [stdout] 556 |       let mut saved_operator = self.symbol.clone();
[INFO] [stdout]     |           ----^^^^^^^^^^^^^^
[INFO] [stdout]     |           |
[INFO] [stdout]     |           help: remove this `mut`
[INFO] [stdout] 
[INFO] [stdout] 
[INFO] [stdout] warning: variable does not need to be mutable
[INFO] [stdout]    --> src/parser.rs:561:11
[INFO] [stdout]     |
[INFO] [stdout] 561 |       let mut op1 = self.types_stack.pop().unwrap();
[INFO] [stdout]     |           ----^^^
[INFO] [stdout]     |           |
[INFO] [stdout]     |           help: remove this `mut`
[INFO] [stdout] 
[INFO] [stdout] 
[INFO] [stdout] warning: variable does not need to be mutable
[INFO] [stdout]    --> src/parser.rs:562:11
[INFO] [stdout]     |
[INFO] [stdout] 562 |       let mut op2 = self.types_stack.pop().unwrap();
[INFO] [stdout]     |           ----^^^
[INFO] [stdout]     |           |
[INFO] [stdout]     |           help: remove this `mut`
[INFO] [stdout] 
[INFO] [stdout] 
[INFO] [stdout] warning: variable does not need to be mutable
[INFO] [stdout]    --> src/parser.rs:593:13
[INFO] [stdout]     |
[INFO] [stdout] 593 |         let mut cat = self.match_token_category(self.symbol.clone());
[INFO] [stdout]     |             ----^^^
[INFO] [stdout]     |             |
[INFO] [stdout]     |             help: remove this `mut`
[INFO] [stdout] 
[INFO] [stdout] 
[INFO] [stdout] warning: variable does not need to be mutable
[INFO] [stdout]    --> src/parser.rs:614:11
[INFO] [stdout]     |
[INFO] [stdout] 614 |       let mut cat = self.match_token_category(self.symbol.clone());
[INFO] [stdout]     |           ----^^^
[INFO] [stdout]     |           |
[INFO] [stdout]     |           help: remove this `mut`
[INFO] [stdout] 
[INFO] [stdout] 
[INFO] [stdout] warning: function `test_parser_program10` is never used
[INFO] [stdout]    --> src/parser.rs:838:4
[INFO] [stdout]     |
[INFO] [stdout] 838 | fn test_parser_program10() {
[INFO] [stdout]     |    ^^^^^^^^^^^^^^^^^^^^^
[INFO] [stdout]     |
[INFO] [stdout]     = note: `#[warn(dead_code)]` on by default
[INFO] [stdout] 
[INFO] [stdout] 
[INFO] [stdout] warning: function `test_parser_program12` is never used
[INFO] [stdout]    --> src/parser.rs:854:4
[INFO] [stdout]     |
[INFO] [stdout] 854 | fn test_parser_program12() {
[INFO] [stdout]     |    ^^^^^^^^^^^^^^^^^^^^^
[INFO] [stdout] 
[INFO] [stdout] 
[INFO] [stdout] warning: function `test_parser_program13` is never used
[INFO] [stdout]    --> src/parser.rs:862:4
[INFO] [stdout]     |
[INFO] [stdout] 862 | fn test_parser_program13() {
[INFO] [stdout]     |    ^^^^^^^^^^^^^^^^^^^^^
[INFO] [stdout] 
[INFO] [stdout] 
[INFO] [stderr]    Compiling pascalzim v0.0.1 (/opt/rustwide/workdir)
[INFO] [stdout] warning: variable does not need to be mutable
[INFO] [stdout]    --> src/parser.rs:386:15
[INFO] [stdout]     |
[INFO] [stdout] 386 |           let mut saved_line = self.symbol.line;
[INFO] [stdout]     |               ----^^^^^^^^^^
[INFO] [stdout]     |               |
[INFO] [stdout]     |               help: remove this `mut`
[INFO] [stdout]     |
[INFO] [stdout]     = note: `#[warn(unused_mut)]` on by default
[INFO] [stdout] 
[INFO] [stdout] 
[INFO] [stdout] warning: variable does not need to be mutable
[INFO] [stdout]    --> src/parser.rs:389:15
[INFO] [stdout]     |
[INFO] [stdout] 389 |           let mut exp_result : Category = self.types_stack.pop().unwrap(); 
[INFO] [stdout]     |               ----^^^^^^^^^^
[INFO] [stdout]     |               |
[INFO] [stdout]     |               help: remove this `mut`
[INFO] [stdout] 
[INFO] [stdout] 
[INFO] [stdout] warning: variable does not need to be mutable
[INFO] [stdout]    --> src/parser.rs:473:11
[INFO] [stdout]     |
[INFO] [stdout] 473 |       let mut saved_operator = self.symbol.clone();
[INFO] [stdout]     |           ----^^^^^^^^^^^^^^
[INFO] [stdout]     |           |
[INFO] [stdout]     |           help: remove this `mut`
[INFO] [stdout] 
[INFO] [stdout] 
[INFO] [stdout] warning: variable does not need to be mutable
[INFO] [stdout]    --> src/parser.rs:476:11
[INFO] [stdout]     |
[INFO] [stdout] 476 |       let mut op1 = self.types_stack.pop().unwrap();
[INFO] [stdout]     |           ----^^^
[INFO] [stdout]     |           |
[INFO] [stdout]     |           help: remove this `mut`
[INFO] [stdout] 
[INFO] [stdout] 
[INFO] [stdout] warning: variable does not need to be mutable
[INFO] [stdout]    --> src/parser.rs:477:11
[INFO] [stdout]     |
[INFO] [stdout] 477 |       let mut op2 = self.types_stack.pop().unwrap();
[INFO] [stdout]     |           ----^^^
[INFO] [stdout]     |           |
[INFO] [stdout]     |           help: remove this `mut`
[INFO] [stdout] 
[INFO] [stdout] 
[INFO] [stdout] warning: variable does not need to be mutable
[INFO] [stdout]    --> src/parser.rs:522:11
[INFO] [stdout]     |
[INFO] [stdout] 522 |       let mut saved_operator = self.symbol.clone();
[INFO] [stdout]     |           ----^^^^^^^^^^^^^^
[INFO] [stdout]     |           |
[INFO] [stdout]     |           help: remove this `mut`
[INFO] [stdout] 
[INFO] [stdout] 
[INFO] [stdout] warning: variable does not need to be mutable
[INFO] [stdout]    --> src/parser.rs:526:11
[INFO] [stdout]     |
[INFO] [stdout] 526 |       let mut op1 = self.types_stack.pop().unwrap();
[INFO] [stdout]     |           ----^^^
[INFO] [stdout]     |           |
[INFO] [stdout]     |           help: remove this `mut`
[INFO] [stdout] 
[INFO] [stdout] 
[INFO] [stdout] warning: variable does not need to be mutable
[INFO] [stdout]    --> src/parser.rs:527:11
[INFO] [stdout]     |
[INFO] [stdout] 527 |       let mut op2 = self.types_stack.pop().unwrap();
[INFO] [stdout]     |           ----^^^
[INFO] [stdout]     |           |
[INFO] [stdout]     |           help: remove this `mut`
[INFO] [stdout] 
[INFO] [stdout] 
[INFO] [stdout] warning: variable does not need to be mutable
[INFO] [stdout]    --> src/parser.rs:556:11
[INFO] [stdout]     |
[INFO] [stdout] 556 |       let mut saved_operator = self.symbol.clone();
[INFO] [stdout]     |           ----^^^^^^^^^^^^^^
[INFO] [stdout]     |           |
[INFO] [stdout]     |           help: remove this `mut`
[INFO] [stdout] 
[INFO] [stdout] 
[INFO] [stdout] warning: variable does not need to be mutable
[INFO] [stdout]    --> src/parser.rs:561:11
[INFO] [stdout]     |
[INFO] [stdout] 561 |       let mut op1 = self.types_stack.pop().unwrap();
[INFO] [stdout]     |           ----^^^
[INFO] [stdout]     |           |
[INFO] [stdout]     |           help: remove this `mut`
[INFO] [stdout] 
[INFO] [stdout] 
[INFO] [stdout] warning: variable does not need to be mutable
[INFO] [stdout]    --> src/parser.rs:562:11
[INFO] [stdout]     |
[INFO] [stdout] 562 |       let mut op2 = self.types_stack.pop().unwrap();
[INFO] [stdout]     |           ----^^^
[INFO] [stdout]     |           |
[INFO] [stdout]     |           help: remove this `mut`
[INFO] [stdout] 
[INFO] [stdout] 
[INFO] [stdout] warning: variable does not need to be mutable
[INFO] [stdout]    --> src/parser.rs:593:13
[INFO] [stdout]     |
[INFO] [stdout] 593 |         let mut cat = self.match_token_category(self.symbol.clone());
[INFO] [stdout]     |             ----^^^
[INFO] [stdout]     |             |
[INFO] [stdout]     |             help: remove this `mut`
[INFO] [stdout] 
[INFO] [stdout] 
[INFO] [stdout] warning: variable does not need to be mutable
[INFO] [stdout]    --> src/parser.rs:614:11
[INFO] [stdout]     |
[INFO] [stdout] 614 |       let mut cat = self.match_token_category(self.symbol.clone());
[INFO] [stdout]     |           ----^^^
[INFO] [stdout]     |           |
[INFO] [stdout]     |           help: remove this `mut`
[INFO] [stdout] 
[INFO] [stdout] 
[INFO] [stdout] warning: function `test_parser_program10` is never used
[INFO] [stdout]    --> src/parser.rs:838:4
[INFO] [stdout]     |
[INFO] [stdout] 838 | fn test_parser_program10() {
[INFO] [stdout]     |    ^^^^^^^^^^^^^^^^^^^^^
[INFO] [stdout]     |
[INFO] [stdout]     = note: `#[warn(dead_code)]` on by default
[INFO] [stdout] 
[INFO] [stdout] 
[INFO] [stdout] warning: function `test_parser_program12` is never used
[INFO] [stdout]    --> src/parser.rs:854:4
[INFO] [stdout]     |
[INFO] [stdout] 854 | fn test_parser_program12() {
[INFO] [stdout]     |    ^^^^^^^^^^^^^^^^^^^^^
[INFO] [stdout] 
[INFO] [stdout] 
[INFO] [stdout] warning: function `test_parser_program13` is never used
[INFO] [stdout]    --> src/parser.rs:862:4
[INFO] [stdout]     |
[INFO] [stdout] 862 | fn test_parser_program13() {
[INFO] [stdout]     |    ^^^^^^^^^^^^^^^^^^^^^
[INFO] [stdout] 
[INFO] [stdout] 
[INFO] [stderr]     Finished `test` profile [unoptimized + debuginfo] target(s) in 0.55s
[INFO] running `Command { std: "docker" "inspect" "1e1e81c74f07d33e513cb9486f5368f89d8db89f0c0267adec3278901924d3b2", kill_on_drop: false }`
[INFO] running `Command { std: "docker" "rm" "-f" "1e1e81c74f07d33e513cb9486f5368f89d8db89f0c0267adec3278901924d3b2", kill_on_drop: false }`
[INFO] [stdout] 1e1e81c74f07d33e513cb9486f5368f89d8db89f0c0267adec3278901924d3b2
[INFO] running `Command { std: "docker" "create" "-v" "/var/lib/crater-agent-workspace/builds/worker-1-tc1/target:/opt/rustwide/target:rw,Z" "-v" "/var/lib/crater-agent-workspace/builds/worker-1-tc1/source:/opt/rustwide/workdir:ro,Z" "-v" "/var/lib/crater-agent-workspace/cargo-home:/opt/rustwide/cargo-home:ro,Z" "-v" "/var/lib/crater-agent-workspace/rustup-home:/opt/rustwide/rustup-home:ro,Z" "-e" "SOURCE_DIR=/opt/rustwide/workdir" "-e" "CARGO_TARGET_DIR=/opt/rustwide/target" "-e" "CARGO_INCREMENTAL=0" "-e" "RUST_BACKTRACE=full" "-e" "RUSTFLAGS=--cap-lints=warn" "-e" "RUSTDOCFLAGS=--cap-lints=warn" "-e" "CARGO_HOME=/opt/rustwide/cargo-home" "-e" "RUSTUP_HOME=/opt/rustwide/rustup-home" "-w" "/opt/rustwide/workdir" "-m" "1610612736" "--user" "0:0" "--network" "none" "ghcr.io/rust-lang/crates-build-env/linux@sha256:f3a9d4ad9d972b27faf3965f35b62e55ba32bbce8f20bc8fe909558a86702fde" "/opt/rustwide/cargo-home/bin/cargo" "+1.83.0" "test" "--frozen", kill_on_drop: false }`
[INFO] [stdout] 6eb132d3b3a28d5b2b1bfd5fad7565da4eca8edf34d9db4ee17df3430ec5e1c6
[INFO] running `Command { std: "docker" "start" "-a" "6eb132d3b3a28d5b2b1bfd5fad7565da4eca8edf34d9db4ee17df3430ec5e1c6", kill_on_drop: false }`
[INFO] [stderr] warning: no edition set: defaulting to the 2015 edition while the latest is 2021
[INFO] [stderr] warning: variable does not need to be mutable
[INFO] [stderr]    --> src/parser.rs:386:15
[INFO] [stderr]     |
[INFO] [stderr] 386 |           let mut saved_line = self.symbol.line;
[INFO] [stderr]     |               ----^^^^^^^^^^
[INFO] [stderr]     |               |
[INFO] [stderr]     |               help: remove this `mut`
[INFO] [stderr]     |
[INFO] [stderr]     = note: `#[warn(unused_mut)]` on by default
[INFO] [stderr] 
[INFO] [stderr] warning: variable does not need to be mutable
[INFO] [stderr]    --> src/parser.rs:389:15
[INFO] [stderr]     |
[INFO] [stderr] 389 |           let mut exp_result : Category = self.types_stack.pop().unwrap(); 
[INFO] [stderr]     |               ----^^^^^^^^^^
[INFO] [stderr]     |               |
[INFO] [stderr]     |               help: remove this `mut`
[INFO] [stderr] 
[INFO] [stderr] warning: variable does not need to be mutable
[INFO] [stderr]    --> src/parser.rs:473:11
[INFO] [stderr]     |
[INFO] [stderr] 473 |       let mut saved_operator = self.symbol.clone();
[INFO] [stderr]     |           ----^^^^^^^^^^^^^^
[INFO] [stderr]     |           |
[INFO] [stderr]     |           help: remove this `mut`
[INFO] [stderr] 
[INFO] [stderr] warning: variable does not need to be mutable
[INFO] [stderr]    --> src/parser.rs:476:11
[INFO] [stderr]     |
[INFO] [stderr] 476 |       let mut op1 = self.types_stack.pop().unwrap();
[INFO] [stderr]     |           ----^^^
[INFO] [stderr]     |           |
[INFO] [stderr]     |           help: remove this `mut`
[INFO] [stderr] 
[INFO] [stderr] warning: variable does not need to be mutable
[INFO] [stderr]    --> src/parser.rs:477:11
[INFO] [stderr]     |
[INFO] [stderr] 477 |       let mut op2 = self.types_stack.pop().unwrap();
[INFO] [stderr]     |           ----^^^
[INFO] [stderr]     |           |
[INFO] [stderr]     |           help: remove this `mut`
[INFO] [stderr] 
[INFO] [stderr] warning: variable does not need to be mutable
[INFO] [stderr]    --> src/parser.rs:522:11
[INFO] [stderr]     |
[INFO] [stderr] 522 |       let mut saved_operator = self.symbol.clone();
[INFO] [stderr]     |           ----^^^^^^^^^^^^^^
[INFO] [stderr]     |           |
[INFO] [stderr]     |           help: remove this `mut`
[INFO] [stderr] 
[INFO] [stderr] warning: variable does not need to be mutable
[INFO] [stderr]    --> src/parser.rs:526:11
[INFO] [stderr]     |
[INFO] [stderr] 526 |       let mut op1 = self.types_stack.pop().unwrap();
[INFO] [stderr]     |           ----^^^
[INFO] [stderr]     |           |
[INFO] [stderr]     |           help: remove this `mut`
[INFO] [stderr] 
[INFO] [stderr] warning: variable does not need to be mutable
[INFO] [stderr]    --> src/parser.rs:527:11
[INFO] [stderr]     |
[INFO] [stderr] 527 |       let mut op2 = self.types_stack.pop().unwrap();
[INFO] [stderr]     |           ----^^^
[INFO] [stderr]     |           |
[INFO] [stderr]     |           help: remove this `mut`
[INFO] [stderr] 
[INFO] [stderr] warning: variable does not need to be mutable
[INFO] [stderr]    --> src/parser.rs:556:11
[INFO] [stderr]     |
[INFO] [stderr] 556 |       let mut saved_operator = self.symbol.clone();
[INFO] [stderr]     |           ----^^^^^^^^^^^^^^
[INFO] [stderr]     |           |
[INFO] [stderr]     |           help: remove this `mut`
[INFO] [stderr] 
[INFO] [stderr] warning: variable does not need to be mutable
[INFO] [stderr]    --> src/parser.rs:561:11
[INFO] [stderr]     |
[INFO] [stderr] 561 |       let mut op1 = self.types_stack.pop().unwrap();
[INFO] [stderr]     |           ----^^^
[INFO] [stderr]     |           |
[INFO] [stderr]     |           help: remove this `mut`
[INFO] [stderr] 
[INFO] [stderr] warning: variable does not need to be mutable
[INFO] [stderr]    --> src/parser.rs:562:11
[INFO] [stderr]     |
[INFO] [stderr] 562 |       let mut op2 = self.types_stack.pop().unwrap();
[INFO] [stderr]     |           ----^^^
[INFO] [stderr]     |           |
[INFO] [stderr]     |           help: remove this `mut`
[INFO] [stderr] 
[INFO] [stderr] warning: variable does not need to be mutable
[INFO] [stderr]    --> src/parser.rs:593:13
[INFO] [stderr]     |
[INFO] [stderr] 593 |         let mut cat = self.match_token_category(self.symbol.clone());
[INFO] [stderr]     |             ----^^^
[INFO] [stderr]     |             |
[INFO] [stderr]     |             help: remove this `mut`
[INFO] [stderr] 
[INFO] [stderr] warning: variable does not need to be mutable
[INFO] [stderr]    --> src/parser.rs:614:11
[INFO] [stderr]     |
[INFO] [stderr] 614 |       let mut cat = self.match_token_category(self.symbol.clone());
[INFO] [stderr]     |           ----^^^
[INFO] [stderr]     |           |
[INFO] [stderr]     |           help: remove this `mut`
[INFO] [stderr] 
[INFO] [stderr] warning: function `test_parser_program10` is never used
[INFO] [stderr]    --> src/parser.rs:838:4
[INFO] [stderr]     |
[INFO] [stderr] 838 | fn test_parser_program10() {
[INFO] [stderr]     |    ^^^^^^^^^^^^^^^^^^^^^
[INFO] [stderr]     |
[INFO] [stderr]     = note: `#[warn(dead_code)]` on by default
[INFO] [stderr] 
[INFO] [stderr] warning: function `test_parser_program12` is never used
[INFO] [stderr]    --> src/parser.rs:854:4
[INFO] [stderr]     |
[INFO] [stderr] 854 | fn test_parser_program12() {
[INFO] [stderr]     |    ^^^^^^^^^^^^^^^^^^^^^
[INFO] [stderr] 
[INFO] [stderr] warning: function `test_parser_program13` is never used
[INFO] [stderr]    --> src/parser.rs:862:4
[INFO] [stderr]     |
[INFO] [stderr] 862 | fn test_parser_program13() {
[INFO] [stderr]     |    ^^^^^^^^^^^^^^^^^^^^^
[INFO] [stderr] 
[INFO] [stderr] warning: `pascalzim` (lib) generated 16 warnings (run `cargo fix --lib -p pascalzim` to apply 13 suggestions)
[INFO] [stderr] warning: `pascalzim` (lib test) generated 16 warnings (16 duplicates)
[INFO] [stderr]     Finished `test` profile [unoptimized + debuginfo] target(s) in 0.01s
[INFO] [stderr]      Running unittests src/lib.rs (/opt/rustwide/target/debug/deps/pascalzim-a4c1f17b9e7827c8)
[INFO] [stdout] 
[INFO] [stdout] running 16 tests
[INFO] [stdout] test lexer::test_token_delimiter ... ok
[INFO] [stdout] test lexer::test_token_keywords ... ok
[INFO] [stdout] test lexer::test_token_literal_num ... ok
[INFO] [stdout] test lexer::test_token_literal_str ... ok
[INFO] [stdout] test lexer::test_token_operator ... ok
[INFO] [stdout] test lexer::test_print_vecdeque ... ok
[INFO] [stdout] test lexer::test_token_power ... ok
[INFO] [stdout] test lexer::test_token_program ... ok
[INFO] [stdout] test parser::test_parser_program11 ... ok
[INFO] [stdout] test parser::test_parser_program15 ... ok
[INFO] [stdout] test parser::test_parser_program14 ... ok
[INFO] [stdout] test parser::test_parser_program6 ... ok
[INFO] [stdout] test parser::test_parser_program7 ... ok
[INFO] [stdout] test parser::test_stack ... ok
[INFO] [stdout] test parser::test_parser_program9 ... ok
[INFO] [stdout] test parser::test_program_final ... FAILED
[INFO] [stdout] 
[INFO] [stdout] failures:
[INFO] [stdout] 
[INFO] [stdout] ---- parser::test_program_final stdout ----
[INFO] [stdout] thread 'parser::test_program_final' panicked at src/parser.rs:182:9:
[INFO] [stdout] Identifier `x` already declared => line `5`
[INFO] [stdout] stack backtrace:
[INFO] [stdout]    0:     0x61e11f52f58a - std::backtrace_rs::backtrace::libunwind::trace::h5a5b8284f2d0c266
[INFO] [stdout]                                at /rustc/90b35a6239c3d8bdabc530a6a0816f7ff89a0aaf/library/std/src/../../backtrace/src/backtrace/libunwind.rs:116:5
[INFO] [stdout]    1:     0x61e11f52f58a - std::backtrace_rs::backtrace::trace_unsynchronized::h76d4f1c9b0b875e3
[INFO] [stdout]                                at /rustc/90b35a6239c3d8bdabc530a6a0816f7ff89a0aaf/library/std/src/../../backtrace/src/backtrace/mod.rs:66:5
[INFO] [stdout]    2:     0x61e11f52f58a - std::sys::backtrace::_print_fmt::hc4546b8364a537c6
[INFO] [stdout]                                at /rustc/90b35a6239c3d8bdabc530a6a0816f7ff89a0aaf/library/std/src/sys/backtrace.rs:66:9
[INFO] [stdout]    3:     0x61e11f52f58a - <std::sys::backtrace::BacktraceLock::print::DisplayBacktrace as core::fmt::Display>::fmt::h5b6bd5631a6d1f6b
[INFO] [stdout]                                at /rustc/90b35a6239c3d8bdabc530a6a0816f7ff89a0aaf/library/std/src/sys/backtrace.rs:39:26
[INFO] [stdout]    4:     0x61e11f556403 - core::fmt::rt::Argument::fmt::h270f6602a2b96f62
[INFO] [stdout]                                at /rustc/90b35a6239c3d8bdabc530a6a0816f7ff89a0aaf/library/core/src/fmt/rt.rs:177:76
[INFO] [stdout]    5:     0x61e11f556403 - core::fmt::write::h7550c97b06c86515
[INFO] [stdout]                                at /rustc/90b35a6239c3d8bdabc530a6a0816f7ff89a0aaf/library/core/src/fmt/mod.rs:1186:21
[INFO] [stdout]    6:     0x61e11f52c753 - std::io::Write::write_fmt::h509ff860e5956e5e
[INFO] [stdout]                                at /rustc/90b35a6239c3d8bdabc530a6a0816f7ff89a0aaf/library/std/src/io/mod.rs:1839:15
[INFO] [stdout]    7:     0x61e11f52f3d2 - std::sys::backtrace::BacktraceLock::print::h2395ccd2c84ba3aa
[INFO] [stdout]                                at /rustc/90b35a6239c3d8bdabc530a6a0816f7ff89a0aaf/library/std/src/sys/backtrace.rs:42:9
[INFO] [stdout]    8:     0x61e11f5309ea - std::panicking::default_hook::{{closure}}::he19d4c7230e07961
[INFO] [stdout]                                at /rustc/90b35a6239c3d8bdabc530a6a0816f7ff89a0aaf/library/std/src/panicking.rs:268:22
[INFO] [stdout]    9:     0x61e11f5307f4 - std::panicking::default_hook::hf614597d3c67bbdb
[INFO] [stdout]                                at /rustc/90b35a6239c3d8bdabc530a6a0816f7ff89a0aaf/library/std/src/panicking.rs:292:9
[INFO] [stdout]   10:     0x61e11f4fc0d9 - <alloc::boxed::Box<F,A> as core::ops::function::Fn<Args>>::call::h39b51ce4599c23d1
[INFO] [stdout]                                at /rustc/90b35a6239c3d8bdabc530a6a0816f7ff89a0aaf/library/alloc/src/boxed.rs:2468:9
[INFO] [stdout]   11:     0x61e11f4fc0d9 - test::test_main::{{closure}}::he977ae839a582784
[INFO] [stdout]                                at /rustc/90b35a6239c3d8bdabc530a6a0816f7ff89a0aaf/library/test/src/lib.rs:133:21
[INFO] [stdout]   12:     0x61e11f531088 - <alloc::boxed::Box<F,A> as core::ops::function::Fn<Args>>::call::h9455091b6b06f9fb
[INFO] [stdout]                                at /rustc/90b35a6239c3d8bdabc530a6a0816f7ff89a0aaf/library/alloc/src/boxed.rs:2468:9
[INFO] [stdout]   13:     0x61e11f531088 - std::panicking::rust_panic_with_hook::h8942133a8b252070
[INFO] [stdout]                                at /rustc/90b35a6239c3d8bdabc530a6a0816f7ff89a0aaf/library/std/src/panicking.rs:809:13
[INFO] [stderr] error: test failed, to rerun pass `--lib`
[INFO] [stdout]   14:     0x61e11f530e4a - std::panicking::begin_panic_handler::{{closure}}::hb5f5963570096b29
[INFO] [stdout]                                at /rustc/90b35a6239c3d8bdabc530a6a0816f7ff89a0aaf/library/std/src/panicking.rs:674:13
[INFO] [stdout]   15:     0x61e11f52fa69 - std::sys::backtrace::__rust_end_short_backtrace::h6208cedc1922feda
[INFO] [stdout]                                at /rustc/90b35a6239c3d8bdabc530a6a0816f7ff89a0aaf/library/std/src/sys/backtrace.rs:170:18
[INFO] [stdout]   16:     0x61e11f530adc - rust_begin_unwind
[INFO] [stdout]                                at /rustc/90b35a6239c3d8bdabc530a6a0816f7ff89a0aaf/library/std/src/panicking.rs:665:5
[INFO] [stdout]   17:     0x61e11f4aaa60 - core::panicking::panic_fmt::h0c3082644d1bf418
[INFO] [stdout]                                at /rustc/90b35a6239c3d8bdabc530a6a0816f7ff89a0aaf/library/core/src/panicking.rs:74:14
[INFO] [stdout]   18:     0x61e11f4ade8f - pascalzim::parser::Parser::parse_list_identfiers::h332f4362fcc86917
[INFO] [stdout]                                at /opt/rustwide/workdir/src/parser.rs:182:9
[INFO] [stdout]   19:     0x61e11f4ad992 - pascalzim::parser::Parser::parse_list_declare_var::hcb2e68a1605cbe62
[INFO] [stdout]                                at /opt/rustwide/workdir/src/parser.rs:142:5
[INFO] [stdout]   20:     0x61e11f4adaeb - pascalzim::parser::Parser::parse_list_declare_var::hcb2e68a1605cbe62
[INFO] [stdout]                                at /opt/rustwide/workdir/src/parser.rs:154:9
[INFO] [stdout]   21:     0x61e11f4adaeb - pascalzim::parser::Parser::parse_list_declare_var::hcb2e68a1605cbe62
[INFO] [stdout]                                at /opt/rustwide/workdir/src/parser.rs:154:9
[INFO] [stdout]   22:     0x61e11f4ad950 - pascalzim::parser::Parser::parse_declare_var::he1fd49b72f2b39dd
[INFO] [stdout]                                at /opt/rustwide/workdir/src/parser.rs:131:7
[INFO] [stdout]   23:     0x61e11f4ad7e4 - pascalzim::parser::Parser::parse_program::ha9751d3bf4e741bd
[INFO] [stdout]                                at /opt/rustwide/workdir/src/parser.rs:97:11
[INFO] [stdout]   24:     0x61e11f4ad351 - pascalzim::parser::Parser::build_ast::h2394b7921e0fd713
[INFO] [stdout]                                at /opt/rustwide/workdir/src/parser.rs:51:5
[INFO] [stdout]   25:     0x61e11f4b220c - pascalzim::parser::test_program_final::h4c7745e4f08a608a
[INFO] [stdout]                                at /opt/rustwide/workdir/src/parser.rs:796:13
[INFO] [stdout]   26:     0x61e11f4b21c7 - pascalzim::parser::test_program_final::{{closure}}::hbfb7deb8e8d92045
[INFO] [stdout]                                at /opt/rustwide/workdir/src/parser.rs:794:24
[INFO] [stdout]   27:     0x61e11f4baf26 - core::ops::function::FnOnce::call_once::hc943757a4f16a9ab
[INFO] [stdout]                                at /rustc/90b35a6239c3d8bdabc530a6a0816f7ff89a0aaf/library/core/src/ops/function.rs:250:5
[INFO] [stdout]   28:     0x61e11f500a9b - core::ops::function::FnOnce::call_once::h109cf8051a59b34e
[INFO] [stdout]                                at /rustc/90b35a6239c3d8bdabc530a6a0816f7ff89a0aaf/library/core/src/ops/function.rs:250:5
[INFO] [stdout]   29:     0x61e11f500a9b - test::__rust_begin_short_backtrace::hf4fff89d377446ba
[INFO] [stdout]                                at /rustc/90b35a6239c3d8bdabc530a6a0816f7ff89a0aaf/library/test/src/lib.rs:621:18
[INFO] [stdout]   30:     0x61e11f5002d7 - test::run_test_in_process::{{closure}}::h0e39181dd7ee5a43
[INFO] [stdout]                                at /rustc/90b35a6239c3d8bdabc530a6a0816f7ff89a0aaf/library/test/src/lib.rs:644:60
[INFO] [stdout]   31:     0x61e11f5002d7 - <core::panic::unwind_safe::AssertUnwindSafe<F> as core::ops::function::FnOnce<()>>::call_once::hc5a66a30f0bdfd1f
[INFO] [stdout]                                at /rustc/90b35a6239c3d8bdabc530a6a0816f7ff89a0aaf/library/core/src/panic/unwind_safe.rs:272:9
[INFO] [stdout]   32:     0x61e11f5002d7 - std::panicking::try::do_call::h873b7cf639554a5e
[INFO] [stdout]                                at /rustc/90b35a6239c3d8bdabc530a6a0816f7ff89a0aaf/library/std/src/panicking.rs:557:40
[INFO] [stdout]   33:     0x61e11f5002d7 - std::panicking::try::hdb19862fad9c8bd1
[INFO] [stdout]                                at /rustc/90b35a6239c3d8bdabc530a6a0816f7ff89a0aaf/library/std/src/panicking.rs:520:19
[INFO] [stdout]   34:     0x61e11f5002d7 - std::panic::catch_unwind::h281fe732d236d260
[INFO] [stdout]                                at /rustc/90b35a6239c3d8bdabc530a6a0816f7ff89a0aaf/library/std/src/panic.rs:358:14
[INFO] [stdout]   35:     0x61e11f5002d7 - test::run_test_in_process::h949b6df8457ed338
[INFO] [stdout]                                at /rustc/90b35a6239c3d8bdabc530a6a0816f7ff89a0aaf/library/test/src/lib.rs:644:27
[INFO] [stdout]   36:     0x61e11f5002d7 - test::run_test::{{closure}}::h52c556a6d4740e10
[INFO] [stdout]                                at /rustc/90b35a6239c3d8bdabc530a6a0816f7ff89a0aaf/library/test/src/lib.rs:565:43
[INFO] [stdout]   37:     0x61e11f4c55b4 - test::run_test::{{closure}}::h4237f6381c45ccb9
[INFO] [stdout]                                at /rustc/90b35a6239c3d8bdabc530a6a0816f7ff89a0aaf/library/test/src/lib.rs:595:41
[INFO] [stdout]   38:     0x61e11f4c55b4 - std::sys::backtrace::__rust_begin_short_backtrace::h505c97a579eca628
[INFO] [stdout]                                at /rustc/90b35a6239c3d8bdabc530a6a0816f7ff89a0aaf/library/std/src/sys/backtrace.rs:154:18
[INFO] [stdout]   39:     0x61e11f4c8c7e - std::thread::Builder::spawn_unchecked_::{{closure}}::{{closure}}::h9e86b2e2bc107ea3
[INFO] [stdout]                                at /rustc/90b35a6239c3d8bdabc530a6a0816f7ff89a0aaf/library/std/src/thread/mod.rs:538:17
[INFO] [stdout]   40:     0x61e11f4c8c7e - <core::panic::unwind_safe::AssertUnwindSafe<F> as core::ops::function::FnOnce<()>>::call_once::h8b06ddb275ff4a25
[INFO] [stdout]                                at /rustc/90b35a6239c3d8bdabc530a6a0816f7ff89a0aaf/library/core/src/panic/unwind_safe.rs:272:9
[INFO] [stdout]   41:     0x61e11f4c8c7e - std::panicking::try::do_call::hb26ecd7cd9a9355d
[INFO] [stdout]                                at /rustc/90b35a6239c3d8bdabc530a6a0816f7ff89a0aaf/library/std/src/panicking.rs:557:40
[INFO] [stdout]   42:     0x61e11f4c8c7e - std::panicking::try::h8ddeca9d705f9069
[INFO] [stdout]                                at /rustc/90b35a6239c3d8bdabc530a6a0816f7ff89a0aaf/library/std/src/panicking.rs:520:19
[INFO] [stdout]   43:     0x61e11f4c8c7e - std::panic::catch_unwind::h49e1c33078844c46
[INFO] [stdout]                                at /rustc/90b35a6239c3d8bdabc530a6a0816f7ff89a0aaf/library/std/src/panic.rs:358:14
[INFO] [stdout]   44:     0x61e11f4c8c7e - std::thread::Builder::spawn_unchecked_::{{closure}}::h6073db6ff56ad35d
[INFO] [stdout]                                at /rustc/90b35a6239c3d8bdabc530a6a0816f7ff89a0aaf/library/std/src/thread/mod.rs:537:30
[INFO] [stdout]   45:     0x61e11f4c8c7e - core::ops::function::FnOnce::call_once{{vtable.shim}}::h2c5a5f3779c774f1
[INFO] [stdout]                                at /rustc/90b35a6239c3d8bdabc530a6a0816f7ff89a0aaf/library/core/src/ops/function.rs:250:5
[INFO] [stdout]   46:     0x61e11f534deb - <alloc::boxed::Box<F,A> as core::ops::function::FnOnce<Args>>::call_once::hf75717d9f28faebf
[INFO] [stdout]                                at /rustc/90b35a6239c3d8bdabc530a6a0816f7ff89a0aaf/library/alloc/src/boxed.rs:2454:9
[INFO] [stdout]   47:     0x61e11f534deb - <alloc::boxed::Box<F,A> as core::ops::function::FnOnce<Args>>::call_once::h7bd883a5f3c5f3c1
[INFO] [stdout]                                at /rustc/90b35a6239c3d8bdabc530a6a0816f7ff89a0aaf/library/alloc/src/boxed.rs:2454:9
[INFO] [stdout]   48:     0x61e11f534deb - std::sys::pal::unix::thread::Thread::new::thread_start::hcc78f3943333fa94
[INFO] [stdout]                                at /rustc/90b35a6239c3d8bdabc530a6a0816f7ff89a0aaf/library/std/src/sys/pal/unix/thread.rs:105:17
[INFO] [stdout]   49:     0x7fb31f229ac3 - <unknown>
[INFO] [stdout]   50:     0x7fb31f2baa04 - clone
[INFO] [stdout]   51:                0x0 - <unknown>
[INFO] [stdout] 
[INFO] [stdout] 
[INFO] [stdout] failures:
[INFO] [stdout]     parser::test_program_final
[INFO] [stdout] 
[INFO] [stdout] test result: FAILED. 15 passed; 1 failed; 0 ignored; 0 measured; 0 filtered out; finished in 0.01s
[INFO] [stdout] 
[INFO] running `Command { std: "docker" "inspect" "6eb132d3b3a28d5b2b1bfd5fad7565da4eca8edf34d9db4ee17df3430ec5e1c6", kill_on_drop: false }`
[INFO] running `Command { std: "docker" "rm" "-f" "6eb132d3b3a28d5b2b1bfd5fad7565da4eca8edf34d9db4ee17df3430ec5e1c6", kill_on_drop: false }`
[INFO] [stdout] 6eb132d3b3a28d5b2b1bfd5fad7565da4eca8edf34d9db4ee17df3430ec5e1c6
