[INFO] cloning repository https://github.com/allochi/codecrafters-shell-rust
[INFO] running `Command { std: "git" "-c" "credential.helper=" "-c" "credential.helper=/workspace/cargo-home/bin/git-credential-null" "clone" "--bare" "https://github.com/allochi/codecrafters-shell-rust" "/workspace/cache/git-repos/https%3A%2F%2Fgithub.com%2Fallochi%2Fcodecrafters-shell-rust", kill_on_drop: false }`
[INFO] [stderr] Cloning into bare repository '/workspace/cache/git-repos/https%3A%2F%2Fgithub.com%2Fallochi%2Fcodecrafters-shell-rust'...
[INFO] running `Command { std: "git" "rev-parse" "HEAD", kill_on_drop: false }`
[INFO] [stdout] c8ae29ab8691bb92c4a5fadefdf67b6515e70070
[INFO] testing allochi/codecrafters-shell-rust against 1.83.0 for beta-1.84.0-4-retry
[INFO] running `Command { std: "git" "clone" "/workspace/cache/git-repos/https%3A%2F%2Fgithub.com%2Fallochi%2Fcodecrafters-shell-rust" "/workspace/builds/worker-6-tc1/source", kill_on_drop: false }`
[INFO] [stderr] Cloning into '/workspace/builds/worker-6-tc1/source'...
[INFO] [stderr] done.
[INFO] validating manifest of git repo https://github.com/allochi/codecrafters-shell-rust on toolchain 1.83.0
[INFO] running `Command { std: CARGO_HOME="/workspace/cargo-home" RUSTUP_HOME="/workspace/rustup-home" "/workspace/cargo-home/bin/cargo" "+1.83.0" "metadata" "--manifest-path" "Cargo.toml" "--no-deps", kill_on_drop: false }`
[INFO] started tweaking git repo https://github.com/allochi/codecrafters-shell-rust
[INFO] finished tweaking git repo https://github.com/allochi/codecrafters-shell-rust
[INFO] tweaked toml for git repo https://github.com/allochi/codecrafters-shell-rust written to /workspace/builds/worker-6-tc1/source/Cargo.toml
[INFO] crate git repo https://github.com/allochi/codecrafters-shell-rust already has a lockfile, it will not be regenerated
[INFO] running `Command { std: CARGO_HOME="/workspace/cargo-home" RUSTUP_HOME="/workspace/rustup-home" "/workspace/cargo-home/bin/cargo" "+1.83.0" "fetch" "--manifest-path" "Cargo.toml", kill_on_drop: false }`
[INFO] running `Command { std: "docker" "create" "-v" "/var/lib/crater-agent-workspace/builds/worker-6-tc1/target:/opt/rustwide/target:rw,Z" "-v" "/var/lib/crater-agent-workspace/builds/worker-6-tc1/source:/opt/rustwide/workdir:ro,Z" "-v" "/var/lib/crater-agent-workspace/cargo-home:/opt/rustwide/cargo-home:ro,Z" "-v" "/var/lib/crater-agent-workspace/rustup-home:/opt/rustwide/rustup-home:ro,Z" "-e" "SOURCE_DIR=/opt/rustwide/workdir" "-e" "CARGO_TARGET_DIR=/opt/rustwide/target" "-e" "CARGO_HOME=/opt/rustwide/cargo-home" "-e" "RUSTUP_HOME=/opt/rustwide/rustup-home" "-w" "/opt/rustwide/workdir" "-m" "1610612736" "--user" "0:0" "--network" "none" "ghcr.io/rust-lang/crates-build-env/linux@sha256:f3a9d4ad9d972b27faf3965f35b62e55ba32bbce8f20bc8fe909558a86702fde" "/opt/rustwide/cargo-home/bin/cargo" "+1.83.0" "metadata" "--no-deps" "--format-version=1", kill_on_drop: false }`
[INFO] [stdout] 278e914ae17d4d24e5041009335a0f0089cacc82b7fb79bb1f9d5be9d84dfb7f
[INFO] running `Command { std: "docker" "start" "-a" "278e914ae17d4d24e5041009335a0f0089cacc82b7fb79bb1f9d5be9d84dfb7f", kill_on_drop: false }`
[INFO] running `Command { std: "docker" "inspect" "278e914ae17d4d24e5041009335a0f0089cacc82b7fb79bb1f9d5be9d84dfb7f", kill_on_drop: false }`
[INFO] running `Command { std: "docker" "rm" "-f" "278e914ae17d4d24e5041009335a0f0089cacc82b7fb79bb1f9d5be9d84dfb7f", kill_on_drop: false }`
[INFO] [stdout] 278e914ae17d4d24e5041009335a0f0089cacc82b7fb79bb1f9d5be9d84dfb7f
[INFO] running `Command { std: "docker" "create" "-v" "/var/lib/crater-agent-workspace/builds/worker-6-tc1/target:/opt/rustwide/target:rw,Z" "-v" "/var/lib/crater-agent-workspace/builds/worker-6-tc1/source:/opt/rustwide/workdir:ro,Z" "-v" "/var/lib/crater-agent-workspace/cargo-home:/opt/rustwide/cargo-home:ro,Z" "-v" "/var/lib/crater-agent-workspace/rustup-home:/opt/rustwide/rustup-home:ro,Z" "-e" "SOURCE_DIR=/opt/rustwide/workdir" "-e" "CARGO_TARGET_DIR=/opt/rustwide/target" "-e" "CARGO_INCREMENTAL=0" "-e" "RUST_BACKTRACE=full" "-e" "RUSTFLAGS=--cap-lints=warn" "-e" "RUSTDOCFLAGS=--cap-lints=warn" "-e" "CARGO_HOME=/opt/rustwide/cargo-home" "-e" "RUSTUP_HOME=/opt/rustwide/rustup-home" "-w" "/opt/rustwide/workdir" "-m" "1610612736" "--user" "0:0" "--network" "none" "ghcr.io/rust-lang/crates-build-env/linux@sha256:f3a9d4ad9d972b27faf3965f35b62e55ba32bbce8f20bc8fe909558a86702fde" "/opt/rustwide/cargo-home/bin/cargo" "+1.83.0" "build" "--frozen" "--message-format=json", kill_on_drop: false }`
[INFO] [stdout] de2b8f0e96ff868a2caa7f4dcd44463a4c66aa0b047c5e254a738beb345c279e
[INFO] running `Command { std: "docker" "start" "-a" "de2b8f0e96ff868a2caa7f4dcd44463a4c66aa0b047c5e254a738beb345c279e", kill_on_drop: false }`
[INFO] [stderr]    Compiling proc-macro2 v1.0.86
[INFO] [stderr]    Compiling unicode-ident v1.0.12
[INFO] [stderr]    Compiling anyhow v1.0.86
[INFO] [stderr]    Compiling thiserror v1.0.63
[INFO] [stderr]    Compiling bytes v1.7.1
[INFO] [stderr]    Compiling quote v1.0.36
[INFO] [stderr]    Compiling syn v2.0.75
[INFO] [stderr]    Compiling thiserror-impl v1.0.63
[INFO] [stderr]    Compiling codecrafters-shell v0.1.0 (/opt/rustwide/workdir)
[INFO] [stderr]     Finished `dev` profile [unoptimized + debuginfo] target(s) in 7.07s
[INFO] running `Command { std: "docker" "inspect" "de2b8f0e96ff868a2caa7f4dcd44463a4c66aa0b047c5e254a738beb345c279e", kill_on_drop: false }`
[INFO] running `Command { std: "docker" "rm" "-f" "de2b8f0e96ff868a2caa7f4dcd44463a4c66aa0b047c5e254a738beb345c279e", kill_on_drop: false }`
[INFO] [stdout] de2b8f0e96ff868a2caa7f4dcd44463a4c66aa0b047c5e254a738beb345c279e
[INFO] running `Command { std: "docker" "create" "-v" "/var/lib/crater-agent-workspace/builds/worker-6-tc1/target:/opt/rustwide/target:rw,Z" "-v" "/var/lib/crater-agent-workspace/builds/worker-6-tc1/source:/opt/rustwide/workdir:ro,Z" "-v" "/var/lib/crater-agent-workspace/cargo-home:/opt/rustwide/cargo-home:ro,Z" "-v" "/var/lib/crater-agent-workspace/rustup-home:/opt/rustwide/rustup-home:ro,Z" "-e" "SOURCE_DIR=/opt/rustwide/workdir" "-e" "CARGO_TARGET_DIR=/opt/rustwide/target" "-e" "CARGO_INCREMENTAL=0" "-e" "RUST_BACKTRACE=full" "-e" "RUSTFLAGS=--cap-lints=warn" "-e" "RUSTDOCFLAGS=--cap-lints=warn" "-e" "CARGO_HOME=/opt/rustwide/cargo-home" "-e" "RUSTUP_HOME=/opt/rustwide/rustup-home" "-w" "/opt/rustwide/workdir" "-m" "1610612736" "--user" "0:0" "--network" "none" "ghcr.io/rust-lang/crates-build-env/linux@sha256:f3a9d4ad9d972b27faf3965f35b62e55ba32bbce8f20bc8fe909558a86702fde" "/opt/rustwide/cargo-home/bin/cargo" "+1.83.0" "test" "--frozen" "--no-run" "--message-format=json", kill_on_drop: false }`
[INFO] [stdout] a384cc7d60ea6e776cd7c51bc1400453962c17eccab3236b21de51573d7f2004
[INFO] running `Command { std: "docker" "start" "-a" "a384cc7d60ea6e776cd7c51bc1400453962c17eccab3236b21de51573d7f2004", kill_on_drop: false }`
[INFO] [stderr]    Compiling codecrafters-shell v0.1.0 (/opt/rustwide/workdir)
[INFO] [stderr]     Finished `test` profile [unoptimized + debuginfo] target(s) in 0.53s
[INFO] running `Command { std: "docker" "inspect" "a384cc7d60ea6e776cd7c51bc1400453962c17eccab3236b21de51573d7f2004", kill_on_drop: false }`
[INFO] running `Command { std: "docker" "rm" "-f" "a384cc7d60ea6e776cd7c51bc1400453962c17eccab3236b21de51573d7f2004", kill_on_drop: false }`
[INFO] [stdout] a384cc7d60ea6e776cd7c51bc1400453962c17eccab3236b21de51573d7f2004
[INFO] running `Command { std: "docker" "create" "-v" "/var/lib/crater-agent-workspace/builds/worker-6-tc1/target:/opt/rustwide/target:rw,Z" "-v" "/var/lib/crater-agent-workspace/builds/worker-6-tc1/source:/opt/rustwide/workdir:ro,Z" "-v" "/var/lib/crater-agent-workspace/cargo-home:/opt/rustwide/cargo-home:ro,Z" "-v" "/var/lib/crater-agent-workspace/rustup-home:/opt/rustwide/rustup-home:ro,Z" "-e" "SOURCE_DIR=/opt/rustwide/workdir" "-e" "CARGO_TARGET_DIR=/opt/rustwide/target" "-e" "CARGO_INCREMENTAL=0" "-e" "RUST_BACKTRACE=full" "-e" "RUSTFLAGS=--cap-lints=warn" "-e" "RUSTDOCFLAGS=--cap-lints=warn" "-e" "CARGO_HOME=/opt/rustwide/cargo-home" "-e" "RUSTUP_HOME=/opt/rustwide/rustup-home" "-w" "/opt/rustwide/workdir" "-m" "1610612736" "--user" "0:0" "--network" "none" "ghcr.io/rust-lang/crates-build-env/linux@sha256:f3a9d4ad9d972b27faf3965f35b62e55ba32bbce8f20bc8fe909558a86702fde" "/opt/rustwide/cargo-home/bin/cargo" "+1.83.0" "test" "--frozen", kill_on_drop: false }`
[INFO] [stdout] 366f30fba5a8e4cec62629d8f086131d838a9c164a574fc3e12ee9b22d505ae9
[INFO] running `Command { std: "docker" "start" "-a" "366f30fba5a8e4cec62629d8f086131d838a9c164a574fc3e12ee9b22d505ae9", kill_on_drop: false }`
[INFO] [stderr]     Finished `test` profile [unoptimized + debuginfo] target(s) in 0.04s
[INFO] [stderr]      Running unittests src/lib.rs (/opt/rustwide/target/debug/deps/codecrafters_shell-007eba51c28bae8e)
[INFO] [stdout] 
[INFO] [stdout] running 0 tests
[INFO] [stdout] 
[INFO] [stdout] test result: ok. 0 passed; 0 failed; 0 ignored; 0 measured; 0 filtered out; finished in 0.00s
[INFO] [stdout] 
[INFO] [stderr]      Running unittests src/main.rs (/opt/rustwide/target/debug/deps/codecrafters_shell-9eb082122db1650d)
[INFO] [stdout] 
[INFO] [stdout] running 0 tests
[INFO] [stdout] 
[INFO] [stdout] test result: ok. 0 passed; 0 failed; 0 ignored; 0 measured; 0 filtered out; finished in 0.00s
[INFO] [stdout] 
[INFO] [stderr]    Doc-tests codecrafters_shell
[INFO] [stdout] 
[INFO] [stdout] running 1 test
[INFO] [stdout] test src/lib.rs - CommandKind (line 22) ... FAILED
[INFO] [stdout] 
[INFO] [stdout] failures:
[INFO] [stdout] 
[INFO] [stdout] ---- src/lib.rs - CommandKind (line 22) stdout ----
[INFO] [stdout] error: format argument must be a string literal
[INFO] [stdout]  --> src/lib.rs:24:19
[INFO] [stdout]   |
[INFO] [stdout] 4 | assert!(cmd.kind, CommandKind::ECHO);
[INFO] [stdout]   |                   ^^^^^^^^^^^^^^^^^
[INFO] [stdout]   |
[INFO] [stdout] help: you might be missing a string literal to format with
[INFO] [stdout]   |
[INFO] [stdout] 4 | assert!(cmd.kind, "{}", CommandKind::ECHO);
[INFO] [stdout]   |                   +++++
[INFO] [stdout] 
[INFO] [stdout] error[E0433]: failed to resolve: use of undeclared type `Command`
[INFO] [stdout]  --> src/lib.rs:23:11
[INFO] [stdout]   |
[INFO] [stdout] 3 | let cmd = Command::new("echo one two three");
[INFO] [stdout]   |           ^^^^^^^ use of undeclared type `Command`
[INFO] [stdout]   |
[INFO] [stdout] help: consider importing one of these structs
[INFO] [stdout]   |
[INFO] [stdout] 2 + use std::process::Command;
[INFO] [stdout]   |
[INFO] [stdout] 2 + use codecrafters_shell::Command;
[INFO] [stdout]   |
[INFO] [stdout] 
[INFO] [stdout] error: aborting due to 2 previous errors
[INFO] [stdout] 
[INFO] [stdout] For more information about this error, try `rustc --explain E0433`.
[INFO] [stdout] Couldn't compile the test.
[INFO] [stdout] 
[INFO] [stdout] failures:
[INFO] [stdout]     src/lib.rs - CommandKind (line 22)
[INFO] [stdout] 
[INFO] [stdout] test result: FAILED. 0 passed; 1 failed; 0 ignored; 0 measured; 0 filtered out; finished in 0.07s
[INFO] [stdout] 
[INFO] [stderr] error: doctest failed, to rerun pass `--doc`
[INFO] running `Command { std: "docker" "inspect" "366f30fba5a8e4cec62629d8f086131d838a9c164a574fc3e12ee9b22d505ae9", kill_on_drop: false }`
[INFO] running `Command { std: "docker" "rm" "-f" "366f30fba5a8e4cec62629d8f086131d838a9c164a574fc3e12ee9b22d505ae9", kill_on_drop: false }`
[INFO] [stdout] 366f30fba5a8e4cec62629d8f086131d838a9c164a574fc3e12ee9b22d505ae9
