[INFO] cloning repository https://github.com/allanger/check-da-helm
[INFO] running `Command { std: "git" "-c" "credential.helper=" "-c" "credential.helper=/workspace/cargo-home/bin/git-credential-null" "clone" "--bare" "https://github.com/allanger/check-da-helm" "/workspace/cache/git-repos/https%3A%2F%2Fgithub.com%2Fallanger%2Fcheck-da-helm", kill_on_drop: false }`
[INFO] [stderr] Cloning into bare repository '/workspace/cache/git-repos/https%3A%2F%2Fgithub.com%2Fallanger%2Fcheck-da-helm'...
[INFO] running `Command { std: "git" "rev-parse" "HEAD", kill_on_drop: false }`
[INFO] [stdout] 2a235516029b1a210bdee5d219b345f7cb1d7bcf
[INFO] testing allanger/check-da-helm against beta-2024-12-08 for beta-1.84.0-4-retry
[INFO] running `Command { std: "git" "clone" "/workspace/cache/git-repos/https%3A%2F%2Fgithub.com%2Fallanger%2Fcheck-da-helm" "/workspace/builds/worker-5-tc2/source", kill_on_drop: false }`
[INFO] [stderr] Cloning into '/workspace/builds/worker-5-tc2/source'...
[INFO] [stderr] done.
[INFO] validating manifest of git repo https://github.com/allanger/check-da-helm on toolchain beta-2024-12-08
[INFO] running `Command { std: CARGO_HOME="/workspace/cargo-home" RUSTUP_HOME="/workspace/rustup-home" "/workspace/cargo-home/bin/cargo" "+beta-2024-12-08" "metadata" "--manifest-path" "Cargo.toml" "--no-deps", kill_on_drop: false }`
[INFO] started tweaking git repo https://github.com/allanger/check-da-helm
[INFO] finished tweaking git repo https://github.com/allanger/check-da-helm
[INFO] tweaked toml for git repo https://github.com/allanger/check-da-helm written to /workspace/builds/worker-5-tc2/source/Cargo.toml
[INFO] crate git repo https://github.com/allanger/check-da-helm already has a lockfile, it will not be regenerated
[INFO] running `Command { std: CARGO_HOME="/workspace/cargo-home" RUSTUP_HOME="/workspace/rustup-home" "/workspace/cargo-home/bin/cargo" "+beta-2024-12-08" "fetch" "--manifest-path" "Cargo.toml", kill_on_drop: false }`
[INFO] running `Command { std: "docker" "create" "-v" "/var/lib/crater-agent-workspace/builds/worker-5-tc2/target:/opt/rustwide/target:rw,Z" "-v" "/var/lib/crater-agent-workspace/builds/worker-5-tc2/source:/opt/rustwide/workdir:ro,Z" "-v" "/var/lib/crater-agent-workspace/cargo-home:/opt/rustwide/cargo-home:ro,Z" "-v" "/var/lib/crater-agent-workspace/rustup-home:/opt/rustwide/rustup-home:ro,Z" "-e" "SOURCE_DIR=/opt/rustwide/workdir" "-e" "CARGO_TARGET_DIR=/opt/rustwide/target" "-e" "CARGO_HOME=/opt/rustwide/cargo-home" "-e" "RUSTUP_HOME=/opt/rustwide/rustup-home" "-w" "/opt/rustwide/workdir" "-m" "1610612736" "--user" "0:0" "--network" "none" "ghcr.io/rust-lang/crates-build-env/linux@sha256:f3a9d4ad9d972b27faf3965f35b62e55ba32bbce8f20bc8fe909558a86702fde" "/opt/rustwide/cargo-home/bin/cargo" "+beta-2024-12-08" "metadata" "--no-deps" "--format-version=1", kill_on_drop: false }`
[INFO] [stdout] edba5be58d37165628929d8a1ffa2fea272303e65872f57729992fd326bbe28b
[INFO] running `Command { std: "docker" "start" "-a" "edba5be58d37165628929d8a1ffa2fea272303e65872f57729992fd326bbe28b", kill_on_drop: false }`
[INFO] running `Command { std: "docker" "inspect" "edba5be58d37165628929d8a1ffa2fea272303e65872f57729992fd326bbe28b", kill_on_drop: false }`
[INFO] running `Command { std: "docker" "rm" "-f" "edba5be58d37165628929d8a1ffa2fea272303e65872f57729992fd326bbe28b", kill_on_drop: false }`
[INFO] [stdout] edba5be58d37165628929d8a1ffa2fea272303e65872f57729992fd326bbe28b
[INFO] running `Command { std: "docker" "create" "-v" "/var/lib/crater-agent-workspace/builds/worker-5-tc2/target:/opt/rustwide/target:rw,Z" "-v" "/var/lib/crater-agent-workspace/builds/worker-5-tc2/source:/opt/rustwide/workdir:ro,Z" "-v" "/var/lib/crater-agent-workspace/cargo-home:/opt/rustwide/cargo-home:ro,Z" "-v" "/var/lib/crater-agent-workspace/rustup-home:/opt/rustwide/rustup-home:ro,Z" "-e" "SOURCE_DIR=/opt/rustwide/workdir" "-e" "CARGO_TARGET_DIR=/opt/rustwide/target" "-e" "CARGO_INCREMENTAL=0" "-e" "RUST_BACKTRACE=full" "-e" "RUSTFLAGS=--cap-lints=warn" "-e" "RUSTDOCFLAGS=--cap-lints=warn" "-e" "CARGO_HOME=/opt/rustwide/cargo-home" "-e" "RUSTUP_HOME=/opt/rustwide/rustup-home" "-w" "/opt/rustwide/workdir" "-m" "1610612736" "--user" "0:0" "--network" "none" "ghcr.io/rust-lang/crates-build-env/linux@sha256:f3a9d4ad9d972b27faf3965f35b62e55ba32bbce8f20bc8fe909558a86702fde" "/opt/rustwide/cargo-home/bin/cargo" "+beta-2024-12-08" "build" "--frozen" "--message-format=json", kill_on_drop: false }`
[INFO] [stdout] 1e2090069b3e4f86de259a87ed4f56d7959a34f1e291b5812d5718ab1bf02e7e
[INFO] running `Command { std: "docker" "start" "-a" "1e2090069b3e4f86de259a87ed4f56d7959a34f1e291b5812d5718ab1bf02e7e", kill_on_drop: false }`
[INFO] [stderr]    Compiling proc-macro2 v1.0.69
[INFO] [stderr]    Compiling unicode-ident v1.0.12
[INFO] [stderr]    Compiling memchr v2.6.4
[INFO] [stderr]    Compiling version_check v0.9.4
[INFO] [stderr]    Compiling thiserror v1.0.50
[INFO] [stderr]    Compiling utf8parse v0.2.1
[INFO] [stderr]    Compiling heck v0.4.1
[INFO] [stderr]    Compiling ucd-trie v0.1.6
[INFO] [stderr]    Compiling syn v1.0.109
[INFO] [stderr]    Compiling serde v1.0.192
[INFO] [stderr]    Compiling colorchoice v1.0.0
[INFO] [stderr]    Compiling rustix v0.38.25
[INFO] [stderr]    Compiling anstyle-query v1.0.0
[INFO] [stderr]    Compiling once_cell v1.18.0
[INFO] [stderr]    Compiling anstyle v1.0.4
[INFO] [stderr]    Compiling bitflags v2.4.1
[INFO] [stderr]    Compiling anstyle-parse v0.2.2
[INFO] [stderr]    Compiling strsim v0.10.0
[INFO] [stderr]    Compiling serde_json v1.0.108
[INFO] [stderr]    Compiling ryu v1.0.15
[INFO] [stderr]    Compiling itoa v1.0.9
[INFO] [stderr]    Compiling clap_lex v0.6.0
[INFO] [stderr]    Compiling proc-macro-error-attr v1.0.4
[INFO] [stderr]    Compiling proc-macro-error v1.0.4
[INFO] [stderr]    Compiling anstream v0.6.4
[INFO] [stderr]    Compiling linux-raw-sys v0.4.11
[INFO] [stderr]    Compiling regex-syntax v0.8.2
[INFO] [stderr]    Compiling equivalent v1.0.1
[INFO] [stderr]    Compiling fnv v1.0.7
[INFO] [stderr]    Compiling unicode-width v0.1.11
[INFO] [stderr]    Compiling bytecount v0.6.7
[INFO] [stderr]    Compiling log v0.4.20
[INFO] [stderr]    Compiling hashbrown v0.14.2
[INFO] [stderr]    Compiling termcolor v1.4.0
[INFO] [stderr]    Compiling humantime v2.1.0
[INFO] [stderr]    Compiling unsafe-libyaml v0.2.9
[INFO] [stderr]    Compiling version-compare v0.1.1
[INFO] [stderr]    Compiling papergrid v0.10.0
[INFO] [stderr]    Compiling aho-corasick v1.1.2
[INFO] [stderr]    Compiling clap_builder v4.4.8
[INFO] [stderr]    Compiling quote v1.0.33
[INFO] [stderr]    Compiling syn v2.0.39
[INFO] [stderr]    Compiling indexmap v2.1.0
[INFO] [stderr]    Compiling is-terminal v0.4.9
[INFO] [stderr]    Compiling regex-automata v0.4.3
[INFO] [stderr]    Compiling tabled_derive v0.6.0
[INFO] [stderr]    Compiling thiserror-impl v1.0.50
[INFO] [stderr]    Compiling serde_derive v1.0.192
[INFO] [stderr]    Compiling clap_derive v4.4.7
[INFO] [stderr]    Compiling tabled v0.14.0
[INFO] [stderr]    Compiling pest v2.7.5
[INFO] [stderr]    Compiling regex v1.10.2
[INFO] [stderr]    Compiling env_logger v0.10.1
[INFO] [stderr]    Compiling clap v4.4.8
[INFO] [stderr]    Compiling clap_complete v4.4.4
[INFO] [stderr]    Compiling pest_meta v2.7.5
[INFO] [stderr]    Compiling pest_generator v2.7.5
[INFO] [stderr]    Compiling pest_derive v2.7.5
[INFO] [stderr]    Compiling serde_yaml v0.9.27
[INFO] [stderr]    Compiling handlebars v4.5.0
[INFO] [stderr]    Compiling cdh v0.1.9 (/opt/rustwide/workdir)
[INFO] [stdout] warning: unused import: `Helm`
[INFO] [stdout]  --> src/main.rs:5:35
[INFO] [stdout]   |
[INFO] [stdout] 5 | use connectors::{Argo, Connector, Helm, Helmfile};
[INFO] [stdout]   |                                   ^^^^
[INFO] [stdout]   |
[INFO] [stdout]   = note: `#[warn(unused_imports)]` on by default
[INFO] [stdout] 
[INFO] [stdout] 
[INFO] [stdout] warning: associated function `init` is never used
[INFO] [stdout]   --> src/connectors/helm.rs:20:19
[INFO] [stdout]    |
[INFO] [stdout] 19 | impl Helm {
[INFO] [stdout]    | --------- associated function in this implementation
[INFO] [stdout] 20 |     pub(crate) fn init() -> Helm {
[INFO] [stdout]    |                   ^^^^
[INFO] [stdout]    |
[INFO] [stdout]    = note: `#[warn(dead_code)]` on by default
[INFO] [stdout] 
[INFO] [stdout] 
[INFO] [stderr]     Finished `dev` profile [unoptimized + debuginfo] target(s) in 33.81s
[INFO] running `Command { std: "docker" "inspect" "1e2090069b3e4f86de259a87ed4f56d7959a34f1e291b5812d5718ab1bf02e7e", kill_on_drop: false }`
[INFO] running `Command { std: "docker" "rm" "-f" "1e2090069b3e4f86de259a87ed4f56d7959a34f1e291b5812d5718ab1bf02e7e", kill_on_drop: false }`
[INFO] [stdout] 1e2090069b3e4f86de259a87ed4f56d7959a34f1e291b5812d5718ab1bf02e7e
[INFO] running `Command { std: "docker" "create" "-v" "/var/lib/crater-agent-workspace/builds/worker-5-tc2/target:/opt/rustwide/target:rw,Z" "-v" "/var/lib/crater-agent-workspace/builds/worker-5-tc2/source:/opt/rustwide/workdir:ro,Z" "-v" "/var/lib/crater-agent-workspace/cargo-home:/opt/rustwide/cargo-home:ro,Z" "-v" "/var/lib/crater-agent-workspace/rustup-home:/opt/rustwide/rustup-home:ro,Z" "-e" "SOURCE_DIR=/opt/rustwide/workdir" "-e" "CARGO_TARGET_DIR=/opt/rustwide/target" "-e" "CARGO_INCREMENTAL=0" "-e" "RUST_BACKTRACE=full" "-e" "RUSTFLAGS=--cap-lints=warn" "-e" "RUSTDOCFLAGS=--cap-lints=warn" "-e" "CARGO_HOME=/opt/rustwide/cargo-home" "-e" "RUSTUP_HOME=/opt/rustwide/rustup-home" "-w" "/opt/rustwide/workdir" "-m" "1610612736" "--user" "0:0" "--network" "none" "ghcr.io/rust-lang/crates-build-env/linux@sha256:f3a9d4ad9d972b27faf3965f35b62e55ba32bbce8f20bc8fe909558a86702fde" "/opt/rustwide/cargo-home/bin/cargo" "+beta-2024-12-08" "test" "--frozen" "--no-run" "--message-format=json", kill_on_drop: false }`
[INFO] [stdout] 8d2e53cffc47d6546e387592ed961be8e1d43e3228f4d66927a99fc0b9fcc777
[INFO] running `Command { std: "docker" "start" "-a" "8d2e53cffc47d6546e387592ed961be8e1d43e3228f4d66927a99fc0b9fcc777", kill_on_drop: false }`
[INFO] [stderr]    Compiling rustix v0.38.25
[INFO] [stderr]    Compiling fastrand v2.0.1
[INFO] [stderr]    Compiling cfg-if v1.0.0
[INFO] [stderr]    Compiling is-terminal v0.4.9
[INFO] [stderr]    Compiling tempfile v3.8.1
[INFO] [stderr]    Compiling env_logger v0.10.1
[INFO] [stderr]    Compiling cdh v0.1.9 (/opt/rustwide/workdir)
[INFO] [stdout] warning: unused import: `Helm`
[INFO] [stdout]  --> src/main.rs:5:35
[INFO] [stdout]   |
[INFO] [stdout] 5 | use connectors::{Argo, Connector, Helm, Helmfile};
[INFO] [stdout]   |                                   ^^^^
[INFO] [stdout]   |
[INFO] [stdout]   = note: `#[warn(unused_imports)]` on by default
[INFO] [stdout] 
[INFO] [stdout] 
[INFO] [stdout] warning: associated function `init` is never used
[INFO] [stdout]   --> src/connectors/helm.rs:20:19
[INFO] [stdout]    |
[INFO] [stdout] 19 | impl Helm {
[INFO] [stdout]    | --------- associated function in this implementation
[INFO] [stdout] 20 |     pub(crate) fn init() -> Helm {
[INFO] [stdout]    |                   ^^^^
[INFO] [stdout]    |
[INFO] [stdout]    = note: `#[warn(dead_code)]` on by default
[INFO] [stdout] 
[INFO] [stdout] 
[INFO] [stdout] warning: call to `.clone()` on a reference in this situation does nothing
[INFO] [stdout]   --> src/connectors/helmfile.rs:83:46
[INFO] [stdout]    |
[INFO] [stdout] 83 |         writeln!(file, "{}", HELMFILE_EXAMPLE.clone()).unwrap();
[INFO] [stdout]    |                                              ^^^^^^^^ help: remove this redundant call
[INFO] [stdout]    |
[INFO] [stdout]    = note: the type `str` does not implement `Clone`, so calling `clone` on `&str` copies the reference, which does not do anything and can be removed
[INFO] [stdout]    = note: `#[warn(noop_method_call)]` on by default
[INFO] [stdout] 
[INFO] [stdout] 
[INFO] [stderr]     Finished `test` profile [unoptimized + debuginfo] target(s) in 6.16s
[INFO] running `Command { std: "docker" "inspect" "8d2e53cffc47d6546e387592ed961be8e1d43e3228f4d66927a99fc0b9fcc777", kill_on_drop: false }`
[INFO] running `Command { std: "docker" "rm" "-f" "8d2e53cffc47d6546e387592ed961be8e1d43e3228f4d66927a99fc0b9fcc777", kill_on_drop: false }`
[INFO] [stdout] 8d2e53cffc47d6546e387592ed961be8e1d43e3228f4d66927a99fc0b9fcc777
[INFO] running `Command { std: "docker" "create" "-v" "/var/lib/crater-agent-workspace/builds/worker-5-tc2/target:/opt/rustwide/target:rw,Z" "-v" "/var/lib/crater-agent-workspace/builds/worker-5-tc2/source:/opt/rustwide/workdir:ro,Z" "-v" "/var/lib/crater-agent-workspace/cargo-home:/opt/rustwide/cargo-home:ro,Z" "-v" "/var/lib/crater-agent-workspace/rustup-home:/opt/rustwide/rustup-home:ro,Z" "-e" "SOURCE_DIR=/opt/rustwide/workdir" "-e" "CARGO_TARGET_DIR=/opt/rustwide/target" "-e" "CARGO_INCREMENTAL=0" "-e" "RUST_BACKTRACE=full" "-e" "RUSTFLAGS=--cap-lints=warn" "-e" "RUSTDOCFLAGS=--cap-lints=warn" "-e" "CARGO_HOME=/opt/rustwide/cargo-home" "-e" "RUSTUP_HOME=/opt/rustwide/rustup-home" "-w" "/opt/rustwide/workdir" "-m" "1610612736" "--user" "0:0" "--network" "none" "ghcr.io/rust-lang/crates-build-env/linux@sha256:f3a9d4ad9d972b27faf3965f35b62e55ba32bbce8f20bc8fe909558a86702fde" "/opt/rustwide/cargo-home/bin/cargo" "+beta-2024-12-08" "test" "--frozen", kill_on_drop: false }`
[INFO] [stdout] 07e047e61fa3c6e4e4aa398cfdf4d7da056b17033096c9f93bf11a4e381bc6f4
[INFO] running `Command { std: "docker" "start" "-a" "07e047e61fa3c6e4e4aa398cfdf4d7da056b17033096c9f93bf11a4e381bc6f4", kill_on_drop: false }`
[INFO] [stderr] warning: unused import: `Helm`
[INFO] [stderr]  --> src/main.rs:5:35
[INFO] [stderr]   |
[INFO] [stderr] 5 | use connectors::{Argo, Connector, Helm, Helmfile};
[INFO] [stderr]   |                                   ^^^^
[INFO] [stderr]   |
[INFO] [stderr]   = note: `#[warn(unused_imports)]` on by default
[INFO] [stderr] 
[INFO] [stderr] warning: associated function `init` is never used
[INFO] [stderr]   --> src/connectors/helm.rs:20:19
[INFO] [stderr]    |
[INFO] [stderr] 19 | impl Helm {
[INFO] [stderr]    | --------- associated function in this implementation
[INFO] [stderr] 20 |     pub(crate) fn init() -> Helm {
[INFO] [stderr]    |                   ^^^^
[INFO] [stderr]    |
[INFO] [stderr]    = note: `#[warn(dead_code)]` on by default
[INFO] [stderr] 
[INFO] [stderr] warning: call to `.clone()` on a reference in this situation does nothing
[INFO] [stderr]   --> src/connectors/helmfile.rs:83:46
[INFO] [stderr]    |
[INFO] [stderr] 83 |         writeln!(file, "{}", HELMFILE_EXAMPLE.clone()).unwrap();
[INFO] [stderr]    |                                              ^^^^^^^^ help: remove this redundant call
[INFO] [stderr]    |
[INFO] [stderr]    = note: the type `str` does not implement `Clone`, so calling `clone` on `&str` copies the reference, which does not do anything and can be removed
[INFO] [stderr]    = note: `#[warn(noop_method_call)]` on by default
[INFO] [stderr] 
[INFO] [stderr] warning: `cdh` (bin "cdh" test) generated 3 warnings (run `cargo fix --bin "cdh" --tests` to apply 2 suggestions)
[INFO] [stderr]     Finished `test` profile [unoptimized + debuginfo] target(s) in 0.16s
[INFO] [stderr]      Running unittests src/main.rs (/opt/rustwide/target/debug/deps/cdh-28947e573928f11d)
[INFO] [stdout] 
[INFO] [stdout] running 1 test
[INFO] [stdout] test connectors::helmfile::tests::test_helmfile ... FAILED
[INFO] [stdout] 
[INFO] [stdout] failures:
[INFO] [stdout] 
[INFO] [stdout] ---- connectors::helmfile::tests::test_helmfile stdout ----
[INFO] [stdout] thread 'connectors::helmfile::tests::test_helmfile' panicked at src/connectors/helmfile.rs:85:112:
[INFO] [stderr] error: test failed, to rerun pass `--bin cdh`
[INFO] [stdout] called `Result::unwrap()` on an `Err` value: Custom { kind: UnexpectedEof, error: Error("EOF while parsing a value", line: 1, column: 0) }
[INFO] [stdout] stack backtrace:
[INFO] [stdout]    0:     0x64efc8bfa30a - std::backtrace_rs::backtrace::libunwind::trace::h8810477743020387
[INFO] [stdout]                                at /rustc/202008a1b8de96d2e5b6bc02d379db03a877d34d/library/std/src/../../backtrace/src/backtrace/libunwind.rs:116:5
[INFO] [stdout]    1:     0x64efc8bfa30a - std::backtrace_rs::backtrace::trace_unsynchronized::h3aa55355dd6c54a6
[INFO] [stdout]                                at /rustc/202008a1b8de96d2e5b6bc02d379db03a877d34d/library/std/src/../../backtrace/src/backtrace/mod.rs:66:5
[INFO] [stdout]    2:     0x64efc8bfa30a - std::sys::backtrace::_print_fmt::h8588b0f62410823f
[INFO] [stdout]                                at /rustc/202008a1b8de96d2e5b6bc02d379db03a877d34d/library/std/src/sys/backtrace.rs:66:9
[INFO] [stdout]    3:     0x64efc8bfa30a - <std::sys::backtrace::BacktraceLock::print::DisplayBacktrace as core::fmt::Display>::fmt::h98c26ac25ffe89bb
[INFO] [stdout]                                at /rustc/202008a1b8de96d2e5b6bc02d379db03a877d34d/library/std/src/sys/backtrace.rs:39:26
[INFO] [stdout]    4:     0x64efc8c20023 - core::fmt::rt::Argument::fmt::hf95377f4aebd453b
[INFO] [stdout]                                at /rustc/202008a1b8de96d2e5b6bc02d379db03a877d34d/library/core/src/fmt/rt.rs:177:76
[INFO] [stdout]    5:     0x64efc8c20023 - core::fmt::write::h0dd5f6e2238c7982
[INFO] [stdout]                                at /rustc/202008a1b8de96d2e5b6bc02d379db03a877d34d/library/core/src/fmt/mod.rs:1189:21
[INFO] [stdout]    6:     0x64efc8bf72e3 - std::io::Write::write_fmt::h03bb0ca26e6faf8c
[INFO] [stdout]                                at /rustc/202008a1b8de96d2e5b6bc02d379db03a877d34d/library/std/src/io/mod.rs:1884:15
[INFO] [stdout]    7:     0x64efc8bfa152 - std::sys::backtrace::BacktraceLock::print::h5c19c1c038ee186d
[INFO] [stdout]                                at /rustc/202008a1b8de96d2e5b6bc02d379db03a877d34d/library/std/src/sys/backtrace.rs:42:9
[INFO] [stdout]    8:     0x64efc8bfb78d - std::panicking::default_hook::{{closure}}::h77172f079a1fcb13
[INFO] [stdout]                                at /rustc/202008a1b8de96d2e5b6bc02d379db03a877d34d/library/std/src/panicking.rs:268:22
[INFO] [stdout]    9:     0x64efc8bfb597 - std::panicking::default_hook::he5f8e3b203ccddba
[INFO] [stdout]                                at /rustc/202008a1b8de96d2e5b6bc02d379db03a877d34d/library/std/src/panicking.rs:292:9
[INFO] [stdout]   10:     0x64efc8baa6b7 - <alloc::boxed::Box<F,A> as core::ops::function::Fn<Args>>::call::h7a3c7b4a1ae77f2f
[INFO] [stdout]                                at /rustc/202008a1b8de96d2e5b6bc02d379db03a877d34d/library/alloc/src/boxed.rs:1986:9
[INFO] [stdout]   11:     0x64efc8baa6b7 - test::test_main::{{closure}}::hf0d3b69ae9b353d1
[INFO] [stdout]                                at /rustc/202008a1b8de96d2e5b6bc02d379db03a877d34d/library/test/src/lib.rs:134:21
[INFO] [stdout]   12:     0x64efc8bfbe38 - <alloc::boxed::Box<F,A> as core::ops::function::Fn<Args>>::call::h6332e82e7b189abd
[INFO] [stdout]                                at /rustc/202008a1b8de96d2e5b6bc02d379db03a877d34d/library/alloc/src/boxed.rs:1986:9
[INFO] [stdout]   13:     0x64efc8bfbe38 - std::panicking::rust_panic_with_hook::h53863d4e9018df39
[INFO] [stdout]                                at /rustc/202008a1b8de96d2e5b6bc02d379db03a877d34d/library/std/src/panicking.rs:809:13
[INFO] [stdout]   14:     0x64efc8bfbbfa - std::panicking::begin_panic_handler::{{closure}}::h67280e6fa0757873
[INFO] [stdout]                                at /rustc/202008a1b8de96d2e5b6bc02d379db03a877d34d/library/std/src/panicking.rs:674:13
[INFO] [stdout]   15:     0x64efc8bfa7e9 - std::sys::backtrace::__rust_end_short_backtrace::h1dac3f54d6fbbeb2
[INFO] [stdout]                                at /rustc/202008a1b8de96d2e5b6bc02d379db03a877d34d/library/std/src/sys/backtrace.rs:170:18
[INFO] [stdout]   16:     0x64efc8bfb88c - rust_begin_unwind
[INFO] [stdout]                                at /rustc/202008a1b8de96d2e5b6bc02d379db03a877d34d/library/std/src/panicking.rs:665:5
[INFO] [stdout]   17:     0x64efc8b61b60 - core::panicking::panic_fmt::h6792bd1b2bf01041
[INFO] [stdout]                                at /rustc/202008a1b8de96d2e5b6bc02d379db03a877d34d/library/core/src/panicking.rs:76:14
[INFO] [stdout]   18:     0x64efc8b61fa6 - core::result::unwrap_failed::h05e0602ed34287c5
[INFO] [stdout]                                at /rustc/202008a1b8de96d2e5b6bc02d379db03a877d34d/library/core/src/result.rs:1699:5
[INFO] [stdout]   19:     0x64efc8b6849d - core::result::Result<T,E>::unwrap::h8fb2a1d846cbaff5
[INFO] [stdout]                                at /rustc/202008a1b8de96d2e5b6bc02d379db03a877d34d/library/core/src/result.rs:1104:23
[INFO] [stdout]   20:     0x64efc8b6849d - cdh::connectors::helmfile::tests::test_helmfile::h40b1564bd8129cbb
[INFO] [stdout]                                at /opt/rustwide/workdir/src/connectors/helmfile.rs:85:28
[INFO] [stdout]   21:     0x64efc8b67f87 - cdh::connectors::helmfile::tests::test_helmfile::{{closure}}::h1b135bd3405608dc
[INFO] [stdout]                                at /opt/rustwide/workdir/src/connectors/helmfile.rs:81:23
[INFO] [stdout]   22:     0x64efc8b63ba6 - core::ops::function::FnOnce::call_once::he41efc9683d09a1b
[INFO] [stdout]                                at /rustc/202008a1b8de96d2e5b6bc02d379db03a877d34d/library/core/src/ops/function.rs:250:5
[INFO] [stdout]   23:     0x64efc8baf1db - core::ops::function::FnOnce::call_once::h871bf86719ec9aa4
[INFO] [stdout]                                at /rustc/202008a1b8de96d2e5b6bc02d379db03a877d34d/library/core/src/ops/function.rs:250:5
[INFO] [stdout]   24:     0x64efc8baf1db - test::__rust_begin_short_backtrace::h2167df1e2b7d76fd
[INFO] [stdout]                                at /rustc/202008a1b8de96d2e5b6bc02d379db03a877d34d/library/test/src/lib.rs:632:18
[INFO] [stdout]   25:     0x64efc8baebc8 - test::run_test_in_process::{{closure}}::h15d92f75a3adfb79
[INFO] [stdout]                                at /rustc/202008a1b8de96d2e5b6bc02d379db03a877d34d/library/test/src/lib.rs:655:60
[INFO] [stdout]   26:     0x64efc8baebc8 - <core::panic::unwind_safe::AssertUnwindSafe<F> as core::ops::function::FnOnce<()>>::call_once::hb6c8955835a8dbbb
[INFO] [stdout]                                at /rustc/202008a1b8de96d2e5b6bc02d379db03a877d34d/library/core/src/panic/unwind_safe.rs:272:9
[INFO] [stdout]   27:     0x64efc8baebc8 - std::panicking::try::do_call::hc79d0fc888a0bd30
[INFO] [stdout]                                at /rustc/202008a1b8de96d2e5b6bc02d379db03a877d34d/library/std/src/panicking.rs:557:40
[INFO] [stdout]   28:     0x64efc8baebc8 - std::panicking::try::hb8a7878e3a8589d6
[INFO] [stdout]                                at /rustc/202008a1b8de96d2e5b6bc02d379db03a877d34d/library/std/src/panicking.rs:520:19
[INFO] [stdout]   29:     0x64efc8baebc8 - std::panic::catch_unwind::hb8e4600ff0ff5cfa
[INFO] [stdout]                                at /rustc/202008a1b8de96d2e5b6bc02d379db03a877d34d/library/std/src/panic.rs:358:14
[INFO] [stdout]   30:     0x64efc8baebc8 - test::run_test_in_process::hc2900b0b18688dd6
[INFO] [stdout]                                at /rustc/202008a1b8de96d2e5b6bc02d379db03a877d34d/library/test/src/lib.rs:655:27
[INFO] [stdout]   31:     0x64efc8baebc8 - test::run_test::{{closure}}::hac2a9cb07be3d48d
[INFO] [stdout]                                at /rustc/202008a1b8de96d2e5b6bc02d379db03a877d34d/library/test/src/lib.rs:576:43
[INFO] [stdout]   32:     0x64efc8b7266a - test::run_test::{{closure}}::h4a5b729e66a38cd8
[INFO] [stdout]                                at /rustc/202008a1b8de96d2e5b6bc02d379db03a877d34d/library/test/src/lib.rs:606:41
[INFO] [stdout]   33:     0x64efc8b7266a - std::sys::backtrace::__rust_begin_short_backtrace::h0496fb742492f573
[INFO] [stdout]                                at /rustc/202008a1b8de96d2e5b6bc02d379db03a877d34d/library/std/src/sys/backtrace.rs:154:18
[INFO] [stdout]   34:     0x64efc8b75fe4 - std::thread::Builder::spawn_unchecked_::{{closure}}::{{closure}}::hbb6d257c550a54bd
[INFO] [stdout]                                at /rustc/202008a1b8de96d2e5b6bc02d379db03a877d34d/library/std/src/thread/mod.rs:561:17
[INFO] [stdout]   35:     0x64efc8b75fe4 - <core::panic::unwind_safe::AssertUnwindSafe<F> as core::ops::function::FnOnce<()>>::call_once::h46696fe4a6832328
[INFO] [stdout]                                at /rustc/202008a1b8de96d2e5b6bc02d379db03a877d34d/library/core/src/panic/unwind_safe.rs:272:9
[INFO] [stdout]   36:     0x64efc8b75fe4 - std::panicking::try::do_call::h2625a51b667bfb64
[INFO] [stdout]                                at /rustc/202008a1b8de96d2e5b6bc02d379db03a877d34d/library/std/src/panicking.rs:557:40
[INFO] [stdout]   37:     0x64efc8b75fe4 - std::panicking::try::hb956a59a1973aa4c
[INFO] [stdout]                                at /rustc/202008a1b8de96d2e5b6bc02d379db03a877d34d/library/std/src/panicking.rs:520:19
[INFO] [stdout]   38:     0x64efc8b75fe4 - std::panic::catch_unwind::h64f3b9d1067ef6a0
[INFO] [stdout]                                at /rustc/202008a1b8de96d2e5b6bc02d379db03a877d34d/library/std/src/panic.rs:358:14
[INFO] [stdout]   39:     0x64efc8b75fe4 - std::thread::Builder::spawn_unchecked_::{{closure}}::h42b2841295b6c0b2
[INFO] [stdout]                                at /rustc/202008a1b8de96d2e5b6bc02d379db03a877d34d/library/std/src/thread/mod.rs:559:30
[INFO] [stdout]   40:     0x64efc8b75fe4 - core::ops::function::FnOnce::call_once{{vtable.shim}}::h6127de71b8124639
[INFO] [stdout]                                at /rustc/202008a1b8de96d2e5b6bc02d379db03a877d34d/library/core/src/ops/function.rs:250:5
[INFO] [stdout]   41:     0x64efc8bfff5b - <alloc::boxed::Box<F,A> as core::ops::function::FnOnce<Args>>::call_once::h42f0ba71002a1b2c
[INFO] [stdout]                                at /rustc/202008a1b8de96d2e5b6bc02d379db03a877d34d/library/alloc/src/boxed.rs:1972:9
[INFO] [stdout]   42:     0x64efc8bfff5b - <alloc::boxed::Box<F,A> as core::ops::function::FnOnce<Args>>::call_once::had9e47d7a3dcecb8
[INFO] [stdout]                                at /rustc/202008a1b8de96d2e5b6bc02d379db03a877d34d/library/alloc/src/boxed.rs:1972:9
[INFO] [stdout]   43:     0x64efc8bfff5b - std::sys::pal::unix::thread::Thread::new::thread_start::h48cf765408f6f5f2
[INFO] [stdout]                                at /rustc/202008a1b8de96d2e5b6bc02d379db03a877d34d/library/std/src/sys/pal/unix/thread.rs:105:17
[INFO] [stdout]   44:     0x7198e34afac3 - <unknown>
[INFO] [stdout]   45:     0x7198e3540a04 - clone
[INFO] [stdout]   46:                0x0 - <unknown>
[INFO] [stdout] 
[INFO] [stdout] 
[INFO] [stdout] failures:
[INFO] [stdout]     connectors::helmfile::tests::test_helmfile
[INFO] [stdout] 
[INFO] [stdout] test result: FAILED. 0 passed; 1 failed; 0 ignored; 0 measured; 0 filtered out; finished in 0.07s
[INFO] [stdout] 
[INFO] running `Command { std: "docker" "inspect" "07e047e61fa3c6e4e4aa398cfdf4d7da056b17033096c9f93bf11a4e381bc6f4", kill_on_drop: false }`
[INFO] running `Command { std: "docker" "rm" "-f" "07e047e61fa3c6e4e4aa398cfdf4d7da056b17033096c9f93bf11a4e381bc6f4", kill_on_drop: false }`
[INFO] [stdout] 07e047e61fa3c6e4e4aa398cfdf4d7da056b17033096c9f93bf11a4e381bc6f4
