[INFO] cloning repository https://github.com/all-glory-to-the-hypnotoad/rust_ci_setup
[INFO] running `Command { std: "git" "-c" "credential.helper=" "-c" "credential.helper=/workspace/cargo-home/bin/git-credential-null" "clone" "--bare" "https://github.com/all-glory-to-the-hypnotoad/rust_ci_setup" "/workspace/cache/git-repos/https%3A%2F%2Fgithub.com%2Fall-glory-to-the-hypnotoad%2Frust_ci_setup", kill_on_drop: false }`
[INFO] [stderr] Cloning into bare repository '/workspace/cache/git-repos/https%3A%2F%2Fgithub.com%2Fall-glory-to-the-hypnotoad%2Frust_ci_setup'...
[INFO] running `Command { std: "git" "rev-parse" "HEAD", kill_on_drop: false }`
[INFO] [stdout] 683ded2be8fbfc7b1ca66d0b35c783343f3f25fd
[INFO] testing all-glory-to-the-hypnotoad/rust_ci_setup against beta-2024-12-08 for beta-1.84.0-4-retry
[INFO] running `Command { std: "git" "clone" "/workspace/cache/git-repos/https%3A%2F%2Fgithub.com%2Fall-glory-to-the-hypnotoad%2Frust_ci_setup" "/workspace/builds/worker-2-tc2/source", kill_on_drop: false }`
[INFO] [stderr] Cloning into '/workspace/builds/worker-2-tc2/source'...
[INFO] [stderr] done.
[INFO] validating manifest of git repo https://github.com/all-glory-to-the-hypnotoad/rust_ci_setup on toolchain beta-2024-12-08
[INFO] running `Command { std: CARGO_HOME="/workspace/cargo-home" RUSTUP_HOME="/workspace/rustup-home" "/workspace/cargo-home/bin/cargo" "+beta-2024-12-08" "metadata" "--manifest-path" "Cargo.toml" "--no-deps", kill_on_drop: false }`
[INFO] started tweaking git repo https://github.com/all-glory-to-the-hypnotoad/rust_ci_setup
[INFO] finished tweaking git repo https://github.com/all-glory-to-the-hypnotoad/rust_ci_setup
[INFO] tweaked toml for git repo https://github.com/all-glory-to-the-hypnotoad/rust_ci_setup written to /workspace/builds/worker-2-tc2/source/Cargo.toml
[INFO] crate git repo https://github.com/all-glory-to-the-hypnotoad/rust_ci_setup already has a lockfile, it will not be regenerated
[INFO] running `Command { std: CARGO_HOME="/workspace/cargo-home" RUSTUP_HOME="/workspace/rustup-home" "/workspace/cargo-home/bin/cargo" "+beta-2024-12-08" "fetch" "--manifest-path" "Cargo.toml", kill_on_drop: false }`
[INFO] running `Command { std: "docker" "create" "-v" "/var/lib/crater-agent-workspace/builds/worker-2-tc2/target:/opt/rustwide/target:rw,Z" "-v" "/var/lib/crater-agent-workspace/builds/worker-2-tc2/source:/opt/rustwide/workdir:ro,Z" "-v" "/var/lib/crater-agent-workspace/cargo-home:/opt/rustwide/cargo-home:ro,Z" "-v" "/var/lib/crater-agent-workspace/rustup-home:/opt/rustwide/rustup-home:ro,Z" "-e" "SOURCE_DIR=/opt/rustwide/workdir" "-e" "CARGO_TARGET_DIR=/opt/rustwide/target" "-e" "CARGO_HOME=/opt/rustwide/cargo-home" "-e" "RUSTUP_HOME=/opt/rustwide/rustup-home" "-w" "/opt/rustwide/workdir" "-m" "1610612736" "--user" "0:0" "--network" "none" "ghcr.io/rust-lang/crates-build-env/linux@sha256:f3a9d4ad9d972b27faf3965f35b62e55ba32bbce8f20bc8fe909558a86702fde" "/opt/rustwide/cargo-home/bin/cargo" "+beta-2024-12-08" "metadata" "--no-deps" "--format-version=1", kill_on_drop: false }`
[INFO] [stdout] 793fd97c1da034968255f1211858344f1d1220a9f0c816c69b3f9fa041f45c7b
[INFO] running `Command { std: "docker" "start" "-a" "793fd97c1da034968255f1211858344f1d1220a9f0c816c69b3f9fa041f45c7b", kill_on_drop: false }`
[INFO] running `Command { std: "docker" "inspect" "793fd97c1da034968255f1211858344f1d1220a9f0c816c69b3f9fa041f45c7b", kill_on_drop: false }`
[INFO] running `Command { std: "docker" "rm" "-f" "793fd97c1da034968255f1211858344f1d1220a9f0c816c69b3f9fa041f45c7b", kill_on_drop: false }`
[INFO] [stdout] 793fd97c1da034968255f1211858344f1d1220a9f0c816c69b3f9fa041f45c7b
[INFO] running `Command { std: "docker" "create" "-v" "/var/lib/crater-agent-workspace/builds/worker-2-tc2/target:/opt/rustwide/target:rw,Z" "-v" "/var/lib/crater-agent-workspace/builds/worker-2-tc2/source:/opt/rustwide/workdir:ro,Z" "-v" "/var/lib/crater-agent-workspace/cargo-home:/opt/rustwide/cargo-home:ro,Z" "-v" "/var/lib/crater-agent-workspace/rustup-home:/opt/rustwide/rustup-home:ro,Z" "-e" "SOURCE_DIR=/opt/rustwide/workdir" "-e" "CARGO_TARGET_DIR=/opt/rustwide/target" "-e" "CARGO_INCREMENTAL=0" "-e" "RUST_BACKTRACE=full" "-e" "RUSTFLAGS=--cap-lints=warn" "-e" "RUSTDOCFLAGS=--cap-lints=warn" "-e" "CARGO_HOME=/opt/rustwide/cargo-home" "-e" "RUSTUP_HOME=/opt/rustwide/rustup-home" "-w" "/opt/rustwide/workdir" "-m" "1610612736" "--user" "0:0" "--network" "none" "ghcr.io/rust-lang/crates-build-env/linux@sha256:f3a9d4ad9d972b27faf3965f35b62e55ba32bbce8f20bc8fe909558a86702fde" "/opt/rustwide/cargo-home/bin/cargo" "+beta-2024-12-08" "build" "--frozen" "--message-format=json", kill_on_drop: false }`
[INFO] [stdout] a1a7a7204ea5cfb6cb6bdb5c7d0a3f95b5123476c1ca629055c6634ed7bcd007
[INFO] running `Command { std: "docker" "start" "-a" "a1a7a7204ea5cfb6cb6bdb5c7d0a3f95b5123476c1ca629055c6634ed7bcd007", kill_on_drop: false }`
[INFO] [stderr]    Compiling rust_ci_setup v0.1.0 (/opt/rustwide/workdir)
[INFO] [stdout] warning: type `i16` should have an upper camel case name
[INFO] [stdout]   --> src/lib.rs:17:6
[INFO] [stdout]    |
[INFO] [stdout] 17 | type i16 = i8;
[INFO] [stdout]    |      ^^^ help: convert the identifier to upper camel case (notice the capitalization): `I16`
[INFO] [stdout]    |
[INFO] [stdout]    = note: `#[warn(non_camel_case_types)]` on by default
[INFO] [stdout] 
[INFO] [stdout] 
[INFO] [stdout] warning: type `char` should have an upper camel case name
[INFO] [stdout]   --> src/lib.rs:18:6
[INFO] [stdout]    |
[INFO] [stdout] 18 | type char = i16;
[INFO] [stdout]    |      ^^^^ help: convert the identifier to upper camel case (notice the capitalization): `Char`
[INFO] [stdout] 
[INFO] [stdout] 
[INFO] [stdout] warning: unused variable: `c`
[INFO] [stdout]   --> src/lib.rs:28:9
[INFO] [stdout]    |
[INFO] [stdout] 28 |     let c: char = 256;
[INFO] [stdout]    |         ^ help: if this is intentional, prefix it with an underscore: `_c`
[INFO] [stdout]    |
[INFO] [stdout]    = note: `#[warn(unused_variables)]` on by default
[INFO] [stdout] 
[INFO] [stdout] 
[INFO] [stdout] warning: literal out of range for `i8`
[INFO] [stdout]   --> src/lib.rs:28:19
[INFO] [stdout]    |
[INFO] [stdout] 28 |     let c: char = 256;
[INFO] [stdout]    |                   ^^^
[INFO] [stdout]    |
[INFO] [stdout]    = note: the literal `256` does not fit into the type `i8` whose range is `-128..=127`
[INFO] [stdout]    = help: consider using the type `i16` instead
[INFO] [stdout]    = note: `#[warn(overflowing_literals)]` on by default
[INFO] [stdout] 
[INFO] [stdout] 
[INFO] [stderr]     Finished `dev` profile [unoptimized + debuginfo] target(s) in 0.25s
[INFO] running `Command { std: "docker" "inspect" "a1a7a7204ea5cfb6cb6bdb5c7d0a3f95b5123476c1ca629055c6634ed7bcd007", kill_on_drop: false }`
[INFO] running `Command { std: "docker" "rm" "-f" "a1a7a7204ea5cfb6cb6bdb5c7d0a3f95b5123476c1ca629055c6634ed7bcd007", kill_on_drop: false }`
[INFO] [stdout] a1a7a7204ea5cfb6cb6bdb5c7d0a3f95b5123476c1ca629055c6634ed7bcd007
[INFO] running `Command { std: "docker" "create" "-v" "/var/lib/crater-agent-workspace/builds/worker-2-tc2/target:/opt/rustwide/target:rw,Z" "-v" "/var/lib/crater-agent-workspace/builds/worker-2-tc2/source:/opt/rustwide/workdir:ro,Z" "-v" "/var/lib/crater-agent-workspace/cargo-home:/opt/rustwide/cargo-home:ro,Z" "-v" "/var/lib/crater-agent-workspace/rustup-home:/opt/rustwide/rustup-home:ro,Z" "-e" "SOURCE_DIR=/opt/rustwide/workdir" "-e" "CARGO_TARGET_DIR=/opt/rustwide/target" "-e" "CARGO_INCREMENTAL=0" "-e" "RUST_BACKTRACE=full" "-e" "RUSTFLAGS=--cap-lints=warn" "-e" "RUSTDOCFLAGS=--cap-lints=warn" "-e" "CARGO_HOME=/opt/rustwide/cargo-home" "-e" "RUSTUP_HOME=/opt/rustwide/rustup-home" "-w" "/opt/rustwide/workdir" "-m" "1610612736" "--user" "0:0" "--network" "none" "ghcr.io/rust-lang/crates-build-env/linux@sha256:f3a9d4ad9d972b27faf3965f35b62e55ba32bbce8f20bc8fe909558a86702fde" "/opt/rustwide/cargo-home/bin/cargo" "+beta-2024-12-08" "test" "--frozen" "--no-run" "--message-format=json", kill_on_drop: false }`
[INFO] [stdout] 09f721c20ce2aec457848e51a5bf6d26497e314b92a7e5174905eb95a8657497
[INFO] running `Command { std: "docker" "start" "-a" "09f721c20ce2aec457848e51a5bf6d26497e314b92a7e5174905eb95a8657497", kill_on_drop: false }`
[INFO] [stdout] warning: type `i16` should have an upper camel case name
[INFO] [stdout]   --> src/lib.rs:17:6
[INFO] [stdout]    |
[INFO] [stdout] 17 | type i16 = i8;
[INFO] [stdout]    |      ^^^ help: convert the identifier to upper camel case (notice the capitalization): `I16`
[INFO] [stdout]    |
[INFO] [stdout]    = note: `#[warn(non_camel_case_types)]` on by default
[INFO] [stdout] 
[INFO] [stdout] 
[INFO] [stdout] warning: type `char` should have an upper camel case name
[INFO] [stdout]   --> src/lib.rs:18:6
[INFO] [stdout]    |
[INFO] [stdout] 18 | type char = i16;
[INFO] [stdout]    |      ^^^^ help: convert the identifier to upper camel case (notice the capitalization): `Char`
[INFO] [stdout] 
[INFO] [stdout] 
[INFO] [stderr]    Compiling rust_ci_setup v0.1.0 (/opt/rustwide/workdir)
[INFO] [stdout] warning: unused variable: `c`
[INFO] [stdout]   --> src/lib.rs:28:9
[INFO] [stdout]    |
[INFO] [stdout] 28 |     let c: char = 256;
[INFO] [stdout]    |         ^ help: if this is intentional, prefix it with an underscore: `_c`
[INFO] [stdout]    |
[INFO] [stdout]    = note: `#[warn(unused_variables)]` on by default
[INFO] [stdout] 
[INFO] [stdout] 
[INFO] [stdout] warning: literal out of range for `i8`
[INFO] [stdout]   --> src/lib.rs:28:19
[INFO] [stdout]    |
[INFO] [stdout] 28 |     let c: char = 256;
[INFO] [stdout]    |                   ^^^
[INFO] [stdout]    |
[INFO] [stdout]    = note: the literal `256` does not fit into the type `i8` whose range is `-128..=127`
[INFO] [stdout]    = help: consider using the type `i16` instead
[INFO] [stdout]    = note: `#[warn(overflowing_literals)]` on by default
[INFO] [stdout] 
[INFO] [stdout] 
[INFO] [stdout] warning: type `i16` should have an upper camel case name
[INFO] [stdout]   --> src/lib.rs:17:6
[INFO] [stdout]    |
[INFO] [stdout] 17 | type i16 = i8;
[INFO] [stdout]    |      ^^^ help: convert the identifier to upper camel case (notice the capitalization): `I16`
[INFO] [stdout]    |
[INFO] [stdout]    = note: `#[warn(non_camel_case_types)]` on by default
[INFO] [stdout] 
[INFO] [stdout] 
[INFO] [stdout] warning: type `char` should have an upper camel case name
[INFO] [stdout]   --> src/lib.rs:18:6
[INFO] [stdout]    |
[INFO] [stdout] 18 | type char = i16;
[INFO] [stdout]    |      ^^^^ help: convert the identifier to upper camel case (notice the capitalization): `Char`
[INFO] [stdout] 
[INFO] [stdout] 
[INFO] [stdout] warning: unused variable: `c`
[INFO] [stdout]   --> src/lib.rs:28:9
[INFO] [stdout]    |
[INFO] [stdout] 28 |     let c: char = 256;
[INFO] [stdout]    |         ^ help: if this is intentional, prefix it with an underscore: `_c`
[INFO] [stdout]    |
[INFO] [stdout]    = note: `#[warn(unused_variables)]` on by default
[INFO] [stdout] 
[INFO] [stdout] 
[INFO] [stdout] warning: literal out of range for `i8`
[INFO] [stdout]   --> src/lib.rs:28:19
[INFO] [stdout]    |
[INFO] [stdout] 28 |     let c: char = 256;
[INFO] [stdout]    |                   ^^^
[INFO] [stdout]    |
[INFO] [stdout]    = note: the literal `256` does not fit into the type `i8` whose range is `-128..=127`
[INFO] [stdout]    = help: consider using the type `i16` instead
[INFO] [stdout]    = note: `#[warn(overflowing_literals)]` on by default
[INFO] [stdout] 
[INFO] [stdout] 
[INFO] [stderr]     Finished `test` profile [unoptimized + debuginfo] target(s) in 0.40s
[INFO] running `Command { std: "docker" "inspect" "09f721c20ce2aec457848e51a5bf6d26497e314b92a7e5174905eb95a8657497", kill_on_drop: false }`
[INFO] running `Command { std: "docker" "rm" "-f" "09f721c20ce2aec457848e51a5bf6d26497e314b92a7e5174905eb95a8657497", kill_on_drop: false }`
[INFO] [stdout] 09f721c20ce2aec457848e51a5bf6d26497e314b92a7e5174905eb95a8657497
[INFO] running `Command { std: "docker" "create" "-v" "/var/lib/crater-agent-workspace/builds/worker-2-tc2/target:/opt/rustwide/target:rw,Z" "-v" "/var/lib/crater-agent-workspace/builds/worker-2-tc2/source:/opt/rustwide/workdir:ro,Z" "-v" "/var/lib/crater-agent-workspace/cargo-home:/opt/rustwide/cargo-home:ro,Z" "-v" "/var/lib/crater-agent-workspace/rustup-home:/opt/rustwide/rustup-home:ro,Z" "-e" "SOURCE_DIR=/opt/rustwide/workdir" "-e" "CARGO_TARGET_DIR=/opt/rustwide/target" "-e" "CARGO_INCREMENTAL=0" "-e" "RUST_BACKTRACE=full" "-e" "RUSTFLAGS=--cap-lints=warn" "-e" "RUSTDOCFLAGS=--cap-lints=warn" "-e" "CARGO_HOME=/opt/rustwide/cargo-home" "-e" "RUSTUP_HOME=/opt/rustwide/rustup-home" "-w" "/opt/rustwide/workdir" "-m" "1610612736" "--user" "0:0" "--network" "none" "ghcr.io/rust-lang/crates-build-env/linux@sha256:f3a9d4ad9d972b27faf3965f35b62e55ba32bbce8f20bc8fe909558a86702fde" "/opt/rustwide/cargo-home/bin/cargo" "+beta-2024-12-08" "test" "--frozen", kill_on_drop: false }`
[INFO] [stdout] 70c154e571a3452ba1830b8a9eed3b6863236f973c5606c3deade92bf5bfc3da
[INFO] running `Command { std: "docker" "start" "-a" "70c154e571a3452ba1830b8a9eed3b6863236f973c5606c3deade92bf5bfc3da", kill_on_drop: false }`
[INFO] [stderr] warning: type `i16` should have an upper camel case name
[INFO] [stderr]   --> src/lib.rs:17:6
[INFO] [stderr]    |
[INFO] [stderr] 17 | type i16 = i8;
[INFO] [stderr]    |      ^^^ help: convert the identifier to upper camel case (notice the capitalization): `I16`
[INFO] [stderr]    |
[INFO] [stderr]    = note: `#[warn(non_camel_case_types)]` on by default
[INFO] [stderr] 
[INFO] [stderr] warning: type `char` should have an upper camel case name
[INFO] [stderr]   --> src/lib.rs:18:6
[INFO] [stderr]    |
[INFO] [stderr] 18 | type char = i16;
[INFO] [stderr]    |      ^^^^ help: convert the identifier to upper camel case (notice the capitalization): `Char`
[INFO] [stderr] 
[INFO] [stderr] warning: unused variable: `c`
[INFO] [stderr]   --> src/lib.rs:28:9
[INFO] [stderr]    |
[INFO] [stderr] 28 |     let c: char = 256;
[INFO] [stderr]    |         ^ help: if this is intentional, prefix it with an underscore: `_c`
[INFO] [stderr]    |
[INFO] [stderr]    = note: `#[warn(unused_variables)]` on by default
[INFO] [stderr] 
[INFO] [stderr] warning: literal out of range for `i8`
[INFO] [stderr]   --> src/lib.rs:28:19
[INFO] [stderr]    |
[INFO] [stderr] 28 |     let c: char = 256;
[INFO] [stderr]    |                   ^^^
[INFO] [stderr]    |
[INFO] [stderr]    = note: the literal `256` does not fit into the type `i8` whose range is `-128..=127`
[INFO] [stderr]    = help: consider using the type `i16` instead
[INFO] [stderr]    = note: `#[warn(overflowing_literals)]` on by default
[INFO] [stderr] 
[INFO] [stderr] warning: `rust_ci_setup` (lib) generated 4 warnings
[INFO] [stderr] warning: `rust_ci_setup` (lib test) generated 4 warnings (4 duplicates)
[INFO] [stderr]     Finished `test` profile [unoptimized + debuginfo] target(s) in 0.02s
[INFO] [stderr]      Running unittests src/lib.rs (/opt/rustwide/target/debug/deps/rust_ci_setup-4a0ab9e54552b7f2)
[INFO] [stdout] 
[INFO] [stdout] running 0 tests
[INFO] [stdout] 
[INFO] [stdout] test result: ok. 0 passed; 0 failed; 0 ignored; 0 measured; 0 filtered out; finished in 0.00s
[INFO] [stdout] 
[INFO] [stderr]    Doc-tests rust_ci_setup
[INFO] [stderr] warning: type `i16` should have an upper camel case name
[INFO] [stderr]   --> src/lib.rs:17:6
[INFO] [stderr]    |
[INFO] [stderr] 17 | type i16 = i8;
[INFO] [stderr]    |      ^^^ help: convert the identifier to upper camel case (notice the capitalization): `I16`
[INFO] [stderr]    |
[INFO] [stderr]    = note: `#[warn(non_camel_case_types)]` on by default
[INFO] [stderr] 
[INFO] [stderr] warning: type `char` should have an upper camel case name
[INFO] [stderr]   --> src/lib.rs:18:6
[INFO] [stderr]    |
[INFO] [stderr] 18 | type char = i16;
[INFO] [stderr]    |      ^^^^ help: convert the identifier to upper camel case (notice the capitalization): `Char`
[INFO] [stderr] 
[INFO] [stderr] warning: 2 warnings emitted
[INFO] [stderr] 
[INFO] [stdout] 
[INFO] [stdout] running 1 test
[INFO] [stdout] test src/lib.rs - add_numbers (line 6) ... FAILED
[INFO] [stdout] 
[INFO] [stdout] failures:
[INFO] [stdout] 
[INFO] [stdout] ---- src/lib.rs - add_numbers (line 6) stdout ----
[INFO] [stdout] Test executable failed (exit status: 101).
[INFO] [stdout] 
[INFO] [stdout] stdout:
[INFO] [stdout] The result is: 5
[INFO] [stdout] 
[INFO] [stdout] stderr:
[INFO] [stdout] thread 'main' panicked at src/lib.rs:9:1:
[INFO] [stdout] assertion `left == right` failed
[INFO] [stdout]   left: 5
[INFO] [stdout]  right: 4
[INFO] [stdout] stack backtrace:
[INFO] [stdout]    0:     0x62014c4182ea - std::backtrace_rs::backtrace::libunwind::trace::h8810477743020387
[INFO] [stdout]                                at /rustc/202008a1b8de96d2e5b6bc02d379db03a877d34d/library/std/src/../../backtrace/src/backtrace/libunwind.rs:116:5
[INFO] [stdout]    1:     0x62014c4182ea - std::backtrace_rs::backtrace::trace_unsynchronized::h3aa55355dd6c54a6
[INFO] [stdout]                                at /rustc/202008a1b8de96d2e5b6bc02d379db03a877d34d/library/std/src/../../backtrace/src/backtrace/mod.rs:66:5
[INFO] [stdout]    2:     0x62014c4182ea - std::sys::backtrace::_print_fmt::h8588b0f62410823f
[INFO] [stdout]                                at /rustc/202008a1b8de96d2e5b6bc02d379db03a877d34d/library/std/src/sys/backtrace.rs:66:9
[INFO] [stdout]    3:     0x62014c4182ea - <std::sys::backtrace::BacktraceLock::print::DisplayBacktrace as core::fmt::Display>::fmt::h98c26ac25ffe89bb
[INFO] [stdout]                                at /rustc/202008a1b8de96d2e5b6bc02d379db03a877d34d/library/std/src/sys/backtrace.rs:39:26
[INFO] [stdout]    4:     0x62014c433ac3 - core::fmt::rt::Argument::fmt::hf95377f4aebd453b
[INFO] [stdout]                                at /rustc/202008a1b8de96d2e5b6bc02d379db03a877d34d/library/core/src/fmt/rt.rs:177:76
[INFO] [stdout]    5:     0x62014c433ac3 - core::fmt::write::h0dd5f6e2238c7982
[INFO] [stdout]                                at /rustc/202008a1b8de96d2e5b6bc02d379db03a877d34d/library/core/src/fmt/mod.rs:1189:21
[INFO] [stdout]    6:     0x62014c415f83 - std::io::Write::write_fmt::hc00bff0a88e08857
[INFO] [stdout]                                at /rustc/202008a1b8de96d2e5b6bc02d379db03a877d34d/library/std/src/io/mod.rs:1884:15
[INFO] [stdout]    7:     0x62014c418132 - std::sys::backtrace::BacktraceLock::print::h5c19c1c038ee186d
[INFO] [stdout]                                at /rustc/202008a1b8de96d2e5b6bc02d379db03a877d34d/library/std/src/sys/backtrace.rs:42:9
[INFO] [stdout]    8:     0x62014c4190fc - std::panicking::default_hook::{{closure}}::h77172f079a1fcb13
[INFO] [stdout]                                at /rustc/202008a1b8de96d2e5b6bc02d379db03a877d34d/library/std/src/panicking.rs:268:22
[INFO] [stdout]    9:     0x62014c418f42 - std::panicking::default_hook::he5f8e3b203ccddba
[INFO] [stdout]                                at /rustc/202008a1b8de96d2e5b6bc02d379db03a877d34d/library/std/src/panicking.rs:295:9
[INFO] [stdout]   10:     0x62014c4196d7 - std::panicking::rust_panic_with_hook::h53863d4e9018df39
[INFO] [stdout]                                at /rustc/202008a1b8de96d2e5b6bc02d379db03a877d34d/library/std/src/panicking.rs:801:13
[INFO] [stdout]   11:     0x62014c41956a - std::panicking::begin_panic_handler::{{closure}}::h67280e6fa0757873
[INFO] [stdout]                                at /rustc/202008a1b8de96d2e5b6bc02d379db03a877d34d/library/std/src/panicking.rs:674:13
[INFO] [stdout]   12:     0x62014c4187c9 - std::sys::backtrace::__rust_end_short_backtrace::h1dac3f54d6fbbeb2
[INFO] [stdout]                                at /rustc/202008a1b8de96d2e5b6bc02d379db03a877d34d/library/std/src/sys/backtrace.rs:170:18
[INFO] [stdout]   13:     0x62014c4191fc - rust_begin_unwind
[INFO] [stdout]                                at /rustc/202008a1b8de96d2e5b6bc02d379db03a877d34d/library/std/src/panicking.rs:665:5
[INFO] [stdout]   14:     0x62014c3f8220 - core::panicking::panic_fmt::h6792bd1b2bf01041
[INFO] [stdout]                                at /rustc/202008a1b8de96d2e5b6bc02d379db03a877d34d/library/core/src/panicking.rs:76:14
[INFO] [stdout]   15:     0x62014c3f8512 - core::panicking::assert_failed_inner::hf2c17e6d30928787
[INFO] [stdout]   16:     0x62014c3f8a4f - core::panicking::assert_failed::h680fad575684e020
[INFO] [stdout]   17:     0x62014c3f8b33 - rust_out::main::_doctest_main_src_lib_rs_6_0::he9bb281ee28cdb49
[INFO] [stdout]   18:     0x62014c3f8a66 - rust_out::main::h57eefffa92e38ed0
[INFO] [stdout]   19:     0x62014c3f8a13 - core::ops::function::FnOnce::call_once::hcb3872443a25b5b7
[INFO] [stdout]   20:     0x62014c3f8926 - std::sys::backtrace::__rust_begin_short_backtrace::hb8f53f53663d2e9e
[INFO] [stdout]   21:     0x62014c3f8909 - std::rt::lang_start::{{closure}}::h0d6bdb8cb611c7e9
[INFO] [stdout]   22:     0x62014c413e87 - core::ops::function::impls::<impl core::ops::function::FnOnce<A> for &F>::call_once::hba2470d01d3f5e41
[INFO] [stdout]                                at /rustc/202008a1b8de96d2e5b6bc02d379db03a877d34d/library/core/src/ops/function.rs:284:13
[INFO] [stdout]   23:     0x62014c413e87 - std::panicking::try::do_call::hc063fb73159aab72
[INFO] [stdout]                                at /rustc/202008a1b8de96d2e5b6bc02d379db03a877d34d/library/std/src/panicking.rs:557:40
[INFO] [stdout]   24:     0x62014c413e87 - std::panicking::try::h2767c6d245d3a3bb
[INFO] [stdout]                                at /rustc/202008a1b8de96d2e5b6bc02d379db03a877d34d/library/std/src/panicking.rs:520:19
[INFO] [stdout]   25:     0x62014c413e87 - std::panic::catch_unwind::h061c6ef75790da63
[INFO] [stdout]                                at /rustc/202008a1b8de96d2e5b6bc02d379db03a877d34d/library/std/src/panic.rs:358:14
[INFO] [stdout]   26:     0x62014c413e87 - std::rt::lang_start_internal::{{closure}}::h5c5e35b11a4b8c4e
[INFO] [stdout]                                at /rustc/202008a1b8de96d2e5b6bc02d379db03a877d34d/library/std/src/rt.rs:174:48
[INFO] [stdout]   27:     0x62014c413e87 - std::panicking::try::do_call::h705e99690a8109cc
[INFO] [stdout]                                at /rustc/202008a1b8de96d2e5b6bc02d379db03a877d34d/library/std/src/panicking.rs:557:40
[INFO] [stdout]   28:     0x62014c413e87 - std::panicking::try::he5f4452754ed9a34
[INFO] [stdout]                                at /rustc/202008a1b8de96d2e5b6bc02d379db03a877d34d/library/std/src/panicking.rs:520:19
[INFO] [stdout]   29:     0x62014c413e87 - std::panic::catch_unwind::h5db61b3bcbe883e5
[INFO] [stdout]                                at /rustc/202008a1b8de96d2e5b6bc02d379db03a877d34d/library/std/src/panic.rs:358:14
[INFO] [stdout]   30:     0x62014c413e87 - std::rt::lang_start_internal::h81da9b59bab665c6
[INFO] [stdout]                                at /rustc/202008a1b8de96d2e5b6bc02d379db03a877d34d/library/std/src/rt.rs:174:20
[INFO] [stdout]   31:     0x62014c3f88e7 - std::rt::lang_start::h2798034e47ddebf9
[INFO] [stdout]   32:     0x62014c3f8b55 - main
[INFO] [stdout]   33:     0x7b42d325bd90 - <unknown>
[INFO] [stdout]   34:     0x7b42d325be40 - __libc_start_main
[INFO] [stdout]   35:     0x62014c3f87f5 - _start
[INFO] [stdout]   36:                0x0 - <unknown>
[INFO] [stdout] 
[INFO] [stdout] 
[INFO] [stdout] 
[INFO] [stdout] failures:
[INFO] [stdout]     src/lib.rs - add_numbers (line 6)
[INFO] [stdout] 
[INFO] [stdout] test result: FAILED. 0 passed; 1 failed; 0 ignored; 0 measured; 0 filtered out; finished in 0.46s
[INFO] [stdout] 
[INFO] [stderr] error: doctest failed, to rerun pass `--doc`
[INFO] running `Command { std: "docker" "inspect" "70c154e571a3452ba1830b8a9eed3b6863236f973c5606c3deade92bf5bfc3da", kill_on_drop: false }`
[INFO] running `Command { std: "docker" "rm" "-f" "70c154e571a3452ba1830b8a9eed3b6863236f973c5606c3deade92bf5bfc3da", kill_on_drop: false }`
[INFO] [stdout] 70c154e571a3452ba1830b8a9eed3b6863236f973c5606c3deade92bf5bfc3da
