[INFO] cloning repository https://github.com/alexiwalker/gltr
[INFO] running `Command { std: "git" "-c" "credential.helper=" "-c" "credential.helper=/workspace/cargo-home/bin/git-credential-null" "clone" "--bare" "https://github.com/alexiwalker/gltr" "/workspace/cache/git-repos/https%3A%2F%2Fgithub.com%2Falexiwalker%2Fgltr", kill_on_drop: false }`
[INFO] [stderr] Cloning into bare repository '/workspace/cache/git-repos/https%3A%2F%2Fgithub.com%2Falexiwalker%2Fgltr'...
[INFO] running `Command { std: "git" "rev-parse" "HEAD", kill_on_drop: false }`
[INFO] [stdout] 98489621f496a96f5022005894b220326cd0b10b
[INFO] testing alexiwalker/gltr against 1.83.0 for beta-1.84.0-4-retry
[INFO] running `Command { std: "git" "clone" "/workspace/cache/git-repos/https%3A%2F%2Fgithub.com%2Falexiwalker%2Fgltr" "/workspace/builds/worker-0-tc1/source", kill_on_drop: false }`
[INFO] [stderr] Cloning into '/workspace/builds/worker-0-tc1/source'...
[INFO] [stderr] done.
[INFO] validating manifest of git repo https://github.com/alexiwalker/gltr on toolchain 1.83.0
[INFO] running `Command { std: CARGO_HOME="/workspace/cargo-home" RUSTUP_HOME="/workspace/rustup-home" "/workspace/cargo-home/bin/cargo" "+1.83.0" "metadata" "--manifest-path" "Cargo.toml" "--no-deps", kill_on_drop: false }`
[INFO] started tweaking git repo https://github.com/alexiwalker/gltr
[INFO] finished tweaking git repo https://github.com/alexiwalker/gltr
[INFO] tweaked toml for git repo https://github.com/alexiwalker/gltr written to /workspace/builds/worker-0-tc1/source/Cargo.toml
[INFO] crate git repo https://github.com/alexiwalker/gltr already has a lockfile, it will not be regenerated
[INFO] running `Command { std: CARGO_HOME="/workspace/cargo-home" RUSTUP_HOME="/workspace/rustup-home" "/workspace/cargo-home/bin/cargo" "+1.83.0" "fetch" "--manifest-path" "Cargo.toml", kill_on_drop: false }`
[INFO] [stderr]  Downloading crates ...
[INFO] [stderr]   Downloaded syn v2.0.77
[INFO] [stderr]   Downloaded libc v0.2.158
[INFO] running `Command { std: "docker" "create" "-v" "/var/lib/crater-agent-workspace/builds/worker-0-tc1/target:/opt/rustwide/target:rw,Z" "-v" "/var/lib/crater-agent-workspace/builds/worker-0-tc1/source:/opt/rustwide/workdir:ro,Z" "-v" "/var/lib/crater-agent-workspace/cargo-home:/opt/rustwide/cargo-home:ro,Z" "-v" "/var/lib/crater-agent-workspace/rustup-home:/opt/rustwide/rustup-home:ro,Z" "-e" "SOURCE_DIR=/opt/rustwide/workdir" "-e" "CARGO_TARGET_DIR=/opt/rustwide/target" "-e" "CARGO_HOME=/opt/rustwide/cargo-home" "-e" "RUSTUP_HOME=/opt/rustwide/rustup-home" "-w" "/opt/rustwide/workdir" "-m" "1610612736" "--user" "0:0" "--network" "none" "ghcr.io/rust-lang/crates-build-env/linux@sha256:f3a9d4ad9d972b27faf3965f35b62e55ba32bbce8f20bc8fe909558a86702fde" "/opt/rustwide/cargo-home/bin/cargo" "+1.83.0" "metadata" "--no-deps" "--format-version=1", kill_on_drop: false }`
[INFO] [stdout] 67bd8fc4f6ee130665aa8f86bcd36a43b25a8dc82061ae3762bb10c3e2668a47
[INFO] running `Command { std: "docker" "start" "-a" "67bd8fc4f6ee130665aa8f86bcd36a43b25a8dc82061ae3762bb10c3e2668a47", kill_on_drop: false }`
[INFO] running `Command { std: "docker" "inspect" "67bd8fc4f6ee130665aa8f86bcd36a43b25a8dc82061ae3762bb10c3e2668a47", kill_on_drop: false }`
[INFO] running `Command { std: "docker" "rm" "-f" "67bd8fc4f6ee130665aa8f86bcd36a43b25a8dc82061ae3762bb10c3e2668a47", kill_on_drop: false }`
[INFO] [stdout] 67bd8fc4f6ee130665aa8f86bcd36a43b25a8dc82061ae3762bb10c3e2668a47
[INFO] running `Command { std: "docker" "create" "-v" "/var/lib/crater-agent-workspace/builds/worker-0-tc1/target:/opt/rustwide/target:rw,Z" "-v" "/var/lib/crater-agent-workspace/builds/worker-0-tc1/source:/opt/rustwide/workdir:ro,Z" "-v" "/var/lib/crater-agent-workspace/cargo-home:/opt/rustwide/cargo-home:ro,Z" "-v" "/var/lib/crater-agent-workspace/rustup-home:/opt/rustwide/rustup-home:ro,Z" "-e" "SOURCE_DIR=/opt/rustwide/workdir" "-e" "CARGO_TARGET_DIR=/opt/rustwide/target" "-e" "CARGO_INCREMENTAL=0" "-e" "RUST_BACKTRACE=full" "-e" "RUSTFLAGS=--cap-lints=warn" "-e" "RUSTDOCFLAGS=--cap-lints=warn" "-e" "CARGO_HOME=/opt/rustwide/cargo-home" "-e" "RUSTUP_HOME=/opt/rustwide/rustup-home" "-w" "/opt/rustwide/workdir" "-m" "1610612736" "--user" "0:0" "--network" "none" "ghcr.io/rust-lang/crates-build-env/linux@sha256:f3a9d4ad9d972b27faf3965f35b62e55ba32bbce8f20bc8fe909558a86702fde" "/opt/rustwide/cargo-home/bin/cargo" "+1.83.0" "build" "--frozen" "--message-format=json", kill_on_drop: false }`
[INFO] [stdout] 9d919af857d7e740dbac8b99310ecfca4f100dd98c3a3199303a720629941ca4
[INFO] running `Command { std: "docker" "start" "-a" "9d919af857d7e740dbac8b99310ecfca4f100dd98c3a3199303a720629941ca4", kill_on_drop: false }`
[INFO] [stderr]    Compiling proc-macro2 v1.0.86
[INFO] [stderr]    Compiling unicode-ident v1.0.12
[INFO] [stderr]    Compiling libc v0.2.158
[INFO] [stderr]    Compiling serde v1.0.210
[INFO] [stderr]    Compiling serde_json v1.0.128
[INFO] [stderr]    Compiling itoa v1.0.11
[INFO] [stderr]    Compiling memchr v2.7.4
[INFO] [stderr]    Compiling base64 v0.22.1
[INFO] [stderr]    Compiling quote v1.0.37
[INFO] [stderr]    Compiling syn v2.0.77
[INFO] [stderr]    Compiling getrandom v0.2.15
[INFO] [stderr]    Compiling rand_core v0.6.4
[INFO] [stderr]    Compiling zerocopy-derive v0.7.35
[INFO] [stderr]    Compiling serde_derive v1.0.210
[INFO] [stderr]    Compiling zerocopy v0.7.35
[INFO] [stderr]    Compiling ppv-lite86 v0.2.20
[INFO] [stderr]    Compiling rand_chacha v0.3.1
[INFO] [stderr]    Compiling rand v0.8.5
[INFO] [stderr]    Compiling gltr v0.1.0 (/opt/rustwide/workdir)
[INFO] [stderr]     Finished `dev` profile [unoptimized + debuginfo] target(s) in 12.53s
[INFO] running `Command { std: "docker" "inspect" "9d919af857d7e740dbac8b99310ecfca4f100dd98c3a3199303a720629941ca4", kill_on_drop: false }`
[INFO] running `Command { std: "docker" "rm" "-f" "9d919af857d7e740dbac8b99310ecfca4f100dd98c3a3199303a720629941ca4", kill_on_drop: false }`
[INFO] [stdout] 9d919af857d7e740dbac8b99310ecfca4f100dd98c3a3199303a720629941ca4
[INFO] running `Command { std: "docker" "create" "-v" "/var/lib/crater-agent-workspace/builds/worker-0-tc1/target:/opt/rustwide/target:rw,Z" "-v" "/var/lib/crater-agent-workspace/builds/worker-0-tc1/source:/opt/rustwide/workdir:ro,Z" "-v" "/var/lib/crater-agent-workspace/cargo-home:/opt/rustwide/cargo-home:ro,Z" "-v" "/var/lib/crater-agent-workspace/rustup-home:/opt/rustwide/rustup-home:ro,Z" "-e" "SOURCE_DIR=/opt/rustwide/workdir" "-e" "CARGO_TARGET_DIR=/opt/rustwide/target" "-e" "CARGO_INCREMENTAL=0" "-e" "RUST_BACKTRACE=full" "-e" "RUSTFLAGS=--cap-lints=warn" "-e" "RUSTDOCFLAGS=--cap-lints=warn" "-e" "CARGO_HOME=/opt/rustwide/cargo-home" "-e" "RUSTUP_HOME=/opt/rustwide/rustup-home" "-w" "/opt/rustwide/workdir" "-m" "1610612736" "--user" "0:0" "--network" "none" "ghcr.io/rust-lang/crates-build-env/linux@sha256:f3a9d4ad9d972b27faf3965f35b62e55ba32bbce8f20bc8fe909558a86702fde" "/opt/rustwide/cargo-home/bin/cargo" "+1.83.0" "test" "--frozen" "--no-run" "--message-format=json", kill_on_drop: false }`
[INFO] [stdout] db46d64cfb95d48096b4cef8d42afd579a7583eda344e1a4f7f3fb19ae0b9270
[INFO] running `Command { std: "docker" "start" "-a" "db46d64cfb95d48096b4cef8d42afd579a7583eda344e1a4f7f3fb19ae0b9270", kill_on_drop: false }`
[INFO] [stderr]    Compiling proc-macro2 v1.0.86
[INFO] [stderr]    Compiling unicode-ident v1.0.12
[INFO] [stderr]    Compiling libc v0.2.158
[INFO] [stderr]    Compiling cfg-if v1.0.0
[INFO] [stderr]    Compiling byteorder v1.5.0
[INFO] [stderr]    Compiling serde v1.0.210
[INFO] [stderr]    Compiling serde_json v1.0.128
[INFO] [stderr]    Compiling itoa v1.0.11
[INFO] [stderr]    Compiling memchr v2.7.4
[INFO] [stderr]    Compiling ryu v1.0.18
[INFO] [stderr]    Compiling base64 v0.22.1
[INFO] [stderr]    Compiling quote v1.0.37
[INFO] [stderr]    Compiling getrandom v0.2.15
[INFO] [stderr]    Compiling syn v2.0.77
[INFO] [stderr]    Compiling rand_core v0.6.4
[INFO] [stderr]    Compiling zerocopy-derive v0.7.35
[INFO] [stderr]    Compiling serde_derive v1.0.210
[INFO] [stderr]    Compiling zerocopy v0.7.35
[INFO] [stderr]    Compiling ppv-lite86 v0.2.20
[INFO] [stderr]    Compiling rand_chacha v0.3.1
[INFO] [stderr]    Compiling rand v0.8.5
[INFO] [stderr]    Compiling gltr v0.1.0 (/opt/rustwide/workdir)
[INFO] [stdout] warning: unused variable: `new`
[INFO] [stdout]    --> src/tests/mod.rs:120:6
[INFO] [stdout]     |
[INFO] [stdout] 120 |     let new = object.unwrap().extract_node(1, GltrExtractFlags::empty().center_objects().recalculate_buffers());
[INFO] [stdout]     |         ^^^ help: if this is intentional, prefix it with an underscore: `_new`
[INFO] [stdout]     |
[INFO] [stdout]     = note: `#[warn(unused_variables)]` on by default
[INFO] [stdout] 
[INFO] [stdout] 
[INFO] [stderr]     Finished `test` profile [optimized] target(s) in 22.25s
[INFO] running `Command { std: "docker" "inspect" "db46d64cfb95d48096b4cef8d42afd579a7583eda344e1a4f7f3fb19ae0b9270", kill_on_drop: false }`
[INFO] running `Command { std: "docker" "rm" "-f" "db46d64cfb95d48096b4cef8d42afd579a7583eda344e1a4f7f3fb19ae0b9270", kill_on_drop: false }`
[INFO] [stdout] db46d64cfb95d48096b4cef8d42afd579a7583eda344e1a4f7f3fb19ae0b9270
[INFO] running `Command { std: "docker" "create" "-v" "/var/lib/crater-agent-workspace/builds/worker-0-tc1/target:/opt/rustwide/target:rw,Z" "-v" "/var/lib/crater-agent-workspace/builds/worker-0-tc1/source:/opt/rustwide/workdir:ro,Z" "-v" "/var/lib/crater-agent-workspace/cargo-home:/opt/rustwide/cargo-home:ro,Z" "-v" "/var/lib/crater-agent-workspace/rustup-home:/opt/rustwide/rustup-home:ro,Z" "-e" "SOURCE_DIR=/opt/rustwide/workdir" "-e" "CARGO_TARGET_DIR=/opt/rustwide/target" "-e" "CARGO_INCREMENTAL=0" "-e" "RUST_BACKTRACE=full" "-e" "RUSTFLAGS=--cap-lints=warn" "-e" "RUSTDOCFLAGS=--cap-lints=warn" "-e" "CARGO_HOME=/opt/rustwide/cargo-home" "-e" "RUSTUP_HOME=/opt/rustwide/rustup-home" "-w" "/opt/rustwide/workdir" "-m" "1610612736" "--user" "0:0" "--network" "none" "ghcr.io/rust-lang/crates-build-env/linux@sha256:f3a9d4ad9d972b27faf3965f35b62e55ba32bbce8f20bc8fe909558a86702fde" "/opt/rustwide/cargo-home/bin/cargo" "+1.83.0" "test" "--frozen", kill_on_drop: false }`
[INFO] [stdout] 5bcedd07506422a83e03a19b8ee34251249b7a4f107a5218afa17a0559040a57
[INFO] running `Command { std: "docker" "start" "-a" "5bcedd07506422a83e03a19b8ee34251249b7a4f107a5218afa17a0559040a57", kill_on_drop: false }`
[INFO] [stderr] warning: unused variable: `new`
[INFO] [stderr]    --> src/tests/mod.rs:120:6
[INFO] [stderr]     |
[INFO] [stderr] 120 |     let new = object.unwrap().extract_node(1, GltrExtractFlags::empty().center_objects().recalculate_buffers());
[INFO] [stderr]     |         ^^^ help: if this is intentional, prefix it with an underscore: `_new`
[INFO] [stderr]     |
[INFO] [stderr]     = note: `#[warn(unused_variables)]` on by default
[INFO] [stderr] 
[INFO] [stderr] warning: `gltr` (lib test) generated 1 warning
[INFO] [stderr]     Finished `test` profile [optimized] target(s) in 0.05s
[INFO] [stderr]      Running unittests src/lib.rs (/opt/rustwide/target/debug/deps/gltr-aacfa6c0c798c0f0)
[INFO] [stdout] 
[INFO] [stdout] running 5 tests
[INFO] [stdout] test tests::deserialize_full_file ... FAILED
[INFO] [stdout] test tests::extract_single_object ... FAILED
[INFO] [stdout] test tests::test_views ... ok
[INFO] [stdout] test tests::test_views_2 ... ok
[INFO] [stdout] test tests::test_decode ... ok
[INFO] [stdout] 
[INFO] [stdout] failures:
[INFO] [stdout] 
[INFO] [stdout] ---- tests::deserialize_full_file stdout ----
[INFO] [stdout] thread 'tests::deserialize_full_file' panicked at src/tests/mod.rs:102:5:
[INFO] [stdout] assertion failed: object.is_ok()
[INFO] [stdout] stack backtrace:
[INFO] [stdout]    0:     0x60b708e76cca - <std::sys::backtrace::BacktraceLock::print::DisplayBacktrace as core::fmt::Display>::fmt::h5b6bd5631a6d1f6b
[INFO] [stdout]    1:     0x60b708e9c563 - core::fmt::write::h7550c97b06c86515
[INFO] [stdout]    2:     0x60b708e73e93 - std::io::Write::write_fmt::h509ff860e5956e5e
[INFO] [stdout]    3:     0x60b708e76b12 - std::sys::backtrace::BacktraceLock::print::h2395ccd2c84ba3aa
[INFO] [stdout]    4:     0x60b708e7812a - std::panicking::default_hook::{{closure}}::he19d4c7230e07961
[INFO] [stdout]    5:     0x60b708e77f34 - std::panicking::default_hook::hf614597d3c67bbdb
[INFO] [stdout]    6:     0x60b708e42409 - test::test_main::{{closure}}::he977ae839a582784
[INFO] [stdout]    7:     0x60b708e787c8 - std::panicking::rust_panic_with_hook::h8942133a8b252070
[INFO] [stdout]    8:     0x60b708e78556 - std::panicking::begin_panic_handler::{{closure}}::hb5f5963570096b29
[INFO] [stdout]    9:     0x60b708e771a9 - std::sys::backtrace::__rust_end_short_backtrace::h6208cedc1922feda
[INFO] [stdout]   10:     0x60b708e7821c - rust_begin_unwind
[INFO] [stdout]   11:     0x60b708db0b30 - core::panicking::panic_fmt::h0c3082644d1bf418
[INFO] [stdout]   12:     0x60b708db0bbc - core::panicking::panic::h957f98c65a3b3074
[INFO] [stdout]   13:     0x60b708dff0c4 - gltr::tests::deserialize_full_file::h57c197ca1934b0a5
[INFO] [stdout]   14:     0x60b708e01f39 - core::ops::function::FnOnce::call_once::h48c8a736278394dd
[INFO] [stdout]   15:     0x60b708e46dcb - test::__rust_begin_short_backtrace::hf4fff89d377446ba
[INFO] [stdout]   16:     0x60b708e46607 - test::run_test::{{closure}}::h52c556a6d4740e10
[INFO] [stdout]   17:     0x60b708e0b8e4 - std::sys::backtrace::__rust_begin_short_backtrace::h505c97a579eca628
[INFO] [stdout]   18:     0x60b708e0efae - core::ops::function::FnOnce::call_once{{vtable.shim}}::h2c5a5f3779c774f1
[INFO] [stdout]   19:     0x60b708e7c51b - std::sys::pal::unix::thread::Thread::new::thread_start::hcc78f3943333fa94
[INFO] [stdout]   20:     0x738b65f84ac3 - <unknown>
[INFO] [stdout]   21:     0x738b66015a04 - clone
[INFO] [stdout]   22:                0x0 - <unknown>
[INFO] [stdout] 
[INFO] [stdout] ---- tests::extract_single_object stdout ----
[INFO] [stdout] 0 to parse original file
[INFO] [stdout] thread 'tests::extract_single_object' panicked at src/tests/mod.rs:117:5:
[INFO] [stdout] assertion failed: object.is_ok()
[INFO] [stdout] stack backtrace:
[INFO] [stdout]    0:     0x60b708e76cca - <std::sys::backtrace::BacktraceLock::print::DisplayBacktrace as core::fmt::Display>::fmt::h5b6bd5631a6d1f6b
[INFO] [stdout]    1:     0x60b708e9c563 - core::fmt::write::h7550c97b06c86515
[INFO] [stdout]    2:     0x60b708e73e93 - std::io::Write::write_fmt::h509ff860e5956e5e
[INFO] [stdout]    3:     0x60b708e76b12 - std::sys::backtrace::BacktraceLock::print::h2395ccd2c84ba3aa
[INFO] [stdout]    4:     0x60b708e7812a - std::panicking::default_hook::{{closure}}::he19d4c7230e07961
[INFO] [stdout]    5:     0x60b708e77f34 - std::panicking::default_hook::hf614597d3c67bbdb
[INFO] [stdout]    6:     0x60b708e42409 - test::test_main::{{closure}}::he977ae839a582784
[INFO] [stdout]    7:     0x60b708e787c8 - std::panicking::rust_panic_with_hook::h8942133a8b252070
[INFO] [stdout]    8:     0x60b708e78556 - std::panicking::begin_panic_handler::{{closure}}::hb5f5963570096b29
[INFO] [stdout]    9:     0x60b708e771a9 - std::sys::backtrace::__rust_end_short_backtrace::h6208cedc1922feda
[INFO] [stdout]   10:     0x60b708e7821c - rust_begin_unwind
[INFO] [stdout]   11:     0x60b708db0b30 - core::panicking::panic_fmt::h0c3082644d1bf418
[INFO] [stdout]   12:     0x60b708db0bbc - core::panicking::panic::h957f98c65a3b3074
[INFO] [stdout]   13:     0x60b708dff401 - gltr::tests::extract_single_object::hb480eb44d58ef605
[INFO] [stdout]   14:     0x60b708e01f19 - core::ops::function::FnOnce::call_once::h45e12361d796834c
[INFO] [stdout]   15:     0x60b708e46dcb - test::__rust_begin_short_backtrace::hf4fff89d377446ba
[INFO] [stdout]   16:     0x60b708e46607 - test::run_test::{{closure}}::h52c556a6d4740e10
[INFO] [stdout]   17:     0x60b708e0b8e4 - std::sys::backtrace::__rust_begin_short_backtrace::h505c97a579eca628
[INFO] [stdout]   18:     0x60b708e0efae - core::ops::function::FnOnce::call_once{{vtable.shim}}::h2c5a5f3779c774f1
[INFO] [stdout]   19:     0x60b708e7c51b - std::sys::pal::unix::thread::Thread::new::thread_start::hcc78f3943333fa94
[INFO] [stdout]   20:     0x738b65f84ac3 - <unknown>
[INFO] [stdout]   21:     0x738b66015a04 - clone
[INFO] [stdout]   22:                0x0 - <unknown>
[INFO] [stdout] 
[INFO] [stdout] 
[INFO] [stdout] failures:
[INFO] [stdout]     tests::deserialize_full_file
[INFO] [stdout]     tests::extract_single_object
[INFO] [stdout] 
[INFO] [stdout] test result: FAILED. 3 passed; 2 failed; 0 ignored; 0 measured; 0 filtered out; finished in 0.02s
[INFO] [stdout] 
[INFO] [stderr] error: test failed, to rerun pass `--lib`
[INFO] running `Command { std: "docker" "inspect" "5bcedd07506422a83e03a19b8ee34251249b7a4f107a5218afa17a0559040a57", kill_on_drop: false }`
[INFO] running `Command { std: "docker" "rm" "-f" "5bcedd07506422a83e03a19b8ee34251249b7a4f107a5218afa17a0559040a57", kill_on_drop: false }`
[INFO] [stdout] 5bcedd07506422a83e03a19b8ee34251249b7a4f107a5218afa17a0559040a57
