[INFO] cloning repository https://github.com/alexdgourlay/metagraph
[INFO] running `Command { std: "git" "-c" "credential.helper=" "-c" "credential.helper=/workspace/cargo-home/bin/git-credential-null" "clone" "--bare" "https://github.com/alexdgourlay/metagraph" "/workspace/cache/git-repos/https%3A%2F%2Fgithub.com%2Falexdgourlay%2Fmetagraph", kill_on_drop: false }`
[INFO] [stderr] Cloning into bare repository '/workspace/cache/git-repos/https%3A%2F%2Fgithub.com%2Falexdgourlay%2Fmetagraph'...
[INFO] running `Command { std: "git" "rev-parse" "HEAD", kill_on_drop: false }`
[INFO] [stdout] 544a78f8154d60e9018d721fa96508ea850181d1
[INFO] testing alexdgourlay/metagraph against beta-2024-12-08 for beta-1.84.0-4-retry
[INFO] running `Command { std: "git" "clone" "/workspace/cache/git-repos/https%3A%2F%2Fgithub.com%2Falexdgourlay%2Fmetagraph" "/workspace/builds/worker-4-tc2/source", kill_on_drop: false }`
[INFO] [stderr] Cloning into '/workspace/builds/worker-4-tc2/source'...
[INFO] [stderr] done.
[INFO] validating manifest of git repo https://github.com/alexdgourlay/metagraph on toolchain beta-2024-12-08
[INFO] running `Command { std: CARGO_HOME="/workspace/cargo-home" RUSTUP_HOME="/workspace/rustup-home" "/workspace/cargo-home/bin/cargo" "+beta-2024-12-08" "metadata" "--manifest-path" "Cargo.toml" "--no-deps", kill_on_drop: false }`
[INFO] started tweaking git repo https://github.com/alexdgourlay/metagraph
[INFO] finished tweaking git repo https://github.com/alexdgourlay/metagraph
[INFO] tweaked toml for git repo https://github.com/alexdgourlay/metagraph written to /workspace/builds/worker-4-tc2/source/Cargo.toml
[INFO] crate git repo https://github.com/alexdgourlay/metagraph already has a lockfile, it will not be regenerated
[INFO] running `Command { std: CARGO_HOME="/workspace/cargo-home" RUSTUP_HOME="/workspace/rustup-home" "/workspace/cargo-home/bin/cargo" "+beta-2024-12-08" "fetch" "--manifest-path" "Cargo.toml", kill_on_drop: false }`
[INFO] running `Command { std: "docker" "create" "-v" "/var/lib/crater-agent-workspace/builds/worker-4-tc2/target:/opt/rustwide/target:rw,Z" "-v" "/var/lib/crater-agent-workspace/builds/worker-4-tc2/source:/opt/rustwide/workdir:ro,Z" "-v" "/var/lib/crater-agent-workspace/cargo-home:/opt/rustwide/cargo-home:ro,Z" "-v" "/var/lib/crater-agent-workspace/rustup-home:/opt/rustwide/rustup-home:ro,Z" "-e" "SOURCE_DIR=/opt/rustwide/workdir" "-e" "CARGO_TARGET_DIR=/opt/rustwide/target" "-e" "CARGO_HOME=/opt/rustwide/cargo-home" "-e" "RUSTUP_HOME=/opt/rustwide/rustup-home" "-w" "/opt/rustwide/workdir" "-m" "1610612736" "--user" "0:0" "--network" "none" "ghcr.io/rust-lang/crates-build-env/linux@sha256:f3a9d4ad9d972b27faf3965f35b62e55ba32bbce8f20bc8fe909558a86702fde" "/opt/rustwide/cargo-home/bin/cargo" "+beta-2024-12-08" "metadata" "--no-deps" "--format-version=1", kill_on_drop: false }`
[INFO] [stdout] 37a5ff4fcc0c06cbc7fbcbdb17b820e300179ab474fd54eab25e48453fbb3542
[INFO] running `Command { std: "docker" "start" "-a" "37a5ff4fcc0c06cbc7fbcbdb17b820e300179ab474fd54eab25e48453fbb3542", kill_on_drop: false }`
[INFO] running `Command { std: "docker" "inspect" "37a5ff4fcc0c06cbc7fbcbdb17b820e300179ab474fd54eab25e48453fbb3542", kill_on_drop: false }`
[INFO] running `Command { std: "docker" "rm" "-f" "37a5ff4fcc0c06cbc7fbcbdb17b820e300179ab474fd54eab25e48453fbb3542", kill_on_drop: false }`
[INFO] [stdout] 37a5ff4fcc0c06cbc7fbcbdb17b820e300179ab474fd54eab25e48453fbb3542
[INFO] running `Command { std: "docker" "create" "-v" "/var/lib/crater-agent-workspace/builds/worker-4-tc2/target:/opt/rustwide/target:rw,Z" "-v" "/var/lib/crater-agent-workspace/builds/worker-4-tc2/source:/opt/rustwide/workdir:ro,Z" "-v" "/var/lib/crater-agent-workspace/cargo-home:/opt/rustwide/cargo-home:ro,Z" "-v" "/var/lib/crater-agent-workspace/rustup-home:/opt/rustwide/rustup-home:ro,Z" "-e" "SOURCE_DIR=/opt/rustwide/workdir" "-e" "CARGO_TARGET_DIR=/opt/rustwide/target" "-e" "CARGO_INCREMENTAL=0" "-e" "RUST_BACKTRACE=full" "-e" "RUSTFLAGS=--cap-lints=warn" "-e" "RUSTDOCFLAGS=--cap-lints=warn" "-e" "CARGO_HOME=/opt/rustwide/cargo-home" "-e" "RUSTUP_HOME=/opt/rustwide/rustup-home" "-w" "/opt/rustwide/workdir" "-m" "1610612736" "--user" "0:0" "--network" "none" "ghcr.io/rust-lang/crates-build-env/linux@sha256:f3a9d4ad9d972b27faf3965f35b62e55ba32bbce8f20bc8fe909558a86702fde" "/opt/rustwide/cargo-home/bin/cargo" "+beta-2024-12-08" "build" "--frozen" "--message-format=json", kill_on_drop: false }`
[INFO] [stdout] c605bdbb4695a07f77b59b3af6cd35aae0dad878711b24c0ac0b98b46c0ef317
[INFO] running `Command { std: "docker" "start" "-a" "c605bdbb4695a07f77b59b3af6cd35aae0dad878711b24c0ac0b98b46c0ef317", kill_on_drop: false }`
[INFO] [stderr]    Compiling cfg-if v1.0.0
[INFO] [stderr]    Compiling proc-macro2 v1.0.66
[INFO] [stderr]    Compiling libc v0.2.147
[INFO] [stderr]    Compiling siphasher v0.3.10
[INFO] [stderr]    Compiling unicode-ident v1.0.11
[INFO] [stderr]    Compiling ppv-lite86 v0.2.17
[INFO] [stderr]    Compiling smallvec v1.11.0
[INFO] [stderr]    Compiling autocfg v1.1.0
[INFO] [stderr]    Compiling serde v1.0.177
[INFO] [stderr]    Compiling syn v1.0.109
[INFO] [stderr]    Compiling new_debug_unreachable v1.0.4
[INFO] [stderr]    Compiling parking_lot_core v0.9.8
[INFO] [stderr]    Compiling serde_derive v1.0.177
[INFO] [stderr]    Compiling scopeguard v1.2.0
[INFO] [stderr]    Compiling once_cell v1.18.0
[INFO] [stderr]    Compiling mac v0.1.1
[INFO] [stderr]    Compiling precomputed-hash v0.1.1
[INFO] [stderr]    Compiling futf v0.1.5
[INFO] [stderr]    Compiling log v0.4.19
[INFO] [stderr]    Compiling rustversion v1.0.14
[INFO] [stderr]    Compiling itoa v1.0.9
[INFO] [stderr]    Compiling tinyvec_macros v0.1.1
[INFO] [stderr]    Compiling utf-8 v0.7.6
[INFO] [stderr]    Compiling phf_shared v0.10.0
[INFO] [stderr]    Compiling phf_shared v0.11.2
[INFO] [stderr]    Compiling dtoa v1.0.9
[INFO] [stderr]    Compiling version_check v0.9.4
[INFO] [stderr]    Compiling tendril v0.4.3
[INFO] [stderr]    Compiling phf v0.10.1
[INFO] [stderr]    Compiling tinyvec v1.6.0
[INFO] [stderr]    Compiling dtoa-short v0.3.4
[INFO] [stderr]    Compiling stable_deref_trait v1.2.0
[INFO] [stderr]    Compiling byteorder v1.4.3
[INFO] [stderr]    Compiling heck v0.4.1
[INFO] [stderr]    Compiling servo_arc v0.3.0
[INFO] [stderr]    Compiling unicode-width v0.1.10
[INFO] [stderr]    Compiling percent-encoding v2.3.0
[INFO] [stderr]    Compiling bitflags v2.3.3
[INFO] [stderr]    Compiling serde_json v1.0.104
[INFO] [stderr]    Compiling lock_api v0.4.10
[INFO] [stderr]    Compiling unicode-bidi v0.3.13
[INFO] [stderr]    Compiling form_urlencoded v1.2.0
[INFO] [stderr]    Compiling getopts v0.2.21
[INFO] [stderr]    Compiling ryu v1.0.15
[INFO] [stderr]    Compiling ahash v0.8.3
[INFO] [stderr]    Compiling fxhash v0.2.1
[INFO] [stderr]    Compiling ego-tree v0.6.2
[INFO] [stderr]    Compiling quote v1.0.32
[INFO] [stderr]    Compiling getrandom v0.2.10
[INFO] [stderr]    Compiling syn v2.0.27
[INFO] [stderr]    Compiling parking_lot v0.12.1
[INFO] [stderr]    Compiling rand_core v0.6.4
[INFO] [stderr]    Compiling unicode-normalization v0.1.22
[INFO] [stderr]    Compiling rand_chacha v0.3.1
[INFO] [stderr]    Compiling rand v0.8.5
[INFO] [stderr]    Compiling idna v0.4.0
[INFO] [stderr]    Compiling phf_generator v0.10.0
[INFO] [stderr]    Compiling phf_generator v0.11.2
[INFO] [stderr]    Compiling phf_codegen v0.10.0
[INFO] [stderr]    Compiling string_cache_codegen v0.5.2
[INFO] [stderr]    Compiling selectors v0.25.0
[INFO] [stderr]    Compiling markup5ever v0.11.0
[INFO] [stderr]    Compiling string_cache v0.8.7
[INFO] [stderr]    Compiling url v2.4.0
[INFO] [stderr]    Compiling phf_macros v0.11.2
[INFO] [stderr]    Compiling cssparser-macros v0.6.1
[INFO] [stderr]    Compiling strum_macros v0.25.1
[INFO] [stderr]    Compiling html5ever v0.26.0
[INFO] [stderr]    Compiling derive_more v0.99.17
[INFO] [stderr]    Compiling phf v0.11.2
[INFO] [stderr]    Compiling cssparser v0.31.2
[INFO] [stderr]    Compiling strum v0.25.0
[INFO] [stderr]    Compiling scraper v0.17.1
[INFO] [stderr]    Compiling metagraph v0.1.0 (/opt/rustwide/workdir)
[INFO] [stdout] warning: trait `Scraper` is never used
[INFO] [stdout]   --> src/scraper.rs:10:11
[INFO] [stdout]    |
[INFO] [stdout] 10 | pub trait Scraper {
[INFO] [stdout]    |           ^^^^^^^
[INFO] [stdout]    |
[INFO] [stdout]    = note: `#[warn(dead_code)]` on by default
[INFO] [stdout] 
[INFO] [stdout] 
[INFO] [stdout] warning: variant `InvalidProperty` is never constructed
[INFO] [stdout]  --> src/error.rs:6:5
[INFO] [stdout]   |
[INFO] [stdout] 4 | pub enum ParseError {
[INFO] [stdout]   |          ---------- variant in this enum
[INFO] [stdout] 5 |     InvalidPropertyTag,
[INFO] [stdout] 6 |     InvalidProperty(String),
[INFO] [stdout]   |     ^^^^^^^^^^^^^^^
[INFO] [stdout]   |
[INFO] [stdout]   = note: `ParseError` has a derived impl for the trait `Debug`, but this is intentionally ignored during dead code analysis
[INFO] [stdout] 
[INFO] [stdout] 
[INFO] [stderr]     Finished `dev` profile [unoptimized + debuginfo] target(s) in 23.33s
[INFO] running `Command { std: "docker" "inspect" "c605bdbb4695a07f77b59b3af6cd35aae0dad878711b24c0ac0b98b46c0ef317", kill_on_drop: false }`
[INFO] running `Command { std: "docker" "rm" "-f" "c605bdbb4695a07f77b59b3af6cd35aae0dad878711b24c0ac0b98b46c0ef317", kill_on_drop: false }`
[INFO] [stdout] c605bdbb4695a07f77b59b3af6cd35aae0dad878711b24c0ac0b98b46c0ef317
[INFO] running `Command { std: "docker" "create" "-v" "/var/lib/crater-agent-workspace/builds/worker-4-tc2/target:/opt/rustwide/target:rw,Z" "-v" "/var/lib/crater-agent-workspace/builds/worker-4-tc2/source:/opt/rustwide/workdir:ro,Z" "-v" "/var/lib/crater-agent-workspace/cargo-home:/opt/rustwide/cargo-home:ro,Z" "-v" "/var/lib/crater-agent-workspace/rustup-home:/opt/rustwide/rustup-home:ro,Z" "-e" "SOURCE_DIR=/opt/rustwide/workdir" "-e" "CARGO_TARGET_DIR=/opt/rustwide/target" "-e" "CARGO_INCREMENTAL=0" "-e" "RUST_BACKTRACE=full" "-e" "RUSTFLAGS=--cap-lints=warn" "-e" "RUSTDOCFLAGS=--cap-lints=warn" "-e" "CARGO_HOME=/opt/rustwide/cargo-home" "-e" "RUSTUP_HOME=/opt/rustwide/rustup-home" "-w" "/opt/rustwide/workdir" "-m" "1610612736" "--user" "0:0" "--network" "none" "ghcr.io/rust-lang/crates-build-env/linux@sha256:f3a9d4ad9d972b27faf3965f35b62e55ba32bbce8f20bc8fe909558a86702fde" "/opt/rustwide/cargo-home/bin/cargo" "+beta-2024-12-08" "test" "--frozen" "--no-run" "--message-format=json", kill_on_drop: false }`
[INFO] [stdout] 1d56f92b295ea4d60ad3abc165c86b061aebb92b1af500880d95bc881c76658e
[INFO] running `Command { std: "docker" "start" "-a" "1d56f92b295ea4d60ad3abc165c86b061aebb92b1af500880d95bc881c76658e", kill_on_drop: false }`
[INFO] [stdout] warning: trait `Scraper` is never used
[INFO] [stdout]   --> src/scraper.rs:10:11
[INFO] [stdout]    |
[INFO] [stdout] 10 | pub trait Scraper {
[INFO] [stdout]    |           ^^^^^^^
[INFO] [stdout]    |
[INFO] [stdout]    = note: `#[warn(dead_code)]` on by default
[INFO] [stdout] 
[INFO] [stdout] 
[INFO] [stderr]    Compiling metagraph v0.1.0 (/opt/rustwide/workdir)
[INFO] [stdout] warning: variant `InvalidProperty` is never constructed
[INFO] [stdout]  --> src/error.rs:6:5
[INFO] [stdout]   |
[INFO] [stdout] 4 | pub enum ParseError {
[INFO] [stdout]   |          ---------- variant in this enum
[INFO] [stdout] 5 |     InvalidPropertyTag,
[INFO] [stdout] 6 |     InvalidProperty(String),
[INFO] [stdout]   |     ^^^^^^^^^^^^^^^
[INFO] [stdout]   |
[INFO] [stdout]   = note: `ParseError` has a derived impl for the trait `Debug`, but this is intentionally ignored during dead code analysis
[INFO] [stdout] 
[INFO] [stdout] 
[INFO] [stdout] warning: function `scrape_verge` is never used
[INFO] [stdout]    --> src/scraper.rs:117:8
[INFO] [stdout]     |
[INFO] [stdout] 117 |     fn scrape_verge() -> TestGraphObject {
[INFO] [stdout]     |        ^^^^^^^^^^^^
[INFO] [stdout]     |
[INFO] [stdout]     = note: `#[warn(dead_code)]` on by default
[INFO] [stdout] 
[INFO] [stdout] 
[INFO] [stdout] warning: variant `InvalidProperty` is never constructed
[INFO] [stdout]  --> src/error.rs:6:5
[INFO] [stdout]   |
[INFO] [stdout] 4 | pub enum ParseError {
[INFO] [stdout]   |          ---------- variant in this enum
[INFO] [stdout] 5 |     InvalidPropertyTag,
[INFO] [stdout] 6 |     InvalidProperty(String),
[INFO] [stdout]   |     ^^^^^^^^^^^^^^^
[INFO] [stdout]   |
[INFO] [stdout]   = note: `ParseError` has a derived impl for the trait `Debug`, but this is intentionally ignored during dead code analysis
[INFO] [stdout] 
[INFO] [stdout] 
[INFO] [stderr]     Finished `test` profile [unoptimized + debuginfo] target(s) in 1.51s
[INFO] running `Command { std: "docker" "inspect" "1d56f92b295ea4d60ad3abc165c86b061aebb92b1af500880d95bc881c76658e", kill_on_drop: false }`
[INFO] running `Command { std: "docker" "rm" "-f" "1d56f92b295ea4d60ad3abc165c86b061aebb92b1af500880d95bc881c76658e", kill_on_drop: false }`
[INFO] [stdout] 1d56f92b295ea4d60ad3abc165c86b061aebb92b1af500880d95bc881c76658e
[INFO] running `Command { std: "docker" "create" "-v" "/var/lib/crater-agent-workspace/builds/worker-4-tc2/target:/opt/rustwide/target:rw,Z" "-v" "/var/lib/crater-agent-workspace/builds/worker-4-tc2/source:/opt/rustwide/workdir:ro,Z" "-v" "/var/lib/crater-agent-workspace/cargo-home:/opt/rustwide/cargo-home:ro,Z" "-v" "/var/lib/crater-agent-workspace/rustup-home:/opt/rustwide/rustup-home:ro,Z" "-e" "SOURCE_DIR=/opt/rustwide/workdir" "-e" "CARGO_TARGET_DIR=/opt/rustwide/target" "-e" "CARGO_INCREMENTAL=0" "-e" "RUST_BACKTRACE=full" "-e" "RUSTFLAGS=--cap-lints=warn" "-e" "RUSTDOCFLAGS=--cap-lints=warn" "-e" "CARGO_HOME=/opt/rustwide/cargo-home" "-e" "RUSTUP_HOME=/opt/rustwide/rustup-home" "-w" "/opt/rustwide/workdir" "-m" "1610612736" "--user" "0:0" "--network" "none" "ghcr.io/rust-lang/crates-build-env/linux@sha256:f3a9d4ad9d972b27faf3965f35b62e55ba32bbce8f20bc8fe909558a86702fde" "/opt/rustwide/cargo-home/bin/cargo" "+beta-2024-12-08" "test" "--frozen", kill_on_drop: false }`
[INFO] [stdout] 34cf017f3ea2b8341eef9adaf8e6404da739e3b416ce38bd03b4b23df437ac0d
[INFO] running `Command { std: "docker" "start" "-a" "34cf017f3ea2b8341eef9adaf8e6404da739e3b416ce38bd03b4b23df437ac0d", kill_on_drop: false }`
[INFO] [stderr] warning: trait `Scraper` is never used
[INFO] [stderr]   --> src/scraper.rs:10:11
[INFO] [stderr]    |
[INFO] [stderr] 10 | pub trait Scraper {
[INFO] [stderr]    |           ^^^^^^^
[INFO] [stderr]    |
[INFO] [stderr]    = note: `#[warn(dead_code)]` on by default
[INFO] [stderr] 
[INFO] [stderr] warning: variant `InvalidProperty` is never constructed
[INFO] [stderr]  --> src/error.rs:6:5
[INFO] [stderr]   |
[INFO] [stderr] 4 | pub enum ParseError {
[INFO] [stderr]   |          ---------- variant in this enum
[INFO] [stderr] 5 |     InvalidPropertyTag,
[INFO] [stderr] 6 |     InvalidProperty(String),
[INFO] [stderr]   |     ^^^^^^^^^^^^^^^
[INFO] [stderr]   |
[INFO] [stderr]   = note: `ParseError` has a derived impl for the trait `Debug`, but this is intentionally ignored during dead code analysis
[INFO] [stderr] 
[INFO] [stderr] warning: function `scrape_verge` is never used
[INFO] [stderr]    --> src/scraper.rs:117:8
[INFO] [stderr]     |
[INFO] [stderr] 117 |     fn scrape_verge() -> TestGraphObject {
[INFO] [stderr]     |        ^^^^^^^^^^^^
[INFO] [stderr]     |
[INFO] [stderr]     = note: `#[warn(dead_code)]` on by default
[INFO] [stderr] 
[INFO] [stderr] warning: `metagraph` (lib) generated 2 warnings
[INFO] [stderr] warning: `metagraph` (lib test) generated 2 warnings (1 duplicate)
[INFO] [stderr]     Finished `test` profile [unoptimized + debuginfo] target(s) in 0.08s
[INFO] [stderr]      Running unittests src/lib.rs (/opt/rustwide/target/debug/deps/metagraph-f4efd27bfa1da2e3)
[INFO] [stdout] 
[INFO] [stdout] running 11 tests
[INFO] [stdout] test open_graph::open_graph_object::test::update ... ok
[INFO] [stdout] test open_graph::property::determiner::test::determiner_from_str ... ok
[INFO] [stdout] test scraper::tests::no_scrape_outside_head ... ok
[INFO] [stdout] test scraper::tests::scrape_title_multiple ... ok
[INFO] [stdout] test scraper::tests::scrape_image ... ok
[INFO] [stdout] test scraper::tests::scrape_image_multiple_a ... ok
[INFO] [stdout] test scraper::tests::scrape_image_no_url ... ok
[INFO] [stdout] test scraper::tests::scrape_title_single ... ok
[INFO] [stdout] test scraper::tests::scrape_image_multiple_b ... ok
[INFO] [stdout] test scraper::tests::scrape_image_relative_url ... ok
[INFO] [stdout] test scraper::tests::scrape_article ... FAILED
[INFO] [stdout] 
[INFO] [stdout] failures:
[INFO] [stdout] 
[INFO] [stdout] ---- scraper::tests::scrape_article stdout ----
[INFO] [stdout] thread 'scraper::tests::scrape_article' panicked at src/scraper.rs:114:47:
[INFO] [stdout] called `Result::unwrap()` on an `Err` value: Os { code: 2, kind: NotFound, message: "No such file or directory" }
[INFO] [stdout] stack backtrace:
[INFO] [stdout]    0:     0x588f110470aa - std::backtrace_rs::backtrace::libunwind::trace::h8810477743020387
[INFO] [stdout]                                at /rustc/202008a1b8de96d2e5b6bc02d379db03a877d34d/library/std/src/../../backtrace/src/backtrace/libunwind.rs:116:5
[INFO] [stdout]    1:     0x588f110470aa - std::backtrace_rs::backtrace::trace_unsynchronized::h3aa55355dd6c54a6
[INFO] [stdout]                                at /rustc/202008a1b8de96d2e5b6bc02d379db03a877d34d/library/std/src/../../backtrace/src/backtrace/mod.rs:66:5
[INFO] [stdout]    2:     0x588f110470aa - std::sys::backtrace::_print_fmt::h8588b0f62410823f
[INFO] [stdout]                                at /rustc/202008a1b8de96d2e5b6bc02d379db03a877d34d/library/std/src/sys/backtrace.rs:66:9
[INFO] [stdout]    3:     0x588f110470aa - <std::sys::backtrace::BacktraceLock::print::DisplayBacktrace as core::fmt::Display>::fmt::h98c26ac25ffe89bb
[INFO] [stdout]                                at /rustc/202008a1b8de96d2e5b6bc02d379db03a877d34d/library/std/src/sys/backtrace.rs:39:26
[INFO] [stdout]    4:     0x588f1106dc03 - core::fmt::rt::Argument::fmt::hf95377f4aebd453b
[INFO] [stdout]                                at /rustc/202008a1b8de96d2e5b6bc02d379db03a877d34d/library/core/src/fmt/rt.rs:177:76
[INFO] [stdout]    5:     0x588f1106dc03 - core::fmt::write::h0dd5f6e2238c7982
[INFO] [stdout]                                at /rustc/202008a1b8de96d2e5b6bc02d379db03a877d34d/library/core/src/fmt/mod.rs:1189:21
[INFO] [stdout]    6:     0x588f110440a3 - std::io::Write::write_fmt::h03bb0ca26e6faf8c
[INFO] [stdout]                                at /rustc/202008a1b8de96d2e5b6bc02d379db03a877d34d/library/std/src/io/mod.rs:1884:15
[INFO] [stdout]    7:     0x588f11046ef2 - std::sys::backtrace::BacktraceLock::print::h5c19c1c038ee186d
[INFO] [stdout]                                at /rustc/202008a1b8de96d2e5b6bc02d379db03a877d34d/library/std/src/sys/backtrace.rs:42:9
[INFO] [stdout]    8:     0x588f1104852d - std::panicking::default_hook::{{closure}}::h77172f079a1fcb13
[INFO] [stdout]                                at /rustc/202008a1b8de96d2e5b6bc02d379db03a877d34d/library/std/src/panicking.rs:268:22
[INFO] [stdout]    9:     0x588f11048337 - std::panicking::default_hook::he5f8e3b203ccddba
[INFO] [stdout]                                at /rustc/202008a1b8de96d2e5b6bc02d379db03a877d34d/library/std/src/panicking.rs:292:9
[INFO] [stdout]   10:     0x588f10ede377 - <alloc::boxed::Box<F,A> as core::ops::function::Fn<Args>>::call::h7a3c7b4a1ae77f2f
[INFO] [stdout]                                at /rustc/202008a1b8de96d2e5b6bc02d379db03a877d34d/library/alloc/src/boxed.rs:1986:9
[INFO] [stdout]   11:     0x588f10ede377 - test::test_main::{{closure}}::hf0d3b69ae9b353d1
[INFO] [stdout]                                at /rustc/202008a1b8de96d2e5b6bc02d379db03a877d34d/library/test/src/lib.rs:134:21
[INFO] [stdout]   12:     0x588f11048bd8 - <alloc::boxed::Box<F,A> as core::ops::function::Fn<Args>>::call::h6332e82e7b189abd
[INFO] [stdout]                                at /rustc/202008a1b8de96d2e5b6bc02d379db03a877d34d/library/alloc/src/boxed.rs:1986:9
[INFO] [stdout]   13:     0x588f11048bd8 - std::panicking::rust_panic_with_hook::h53863d4e9018df39
[INFO] [stdout]                                at /rustc/202008a1b8de96d2e5b6bc02d379db03a877d34d/library/std/src/panicking.rs:809:13
[INFO] [stdout]   14:     0x588f1104899a - std::panicking::begin_panic_handler::{{closure}}::h67280e6fa0757873
[INFO] [stdout]                                at /rustc/202008a1b8de96d2e5b6bc02d379db03a877d34d/library/std/src/panicking.rs:674:13
[INFO] [stdout]   15:     0x588f11047589 - std::sys::backtrace::__rust_end_short_backtrace::h1dac3f54d6fbbeb2
[INFO] [stdout]                                at /rustc/202008a1b8de96d2e5b6bc02d379db03a877d34d/library/std/src/sys/backtrace.rs:170:18
[INFO] [stdout]   16:     0x588f1104862c - rust_begin_unwind
[INFO] [stdout]                                at /rustc/202008a1b8de96d2e5b6bc02d379db03a877d34d/library/std/src/panicking.rs:665:5
[INFO] [stdout]   17:     0x588f10e8bbb0 - core::panicking::panic_fmt::h6792bd1b2bf01041
[INFO] [stdout]                                at /rustc/202008a1b8de96d2e5b6bc02d379db03a877d34d/library/core/src/panicking.rs:76:14
[INFO] [stdout]   18:     0x588f10e8c036 - core::result::unwrap_failed::h05e0602ed34287c5
[INFO] [stdout]                                at /rustc/202008a1b8de96d2e5b6bc02d379db03a877d34d/library/core/src/result.rs:1699:5
[INFO] [stdout]   19:     0x588f10e98e20 - core::result::Result<T,E>::unwrap::hbf828939f6bdec40
[INFO] [stdout]                                at /rustc/202008a1b8de96d2e5b6bc02d379db03a877d34d/library/core/src/result.rs:1104:23
[INFO] [stdout]   20:     0x588f10e98e20 - metagraph::scraper::tests::read_document::h601ebb5cf8c86a66
[INFO] [stdout]                                at /opt/rustwide/workdir/src/scraper.rs:114:9
[INFO] [stdout]   21:     0x588f10e98f0f - metagraph::scraper::tests::scrape_bbc::hc518f184d184a840
[INFO] [stdout]                                at /opt/rustwide/workdir/src/scraper.rs:128:14
[INFO] [stdout]   22:     0x588f10e99fd3 - metagraph::scraper::tests::scrape_article::h7a42640636a8c8fd
[INFO] [stdout]                                at /opt/rustwide/workdir/src/scraper.rs:141:22
[INFO] [stdout]   23:     0x588f10e99f97 - metagraph::scraper::tests::scrape_article::{{closure}}::h61aae09e8ff518f9
[INFO] [stdout]                                at /opt/rustwide/workdir/src/scraper.rs:139:24
[INFO] [stdout]   24:     0x588f10e96036 - core::ops::function::FnOnce::call_once::hd7a6bce6110b6f1e
[INFO] [stdout]                                at /rustc/202008a1b8de96d2e5b6bc02d379db03a877d34d/library/core/src/ops/function.rs:250:5
[INFO] [stdout]   25:     0x588f10ee2e9b - core::ops::function::FnOnce::call_once::h871bf86719ec9aa4
[INFO] [stdout]                                at /rustc/202008a1b8de96d2e5b6bc02d379db03a877d34d/library/core/src/ops/function.rs:250:5
[INFO] [stdout]   26:     0x588f10ee2e9b - test::__rust_begin_short_backtrace::h2167df1e2b7d76fd
[INFO] [stdout]                                at /rustc/202008a1b8de96d2e5b6bc02d379db03a877d34d/library/test/src/lib.rs:632:18
[INFO] [stdout]   27:     0x588f10ee2888 - test::run_test_in_process::{{closure}}::h15d92f75a3adfb79
[INFO] [stdout]                                at /rustc/202008a1b8de96d2e5b6bc02d379db03a877d34d/library/test/src/lib.rs:655:60
[INFO] [stdout]   28:     0x588f10ee2888 - <core::panic::unwind_safe::AssertUnwindSafe<F> as core::ops::function::FnOnce<()>>::call_once::hb6c8955835a8dbbb
[INFO] [stdout]                                at /rustc/202008a1b8de96d2e5b6bc02d379db03a877d34d/library/core/src/panic/unwind_safe.rs:272:9
[INFO] [stdout]   29:     0x588f10ee2888 - std::panicking::try::do_call::hc79d0fc888a0bd30
[INFO] [stdout]                                at /rustc/202008a1b8de96d2e5b6bc02d379db03a877d34d/library/std/src/panicking.rs:557:40
[INFO] [stdout]   30:     0x588f10ee2888 - std::panicking::try::hb8a7878e3a8589d6
[INFO] [stdout]                                at /rustc/202008a1b8de96d2e5b6bc02d379db03a877d34d/library/std/src/panicking.rs:520:19
[INFO] [stdout]   31:     0x588f10ee2888 - std::panic::catch_unwind::hb8e4600ff0ff5cfa
[INFO] [stdout]                                at /rustc/202008a1b8de96d2e5b6bc02d379db03a877d34d/library/std/src/panic.rs:358:14
[INFO] [stdout]   32:     0x588f10ee2888 - test::run_test_in_process::hc2900b0b18688dd6
[INFO] [stdout]                                at /rustc/202008a1b8de96d2e5b6bc02d379db03a877d34d/library/test/src/lib.rs:655:27
[INFO] [stdout]   33:     0x588f10ee2888 - test::run_test::{{closure}}::hac2a9cb07be3d48d
[INFO] [stdout]                                at /rustc/202008a1b8de96d2e5b6bc02d379db03a877d34d/library/test/src/lib.rs:576:43
[INFO] [stdout]   34:     0x588f10ea632a - test::run_test::{{closure}}::h4a5b729e66a38cd8
[INFO] [stdout]                                at /rustc/202008a1b8de96d2e5b6bc02d379db03a877d34d/library/test/src/lib.rs:606:41
[INFO] [stdout]   35:     0x588f10ea632a - std::sys::backtrace::__rust_begin_short_backtrace::h0496fb742492f573
[INFO] [stdout]                                at /rustc/202008a1b8de96d2e5b6bc02d379db03a877d34d/library/std/src/sys/backtrace.rs:154:18
[INFO] [stdout]   36:     0x588f10ea9ca4 - std::thread::Builder::spawn_unchecked_::{{closure}}::{{closure}}::hbb6d257c550a54bd
[INFO] [stdout]                                at /rustc/202008a1b8de96d2e5b6bc02d379db03a877d34d/library/std/src/thread/mod.rs:561:17
[INFO] [stdout]   37:     0x588f10ea9ca4 - <core::panic::unwind_safe::AssertUnwindSafe<F> as core::ops::function::FnOnce<()>>::call_once::h46696fe4a6832328
[INFO] [stdout]                                at /rustc/202008a1b8de96d2e5b6bc02d379db03a877d34d/library/core/src/panic/unwind_safe.rs:272:9
[INFO] [stdout]   38:     0x588f10ea9ca4 - std::panicking::try::do_call::h2625a51b667bfb64
[INFO] [stdout]                                at /rustc/202008a1b8de96d2e5b6bc02d379db03a877d34d/library/std/src/panicking.rs:557:40
[INFO] [stdout]   39:     0x588f10ea9ca4 - std::panicking::try::hb956a59a1973aa4c
[INFO] [stdout]                                at /rustc/202008a1b8de96d2e5b6bc02d379db03a877d34d/library/std/src/panicking.rs:520:19
[INFO] [stdout]   40:     0x588f10ea9ca4 - std::panic::catch_unwind::h64f3b9d1067ef6a0
[INFO] [stdout]                                at /rustc/202008a1b8de96d2e5b6bc02d379db03a877d34d/library/std/src/panic.rs:358:14
[INFO] [stdout]   41:     0x588f10ea9ca4 - std::thread::Builder::spawn_unchecked_::{{closure}}::h42b2841295b6c0b2
[INFO] [stdout]                                at /rustc/202008a1b8de96d2e5b6bc02d379db03a877d34d/library/std/src/thread/mod.rs:559:30
[INFO] [stdout]   42:     0x588f10ea9ca4 - core::ops::function::FnOnce::call_once{{vtable.shim}}::h6127de71b8124639
[INFO] [stdout]                                at /rustc/202008a1b8de96d2e5b6bc02d379db03a877d34d/library/core/src/ops/function.rs:250:5
[INFO] [stdout]   43:     0x588f1104cb1b - <alloc::boxed::Box<F,A> as core::ops::function::FnOnce<Args>>::call_once::h42f0ba71002a1b2c
[INFO] [stdout]                                at /rustc/202008a1b8de96d2e5b6bc02d379db03a877d34d/library/alloc/src/boxed.rs:1972:9
[INFO] [stdout]   44:     0x588f1104cb1b - <alloc::boxed::Box<F,A> as core::ops::function::FnOnce<Args>>::call_once::had9e47d7a3dcecb8
[INFO] [stdout]                                at /rustc/202008a1b8de96d2e5b6bc02d379db03a877d34d/library/alloc/src/boxed.rs:1972:9
[INFO] [stdout]   45:     0x588f1104cb1b - std::sys::pal::unix::thread::Thread::new::thread_start::h48cf765408f6f5f2
[INFO] [stdout]                                at /rustc/202008a1b8de96d2e5b6bc02d379db03a877d34d/library/std/src/sys/pal/unix/thread.rs:105:17
[INFO] [stdout]   46:     0x70915f83bac3 - <unknown>
[INFO] [stdout]   47:     0x70915f8cca04 - clone
[INFO] [stdout]   48:                0x0 - <unknown>
[INFO] [stdout] 
[INFO] [stdout] 
[INFO] [stdout] failures:
[INFO] [stdout]     scraper::tests::scrape_article
[INFO] [stdout] 
[INFO] [stdout] test result: FAILED. 10 passed; 1 failed; 0 ignored; 0 measured; 0 filtered out; finished in 0.04s
[INFO] [stdout] 
[INFO] [stderr] error: test failed, to rerun pass `--lib`
[INFO] running `Command { std: "docker" "inspect" "34cf017f3ea2b8341eef9adaf8e6404da739e3b416ce38bd03b4b23df437ac0d", kill_on_drop: false }`
[INFO] running `Command { std: "docker" "rm" "-f" "34cf017f3ea2b8341eef9adaf8e6404da739e3b416ce38bd03b4b23df437ac0d", kill_on_drop: false }`
[INFO] [stdout] 34cf017f3ea2b8341eef9adaf8e6404da739e3b416ce38bd03b4b23df437ac0d
