[INFO] cloning repository https://github.com/alexandre-abrioux/github-profile-toolbox
[INFO] running `Command { std: "git" "-c" "credential.helper=" "-c" "credential.helper=/workspace/cargo-home/bin/git-credential-null" "clone" "--bare" "https://github.com/alexandre-abrioux/github-profile-toolbox" "/workspace/cache/git-repos/https%3A%2F%2Fgithub.com%2Falexandre-abrioux%2Fgithub-profile-toolbox", kill_on_drop: false }`
[INFO] [stderr] Cloning into bare repository '/workspace/cache/git-repos/https%3A%2F%2Fgithub.com%2Falexandre-abrioux%2Fgithub-profile-toolbox'...
[INFO] running `Command { std: "git" "rev-parse" "HEAD", kill_on_drop: false }`
[INFO] [stdout] 21ce016d9cded110318535929d9045e212a8d0ca
[INFO] testing alexandre-abrioux/github-profile-toolbox against 1.83.0 for beta-1.84.0-4-retry
[INFO] running `Command { std: "git" "clone" "/workspace/cache/git-repos/https%3A%2F%2Fgithub.com%2Falexandre-abrioux%2Fgithub-profile-toolbox" "/workspace/builds/worker-5-tc1/source", kill_on_drop: false }`
[INFO] [stderr] Cloning into '/workspace/builds/worker-5-tc1/source'...
[INFO] [stderr] done.
[INFO] validating manifest of git repo https://github.com/alexandre-abrioux/github-profile-toolbox on toolchain 1.83.0
[INFO] running `Command { std: CARGO_HOME="/workspace/cargo-home" RUSTUP_HOME="/workspace/rustup-home" "/workspace/cargo-home/bin/cargo" "+1.83.0" "metadata" "--manifest-path" "Cargo.toml" "--no-deps", kill_on_drop: false }`
[INFO] started tweaking git repo https://github.com/alexandre-abrioux/github-profile-toolbox
[INFO] finished tweaking git repo https://github.com/alexandre-abrioux/github-profile-toolbox
[INFO] tweaked toml for git repo https://github.com/alexandre-abrioux/github-profile-toolbox written to /workspace/builds/worker-5-tc1/source/Cargo.toml
[INFO] crate git repo https://github.com/alexandre-abrioux/github-profile-toolbox already has a lockfile, it will not be regenerated
[INFO] running `Command { std: CARGO_HOME="/workspace/cargo-home" RUSTUP_HOME="/workspace/rustup-home" "/workspace/cargo-home/bin/cargo" "+1.83.0" "fetch" "--manifest-path" "Cargo.toml", kill_on_drop: false }`
[INFO] [stderr]     Updating crates.io index
[INFO] [stderr]  Downloading crates ...
[INFO] [stderr]   Downloaded unicode-display-width v0.2.0
[INFO] [stderr]   Downloaded slug v0.1.6
[INFO] [stderr]   Downloaded entities v1.0.1
[INFO] [stderr]   Downloaded serde_yml v0.0.12
[INFO] [stderr]   Downloaded libyml v0.0.5
[INFO] [stderr]   Downloaded comrak v0.19.0
[INFO] [stderr]   Downloaded markdown-table-formatter v0.3.0
[INFO] running `Command { std: "docker" "create" "-v" "/var/lib/crater-agent-workspace/builds/worker-5-tc1/target:/opt/rustwide/target:rw,Z" "-v" "/var/lib/crater-agent-workspace/builds/worker-5-tc1/source:/opt/rustwide/workdir:ro,Z" "-v" "/var/lib/crater-agent-workspace/cargo-home:/opt/rustwide/cargo-home:ro,Z" "-v" "/var/lib/crater-agent-workspace/rustup-home:/opt/rustwide/rustup-home:ro,Z" "-e" "SOURCE_DIR=/opt/rustwide/workdir" "-e" "CARGO_TARGET_DIR=/opt/rustwide/target" "-e" "CARGO_HOME=/opt/rustwide/cargo-home" "-e" "RUSTUP_HOME=/opt/rustwide/rustup-home" "-w" "/opt/rustwide/workdir" "-m" "1610612736" "--user" "0:0" "--network" "none" "ghcr.io/rust-lang/crates-build-env/linux@sha256:f3a9d4ad9d972b27faf3965f35b62e55ba32bbce8f20bc8fe909558a86702fde" "/opt/rustwide/cargo-home/bin/cargo" "+1.83.0" "metadata" "--no-deps" "--format-version=1", kill_on_drop: false }`
[INFO] [stdout] 3a3a7b7bc747773578b8074c83015b30548cafe30860c4bc94572515e2d9e13e
[INFO] running `Command { std: "docker" "start" "-a" "3a3a7b7bc747773578b8074c83015b30548cafe30860c4bc94572515e2d9e13e", kill_on_drop: false }`
[INFO] running `Command { std: "docker" "inspect" "3a3a7b7bc747773578b8074c83015b30548cafe30860c4bc94572515e2d9e13e", kill_on_drop: false }`
[INFO] running `Command { std: "docker" "rm" "-f" "3a3a7b7bc747773578b8074c83015b30548cafe30860c4bc94572515e2d9e13e", kill_on_drop: false }`
[INFO] [stdout] 3a3a7b7bc747773578b8074c83015b30548cafe30860c4bc94572515e2d9e13e
[INFO] running `Command { std: "docker" "create" "-v" "/var/lib/crater-agent-workspace/builds/worker-5-tc1/target:/opt/rustwide/target:rw,Z" "-v" "/var/lib/crater-agent-workspace/builds/worker-5-tc1/source:/opt/rustwide/workdir:ro,Z" "-v" "/var/lib/crater-agent-workspace/cargo-home:/opt/rustwide/cargo-home:ro,Z" "-v" "/var/lib/crater-agent-workspace/rustup-home:/opt/rustwide/rustup-home:ro,Z" "-e" "SOURCE_DIR=/opt/rustwide/workdir" "-e" "CARGO_TARGET_DIR=/opt/rustwide/target" "-e" "CARGO_INCREMENTAL=0" "-e" "RUST_BACKTRACE=full" "-e" "RUSTFLAGS=--cap-lints=warn" "-e" "RUSTDOCFLAGS=--cap-lints=warn" "-e" "CARGO_HOME=/opt/rustwide/cargo-home" "-e" "RUSTUP_HOME=/opt/rustwide/rustup-home" "-w" "/opt/rustwide/workdir" "-m" "1610612736" "--user" "0:0" "--network" "none" "ghcr.io/rust-lang/crates-build-env/linux@sha256:f3a9d4ad9d972b27faf3965f35b62e55ba32bbce8f20bc8fe909558a86702fde" "/opt/rustwide/cargo-home/bin/cargo" "+1.83.0" "build" "--frozen" "--message-format=json", kill_on_drop: false }`
[INFO] [stdout] 467888d8a84c31f6c737dc73f51a109229a9eb9ff69a8b88eaab66d3413174e0
[INFO] running `Command { std: "docker" "start" "-a" "467888d8a84c31f6c737dc73f51a109229a9eb9ff69a8b88eaab66d3413174e0", kill_on_drop: false }`
[INFO] [stderr]    Compiling proc-macro2 v1.0.89
[INFO] [stderr]    Compiling unicode-ident v1.0.13
[INFO] [stderr]    Compiling stable_deref_trait v1.2.0
[INFO] [stderr]    Compiling syn v1.0.109
[INFO] [stderr]    Compiling writeable v0.5.5
[INFO] [stderr]    Compiling litemap v0.7.3
[INFO] [stderr]    Compiling ident_case v1.0.1
[INFO] [stderr]    Compiling shlex v1.3.0
[INFO] [stderr]    Compiling fnv v1.0.7
[INFO] [stderr]    Compiling strsim v0.10.0
[INFO] [stderr]    Compiling icu_locid_transform_data v1.5.0
[INFO] [stderr]    Compiling memchr v2.7.4
[INFO] [stderr]    Compiling libc v0.2.162
[INFO] [stderr]    Compiling cc v1.1.37
[INFO] [stderr]    Compiling icu_properties_data v1.5.0
[INFO] [stderr]    Compiling utf16_iter v1.0.5
[INFO] [stderr]    Compiling icu_normalizer_data v1.5.0
[INFO] [stderr]    Compiling serde v1.0.214
[INFO] [stderr]    Compiling smallvec v1.13.2
[INFO] [stderr]    Compiling write16 v1.0.0
[INFO] [stderr]    Compiling utf8_iter v1.0.4
[INFO] [stderr]    Compiling untrusted v0.9.0
[INFO] [stderr]    Compiling spin v0.9.8
[INFO] [stderr]    Compiling rustls-pki-types v1.10.0
[INFO] [stderr]    Compiling utf8parse v0.2.2
[INFO] [stderr]    Compiling anyhow v1.0.93
[INFO] [stderr]    Compiling once_cell v1.20.2
[INFO] [stderr]    Compiling regex-syntax v0.8.5
[INFO] [stderr]    Compiling aho-corasick v1.1.3
[INFO] [stderr]    Compiling quote v1.0.37
[INFO] [stderr]    Compiling syn v2.0.87
[INFO] [stderr]    Compiling getrandom v0.2.15
[INFO] [stderr]    Compiling anstyle-parse v0.2.6
[INFO] [stderr]    Compiling rustls v0.23.19
[INFO] [stderr]    Compiling anstyle v1.0.10
[INFO] [stderr]    Compiling colorchoice v1.0.3
[INFO] [stderr]    Compiling version_check v0.9.5
[INFO] [stderr]    Compiling is_terminal_polyfill v1.70.1
[INFO] [stderr]    Compiling percent-encoding v2.3.1
[INFO] [stderr]    Compiling adler2 v2.0.0
[INFO] [stderr]    Compiling deunicode v1.6.0
[INFO] [stderr]    Compiling anstyle-query v1.1.2
[INFO] [stderr]    Compiling anstream v0.6.18
[INFO] [stderr]    Compiling form_urlencoded v1.2.1
[INFO] [stderr]    Compiling miniz_oxide v0.8.0
[INFO] [stderr]    Compiling slug v0.1.6
[INFO] [stderr]    Compiling ring v0.17.8
[INFO] [stderr]    Compiling serde_yml v0.0.12
[INFO] [stderr]    Compiling crc32fast v1.4.2
[INFO] [stderr]    Compiling ryu v1.0.18
[INFO] [stderr]    Compiling serde_json v1.0.132
[INFO] [stderr]    Compiling heck v0.5.0
[INFO] [stderr]    Compiling unicode_categories v0.1.1
[INFO] [stderr]    Compiling clap_lex v0.7.2
[INFO] [stderr]    Compiling strsim v0.11.1
[INFO] [stderr]    Compiling log v0.4.22
[INFO] [stderr]    Compiling entities v1.0.1
[INFO] [stderr]    Compiling itoa v1.0.11
[INFO] [stderr]    Compiling regex-automata v0.4.8
[INFO] [stderr]    Compiling typed-arena v2.0.2
[INFO] [stderr]    Compiling equivalent v1.0.1
[INFO] [stderr]    Compiling subtle v2.6.1
[INFO] [stderr]    Compiling unicode-segmentation v1.12.0
[INFO] [stderr]    Compiling hashbrown v0.15.1
[INFO] [stderr]    Compiling zeroize v1.8.1
[INFO] [stderr]    Compiling unicode-display-width v0.2.0
[INFO] [stderr]    Compiling tinyvec v1.8.0
[INFO] [stderr]    Compiling clap_builder v4.5.20
[INFO] [stderr]    Compiling libyml v0.0.5
[INFO] [stderr]    Compiling flate2 v1.0.34
[INFO] [stderr]    Compiling darling_core v0.14.4
[INFO] [stderr]    Compiling webpki-roots v0.26.6
[INFO] [stderr]    Compiling base64 v0.22.1
[INFO] [stderr]    Compiling synstructure v0.13.1
[INFO] [stderr]    Compiling regex v1.11.1
[INFO] [stderr]    Compiling rustls-webpki v0.102.8
[INFO] [stderr]    Compiling unicode-normalization v0.1.24
[INFO] [stderr]    Compiling zerofrom-derive v0.1.4
[INFO] [stderr]    Compiling yoke-derive v0.7.4
[INFO] [stderr]    Compiling zerovec-derive v0.10.3
[INFO] [stderr]    Compiling displaydoc v0.2.5
[INFO] [stderr]    Compiling icu_provider_macros v1.5.0
[INFO] [stderr]    Compiling darling_macro v0.14.4
[INFO] [stderr]    Compiling serde_derive v1.0.214
[INFO] [stderr]    Compiling darling v0.14.4
[INFO] [stderr]    Compiling derive_builder_core v0.12.0
[INFO] [stderr]    Compiling clap_derive v4.5.18
[INFO] [stderr]    Compiling zerofrom v0.1.4
[INFO] [stderr]    Compiling derive_builder_macro v0.12.0
[INFO] [stderr]    Compiling yoke v0.7.4
[INFO] [stderr]    Compiling zerovec v0.10.4
[INFO] [stderr]    Compiling derive_builder v0.12.0
[INFO] [stderr]    Compiling comrak v0.19.0
[INFO] [stderr]    Compiling tinystr v0.7.6
[INFO] [stderr]    Compiling icu_collections v1.5.0
[INFO] [stderr]    Compiling clap v4.5.20
[INFO] [stderr]    Compiling icu_locid v1.5.0
[INFO] [stderr]    Compiling icu_provider v1.5.0
[INFO] [stderr]    Compiling icu_locid_transform v1.5.0
[INFO] [stderr]    Compiling icu_properties v1.5.1
[INFO] [stderr]    Compiling markdown-table-formatter v0.3.0
[INFO] [stderr]    Compiling icu_normalizer v1.5.0
[INFO] [stderr]    Compiling idna_adapter v1.2.0
[INFO] [stderr]    Compiling idna v1.0.3
[INFO] [stderr]    Compiling indexmap v2.6.0
[INFO] [stderr]    Compiling url v2.5.3
[INFO] [stderr]    Compiling ureq v2.10.1
[INFO] [stderr]    Compiling github-profile-toolbox v0.1.0 (/opt/rustwide/workdir)
[INFO] [stderr]     Finished `dev` profile [unoptimized + debuginfo] target(s) in 1m 56s
[INFO] running `Command { std: "docker" "inspect" "467888d8a84c31f6c737dc73f51a109229a9eb9ff69a8b88eaab66d3413174e0", kill_on_drop: false }`
[INFO] running `Command { std: "docker" "rm" "-f" "467888d8a84c31f6c737dc73f51a109229a9eb9ff69a8b88eaab66d3413174e0", kill_on_drop: false }`
[INFO] [stdout] 467888d8a84c31f6c737dc73f51a109229a9eb9ff69a8b88eaab66d3413174e0
[INFO] running `Command { std: "docker" "create" "-v" "/var/lib/crater-agent-workspace/builds/worker-5-tc1/target:/opt/rustwide/target:rw,Z" "-v" "/var/lib/crater-agent-workspace/builds/worker-5-tc1/source:/opt/rustwide/workdir:ro,Z" "-v" "/var/lib/crater-agent-workspace/cargo-home:/opt/rustwide/cargo-home:ro,Z" "-v" "/var/lib/crater-agent-workspace/rustup-home:/opt/rustwide/rustup-home:ro,Z" "-e" "SOURCE_DIR=/opt/rustwide/workdir" "-e" "CARGO_TARGET_DIR=/opt/rustwide/target" "-e" "CARGO_INCREMENTAL=0" "-e" "RUST_BACKTRACE=full" "-e" "RUSTFLAGS=--cap-lints=warn" "-e" "RUSTDOCFLAGS=--cap-lints=warn" "-e" "CARGO_HOME=/opt/rustwide/cargo-home" "-e" "RUSTUP_HOME=/opt/rustwide/rustup-home" "-w" "/opt/rustwide/workdir" "-m" "1610612736" "--user" "0:0" "--network" "none" "ghcr.io/rust-lang/crates-build-env/linux@sha256:f3a9d4ad9d972b27faf3965f35b62e55ba32bbce8f20bc8fe909558a86702fde" "/opt/rustwide/cargo-home/bin/cargo" "+1.83.0" "test" "--frozen" "--no-run" "--message-format=json", kill_on_drop: false }`
[INFO] [stdout] 677fc23997fece46ce1ea7fb97cf1d4b9d40571443be76c28a573e6162c2faf1
[INFO] running `Command { std: "docker" "start" "-a" "677fc23997fece46ce1ea7fb97cf1d4b9d40571443be76c28a573e6162c2faf1", kill_on_drop: false }`
[INFO] [stderr]    Compiling aho-corasick v1.1.3
[INFO] [stderr]    Compiling libc v0.2.162
[INFO] [stderr]    Compiling autocfg v1.4.0
[INFO] [stderr]    Compiling crossbeam-utils v0.8.20
[INFO] [stderr]    Compiling doc-comment v0.3.3
[INFO] [stderr]    Compiling rustix v0.38.39
[INFO] [stderr]    Compiling same-file v1.0.6
[INFO] [stderr]    Compiling bitflags v2.6.0
[INFO] [stderr]    Compiling predicates-core v1.0.8
[INFO] [stderr]    Compiling walkdir v2.5.0
[INFO] [stderr]    Compiling difflib v0.4.0
[INFO] [stderr]    Compiling termtree v0.4.1
[INFO] [stderr]    Compiling normalize-line-endings v0.3.0
[INFO] [stderr]    Compiling linux-raw-sys v0.4.14
[INFO] [stderr]    Compiling num-traits v0.2.19
[INFO] [stderr]    Compiling predicates-tree v1.0.11
[INFO] [stderr]    Compiling fastrand v2.2.0
[INFO] [stderr]    Compiling assert_cmd v2.0.16
[INFO] [stderr]    Compiling crossbeam-epoch v0.9.18
[INFO] [stderr]    Compiling getrandom v0.2.15
[INFO] [stderr]    Compiling wait-timeout v0.2.0
[INFO] [stderr]    Compiling crossbeam-deque v0.8.5
[INFO] [stderr]    Compiling ring v0.17.8
[INFO] [stderr]    Compiling regex-automata v0.4.8
[INFO] [stderr]    Compiling float-cmp v0.9.0
[INFO] [stderr]    Compiling rustls-webpki v0.102.8
[INFO] [stderr]    Compiling tempfile v3.14.0
[INFO] [stderr]    Compiling rustls v0.23.19
[INFO] [stderr]    Compiling regex v1.11.1
[INFO] [stderr]    Compiling bstr v1.10.0
[INFO] [stderr]    Compiling globset v0.4.15
[INFO] [stderr]    Compiling predicates v3.1.2
[INFO] [stderr]    Compiling comrak v0.19.0
[INFO] [stderr]    Compiling ignore v0.4.23
[INFO] [stderr]    Compiling globwalk v0.9.1
[INFO] [stderr]    Compiling assert_fs v1.1.2
[INFO] [stderr]    Compiling ureq v2.10.1
[INFO] [stderr]    Compiling markdown-table-formatter v0.3.0
[INFO] [stderr]    Compiling github-profile-toolbox v0.1.0 (/opt/rustwide/workdir)
[INFO] [stderr]     Finished `test` profile [unoptimized + debuginfo] target(s) in 56.07s
[INFO] running `Command { std: "docker" "inspect" "677fc23997fece46ce1ea7fb97cf1d4b9d40571443be76c28a573e6162c2faf1", kill_on_drop: false }`
[INFO] running `Command { std: "docker" "rm" "-f" "677fc23997fece46ce1ea7fb97cf1d4b9d40571443be76c28a573e6162c2faf1", kill_on_drop: false }`
[INFO] [stdout] 677fc23997fece46ce1ea7fb97cf1d4b9d40571443be76c28a573e6162c2faf1
[INFO] running `Command { std: "docker" "create" "-v" "/var/lib/crater-agent-workspace/builds/worker-5-tc1/target:/opt/rustwide/target:rw,Z" "-v" "/var/lib/crater-agent-workspace/builds/worker-5-tc1/source:/opt/rustwide/workdir:ro,Z" "-v" "/var/lib/crater-agent-workspace/cargo-home:/opt/rustwide/cargo-home:ro,Z" "-v" "/var/lib/crater-agent-workspace/rustup-home:/opt/rustwide/rustup-home:ro,Z" "-e" "SOURCE_DIR=/opt/rustwide/workdir" "-e" "CARGO_TARGET_DIR=/opt/rustwide/target" "-e" "CARGO_INCREMENTAL=0" "-e" "RUST_BACKTRACE=full" "-e" "RUSTFLAGS=--cap-lints=warn" "-e" "RUSTDOCFLAGS=--cap-lints=warn" "-e" "CARGO_HOME=/opt/rustwide/cargo-home" "-e" "RUSTUP_HOME=/opt/rustwide/rustup-home" "-w" "/opt/rustwide/workdir" "-m" "1610612736" "--user" "0:0" "--network" "none" "ghcr.io/rust-lang/crates-build-env/linux@sha256:f3a9d4ad9d972b27faf3965f35b62e55ba32bbce8f20bc8fe909558a86702fde" "/opt/rustwide/cargo-home/bin/cargo" "+1.83.0" "test" "--frozen", kill_on_drop: false }`
[INFO] [stdout] f9fa0cf56d09bedfcf435b46c304ba72a7bd6177ce2eb937d157e2e009eeb84a
[INFO] running `Command { std: "docker" "start" "-a" "f9fa0cf56d09bedfcf435b46c304ba72a7bd6177ce2eb937d157e2e009eeb84a", kill_on_drop: false }`
[INFO] [stderr]     Finished `test` profile [unoptimized + debuginfo] target(s) in 0.51s
[INFO] [stderr]      Running unittests src/main.rs (/opt/rustwide/target/debug/deps/github_profile_toolbox-83f3e5260603ec4c)
[INFO] [stdout] 
[INFO] [stdout] running 5 tests
[INFO] [stdout] test tests::should_generate_markdown ... FAILED
[INFO] [stdout] test tests::should_handle_missing_property - should panic ... ok
[INFO] [stdout] test tests::should_not_sort_columns_alphabetically ... FAILED
[INFO] [stdout] test tests::should_handle_tools_with_different_number_of_items ... FAILED
[INFO] [stdout] test tests::should_handle_tools_with_custom_config ... FAILED
[INFO] [stdout] 
[INFO] [stdout] failures:
[INFO] [stdout] 
[INFO] [stdout] ---- tests::should_generate_markdown stdout ----
[INFO] [stdout] thread 'tests::should_generate_markdown' panicked at src/simple_icons/data.rs:19:10:
[INFO] [stdout] Could not download simple-icons: Transport(Transport { kind: Dns, message: Some("resolve dns name 'raw.githubusercontent.com:443'"), url: Some(Url { scheme: "https", cannot_be_a_base: false, username: "", password: None, host: Some(Domain("raw.githubusercontent.com")), port: None, path: "/simple-icons/simple-icons/develop/_data/simple-icons.json", query: None, fragment: None }), source: Some(Custom { kind: Uncategorized, error: "failed to lookup address information: Temporary failure in name resolution" }) })
[INFO] [stdout] stack backtrace:
[INFO] [stdout]    0:     0x63d5911d56ca - std::backtrace_rs::backtrace::libunwind::trace::h5a5b8284f2d0c266
[INFO] [stdout]                                at /rustc/90b35a6239c3d8bdabc530a6a0816f7ff89a0aaf/library/std/src/../../backtrace/src/backtrace/libunwind.rs:116:5
[INFO] [stdout]    1:     0x63d5911d56ca - std::backtrace_rs::backtrace::trace_unsynchronized::h76d4f1c9b0b875e3
[INFO] [stdout]                                at /rustc/90b35a6239c3d8bdabc530a6a0816f7ff89a0aaf/library/std/src/../../backtrace/src/backtrace/mod.rs:66:5
[INFO] [stdout]    2:     0x63d5911d56ca - std::sys::backtrace::_print_fmt::hc4546b8364a537c6
[INFO] [stdout]                                at /rustc/90b35a6239c3d8bdabc530a6a0816f7ff89a0aaf/library/std/src/sys/backtrace.rs:66:9
[INFO] [stdout]    3:     0x63d5911d56ca - <std::sys::backtrace::BacktraceLock::print::DisplayBacktrace as core::fmt::Display>::fmt::h5b6bd5631a6d1f6b
[INFO] [stdout]                                at /rustc/90b35a6239c3d8bdabc530a6a0816f7ff89a0aaf/library/std/src/sys/backtrace.rs:39:26
[INFO] [stdout]    4:     0x63d5911fff83 - core::fmt::rt::Argument::fmt::h270f6602a2b96f62
[INFO] [stdout]                                at /rustc/90b35a6239c3d8bdabc530a6a0816f7ff89a0aaf/library/core/src/fmt/rt.rs:177:76
[INFO] [stdout]    5:     0x63d5911fff83 - core::fmt::write::h7550c97b06c86515
[INFO] [stdout]                                at /rustc/90b35a6239c3d8bdabc530a6a0816f7ff89a0aaf/library/core/src/fmt/mod.rs:1186:21
[INFO] [stdout]    6:     0x63d5911d1873 - std::io::Write::write_fmt::h509ff860e5956e5e
[INFO] [stdout]                                at /rustc/90b35a6239c3d8bdabc530a6a0816f7ff89a0aaf/library/std/src/io/mod.rs:1839:15
[INFO] [stdout]    7:     0x63d5911d5512 - std::sys::backtrace::BacktraceLock::print::h2395ccd2c84ba3aa
[INFO] [stdout]                                at /rustc/90b35a6239c3d8bdabc530a6a0816f7ff89a0aaf/library/std/src/sys/backtrace.rs:42:9
[INFO] [stdout]    8:     0x63d5911d6b2a - std::panicking::default_hook::{{closure}}::he19d4c7230e07961
[INFO] [stdout]                                at /rustc/90b35a6239c3d8bdabc530a6a0816f7ff89a0aaf/library/std/src/panicking.rs:268:22
[INFO] [stdout]    9:     0x63d5911d6934 - std::panicking::default_hook::hf614597d3c67bbdb
[INFO] [stdout]                                at /rustc/90b35a6239c3d8bdabc530a6a0816f7ff89a0aaf/library/std/src/panicking.rs:292:9
[INFO] [stdout]   10:     0x63d59107bb99 - <alloc::boxed::Box<F,A> as core::ops::function::Fn<Args>>::call::h39b51ce4599c23d1
[INFO] [stdout]                                at /rustc/90b35a6239c3d8bdabc530a6a0816f7ff89a0aaf/library/alloc/src/boxed.rs:2468:9
[INFO] [stdout]   11:     0x63d59107bb99 - test::test_main::{{closure}}::he977ae839a582784
[INFO] [stdout]                                at /rustc/90b35a6239c3d8bdabc530a6a0816f7ff89a0aaf/library/test/src/lib.rs:133:21
[INFO] [stdout]   12:     0x63d5911d71c8 - <alloc::boxed::Box<F,A> as core::ops::function::Fn<Args>>::call::h9455091b6b06f9fb
[INFO] [stdout]                                at /rustc/90b35a6239c3d8bdabc530a6a0816f7ff89a0aaf/library/alloc/src/boxed.rs:2468:9
[INFO] [stdout]   13:     0x63d5911d71c8 - std::panicking::rust_panic_with_hook::h8942133a8b252070
[INFO] [stdout]                                at /rustc/90b35a6239c3d8bdabc530a6a0816f7ff89a0aaf/library/std/src/panicking.rs:809:13
[INFO] [stdout]   14:     0x63d5911d6f8a - std::panicking::begin_panic_handler::{{closure}}::hb5f5963570096b29
[INFO] [stdout]                                at /rustc/90b35a6239c3d8bdabc530a6a0816f7ff89a0aaf/library/std/src/panicking.rs:674:13
[INFO] [stdout]   15:     0x63d5911d5ba9 - std::sys::backtrace::__rust_end_short_backtrace::h6208cedc1922feda
[INFO] [stdout]                                at /rustc/90b35a6239c3d8bdabc530a6a0816f7ff89a0aaf/library/std/src/sys/backtrace.rs:170:18
[INFO] [stdout]   16:     0x63d5911d6c1c - rust_begin_unwind
[INFO] [stdout]                                at /rustc/90b35a6239c3d8bdabc530a6a0816f7ff89a0aaf/library/std/src/panicking.rs:665:5
[INFO] [stdout]   17:     0x63d590d3a240 - core::panicking::panic_fmt::h0c3082644d1bf418
[INFO] [stdout]                                at /rustc/90b35a6239c3d8bdabc530a6a0816f7ff89a0aaf/library/core/src/panicking.rs:74:14
[INFO] [stdout]   18:     0x63d590d3a6c6 - core::result::unwrap_failed::hd20b4aa073bda1e2
[INFO] [stdout]                                at /rustc/90b35a6239c3d8bdabc530a6a0816f7ff89a0aaf/library/core/src/result.rs:1700:5
[INFO] [stdout]   19:     0x63d590d58557 - core::result::Result<T,E>::expect::he40f78cc310e1b23
[INFO] [stdout]                                at /rustc/90b35a6239c3d8bdabc530a6a0816f7ff89a0aaf/library/core/src/result.rs:1061:23
[INFO] [stdout]   20:     0x63d590d53c2b - github_profile_toolbox::simple_icons::data::fetch_simple_icons_data::hacaeb59d30f9cf69
[INFO] [stdout]                                at /opt/rustwide/workdir/src/simple_icons/data.rs:17:24
[INFO] [stdout]   21:     0x63d590d695da - github_profile_toolbox::simple_icons::init_simple_icons::hacba1d5fde2fcba2
[INFO] [stdout]                                at /opt/rustwide/workdir/src/simple_icons/mod.rs:35:29
[INFO] [stdout]   22:     0x63d590d6956a - github_profile_toolbox::simple_icons::SimpleIcons::global::{{closure}}::hbc74f8cb9a3741b1
[INFO] [stdout]                                at /opt/rustwide/workdir/src/simple_icons/mod.rs:29:20
[INFO] [stdout]   23:     0x63d590d68107 - once_cell::sync::OnceCell<T>::get_or_init::{{closure}}::h51125b86d4e32a79
[INFO] [stdout]                                at /opt/rustwide/cargo-home/registry/src/index.crates.io-6f17d22bba15001f/once_cell-1.20.2/src/lib.rs:1120:57
[INFO] [stdout]   24:     0x63d590d6f338 - once_cell::imp::OnceCell<T>::initialize::{{closure}}::he5a69d55c19943d8
[INFO] [stdout]                                at /opt/rustwide/cargo-home/registry/src/index.crates.io-6f17d22bba15001f/once_cell-1.20.2/src/imp_std.rs:72:23
[INFO] [stdout]   25:     0x63d59113bc56 - core::ops::function::impls::<impl core::ops::function::FnMut<A> for &mut F>::call_mut::hebd6c946e0fceb21
[INFO] [stdout]                                at /rustc/90b35a6239c3d8bdabc530a6a0816f7ff89a0aaf/library/core/src/ops/function.rs:294:13
[INFO] [stdout]   26:     0x63d59113d1f1 - once_cell::imp::initialize_or_wait::hc4fb5c04a37de2ff
[INFO] [stdout]                                at /opt/rustwide/cargo-home/registry/src/index.crates.io-6f17d22bba15001f/once_cell-1.20.2/src/imp_std.rs:196:20
[INFO] [stdout]   27:     0x63d590d6f2f7 - once_cell::imp::OnceCell<T>::initialize::ha6ba1f35aab6fe1e
[INFO] [stdout]                                at /opt/rustwide/cargo-home/registry/src/index.crates.io-6f17d22bba15001f/once_cell-1.20.2/src/imp_std.rs:68:9
[INFO] [stdout]   28:     0x63d590d681c8 - once_cell::sync::OnceCell<T>::get_or_try_init::h41f214d1a1b8e84d
[INFO] [stdout]                                at /opt/rustwide/cargo-home/registry/src/index.crates.io-6f17d22bba15001f/once_cell-1.20.2/src/lib.rs:1161:13
[INFO] [stdout]   29:     0x63d590d680ce - once_cell::sync::OnceCell<T>::get_or_init::h899af76a60f0beb7
[INFO] [stdout]                                at /opt/rustwide/cargo-home/registry/src/index.crates.io-6f17d22bba15001f/once_cell-1.20.2/src/lib.rs:1120:19
[INFO] [stdout]   30:     0x63d590d6953d - github_profile_toolbox::simple_icons::SimpleIcons::global::h9de53f0a2dfe7949
[INFO] [stdout]                                at /opt/rustwide/workdir/src/simple_icons/mod.rs:28:9
[INFO] [stdout]   31:     0x63d590d6a36b - github_profile_toolbox::tool::generate_tool_from_slug::hc50f537e31c8decf
[INFO] [stdout]                                at /opt/rustwide/workdir/src/tool.rs:30:18
[INFO] [stdout]   32:     0x63d590d68a5f - github_profile_toolbox::markdown::generate_img_tag::h5610079dca8b1476
[INFO] [stdout]                                at /opt/rustwide/workdir/src/markdown.rs:61:20
[INFO] [stdout]   33:     0x63d590d6897f - github_profile_toolbox::markdown::generate_markdown_table_content::{{closure}}::h225fb815ae7738ca
[INFO] [stdout]                                at /opt/rustwide/workdir/src/markdown.rs:48:34
[INFO] [stdout]   34:     0x63d590d56532 - core::iter::traits::iterator::Iterator::for_each::call::{{closure}}::h8b71efbd94f1d31a
[INFO] [stdout]                                at /rustc/90b35a6239c3d8bdabc530a6a0816f7ff89a0aaf/library/core/src/iter/traits/iterator.rs:810:29
[INFO] [stdout]   35:     0x63d590d5617d - core::iter::traits::iterator::Iterator::fold::h6dbfdb601182bf88
[INFO] [stdout]                                at /rustc/90b35a6239c3d8bdabc530a6a0816f7ff89a0aaf/library/core/src/iter/traits/iterator.rs:2584:21
[INFO] [stdout]   36:     0x63d590d5648f - core::iter::traits::iterator::Iterator::for_each::h45592278fd500478
[INFO] [stdout]                                at /rustc/90b35a6239c3d8bdabc530a6a0816f7ff89a0aaf/library/core/src/iter/traits/iterator.rs:813:9
[INFO] [stdout]   37:     0x63d590d68802 - github_profile_toolbox::markdown::generate_markdown_table_content::h07132449acf8e536
[INFO] [stdout]                                at /opt/rustwide/workdir/src/markdown.rs:44:9
[INFO] [stdout]   38:     0x63d590d68373 - github_profile_toolbox::markdown::generate_markdown::he5b9ad933e207d65
[INFO] [stdout]                                at /opt/rustwide/workdir/src/markdown.rs:9:24
[INFO] [stdout]   39:     0x63d590d6a636 - github_profile_toolbox::generate_toolbox::h813322a7a0f26ca6
[INFO] [stdout]                                at /opt/rustwide/workdir/src/main.rs:35:5
[INFO] [stdout]   40:     0x63d590d6f56e - github_profile_toolbox::tests::generate_toolbox_from_config_as_string::h3b345248825526fc
[INFO] [stdout]                                at /opt/rustwide/workdir/src/main.rs:62:9
[INFO] [stdout]   41:     0x63d590d6f642 - github_profile_toolbox::tests::should_generate_markdown::h552f06934a5f8e2c
[INFO] [stdout]                                at /opt/rustwide/workdir/src/main.rs:75:24
[INFO] [stdout]   42:     0x63d590d6f5e7 - github_profile_toolbox::tests::should_generate_markdown::{{closure}}::h6d261a2ff83a270f
[INFO] [stdout]                                at /opt/rustwide/workdir/src/main.rs:66:34
[INFO] [stdout]   43:     0x63d590d64096 - core::ops::function::FnOnce::call_once::h65c02eb2a36a4bdd
[INFO] [stdout]                                at /rustc/90b35a6239c3d8bdabc530a6a0816f7ff89a0aaf/library/core/src/ops/function.rs:250:5
[INFO] [stdout]   44:     0x63d59108055b - core::ops::function::FnOnce::call_once::h109cf8051a59b34e
[INFO] [stdout]                                at /rustc/90b35a6239c3d8bdabc530a6a0816f7ff89a0aaf/library/core/src/ops/function.rs:250:5
[INFO] [stdout]   45:     0x63d59108055b - test::__rust_begin_short_backtrace::hf4fff89d377446ba
[INFO] [stdout]                                at /rustc/90b35a6239c3d8bdabc530a6a0816f7ff89a0aaf/library/test/src/lib.rs:621:18
[INFO] [stdout]   46:     0x63d59107fd97 - test::run_test_in_process::{{closure}}::h0e39181dd7ee5a43
[INFO] [stdout]                                at /rustc/90b35a6239c3d8bdabc530a6a0816f7ff89a0aaf/library/test/src/lib.rs:644:60
[INFO] [stdout]   47:     0x63d59107fd97 - <core::panic::unwind_safe::AssertUnwindSafe<F> as core::ops::function::FnOnce<()>>::call_once::hc5a66a30f0bdfd1f
[INFO] [stdout]                                at /rustc/90b35a6239c3d8bdabc530a6a0816f7ff89a0aaf/library/core/src/panic/unwind_safe.rs:272:9
[INFO] [stdout]   48:     0x63d59107fd97 - std::panicking::try::do_call::h873b7cf639554a5e
[INFO] [stdout]                                at /rustc/90b35a6239c3d8bdabc530a6a0816f7ff89a0aaf/library/std/src/panicking.rs:557:40
[INFO] [stdout]   49:     0x63d59107fd97 - std::panicking::try::hdb19862fad9c8bd1
[INFO] [stdout]                                at /rustc/90b35a6239c3d8bdabc530a6a0816f7ff89a0aaf/library/std/src/panicking.rs:520:19
[INFO] [stdout]   50:     0x63d59107fd97 - std::panic::catch_unwind::h281fe732d236d260
[INFO] [stdout]                                at /rustc/90b35a6239c3d8bdabc530a6a0816f7ff89a0aaf/library/std/src/panic.rs:358:14
[INFO] [stdout]   51:     0x63d59107fd97 - test::run_test_in_process::h949b6df8457ed338
[INFO] [stdout]                                at /rustc/90b35a6239c3d8bdabc530a6a0816f7ff89a0aaf/library/test/src/lib.rs:644:27
[INFO] [stdout]   52:     0x63d59107fd97 - test::run_test::{{closure}}::h52c556a6d4740e10
[INFO] [stdout]                                at /rustc/90b35a6239c3d8bdabc530a6a0816f7ff89a0aaf/library/test/src/lib.rs:565:43
[INFO] [stdout]   53:     0x63d591045074 - test::run_test::{{closure}}::h4237f6381c45ccb9
[INFO] [stdout]                                at /rustc/90b35a6239c3d8bdabc530a6a0816f7ff89a0aaf/library/test/src/lib.rs:595:41
[INFO] [stdout]   54:     0x63d591045074 - std::sys::backtrace::__rust_begin_short_backtrace::h505c97a579eca628
[INFO] [stdout]                                at /rustc/90b35a6239c3d8bdabc530a6a0816f7ff89a0aaf/library/std/src/sys/backtrace.rs:154:18
[INFO] [stdout]   55:     0x63d59104873e - std::thread::Builder::spawn_unchecked_::{{closure}}::{{closure}}::h9e86b2e2bc107ea3
[INFO] [stdout]                                at /rustc/90b35a6239c3d8bdabc530a6a0816f7ff89a0aaf/library/std/src/thread/mod.rs:538:17
[INFO] [stdout]   56:     0x63d59104873e - <core::panic::unwind_safe::AssertUnwindSafe<F> as core::ops::function::FnOnce<()>>::call_once::h8b06ddb275ff4a25
[INFO] [stdout]                                at /rustc/90b35a6239c3d8bdabc530a6a0816f7ff89a0aaf/library/core/src/panic/unwind_safe.rs:272:9
[INFO] [stdout]   57:     0x63d59104873e - std::panicking::try::do_call::hb26ecd7cd9a9355d
[INFO] [stdout]                                at /rustc/90b35a6239c3d8bdabc530a6a0816f7ff89a0aaf/library/std/src/panicking.rs:557:40
[INFO] [stdout]   58:     0x63d59104873e - std::panicking::try::h8ddeca9d705f9069
[INFO] [stdout]                                at /rustc/90b35a6239c3d8bdabc530a6a0816f7ff89a0aaf/library/std/src/panicking.rs:520:19
[INFO] [stdout]   59:     0x63d59104873e - std::panic::catch_unwind::h49e1c33078844c46
[INFO] [stdout]                                at /rustc/90b35a6239c3d8bdabc530a6a0816f7ff89a0aaf/library/std/src/panic.rs:358:14
[INFO] [stdout]   60:     0x63d59104873e - std::thread::Builder::spawn_unchecked_::{{closure}}::h6073db6ff56ad35d
[INFO] [stdout]                                at /rustc/90b35a6239c3d8bdabc530a6a0816f7ff89a0aaf/library/std/src/thread/mod.rs:537:30
[INFO] [stdout]   61:     0x63d59104873e - core::ops::function::FnOnce::call_once{{vtable.shim}}::h2c5a5f3779c774f1
[INFO] [stdout]                                at /rustc/90b35a6239c3d8bdabc530a6a0816f7ff89a0aaf/library/core/src/ops/function.rs:250:5
[INFO] [stdout]   62:     0x63d5911dafab - <alloc::boxed::Box<F,A> as core::ops::function::FnOnce<Args>>::call_once::hf75717d9f28faebf
[INFO] [stdout]                                at /rustc/90b35a6239c3d8bdabc530a6a0816f7ff89a0aaf/library/alloc/src/boxed.rs:2454:9
[INFO] [stdout]   63:     0x63d5911dafab - <alloc::boxed::Box<F,A> as core::ops::function::FnOnce<Args>>::call_once::h7bd883a5f3c5f3c1
[INFO] [stdout]                                at /rustc/90b35a6239c3d8bdabc530a6a0816f7ff89a0aaf/library/alloc/src/boxed.rs:2454:9
[INFO] [stdout]   64:     0x63d5911dafab - std::sys::pal::unix::thread::Thread::new::thread_start::hcc78f3943333fa94
[INFO] [stdout]                                at /rustc/90b35a6239c3d8bdabc530a6a0816f7ff89a0aaf/library/std/src/sys/pal/unix/thread.rs:105:17
[INFO] [stdout]   65:     0x7da662b5bac3 - <unknown>
[INFO] [stdout]   66:     0x7da662beca04 - clone
[INFO] [stdout]   67:                0x0 - <unknown>
[INFO] [stdout] 
[INFO] [stdout] ---- tests::should_not_sort_columns_alphabetically stdout ----
[INFO] [stdout] thread 'tests::should_not_sort_columns_alphabetically' panicked at src/simple_icons/data.rs:19:10:
[INFO] [stdout] Could not download simple-icons: Transport(Transport { kind: Dns, message: Some("resolve dns name 'raw.githubusercontent.com:443'"), url: Some(Url { scheme: "https", cannot_be_a_base: false, username: "", password: None, host: Some(Domain("raw.githubusercontent.com")), port: None, path: "/simple-icons/simple-icons/develop/_data/simple-icons.json", query: None, fragment: None }), source: Some(Custom { kind: Uncategorized, error: "failed to lookup address information: Temporary failure in name resolution" }) })
[INFO] [stdout] stack backtrace:
[INFO] [stdout]    0:     0x63d5911d56ca - std::backtrace_rs::backtrace::libunwind::trace::h5a5b8284f2d0c266
[INFO] [stdout]                                at /rustc/90b35a6239c3d8bdabc530a6a0816f7ff89a0aaf/library/std/src/../../backtrace/src/backtrace/libunwind.rs:116:5
[INFO] [stdout]    1:     0x63d5911d56ca - std::backtrace_rs::backtrace::trace_unsynchronized::h76d4f1c9b0b875e3
[INFO] [stdout]                                at /rustc/90b35a6239c3d8bdabc530a6a0816f7ff89a0aaf/library/std/src/../../backtrace/src/backtrace/mod.rs:66:5
[INFO] [stdout]    2:     0x63d5911d56ca - std::sys::backtrace::_print_fmt::hc4546b8364a537c6
[INFO] [stdout]                                at /rustc/90b35a6239c3d8bdabc530a6a0816f7ff89a0aaf/library/std/src/sys/backtrace.rs:66:9
[INFO] [stdout]    3:     0x63d5911d56ca - <std::sys::backtrace::BacktraceLock::print::DisplayBacktrace as core::fmt::Display>::fmt::h5b6bd5631a6d1f6b
[INFO] [stdout]                                at /rustc/90b35a6239c3d8bdabc530a6a0816f7ff89a0aaf/library/std/src/sys/backtrace.rs:39:26
[INFO] [stdout]    4:     0x63d5911fff83 - core::fmt::rt::Argument::fmt::h270f6602a2b96f62
[INFO] [stdout]                                at /rustc/90b35a6239c3d8bdabc530a6a0816f7ff89a0aaf/library/core/src/fmt/rt.rs:177:76
[INFO] [stdout]    5:     0x63d5911fff83 - core::fmt::write::h7550c97b06c86515
[INFO] [stdout]                                at /rustc/90b35a6239c3d8bdabc530a6a0816f7ff89a0aaf/library/core/src/fmt/mod.rs:1186:21
[INFO] [stdout]    6:     0x63d5911d1873 - std::io::Write::write_fmt::h509ff860e5956e5e
[INFO] [stdout]                                at /rustc/90b35a6239c3d8bdabc530a6a0816f7ff89a0aaf/library/std/src/io/mod.rs:1839:15
[INFO] [stdout]    7:     0x63d5911d5512 - std::sys::backtrace::BacktraceLock::print::h2395ccd2c84ba3aa
[INFO] [stdout]                                at /rustc/90b35a6239c3d8bdabc530a6a0816f7ff89a0aaf/library/std/src/sys/backtrace.rs:42:9
[INFO] [stdout]    8:     0x63d5911d6b2a - std::panicking::default_hook::{{closure}}::he19d4c7230e07961
[INFO] [stdout]                                at /rustc/90b35a6239c3d8bdabc530a6a0816f7ff89a0aaf/library/std/src/panicking.rs:268:22
[INFO] [stdout]    9:     0x63d5911d6934 - std::panicking::default_hook::hf614597d3c67bbdb
[INFO] [stdout]                                at /rustc/90b35a6239c3d8bdabc530a6a0816f7ff89a0aaf/library/std/src/panicking.rs:292:9
[INFO] [stdout]   10:     0x63d59107bb99 - <alloc::boxed::Box<F,A> as core::ops::function::Fn<Args>>::call::h39b51ce4599c23d1
[INFO] [stdout]                                at /rustc/90b35a6239c3d8bdabc530a6a0816f7ff89a0aaf/library/alloc/src/boxed.rs:2468:9
[INFO] [stdout]   11:     0x63d59107bb99 - test::test_main::{{closure}}::he977ae839a582784
[INFO] [stdout]                                at /rustc/90b35a6239c3d8bdabc530a6a0816f7ff89a0aaf/library/test/src/lib.rs:133:21
[INFO] [stdout]   12:     0x63d5911d71c8 - <alloc::boxed::Box<F,A> as core::ops::function::Fn<Args>>::call::h9455091b6b06f9fb
[INFO] [stdout]                                at /rustc/90b35a6239c3d8bdabc530a6a0816f7ff89a0aaf/library/alloc/src/boxed.rs:2468:9
[INFO] [stdout]   13:     0x63d5911d71c8 - std::panicking::rust_panic_with_hook::h8942133a8b252070
[INFO] [stdout]                                at /rustc/90b35a6239c3d8bdabc530a6a0816f7ff89a0aaf/library/std/src/panicking.rs:809:13
[INFO] [stdout]   14:     0x63d5911d6f8a - std::panicking::begin_panic_handler::{{closure}}::hb5f5963570096b29
[INFO] [stdout]                                at /rustc/90b35a6239c3d8bdabc530a6a0816f7ff89a0aaf/library/std/src/panicking.rs:674:13
[INFO] [stdout]   15:     0x63d5911d5ba9 - std::sys::backtrace::__rust_end_short_backtrace::h6208cedc1922feda
[INFO] [stdout]                                at /rustc/90b35a6239c3d8bdabc530a6a0816f7ff89a0aaf/library/std/src/sys/backtrace.rs:170:18
[INFO] [stdout]   16:     0x63d5911d6c1c - rust_begin_unwind
[INFO] [stdout]                                at /rustc/90b35a6239c3d8bdabc530a6a0816f7ff89a0aaf/library/std/src/panicking.rs:665:5
[INFO] [stdout]   17:     0x63d590d3a240 - core::panicking::panic_fmt::h0c3082644d1bf418
[INFO] [stdout]                                at /rustc/90b35a6239c3d8bdabc530a6a0816f7ff89a0aaf/library/core/src/panicking.rs:74:14
[INFO] [stdout]   18:     0x63d590d3a6c6 - core::result::unwrap_failed::hd20b4aa073bda1e2
[INFO] [stdout]                                at /rustc/90b35a6239c3d8bdabc530a6a0816f7ff89a0aaf/library/core/src/result.rs:1700:5
[INFO] [stdout]   19:     0x63d590d58557 - core::result::Result<T,E>::expect::he40f78cc310e1b23
[INFO] [stdout]                                at /rustc/90b35a6239c3d8bdabc530a6a0816f7ff89a0aaf/library/core/src/result.rs:1061:23
[INFO] [stdout]   20:     0x63d590d53c2b - github_profile_toolbox::simple_icons::data::fetch_simple_icons_data::hacaeb59d30f9cf69
[INFO] [stdout]                                at /opt/rustwide/workdir/src/simple_icons/data.rs:17:24
[INFO] [stdout]   21:     0x63d590d695da - github_profile_toolbox::simple_icons::init_simple_icons::hacba1d5fde2fcba2
[INFO] [stdout]                                at /opt/rustwide/workdir/src/simple_icons/mod.rs:35:29
[INFO] [stdout]   22:     0x63d590d6956a - github_profile_toolbox::simple_icons::SimpleIcons::global::{{closure}}::hbc74f8cb9a3741b1
[INFO] [stdout]                                at /opt/rustwide/workdir/src/simple_icons/mod.rs:29:20
[INFO] [stdout]   23:     0x63d590d68107 - once_cell::sync::OnceCell<T>::get_or_init::{{closure}}::h51125b86d4e32a79
[INFO] [stdout]                                at /opt/rustwide/cargo-home/registry/src/index.crates.io-6f17d22bba15001f/once_cell-1.20.2/src/lib.rs:1120:57
[INFO] [stdout]   24:     0x63d590d6f338 - once_cell::imp::OnceCell<T>::initialize::{{closure}}::he5a69d55c19943d8
[INFO] [stdout]                                at /opt/rustwide/cargo-home/registry/src/index.crates.io-6f17d22bba15001f/once_cell-1.20.2/src/imp_std.rs:72:23
[INFO] [stdout]   25:     0x63d59113bc56 - core::ops::function::impls::<impl core::ops::function::FnMut<A> for &mut F>::call_mut::hebd6c946e0fceb21
[INFO] [stdout]                                at /rustc/90b35a6239c3d8bdabc530a6a0816f7ff89a0aaf/library/core/src/ops/function.rs:294:13
[INFO] [stdout]   26:     0x63d59113d1f1 - once_cell::imp::initialize_or_wait::hc4fb5c04a37de2ff
[INFO] [stdout]                                at /opt/rustwide/cargo-home/registry/src/index.crates.io-6f17d22bba15001f/once_cell-1.20.2/src/imp_std.rs:196:20
[INFO] [stdout]   27:     0x63d590d6f2f7 - once_cell::imp::OnceCell<T>::initialize::ha6ba1f35aab6fe1e
[INFO] [stdout]                                at /opt/rustwide/cargo-home/registry/src/index.crates.io-6f17d22bba15001f/once_cell-1.20.2/src/imp_std.rs:68:9
[INFO] [stdout]   28:     0x63d590d681c8 - once_cell::sync::OnceCell<T>::get_or_try_init::h41f214d1a1b8e84d
[INFO] [stdout]                                at /opt/rustwide/cargo-home/registry/src/index.crates.io-6f17d22bba15001f/once_cell-1.20.2/src/lib.rs:1161:13
[INFO] [stdout]   29:     0x63d590d680ce - once_cell::sync::OnceCell<T>::get_or_init::h899af76a60f0beb7
[INFO] [stdout]                                at /opt/rustwide/cargo-home/registry/src/index.crates.io-6f17d22bba15001f/once_cell-1.20.2/src/lib.rs:1120:19
[INFO] [stdout]   30:     0x63d590d6953d - github_profile_toolbox::simple_icons::SimpleIcons::global::h9de53f0a2dfe7949
[INFO] [stdout]                                at /opt/rustwide/workdir/src/simple_icons/mod.rs:28:9
[INFO] [stdout]   31:     0x63d590d6a36b - github_profile_toolbox::tool::generate_tool_from_slug::hc50f537e31c8decf
[INFO] [stdout]                                at /opt/rustwide/workdir/src/tool.rs:30:18
[INFO] [stdout]   32:     0x63d590d68a5f - github_profile_toolbox::markdown::generate_img_tag::h5610079dca8b1476
[INFO] [stdout]                                at /opt/rustwide/workdir/src/markdown.rs:61:20
[INFO] [stdout]   33:     0x63d590d6897f - github_profile_toolbox::markdown::generate_markdown_table_content::{{closure}}::h225fb815ae7738ca
[INFO] [stdout]                                at /opt/rustwide/workdir/src/markdown.rs:48:34
[INFO] [stdout]   34:     0x63d590d56532 - core::iter::traits::iterator::Iterator::for_each::call::{{closure}}::h8b71efbd94f1d31a
[INFO] [stdout]                                at /rustc/90b35a6239c3d8bdabc530a6a0816f7ff89a0aaf/library/core/src/iter/traits/iterator.rs:810:29
[INFO] [stdout]   35:     0x63d590d5617d - core::iter::traits::iterator::Iterator::fold::h6dbfdb601182bf88
[INFO] [stdout]                                at /rustc/90b35a6239c3d8bdabc530a6a0816f7ff89a0aaf/library/core/src/iter/traits/iterator.rs:2584:21
[INFO] [stdout]   36:     0x63d590d5648f - core::iter::traits::iterator::Iterator::for_each::h45592278fd500478
[INFO] [stdout]                                at /rustc/90b35a6239c3d8bdabc530a6a0816f7ff89a0aaf/library/core/src/iter/traits/iterator.rs:813:9
[INFO] [stdout]   37:     0x63d590d68802 - github_profile_toolbox::markdown::generate_markdown_table_content::h07132449acf8e536
[INFO] [stdout]                                at /opt/rustwide/workdir/src/markdown.rs:44:9
[INFO] [stdout]   38:     0x63d590d68373 - github_profile_toolbox::markdown::generate_markdown::he5b9ad933e207d65
[INFO] [stdout]                                at /opt/rustwide/workdir/src/markdown.rs:9:24
[INFO] [stdout]   39:     0x63d590d6a636 - github_profile_toolbox::generate_toolbox::h813322a7a0f26ca6
[INFO] [stdout]                                at /opt/rustwide/workdir/src/main.rs:35:5
[INFO] [stdout]   40:     0x63d590d6f56e - github_profile_toolbox::tests::generate_toolbox_from_config_as_string::h3b345248825526fc
[INFO] [stdout]                                at /opt/rustwide/workdir/src/main.rs:62:9
[INFO] [stdout]   41:     0x63d590d6fb52 - github_profile_toolbox::tests::should_not_sort_columns_alphabetically::hc7b387748f81628d
[INFO] [stdout]                                at /opt/rustwide/workdir/src/main.rs:153:24
[INFO] [stdout]   42:     0x63d590d6faf7 - github_profile_toolbox::tests::should_not_sort_columns_alphabetically::{{closure}}::hc524e7e3f0ed9969
[INFO] [stdout]                                at /opt/rustwide/workdir/src/main.rs:146:48
[INFO] [stdout]   43:     0x63d590d642d6 - core::ops::function::FnOnce::call_once::hae8698e2d7e5ff4f
[INFO] [stdout]                                at /rustc/90b35a6239c3d8bdabc530a6a0816f7ff89a0aaf/library/core/src/ops/function.rs:250:5
[INFO] [stdout]   44:     0x63d59108055b - core::ops::function::FnOnce::call_once::h109cf8051a59b34e
[INFO] [stdout]                                at /rustc/90b35a6239c3d8bdabc530a6a0816f7ff89a0aaf/library/core/src/ops/function.rs:250:5
[INFO] [stdout]   45:     0x63d59108055b - test::__rust_begin_short_backtrace::hf4fff89d377446ba
[INFO] [stdout]                                at /rustc/90b35a6239c3d8bdabc530a6a0816f7ff89a0aaf/library/test/src/lib.rs:621:18
[INFO] [stdout]   46:     0x63d59107fd97 - test::run_test_in_process::{{closure}}::h0e39181dd7ee5a43
[INFO] [stdout]                                at /rustc/90b35a6239c3d8bdabc530a6a0816f7ff89a0aaf/library/test/src/lib.rs:644:60
[INFO] [stdout]   47:     0x63d59107fd97 - <core::panic::unwind_safe::AssertUnwindSafe<F> as core::ops::function::FnOnce<()>>::call_once::hc5a66a30f0bdfd1f
[INFO] [stdout]                                at /rustc/90b35a6239c3d8bdabc530a6a0816f7ff89a0aaf/library/core/src/panic/unwind_safe.rs:272:9
[INFO] [stdout]   48:     0x63d59107fd97 - std::panicking::try::do_call::h873b7cf639554a5e
[INFO] [stdout]                                at /rustc/90b35a6239c3d8bdabc530a6a0816f7ff89a0aaf/library/std/src/panicking.rs:557:40
[INFO] [stdout]   49:     0x63d59107fd97 - std::panicking::try::hdb19862fad9c8bd1
[INFO] [stdout]                                at /rustc/90b35a6239c3d8bdabc530a6a0816f7ff89a0aaf/library/std/src/panicking.rs:520:19
[INFO] [stdout]   50:     0x63d59107fd97 - std::panic::catch_unwind::h281fe732d236d260
[INFO] [stdout]                                at /rustc/90b35a6239c3d8bdabc530a6a0816f7ff89a0aaf/library/std/src/panic.rs:358:14
[INFO] [stdout]   51:     0x63d59107fd97 - test::run_test_in_process::h949b6df8457ed338
[INFO] [stdout]                                at /rustc/90b35a6239c3d8bdabc530a6a0816f7ff89a0aaf/library/test/src/lib.rs:644:27
[INFO] [stdout]   52:     0x63d59107fd97 - test::run_test::{{closure}}::h52c556a6d4740e10
[INFO] [stdout]                                at /rustc/90b35a6239c3d8bdabc530a6a0816f7ff89a0aaf/library/test/src/lib.rs:565:43
[INFO] [stdout]   53:     0x63d591045074 - test::run_test::{{closure}}::h4237f6381c45ccb9
[INFO] [stdout]                                at /rustc/90b35a6239c3d8bdabc530a6a0816f7ff89a0aaf/library/test/src/lib.rs:595:41
[INFO] [stdout]   54:     0x63d591045074 - std::sys::backtrace::__rust_begin_short_backtrace::h505c97a579eca628
[INFO] [stdout]                                at /rustc/90b35a6239c3d8bdabc530a6a0816f7ff89a0aaf/library/std/src/sys/backtrace.rs:154:18
[INFO] [stdout]   55:     0x63d59104873e - std::thread::Builder::spawn_unchecked_::{{closure}}::{{closure}}::h9e86b2e2bc107ea3
[INFO] [stdout]                                at /rustc/90b35a6239c3d8bdabc530a6a0816f7ff89a0aaf/library/std/src/thread/mod.rs:538:17
[INFO] [stdout]   56:     0x63d59104873e - <core::panic::unwind_safe::AssertUnwindSafe<F> as core::ops::function::FnOnce<()>>::call_once::h8b06ddb275ff4a25
[INFO] [stdout]                                at /rustc/90b35a6239c3d8bdabc530a6a0816f7ff89a0aaf/library/core/src/panic/unwind_safe.rs:272:9
[INFO] [stdout]   57:     0x63d59104873e - std::panicking::try::do_call::hb26ecd7cd9a9355d
[INFO] [stdout]                                at /rustc/90b35a6239c3d8bdabc530a6a0816f7ff89a0aaf/library/std/src/panicking.rs:557:40
[INFO] [stdout]   58:     0x63d59104873e - std::panicking::try::h8ddeca9d705f9069
[INFO] [stdout]                                at /rustc/90b35a6239c3d8bdabc530a6a0816f7ff89a0aaf/library/std/src/panicking.rs:520:19
[INFO] [stdout]   59:     0x63d59104873e - std::panic::catch_unwind::h49e1c33078844c46
[INFO] [stdout]                                at /rustc/90b35a6239c3d8bdabc530a6a0816f7ff89a0aaf/library/std/src/panic.rs:358:14
[INFO] [stdout]   60:     0x63d59104873e - std::thread::Builder::spawn_unchecked_::{{closure}}::h6073db6ff56ad35d
[INFO] [stdout]                                at /rustc/90b35a6239c3d8bdabc530a6a0816f7ff89a0aaf/library/std/src/thread/mod.rs:537:30
[INFO] [stdout]   61:     0x63d59104873e - core::ops::function::FnOnce::call_once{{vtable.shim}}::h2c5a5f3779c774f1
[INFO] [stdout]                                at /rustc/90b35a6239c3d8bdabc530a6a0816f7ff89a0aaf/library/core/src/ops/function.rs:250:5
[INFO] [stdout]   62:     0x63d5911dafab - <alloc::boxed::Box<F,A> as core::ops::function::FnOnce<Args>>::call_once::hf75717d9f28faebf
[INFO] [stdout]                                at /rustc/90b35a6239c3d8bdabc530a6a0816f7ff89a0aaf/library/alloc/src/boxed.rs:2454:9
[INFO] [stdout]   63:     0x63d5911dafab - <alloc::boxed::Box<F,A> as core::ops::function::FnOnce<Args>>::call_once::h7bd883a5f3c5f3c1
[INFO] [stdout]                                at /rustc/90b35a6239c3d8bdabc530a6a0816f7ff89a0aaf/library/alloc/src/boxed.rs:2454:9
[INFO] [stdout]   64:     0x63d5911dafab - std::sys::pal::unix::thread::Thread::new::thread_start::hcc78f3943333fa94
[INFO] [stdout]                                at /rustc/90b35a6239c3d8bdabc530a6a0816f7ff89a0aaf/library/std/src/sys/pal/unix/thread.rs:105:17
[INFO] [stdout]   65:     0x7da662b5bac3 - <unknown>
[INFO] [stdout]   66:     0x7da662beca04 - clone
[INFO] [stdout]   67:                0x0 - <unknown>
[INFO] [stdout] 
[INFO] [stdout] ---- tests::should_handle_tools_with_different_number_of_items stdout ----
[INFO] [stdout] thread 'tests::should_handle_tools_with_different_number_of_items' panicked at src/simple_icons/data.rs:19:10:
[INFO] [stdout] Could not download simple-icons: Transport(Transport { kind: Dns, message: Some("resolve dns name 'raw.githubusercontent.com:443'"), url: Some(Url { scheme: "https", cannot_be_a_base: false, username: "", password: None, host: Some(Domain("raw.githubusercontent.com")), port: None, path: "/simple-icons/simple-icons/develop/_data/simple-icons.json", query: None, fragment: None }), source: Some(Custom { kind: Uncategorized, error: "failed to lookup address information: Temporary failure in name resolution" }) })
[INFO] [stdout] stack backtrace:
[INFO] [stdout]    0:     0x63d5911d56ca - std::backtrace_rs::backtrace::libunwind::trace::h5a5b8284f2d0c266
[INFO] [stdout]                                at /rustc/90b35a6239c3d8bdabc530a6a0816f7ff89a0aaf/library/std/src/../../backtrace/src/backtrace/libunwind.rs:116:5
[INFO] [stdout]    1:     0x63d5911d56ca - std::backtrace_rs::backtrace::trace_unsynchronized::h76d4f1c9b0b875e3
[INFO] [stdout]                                at /rustc/90b35a6239c3d8bdabc530a6a0816f7ff89a0aaf/library/std/src/../../backtrace/src/backtrace/mod.rs:66:5
[INFO] [stdout]    2:     0x63d5911d56ca - std::sys::backtrace::_print_fmt::hc4546b8364a537c6
[INFO] [stdout]                                at /rustc/90b35a6239c3d8bdabc530a6a0816f7ff89a0aaf/library/std/src/sys/backtrace.rs:66:9
[INFO] [stdout]    3:     0x63d5911d56ca - <std::sys::backtrace::BacktraceLock::print::DisplayBacktrace as core::fmt::Display>::fmt::h5b6bd5631a6d1f6b
[INFO] [stdout]                                at /rustc/90b35a6239c3d8bdabc530a6a0816f7ff89a0aaf/library/std/src/sys/backtrace.rs:39:26
[INFO] [stdout]    4:     0x63d5911fff83 - core::fmt::rt::Argument::fmt::h270f6602a2b96f62
[INFO] [stdout]                                at /rustc/90b35a6239c3d8bdabc530a6a0816f7ff89a0aaf/library/core/src/fmt/rt.rs:177:76
[INFO] [stdout]    5:     0x63d5911fff83 - core::fmt::write::h7550c97b06c86515
[INFO] [stdout]                                at /rustc/90b35a6239c3d8bdabc530a6a0816f7ff89a0aaf/library/core/src/fmt/mod.rs:1186:21
[INFO] [stdout]    6:     0x63d5911d1873 - std::io::Write::write_fmt::h509ff860e5956e5e
[INFO] [stdout]                                at /rustc/90b35a6239c3d8bdabc530a6a0816f7ff89a0aaf/library/std/src/io/mod.rs:1839:15
[INFO] [stdout]    7:     0x63d5911d5512 - std::sys::backtrace::BacktraceLock::print::h2395ccd2c84ba3aa
[INFO] [stdout]                                at /rustc/90b35a6239c3d8bdabc530a6a0816f7ff89a0aaf/library/std/src/sys/backtrace.rs:42:9
[INFO] [stdout]    8:     0x63d5911d6b2a - std::panicking::default_hook::{{closure}}::he19d4c7230e07961
[INFO] [stdout]                                at /rustc/90b35a6239c3d8bdabc530a6a0816f7ff89a0aaf/library/std/src/panicking.rs:268:22
[INFO] [stdout]    9:     0x63d5911d6934 - std::panicking::default_hook::hf614597d3c67bbdb
[INFO] [stdout]                                at /rustc/90b35a6239c3d8bdabc530a6a0816f7ff89a0aaf/library/std/src/panicking.rs:292:9
[INFO] [stdout]   10:     0x63d59107bb99 - <alloc::boxed::Box<F,A> as core::ops::function::Fn<Args>>::call::h39b51ce4599c23d1
[INFO] [stdout]                                at /rustc/90b35a6239c3d8bdabc530a6a0816f7ff89a0aaf/library/alloc/src/boxed.rs:2468:9
[INFO] [stdout]   11:     0x63d59107bb99 - test::test_main::{{closure}}::he977ae839a582784
[INFO] [stdout]                                at /rustc/90b35a6239c3d8bdabc530a6a0816f7ff89a0aaf/library/test/src/lib.rs:133:21
[INFO] [stdout]   12:     0x63d5911d71c8 - <alloc::boxed::Box<F,A> as core::ops::function::Fn<Args>>::call::h9455091b6b06f9fb
[INFO] [stdout]                                at /rustc/90b35a6239c3d8bdabc530a6a0816f7ff89a0aaf/library/alloc/src/boxed.rs:2468:9
[INFO] [stdout]   13:     0x63d5911d71c8 - std::panicking::rust_panic_with_hook::h8942133a8b252070
[INFO] [stdout]                                at /rustc/90b35a6239c3d8bdabc530a6a0816f7ff89a0aaf/library/std/src/panicking.rs:809:13
[INFO] [stdout]   14:     0x63d5911d6f8a - std::panicking::begin_panic_handler::{{closure}}::hb5f5963570096b29
[INFO] [stdout]                                at /rustc/90b35a6239c3d8bdabc530a6a0816f7ff89a0aaf/library/std/src/panicking.rs:674:13
[INFO] [stdout]   15:     0x63d5911d5ba9 - std::sys::backtrace::__rust_end_short_backtrace::h6208cedc1922feda
[INFO] [stdout]                                at /rustc/90b35a6239c3d8bdabc530a6a0816f7ff89a0aaf/library/std/src/sys/backtrace.rs:170:18
[INFO] [stdout]   16:     0x63d5911d6c1c - rust_begin_unwind
[INFO] [stdout]                                at /rustc/90b35a6239c3d8bdabc530a6a0816f7ff89a0aaf/library/std/src/panicking.rs:665:5
[INFO] [stdout]   17:     0x63d590d3a240 - core::panicking::panic_fmt::h0c3082644d1bf418
[INFO] [stdout]                                at /rustc/90b35a6239c3d8bdabc530a6a0816f7ff89a0aaf/library/core/src/panicking.rs:74:14
[INFO] [stdout]   18:     0x63d590d3a6c6 - core::result::unwrap_failed::hd20b4aa073bda1e2
[INFO] [stdout]                                at /rustc/90b35a6239c3d8bdabc530a6a0816f7ff89a0aaf/library/core/src/result.rs:1700:5
[INFO] [stdout]   19:     0x63d590d58557 - core::result::Result<T,E>::expect::he40f78cc310e1b23
[INFO] [stdout]                                at /rustc/90b35a6239c3d8bdabc530a6a0816f7ff89a0aaf/library/core/src/result.rs:1061:23
[INFO] [stdout]   20:     0x63d590d53c2b - github_profile_toolbox::simple_icons::data::fetch_simple_icons_data::hacaeb59d30f9cf69
[INFO] [stdout]                                at /opt/rustwide/workdir/src/simple_icons/data.rs:17:24
[INFO] [stdout]   21:     0x63d590d695da - github_profile_toolbox::simple_icons::init_simple_icons::hacba1d5fde2fcba2
[INFO] [stdout]                                at /opt/rustwide/workdir/src/simple_icons/mod.rs:35:29
[INFO] [stdout]   22:     0x63d590d6956a - github_profile_toolbox::simple_icons::SimpleIcons::global::{{closure}}::hbc74f8cb9a3741b1
[INFO] [stdout]                                at /opt/rustwide/workdir/src/simple_icons/mod.rs:29:20
[INFO] [stdout]   23:     0x63d590d68107 - once_cell::sync::OnceCell<T>::get_or_init::{{closure}}::h51125b86d4e32a79
[INFO] [stdout]                                at /opt/rustwide/cargo-home/registry/src/index.crates.io-6f17d22bba15001f/once_cell-1.20.2/src/lib.rs:1120:57
[INFO] [stdout]   24:     0x63d590d6f338 - once_cell::imp::OnceCell<T>::initialize::{{closure}}::he5a69d55c19943d8
[INFO] [stdout]                                at /opt/rustwide/cargo-home/registry/src/index.crates.io-6f17d22bba15001f/once_cell-1.20.2/src/imp_std.rs:72:23
[INFO] [stdout]   25:     0x63d59113bc56 - core::ops::function::impls::<impl core::ops::function::FnMut<A> for &mut F>::call_mut::hebd6c946e0fceb21
[INFO] [stdout]                                at /rustc/90b35a6239c3d8bdabc530a6a0816f7ff89a0aaf/library/core/src/ops/function.rs:294:13
[INFO] [stdout]   26:     0x63d59113d1f1 - once_cell::imp::initialize_or_wait::hc4fb5c04a37de2ff
[INFO] [stdout]                                at /opt/rustwide/cargo-home/registry/src/index.crates.io-6f17d22bba15001f/once_cell-1.20.2/src/imp_std.rs:196:20
[INFO] [stdout]   27:     0x63d590d6f2f7 - once_cell::imp::OnceCell<T>::initialize::ha6ba1f35aab6fe1e
[INFO] [stdout]                                at /opt/rustwide/cargo-home/registry/src/index.crates.io-6f17d22bba15001f/once_cell-1.20.2/src/imp_std.rs:68:9
[INFO] [stdout]   28:     0x63d590d681c8 - once_cell::sync::OnceCell<T>::get_or_try_init::h41f214d1a1b8e84d
[INFO] [stdout]                                at /opt/rustwide/cargo-home/registry/src/index.crates.io-6f17d22bba15001f/once_cell-1.20.2/src/lib.rs:1161:13
[INFO] [stdout]   29:     0x63d590d680ce - once_cell::sync::OnceCell<T>::get_or_init::h899af76a60f0beb7
[INFO] [stdout]                                at /opt/rustwide/cargo-home/registry/src/index.crates.io-6f17d22bba15001f/once_cell-1.20.2/src/lib.rs:1120:19
[INFO] [stdout]   30:     0x63d590d6953d - github_profile_toolbox::simple_icons::SimpleIcons::global::h9de53f0a2dfe7949
[INFO] [stdout]                                at /opt/rustwide/workdir/src/simple_icons/mod.rs:28:9
[INFO] [stdout]   31:     0x63d590d6a36b - github_profile_toolbox::tool::generate_tool_from_slug::hc50f537e31c8decf
[INFO] [stdout]                                at /opt/rustwide/workdir/src/tool.rs:30:18
[INFO] [stdout]   32:     0x63d590d68a5f - github_profile_toolbox::markdown::generate_img_tag::h5610079dca8b1476
[INFO] [stdout]                                at /opt/rustwide/workdir/src/markdown.rs:61:20
[INFO] [stdout]   33:     0x63d590d6897f - github_profile_toolbox::markdown::generate_markdown_table_content::{{closure}}::h225fb815ae7738ca
[INFO] [stdout]                                at /opt/rustwide/workdir/src/markdown.rs:48:34
[INFO] [stdout]   34:     0x63d590d56532 - core::iter::traits::iterator::Iterator::for_each::call::{{closure}}::h8b71efbd94f1d31a
[INFO] [stdout]                                at /rustc/90b35a6239c3d8bdabc530a6a0816f7ff89a0aaf/library/core/src/iter/traits/iterator.rs:810:29
[INFO] [stdout]   35:     0x63d590d5617d - core::iter::traits::iterator::Iterator::fold::h6dbfdb601182bf88
[INFO] [stdout]                                at /rustc/90b35a6239c3d8bdabc530a6a0816f7ff89a0aaf/library/core/src/iter/traits/iterator.rs:2584:21
[INFO] [stdout]   36:     0x63d590d5648f - core::iter::traits::iterator::Iterator::for_each::h45592278fd500478
[INFO] [stdout]                                at /rustc/90b35a6239c3d8bdabc530a6a0816f7ff89a0aaf/library/core/src/iter/traits/iterator.rs:813:9
[INFO] [stdout]   37:     0x63d590d68802 - github_profile_toolbox::markdown::generate_markdown_table_content::h07132449acf8e536
[INFO] [stdout]                                at /opt/rustwide/workdir/src/markdown.rs:44:9
[INFO] [stdout]   38:     0x63d590d68373 - github_profile_toolbox::markdown::generate_markdown::he5b9ad933e207d65
[INFO] [stdout]                                at /opt/rustwide/workdir/src/markdown.rs:9:24
[INFO] [stdout]   39:     0x63d590d6a636 - github_profile_toolbox::generate_toolbox::h813322a7a0f26ca6
[INFO] [stdout]                                at /opt/rustwide/workdir/src/main.rs:35:5
[INFO] [stdout]   40:     0x63d590d6f56e - github_profile_toolbox::tests::generate_toolbox_from_config_as_string::h3b345248825526fc
[INFO] [stdout]                                at /opt/rustwide/workdir/src/main.rs:62:9
[INFO] [stdout]   41:     0x63d590d6f7b2 - github_profile_toolbox::tests::should_handle_tools_with_different_number_of_items::he6c5a4ff4fa63be8
[INFO] [stdout]                                at /opt/rustwide/workdir/src/main.rs:95:24
[INFO] [stdout]   42:     0x63d590d6f757 - github_profile_toolbox::tests::should_handle_tools_with_different_number_of_items::{{closure}}::haf0317c3d79f1cf6
[INFO] [stdout]                                at /opt/rustwide/workdir/src/main.rs:87:60
[INFO] [stdout]   43:     0x63d590d63ee6 - core::ops::function::FnOnce::call_once::h1e335f44f1ecb82c
[INFO] [stdout]                                at /rustc/90b35a6239c3d8bdabc530a6a0816f7ff89a0aaf/library/core/src/ops/function.rs:250:5
[INFO] [stdout]   44:     0x63d59108055b - core::ops::function::FnOnce::call_once::h109cf8051a59b34e
[INFO] [stdout]                                at /rustc/90b35a6239c3d8bdabc530a6a0816f7ff89a0aaf/library/core/src/ops/function.rs:250:5
[INFO] [stdout]   45:     0x63d59108055b - test::__rust_begin_short_backtrace::hf4fff89d377446ba
[INFO] [stdout]                                at /rustc/90b35a6239c3d8bdabc530a6a0816f7ff89a0aaf/library/test/src/lib.rs:621:18
[INFO] [stdout]   46:     0x63d59107fd97 - test::run_test_in_process::{{closure}}::h0e39181dd7ee5a43
[INFO] [stdout]                                at /rustc/90b35a6239c3d8bdabc530a6a0816f7ff89a0aaf/library/test/src/lib.rs:644:60
[INFO] [stdout]   47:     0x63d59107fd97 - <core::panic::unwind_safe::AssertUnwindSafe<F> as core::ops::function::FnOnce<()>>::call_once::hc5a66a30f0bdfd1f
[INFO] [stdout]                                at /rustc/90b35a6239c3d8bdabc530a6a0816f7ff89a0aaf/library/core/src/panic/unwind_safe.rs:272:9
[INFO] [stdout]   48:     0x63d59107fd97 - std::panicking::try::do_call::h873b7cf639554a5e
[INFO] [stdout]                                at /rustc/90b35a6239c3d8bdabc530a6a0816f7ff89a0aaf/library/std/src/panicking.rs:557:40
[INFO] [stdout]   49:     0x63d59107fd97 - std::panicking::try::hdb19862fad9c8bd1
[INFO] [stdout]                                at /rustc/90b35a6239c3d8bdabc530a6a0816f7ff89a0aaf/library/std/src/panicking.rs:520:19
[INFO] [stdout]   50:     0x63d59107fd97 - std::panic::catch_unwind::h281fe732d236d260
[INFO] [stdout]                                at /rustc/90b35a6239c3d8bdabc530a6a0816f7ff89a0aaf/library/std/src/panic.rs:358:14
[INFO] [stdout]   51:     0x63d59107fd97 - test::run_test_in_process::h949b6df8457ed338
[INFO] [stdout]                                at /rustc/90b35a6239c3d8bdabc530a6a0816f7ff89a0aaf/library/test/src/lib.rs:644:27
[INFO] [stdout]   52:     0x63d59107fd97 - test::run_test::{{closure}}::h52c556a6d4740e10
[INFO] [stdout]                                at /rustc/90b35a6239c3d8bdabc530a6a0816f7ff89a0aaf/library/test/src/lib.rs:565:43
[INFO] [stdout]   53:     0x63d591045074 - test::run_test::{{closure}}::h4237f6381c45ccb9
[INFO] [stdout]                                at /rustc/90b35a6239c3d8bdabc530a6a0816f7ff89a0aaf/library/test/src/lib.rs:595:41
[INFO] [stdout]   54:     0x63d591045074 - std::sys::backtrace::__rust_begin_short_backtrace::h505c97a579eca628
[INFO] [stdout]                                at /rustc/90b35a6239c3d8bdabc530a6a0816f7ff89a0aaf/library/std/src/sys/backtrace.rs:154:18
[INFO] [stdout]   55:     0x63d59104873e - std::thread::Builder::spawn_unchecked_::{{closure}}::{{closure}}::h9e86b2e2bc107ea3
[INFO] [stdout]                                at /rustc/90b35a6239c3d8bdabc530a6a0816f7ff89a0aaf/library/std/src/thread/mod.rs:538:17
[INFO] [stdout]   56:     0x63d59104873e - <core::panic::unwind_safe::AssertUnwindSafe<F> as core::ops::function::FnOnce<()>>::call_once::h8b06ddb275ff4a25
[INFO] [stdout]                                at /rustc/90b35a6239c3d8bdabc530a6a0816f7ff89a0aaf/library/core/src/panic/unwind_safe.rs:272:9
[INFO] [stdout]   57:     0x63d59104873e - std::panicking::try::do_call::hb26ecd7cd9a9355d
[INFO] [stdout]                                at /rustc/90b35a6239c3d8bdabc530a6a0816f7ff89a0aaf/library/std/src/panicking.rs:557:40
[INFO] [stdout]   58:     0x63d59104873e - std::panicking::try::h8ddeca9d705f9069
[INFO] [stdout]                                at /rustc/90b35a6239c3d8bdabc530a6a0816f7ff89a0aaf/library/std/src/panicking.rs:520:19
[INFO] [stdout]   59:     0x63d59104873e - std::panic::catch_unwind::h49e1c33078844c46
[INFO] [stdout]                                at /rustc/90b35a6239c3d8bdabc530a6a0816f7ff89a0aaf/library/std/src/panic.rs:358:14
[INFO] [stdout]   60:     0x63d59104873e - std::thread::Builder::spawn_unchecked_::{{closure}}::h6073db6ff56ad35d
[INFO] [stdout]                                at /rustc/90b35a6239c3d8bdabc530a6a0816f7ff89a0aaf/library/std/src/thread/mod.rs:537:30
[INFO] [stdout]   61:     0x63d59104873e - core::ops::function::FnOnce::call_once{{vtable.shim}}::h2c5a5f3779c774f1
[INFO] [stdout]                                at /rustc/90b35a6239c3d8bdabc530a6a0816f7ff89a0aaf/library/core/src/ops/function.rs:250:5
[INFO] [stdout]   62:     0x63d5911dafab - <alloc::boxed::Box<F,A> as core::ops::function::FnOnce<Args>>::call_once::hf75717d9f28faebf
[INFO] [stdout]                                at /rustc/90b35a6239c3d8bdabc530a6a0816f7ff89a0aaf/library/alloc/src/boxed.rs:2454:9
[INFO] [stdout]   63:     0x63d5911dafab - <alloc::boxed::Box<F,A> as core::ops::function::FnOnce<Args>>::call_once::h7bd883a5f3c5f3c1
[INFO] [stdout]                                at /rustc/90b35a6239c3d8bdabc530a6a0816f7ff89a0aaf/library/alloc/src/boxed.rs:2454:9
[INFO] [stdout]   64:     0x63d5911dafab - std::sys::pal::unix::thread::Thread::new::thread_start::hcc78f3943333fa94
[INFO] [stdout]                                at /rustc/90b35a6239c3d8bdabc530a6a0816f7ff89a0aaf/library/std/src/sys/pal/unix/thread.rs:105:17
[INFO] [stdout]   65:     0x7da662b5bac3 - <unknown>
[INFO] [stdout]   66:     0x7da662beca04 - clone
[INFO] [stdout]   67:                0x0 - <unknown>
[INFO] [stdout] 
[INFO] [stdout] ---- tests::should_handle_tools_with_custom_config stdout ----
[INFO] [stdout] thread 'tests::should_handle_tools_with_custom_config' panicked at src/simple_icons/data.rs:19:10:
[INFO] [stdout] Could not download simple-icons: Transport(Transport { kind: Dns, message: Some("resolve dns name 'raw.githubusercontent.com:443'"), url: Some(Url { scheme: "https", cannot_be_a_base: false, username: "", password: None, host: Some(Domain("raw.githubusercontent.com")), port: None, path: "/simple-icons/simple-icons/develop/_data/simple-icons.json", query: None, fragment: None }), source: Some(Custom { kind: Uncategorized, error: "failed to lookup address information: Temporary failure in name resolution" }) })
[INFO] [stdout] stack backtrace:
[INFO] [stdout]    0:     0x63d5911d56ca - std::backtrace_rs::backtrace::libunwind::trace::h5a5b8284f2d0c266
[INFO] [stdout]                                at /rustc/90b35a6239c3d8bdabc530a6a0816f7ff89a0aaf/library/std/src/../../backtrace/src/backtrace/libunwind.rs:116:5
[INFO] [stdout]    1:     0x63d5911d56ca - std::backtrace_rs::backtrace::trace_unsynchronized::h76d4f1c9b0b875e3
[INFO] [stdout]                                at /rustc/90b35a6239c3d8bdabc530a6a0816f7ff89a0aaf/library/std/src/../../backtrace/src/backtrace/mod.rs:66:5
[INFO] [stdout]    2:     0x63d5911d56ca - std::sys::backtrace::_print_fmt::hc4546b8364a537c6
[INFO] [stdout]                                at /rustc/90b35a6239c3d8bdabc530a6a0816f7ff89a0aaf/library/std/src/sys/backtrace.rs:66:9
[INFO] [stdout]    3:     0x63d5911d56ca - <std::sys::backtrace::BacktraceLock::print::DisplayBacktrace as core::fmt::Display>::fmt::h5b6bd5631a6d1f6b
[INFO] [stdout]                                at /rustc/90b35a6239c3d8bdabc530a6a0816f7ff89a0aaf/library/std/src/sys/backtrace.rs:39:26
[INFO] [stdout]    4:     0x63d5911fff83 - core::fmt::rt::Argument::fmt::h270f6602a2b96f62
[INFO] [stdout]                                at /rustc/90b35a6239c3d8bdabc530a6a0816f7ff89a0aaf/library/core/src/fmt/rt.rs:177:76
[INFO] [stdout]    5:     0x63d5911fff83 - core::fmt::write::h7550c97b06c86515
[INFO] [stdout]                                at /rustc/90b35a6239c3d8bdabc530a6a0816f7ff89a0aaf/library/core/src/fmt/mod.rs:1186:21
[INFO] [stdout]    6:     0x63d5911d1873 - std::io::Write::write_fmt::h509ff860e5956e5e
[INFO] [stdout]                                at /rustc/90b35a6239c3d8bdabc530a6a0816f7ff89a0aaf/library/std/src/io/mod.rs:1839:15
[INFO] [stdout]    7:     0x63d5911d5512 - std::sys::backtrace::BacktraceLock::print::h2395ccd2c84ba3aa
[INFO] [stdout]                                at /rustc/90b35a6239c3d8bdabc530a6a0816f7ff89a0aaf/library/std/src/sys/backtrace.rs:42:9
[INFO] [stdout]    8:     0x63d5911d6b2a - std::panicking::default_hook::{{closure}}::he19d4c7230e07961
[INFO] [stdout]                                at /rustc/90b35a6239c3d8bdabc530a6a0816f7ff89a0aaf/library/std/src/panicking.rs:268:22
[INFO] [stdout]    9:     0x63d5911d6934 - std::panicking::default_hook::hf614597d3c67bbdb
[INFO] [stdout]                                at /rustc/90b35a6239c3d8bdabc530a6a0816f7ff89a0aaf/library/std/src/panicking.rs:292:9
[INFO] [stdout]   10:     0x63d59107bb99 - <alloc::boxed::Box<F,A> as core::ops::function::Fn<Args>>::call::h39b51ce4599c23d1
[INFO] [stdout]                                at /rustc/90b35a6239c3d8bdabc530a6a0816f7ff89a0aaf/library/alloc/src/boxed.rs:2468:9
[INFO] [stdout]   11:     0x63d59107bb99 - test::test_main::{{closure}}::he977ae839a582784
[INFO] [stdout]                                at /rustc/90b35a6239c3d8bdabc530a6a0816f7ff89a0aaf/library/test/src/lib.rs:133:21
[INFO] [stdout]   12:     0x63d5911d71c8 - <alloc::boxed::Box<F,A> as core::ops::function::Fn<Args>>::call::h9455091b6b06f9fb
[INFO] [stdout]                                at /rustc/90b35a6239c3d8bdabc530a6a0816f7ff89a0aaf/library/alloc/src/boxed.rs:2468:9
[INFO] [stdout]   13:     0x63d5911d71c8 - std::panicking::rust_panic_with_hook::h8942133a8b252070
[INFO] [stdout]                                at /rustc/90b35a6239c3d8bdabc530a6a0816f7ff89a0aaf/library/std/src/panicking.rs:809:13
[INFO] [stdout]   14:     0x63d5911d6f8a - std::panicking::begin_panic_handler::{{closure}}::hb5f5963570096b29
[INFO] [stdout]                                at /rustc/90b35a6239c3d8bdabc530a6a0816f7ff89a0aaf/library/std/src/panicking.rs:674:13
[INFO] [stdout]   15:     0x63d5911d5ba9 - std::sys::backtrace::__rust_end_short_backtrace::h6208cedc1922feda
[INFO] [stdout]                                at /rustc/90b35a6239c3d8bdabc530a6a0816f7ff89a0aaf/library/std/src/sys/backtrace.rs:170:18
[INFO] [stdout]   16:     0x63d5911d6c1c - rust_begin_unwind
[INFO] [stdout]                                at /rustc/90b35a6239c3d8bdabc530a6a0816f7ff89a0aaf/library/std/src/panicking.rs:665:5
[INFO] [stdout]   17:     0x63d590d3a240 - core::panicking::panic_fmt::h0c3082644d1bf418
[INFO] [stdout]                                at /rustc/90b35a6239c3d8bdabc530a6a0816f7ff89a0aaf/library/core/src/panicking.rs:74:14
[INFO] [stdout]   18:     0x63d590d3a6c6 - core::result::unwrap_failed::hd20b4aa073bda1e2
[INFO] [stdout]                                at /rustc/90b35a6239c3d8bdabc530a6a0816f7ff89a0aaf/library/core/src/result.rs:1700:5
[INFO] [stdout]   19:     0x63d590d58557 - core::result::Result<T,E>::expect::he40f78cc310e1b23
[INFO] [stdout]                                at /rustc/90b35a6239c3d8bdabc530a6a0816f7ff89a0aaf/library/core/src/result.rs:1061:23
[INFO] [stdout]   20:     0x63d590d53c2b - github_profile_toolbox::simple_icons::data::fetch_simple_icons_data::hacaeb59d30f9cf69
[INFO] [stdout]                                at /opt/rustwide/workdir/src/simple_icons/data.rs:17:24
[INFO] [stdout]   21:     0x63d590d695da - github_profile_toolbox::simple_icons::init_simple_icons::hacba1d5fde2fcba2
[INFO] [stdout]                                at /opt/rustwide/workdir/src/simple_icons/mod.rs:35:29
[INFO] [stdout]   22:     0x63d590d6956a - github_profile_toolbox::simple_icons::SimpleIcons::global::{{closure}}::hbc74f8cb9a3741b1
[INFO] [stdout]                                at /opt/rustwide/workdir/src/simple_icons/mod.rs:29:20
[INFO] [stdout]   23:     0x63d590d68107 - once_cell::sync::OnceCell<T>::get_or_init::{{closure}}::h51125b86d4e32a79
[INFO] [stdout]                                at /opt/rustwide/cargo-home/registry/src/index.crates.io-6f17d22bba15001f/once_cell-1.20.2/src/lib.rs:1120:57
[INFO] [stdout]   24:     0x63d590d6f338 - once_cell::imp::OnceCell<T>::initialize::{{closure}}::he5a69d55c19943d8
[INFO] [stdout]                                at /opt/rustwide/cargo-home/registry/src/index.crates.io-6f17d22bba15001f/once_cell-1.20.2/src/imp_std.rs:72:23
[INFO] [stdout]   25:     0x63d59113bc56 - core::ops::function::impls::<impl core::ops::function::FnMut<A> for &mut F>::call_mut::hebd6c946e0fceb21
[INFO] [stdout]                                at /rustc/90b35a6239c3d8bdabc530a6a0816f7ff89a0aaf/library/core/src/ops/function.rs:294:13
[INFO] [stdout]   26:     0x63d59113d1f1 - once_cell::imp::initialize_or_wait::hc4fb5c04a37de2ff
[INFO] [stdout]                                at /opt/rustwide/cargo-home/registry/src/index.crates.io-6f17d22bba15001f/once_cell-1.20.2/src/imp_std.rs:196:20
[INFO] [stdout]   27:     0x63d590d6f2f7 - once_cell::imp::OnceCell<T>::initialize::ha6ba1f35aab6fe1e
[INFO] [stdout]                                at /opt/rustwide/cargo-home/registry/src/index.crates.io-6f17d22bba15001f/once_cell-1.20.2/src/imp_std.rs:68:9
[INFO] [stdout]   28:     0x63d590d681c8 - once_cell::sync::OnceCell<T>::get_or_try_init::h41f214d1a1b8e84d
[INFO] [stdout]                                at /opt/rustwide/cargo-home/registry/src/index.crates.io-6f17d22bba15001f/once_cell-1.20.2/src/lib.rs:1161:13
[INFO] [stdout]   29:     0x63d590d680ce - once_cell::sync::OnceCell<T>::get_or_init::h899af76a60f0beb7
[INFO] [stdout]                                at /opt/rustwide/cargo-home/registry/src/index.crates.io-6f17d22bba15001f/once_cell-1.20.2/src/lib.rs:1120:19
[INFO] [stdout]   30:     0x63d590d6953d - github_profile_toolbox::simple_icons::SimpleIcons::global::h9de53f0a2dfe7949
[INFO] [stdout]                                at /opt/rustwide/workdir/src/simple_icons/mod.rs:28:9
[INFO] [stdout]   31:     0x63d590d6a36b - github_profile_toolbox::tool::generate_tool_from_slug::hc50f537e31c8decf
[INFO] [stdout]                                at /opt/rustwide/workdir/src/tool.rs:30:18
[INFO] [stdout]   32:     0x63d590d69ba7 - github_profile_toolbox::tool::generate_tool_from_config::h26867ba6e039e39a
[INFO] [stdout]                                at /opt/rustwide/workdir/src/tool.rs:15:30
[INFO] [stdout]   33:     0x63d590d68a7b - github_profile_toolbox::markdown::generate_img_tag::h5610079dca8b1476
[INFO] [stdout]                                at /opt/rustwide/workdir/src/markdown.rs:64:20
[INFO] [stdout]   34:     0x63d590d6897f - github_profile_toolbox::markdown::generate_markdown_table_content::{{closure}}::h225fb815ae7738ca
[INFO] [stdout]                                at /opt/rustwide/workdir/src/markdown.rs:48:34
[INFO] [stdout]   35:     0x63d590d56532 - core::iter::traits::iterator::Iterator::for_each::call::{{closure}}::h8b71efbd94f1d31a
[INFO] [stdout]                                at /rustc/90b35a6239c3d8bdabc530a6a0816f7ff89a0aaf/library/core/src/iter/traits/iterator.rs:810:29
[INFO] [stdout]   36:     0x63d590d5617d - core::iter::traits::iterator::Iterator::fold::h6dbfdb601182bf88
[INFO] [stdout]                                at /rustc/90b35a6239c3d8bdabc530a6a0816f7ff89a0aaf/library/core/src/iter/traits/iterator.rs:2584:21
[INFO] [stdout]   37:     0x63d590d5648f - core::iter::traits::iterator::Iterator::for_each::h45592278fd500478
[INFO] [stdout]                                at /rustc/90b35a6239c3d8bdabc530a6a0816f7ff89a0aaf/library/core/src/iter/traits/iterator.rs:813:9
[INFO] [stdout]   38:     0x63d590d68802 - github_profile_toolbox::markdown::generate_markdown_table_content::h07132449acf8e536
[INFO] [stdout]                                at /opt/rustwide/workdir/src/markdown.rs:44:9
[INFO] [stdout]   39:     0x63d590d68373 - github_profile_toolbox::markdown::generate_markdown::he5b9ad933e207d65
[INFO] [stdout]                                at /opt/rustwide/workdir/src/markdown.rs:9:24
[INFO] [stdout]   40:     0x63d590d6a636 - github_profile_toolbox::generate_toolbox::h813322a7a0f26ca6
[INFO] [stdout]                                at /opt/rustwide/workdir/src/main.rs:35:5
[INFO] [stdout]   41:     0x63d590d6f56e - github_profile_toolbox::tests::generate_toolbox_from_config_as_string::h3b345248825526fc
[INFO] [stdout]                                at /opt/rustwide/workdir/src/main.rs:62:9
[INFO] [stdout]   42:     0x63d590d6f922 - github_profile_toolbox::tests::should_handle_tools_with_custom_config::h83abf5bd26a0ad64
[INFO] [stdout]                                at /opt/rustwide/workdir/src/main.rs:121:24
[INFO] [stdout]   43:     0x63d590d6f8c7 - github_profile_toolbox::tests::should_handle_tools_with_custom_config::{{closure}}::h6e1495ee35beefe4
[INFO] [stdout]                                at /opt/rustwide/workdir/src/main.rs:107:48
[INFO] [stdout]   44:     0x63d590d64126 - core::ops::function::FnOnce::call_once::h74ba85b3f5f422fc
[INFO] [stdout]                                at /rustc/90b35a6239c3d8bdabc530a6a0816f7ff89a0aaf/library/core/src/ops/function.rs:250:5
[INFO] [stdout]   45:     0x63d59108055b - core::ops::function::FnOnce::call_once::h109cf8051a59b34e
[INFO] [stdout]                                at /rustc/90b35a6239c3d8bdabc530a6a0816f7ff89a0aaf/library/core/src/ops/function.rs:250:5
[INFO] [stdout]   46:     0x63d59108055b - test::__rust_begin_short_backtrace::hf4fff89d377446ba
[INFO] [stdout]                                at /rustc/90b35a6239c3d8bdabc530a6a0816f7ff89a0aaf/library/test/src/lib.rs:621:18
[INFO] [stdout]   47:     0x63d59107fd97 - test::run_test_in_process::{{closure}}::h0e39181dd7ee5a43
[INFO] [stdout]                                at /rustc/90b35a6239c3d8bdabc530a6a0816f7ff89a0aaf/library/test/src/lib.rs:644:60
[INFO] [stdout]   48:     0x63d59107fd97 - <core::panic::unwind_safe::AssertUnwindSafe<F> as core::ops::function::FnOnce<()>>::call_once::hc5a66a30f0bdfd1f
[INFO] [stdout]                                at /rustc/90b35a6239c3d8bdabc530a6a0816f7ff89a0aaf/library/core/src/panic/unwind_safe.rs:272:9
[INFO] [stdout]   49:     0x63d59107fd97 - std::panicking::try::do_call::h873b7cf639554a5e
[INFO] [stdout]                                at /rustc/90b35a6239c3d8bdabc530a6a0816f7ff89a0aaf/library/std/src/panicking.rs:557:40
[INFO] [stdout]   50:     0x63d59107fd97 - std::panicking::try::hdb19862fad9c8bd1
[INFO] [stdout]                                at /rustc/90b35a6239c3d8bdabc530a6a0816f7ff89a0aaf/library/std/src/panicking.rs:520:19
[INFO] [stdout]   51:     0x63d59107fd97 - std::panic::catch_unwind::h281fe732d236d260
[INFO] [stdout]                                at /rustc/90b35a6239c3d8bdabc530a6a0816f7ff89a0aaf/library/std/src/panic.rs:358:14
[INFO] [stdout]   52:     0x63d59107fd97 - test::run_test_in_process::h949b6df8457ed338
[INFO] [stdout]                                at /rustc/90b35a6239c3d8bdabc530a6a0816f7ff89a0aaf/library/test/src/lib.rs:644:27
[INFO] [stdout]   53:     0x63d59107fd97 - test::run_test::{{closure}}::h52c556a6d4740e10
[INFO] [stdout]                                at /rustc/90b35a6239c3d8bdabc530a6a0816f7ff89a0aaf/library/test/src/lib.rs:565:43
[INFO] [stdout]   54:     0x63d591045074 - test::run_test::{{closure}}::h4237f6381c45ccb9
[INFO] [stdout]                                at /rustc/90b35a6239c3d8bdabc530a6a0816f7ff89a0aaf/library/test/src/lib.rs:595:41
[INFO] [stdout]   55:     0x63d591045074 - std::sys::backtrace::__rust_begin_short_backtrace::h505c97a579eca628
[INFO] [stdout]                                at /rustc/90b35a6239c3d8bdabc530a6a0816f7ff89a0aaf/library/std/src/sys/backtrace.rs:154:18
[INFO] [stdout]   56:     0x63d59104873e - std::thread::Builder::spawn_unchecked_::{{closure}}::{{closure}}::h9e86b2e2bc107ea3
[INFO] [stdout]                                at /rustc/90b35a6239c3d8bdabc530a6a0816f7ff89a0aaf/library/std/src/thread/mod.rs:538:17
[INFO] [stdout]   57:     0x63d59104873e - <core::panic::unwind_safe::AssertUnwindSafe<F> as core::ops::function::FnOnce<()>>::call_once::h8b06ddb275ff4a25
[INFO] [stdout]                                at /rustc/90b35a6239c3d8bdabc530a6a0816f7ff89a0aaf/library/core/src/panic/unwind_safe.rs:272:9
[INFO] [stdout]   58:     0x63d59104873e - std::panicking::try::do_call::hb26ecd7cd9a9355d
[INFO] [stdout]                                at /rustc/90b35a6239c3d8bdabc530a6a0816f7ff89a0aaf/library/std/src/panicking.rs:557:40
[INFO] [stdout]   59:     0x63d59104873e - std::panicking::try::h8ddeca9d705f9069
[INFO] [stdout]                                at /rustc/90b35a6239c3d8bdabc530a6a0816f7ff89a0aaf/library/std/src/panicking.rs:520:19
[INFO] [stdout]   60:     0x63d59104873e - std::panic::catch_unwind::h49e1c33078844c46
[INFO] [stdout]                                at /rustc/90b35a6239c3d8bdabc530a6a0816f7ff89a0aaf/library/std/src/panic.rs:358:14
[INFO] [stdout]   61:     0x63d59104873e - std::thread::Builder::spawn_unchecked_::{{closure}}::h6073db6ff56ad35d
[INFO] [stdout]                                at /rustc/90b35a6239c3d8bdabc530a6a0816f7ff89a0aaf/library/std/src/thread/mod.rs:537:30
[INFO] [stdout]   62:     0x63d59104873e - core::ops::function::FnOnce::call_once{{vtable.shim}}::h2c5a5f3779c774f1
[INFO] [stdout]                                at /rustc/90b35a6239c3d8bdabc530a6a0816f7ff89a0aaf/library/core/src/ops/function.rs:250:5
[INFO] [stdout]   63:     0x63d5911dafab - <alloc::boxed::Box<F,A> as core::ops::function::FnOnce<Args>>::call_once::hf75717d9f28faebf
[INFO] [stdout]                                at /rustc/90b35a6239c3d8bdabc530a6a0816f7ff89a0aaf/library/alloc/src/boxed.rs:2454:9
[INFO] [stdout]   64:     0x63d5911dafab - <alloc::boxed::Box<F,A> as core::ops::function::FnOnce<Args>>::call_once::h7bd883a5f3c5f3c1
[INFO] [stdout]                                at /rustc/90b35a6239c3d8bdabc530a6a0816f7ff89a0aaf/library/alloc/src/boxed.rs:2454:9
[INFO] [stdout]   65:     0x63d5911dafab - std::sys::pal::unix::thread::Thread::new::thread_start::hcc78f3943333fa94
[INFO] [stdout]                                at /rustc/90b35a6239c3d8bdabc530a6a0816f7ff89a0aaf/library/std/src/sys/pal/unix/thread.rs:105:17
[INFO] [stdout]   66:     0x7da662b5bac3 - <unknown>
[INFO] [stdout]   67:     0x7da662beca04 - clone
[INFO] [stdout]   68:                0x0 - <unknown>
[INFO] [stdout] 
[INFO] [stdout] 
[INFO] [stdout] failures:
[INFO] [stdout]     tests::should_generate_markdown
[INFO] [stdout]     tests::should_handle_tools_with_custom_config
[INFO] [stdout]     tests::should_handle_tools_with_different_number_of_items
[INFO] [stdout]     tests::should_not_sort_columns_alphabetically
[INFO] [stdout] 
[INFO] [stdout] test result: FAILED. 1 passed; 4 failed; 0 ignored; 0 measured; 0 filtered out; finished in 0.13s
[INFO] [stdout] 
[INFO] [stderr] error: test failed, to rerun pass `--bin github-profile-toolbox`
[INFO] running `Command { std: "docker" "inspect" "f9fa0cf56d09bedfcf435b46c304ba72a7bd6177ce2eb937d157e2e009eeb84a", kill_on_drop: false }`
[INFO] running `Command { std: "docker" "rm" "-f" "f9fa0cf56d09bedfcf435b46c304ba72a7bd6177ce2eb937d157e2e009eeb84a", kill_on_drop: false }`
[INFO] [stdout] f9fa0cf56d09bedfcf435b46c304ba72a7bd6177ce2eb937d157e2e009eeb84a
