[INFO] cloning repository https://github.com/alejandroajinho/translate
[INFO] running `Command { std: "git" "-c" "credential.helper=" "-c" "credential.helper=/workspace/cargo-home/bin/git-credential-null" "clone" "--bare" "https://github.com/alejandroajinho/translate" "/workspace/cache/git-repos/https%3A%2F%2Fgithub.com%2Falejandroajinho%2Ftranslate", kill_on_drop: false }`
[INFO] [stderr] Cloning into bare repository '/workspace/cache/git-repos/https%3A%2F%2Fgithub.com%2Falejandroajinho%2Ftranslate'...
[INFO] running `Command { std: "git" "rev-parse" "HEAD", kill_on_drop: false }`
[INFO] [stdout] f81b2fe42b1a45997e19e53029110bda9f6517e5
[INFO] testing alejandroajinho/translate against 1.83.0 for beta-1.84.0-4-retry
[INFO] running `Command { std: "git" "clone" "/workspace/cache/git-repos/https%3A%2F%2Fgithub.com%2Falejandroajinho%2Ftranslate" "/workspace/builds/worker-4-tc1/source", kill_on_drop: false }`
[INFO] [stderr] Cloning into '/workspace/builds/worker-4-tc1/source'...
[INFO] [stderr] done.
[INFO] validating manifest of git repo https://github.com/alejandroajinho/translate on toolchain 1.83.0
[INFO] running `Command { std: CARGO_HOME="/workspace/cargo-home" RUSTUP_HOME="/workspace/rustup-home" "/workspace/cargo-home/bin/cargo" "+1.83.0" "metadata" "--manifest-path" "Cargo.toml" "--no-deps", kill_on_drop: false }`
[INFO] started tweaking git repo https://github.com/alejandroajinho/translate
[INFO] finished tweaking git repo https://github.com/alejandroajinho/translate
[INFO] tweaked toml for git repo https://github.com/alejandroajinho/translate written to /workspace/builds/worker-4-tc1/source/Cargo.toml
[INFO] crate git repo https://github.com/alejandroajinho/translate already has a lockfile, it will not be regenerated
[INFO] running `Command { std: CARGO_HOME="/workspace/cargo-home" RUSTUP_HOME="/workspace/rustup-home" "/workspace/cargo-home/bin/cargo" "+1.83.0" "fetch" "--manifest-path" "Cargo.toml", kill_on_drop: false }`
[INFO] [stderr]  Downloading crates ...
[INFO] [stderr]   Downloaded tinystr v0.7.5
[INFO] [stderr]   Downloaded unic-langid-impl v0.9.4
[INFO] [stderr]   Downloaded unic-langid v0.9.4
[INFO] running `Command { std: "docker" "create" "-v" "/var/lib/crater-agent-workspace/builds/worker-4-tc1/target:/opt/rustwide/target:rw,Z" "-v" "/var/lib/crater-agent-workspace/builds/worker-4-tc1/source:/opt/rustwide/workdir:ro,Z" "-v" "/var/lib/crater-agent-workspace/cargo-home:/opt/rustwide/cargo-home:ro,Z" "-v" "/var/lib/crater-agent-workspace/rustup-home:/opt/rustwide/rustup-home:ro,Z" "-e" "SOURCE_DIR=/opt/rustwide/workdir" "-e" "CARGO_TARGET_DIR=/opt/rustwide/target" "-e" "CARGO_HOME=/opt/rustwide/cargo-home" "-e" "RUSTUP_HOME=/opt/rustwide/rustup-home" "-w" "/opt/rustwide/workdir" "-m" "1610612736" "--user" "0:0" "--network" "none" "ghcr.io/rust-lang/crates-build-env/linux@sha256:f3a9d4ad9d972b27faf3965f35b62e55ba32bbce8f20bc8fe909558a86702fde" "/opt/rustwide/cargo-home/bin/cargo" "+1.83.0" "metadata" "--no-deps" "--format-version=1", kill_on_drop: false }`
[INFO] [stdout] 4e37afb4ddcbf6f80cb80e3fb8dc91a1736a6d1fb0063998281ad3079dbb822b
[INFO] running `Command { std: "docker" "start" "-a" "4e37afb4ddcbf6f80cb80e3fb8dc91a1736a6d1fb0063998281ad3079dbb822b", kill_on_drop: false }`
[INFO] running `Command { std: "docker" "inspect" "4e37afb4ddcbf6f80cb80e3fb8dc91a1736a6d1fb0063998281ad3079dbb822b", kill_on_drop: false }`
[INFO] running `Command { std: "docker" "rm" "-f" "4e37afb4ddcbf6f80cb80e3fb8dc91a1736a6d1fb0063998281ad3079dbb822b", kill_on_drop: false }`
[INFO] [stdout] 4e37afb4ddcbf6f80cb80e3fb8dc91a1736a6d1fb0063998281ad3079dbb822b
[INFO] running `Command { std: "docker" "create" "-v" "/var/lib/crater-agent-workspace/builds/worker-4-tc1/target:/opt/rustwide/target:rw,Z" "-v" "/var/lib/crater-agent-workspace/builds/worker-4-tc1/source:/opt/rustwide/workdir:ro,Z" "-v" "/var/lib/crater-agent-workspace/cargo-home:/opt/rustwide/cargo-home:ro,Z" "-v" "/var/lib/crater-agent-workspace/rustup-home:/opt/rustwide/rustup-home:ro,Z" "-e" "SOURCE_DIR=/opt/rustwide/workdir" "-e" "CARGO_TARGET_DIR=/opt/rustwide/target" "-e" "CARGO_INCREMENTAL=0" "-e" "RUST_BACKTRACE=full" "-e" "RUSTFLAGS=--cap-lints=warn" "-e" "RUSTDOCFLAGS=--cap-lints=warn" "-e" "CARGO_HOME=/opt/rustwide/cargo-home" "-e" "RUSTUP_HOME=/opt/rustwide/rustup-home" "-w" "/opt/rustwide/workdir" "-m" "1610612736" "--user" "0:0" "--network" "none" "ghcr.io/rust-lang/crates-build-env/linux@sha256:f3a9d4ad9d972b27faf3965f35b62e55ba32bbce8f20bc8fe909558a86702fde" "/opt/rustwide/cargo-home/bin/cargo" "+1.83.0" "build" "--frozen" "--message-format=json", kill_on_drop: false }`
[INFO] [stdout] 952507fcf1c285fa4de2a9fa2a2dd7cb314711e52678410c0ee699cd0b49f838
[INFO] running `Command { std: "docker" "start" "-a" "952507fcf1c285fa4de2a9fa2a2dd7cb314711e52678410c0ee699cd0b49f838", kill_on_drop: false }`
[INFO] [stderr]    Compiling proc-macro2 v1.0.79
[INFO] [stderr]    Compiling unicode-ident v1.0.12
[INFO] [stderr]    Compiling thiserror v1.0.58
[INFO] [stderr]    Compiling rustc-hash v1.1.0
[INFO] [stderr]    Compiling once_cell v1.19.0
[INFO] [stderr]    Compiling self_cell v1.0.3
[INFO] [stderr]    Compiling pin-project-lite v0.2.13
[INFO] [stderr]    Compiling smallvec v1.13.1
[INFO] [stderr]    Compiling type-map v0.4.0
[INFO] [stderr]    Compiling self_cell v0.10.3
[INFO] [stderr]    Compiling tracing-core v0.1.32
[INFO] [stderr]    Compiling quote v1.0.35
[INFO] [stderr]    Compiling syn v2.0.53
[INFO] [stderr]    Compiling displaydoc v0.2.4
[INFO] [stderr]    Compiling thiserror-impl v1.0.58
[INFO] [stderr]    Compiling tracing-attributes v0.1.27
[INFO] [stderr]    Compiling tinystr v0.7.5
[INFO] [stderr]    Compiling unic-langid-impl v0.9.4
[INFO] [stderr]    Compiling unic-langid v0.9.4
[INFO] [stderr]    Compiling intl-memoizer v0.5.1
[INFO] [stderr]    Compiling intl_pluralrules v7.0.2
[INFO] [stderr]    Compiling fluent-langneg v0.13.0
[INFO] [stderr]    Compiling tracing v0.1.40
[INFO] [stderr]    Compiling fluent-syntax v0.11.0
[INFO] [stderr]    Compiling fluent-bundle v0.15.2
[INFO] [stderr]    Compiling translate v0.1.0 (/opt/rustwide/workdir)
[INFO] [stdout] warning: elided lifetime has a name
[INFO] [stdout]    --> src/translator.rs:165:16
[INFO] [stdout]     |
[INFO] [stdout] 161 |   pub fn get_message<'lifetime>(
[INFO] [stdout]     |                      --------- lifetime `'lifetime` declared here
[INFO] [stdout] ...
[INFO] [stdout] 165 |   ) -> (Option<FluentMessage>, &'lifetime Bundle) {
[INFO] [stdout]     |                ^^^^^^^^^^^^^ this elided lifetime gets resolved as `'lifetime`
[INFO] [stdout]     |
[INFO] [stdout]     = note: `#[warn(elided_named_lifetimes)]` on by default
[INFO] [stdout] 
[INFO] [stdout] 
[INFO] [stderr]     Finished `dev` profile [unoptimized + debuginfo] target(s) in 17.77s
[INFO] running `Command { std: "docker" "inspect" "952507fcf1c285fa4de2a9fa2a2dd7cb314711e52678410c0ee699cd0b49f838", kill_on_drop: false }`
[INFO] running `Command { std: "docker" "rm" "-f" "952507fcf1c285fa4de2a9fa2a2dd7cb314711e52678410c0ee699cd0b49f838", kill_on_drop: false }`
[INFO] [stdout] 952507fcf1c285fa4de2a9fa2a2dd7cb314711e52678410c0ee699cd0b49f838
[INFO] running `Command { std: "docker" "create" "-v" "/var/lib/crater-agent-workspace/builds/worker-4-tc1/target:/opt/rustwide/target:rw,Z" "-v" "/var/lib/crater-agent-workspace/builds/worker-4-tc1/source:/opt/rustwide/workdir:ro,Z" "-v" "/var/lib/crater-agent-workspace/cargo-home:/opt/rustwide/cargo-home:ro,Z" "-v" "/var/lib/crater-agent-workspace/rustup-home:/opt/rustwide/rustup-home:ro,Z" "-e" "SOURCE_DIR=/opt/rustwide/workdir" "-e" "CARGO_TARGET_DIR=/opt/rustwide/target" "-e" "CARGO_INCREMENTAL=0" "-e" "RUST_BACKTRACE=full" "-e" "RUSTFLAGS=--cap-lints=warn" "-e" "RUSTDOCFLAGS=--cap-lints=warn" "-e" "CARGO_HOME=/opt/rustwide/cargo-home" "-e" "RUSTUP_HOME=/opt/rustwide/rustup-home" "-w" "/opt/rustwide/workdir" "-m" "1610612736" "--user" "0:0" "--network" "none" "ghcr.io/rust-lang/crates-build-env/linux@sha256:f3a9d4ad9d972b27faf3965f35b62e55ba32bbce8f20bc8fe909558a86702fde" "/opt/rustwide/cargo-home/bin/cargo" "+1.83.0" "test" "--frozen" "--no-run" "--message-format=json", kill_on_drop: false }`
[INFO] [stdout] 1798167a4476703407b9efdc79c8ae0d8c27580cbcb0390bdebee3b44debaedd
[INFO] running `Command { std: "docker" "start" "-a" "1798167a4476703407b9efdc79c8ae0d8c27580cbcb0390bdebee3b44debaedd", kill_on_drop: false }`
[INFO] [stderr]    Compiling translate v0.1.0 (/opt/rustwide/workdir)
[INFO] [stdout] warning: elided lifetime has a name
[INFO] [stdout]    --> src/translator.rs:165:16
[INFO] [stdout]     |
[INFO] [stdout] 161 |   pub fn get_message<'lifetime>(
[INFO] [stdout]     |                      --------- lifetime `'lifetime` declared here
[INFO] [stdout] ...
[INFO] [stdout] 165 |   ) -> (Option<FluentMessage>, &'lifetime Bundle) {
[INFO] [stdout]     |                ^^^^^^^^^^^^^ this elided lifetime gets resolved as `'lifetime`
[INFO] [stdout]     |
[INFO] [stdout]     = note: `#[warn(elided_named_lifetimes)]` on by default
[INFO] [stdout] 
[INFO] [stdout] 
[INFO] [stdout] warning: elided lifetime has a name
[INFO] [stdout]    --> src/translator.rs:165:16
[INFO] [stdout]     |
[INFO] [stdout] 161 |   pub fn get_message<'lifetime>(
[INFO] [stdout]     |                      --------- lifetime `'lifetime` declared here
[INFO] [stdout] ...
[INFO] [stdout] 165 |   ) -> (Option<FluentMessage>, &'lifetime Bundle) {
[INFO] [stdout]     |                ^^^^^^^^^^^^^ this elided lifetime gets resolved as `'lifetime`
[INFO] [stdout]     |
[INFO] [stdout]     = note: `#[warn(elided_named_lifetimes)]` on by default
[INFO] [stdout] 
[INFO] [stdout] 
[INFO] [stderr]     Finished `test` profile [unoptimized + debuginfo] target(s) in 0.75s
[INFO] running `Command { std: "docker" "inspect" "1798167a4476703407b9efdc79c8ae0d8c27580cbcb0390bdebee3b44debaedd", kill_on_drop: false }`
[INFO] running `Command { std: "docker" "rm" "-f" "1798167a4476703407b9efdc79c8ae0d8c27580cbcb0390bdebee3b44debaedd", kill_on_drop: false }`
[INFO] [stdout] 1798167a4476703407b9efdc79c8ae0d8c27580cbcb0390bdebee3b44debaedd
[INFO] running `Command { std: "docker" "create" "-v" "/var/lib/crater-agent-workspace/builds/worker-4-tc1/target:/opt/rustwide/target:rw,Z" "-v" "/var/lib/crater-agent-workspace/builds/worker-4-tc1/source:/opt/rustwide/workdir:ro,Z" "-v" "/var/lib/crater-agent-workspace/cargo-home:/opt/rustwide/cargo-home:ro,Z" "-v" "/var/lib/crater-agent-workspace/rustup-home:/opt/rustwide/rustup-home:ro,Z" "-e" "SOURCE_DIR=/opt/rustwide/workdir" "-e" "CARGO_TARGET_DIR=/opt/rustwide/target" "-e" "CARGO_INCREMENTAL=0" "-e" "RUST_BACKTRACE=full" "-e" "RUSTFLAGS=--cap-lints=warn" "-e" "RUSTDOCFLAGS=--cap-lints=warn" "-e" "CARGO_HOME=/opt/rustwide/cargo-home" "-e" "RUSTUP_HOME=/opt/rustwide/rustup-home" "-w" "/opt/rustwide/workdir" "-m" "1610612736" "--user" "0:0" "--network" "none" "ghcr.io/rust-lang/crates-build-env/linux@sha256:f3a9d4ad9d972b27faf3965f35b62e55ba32bbce8f20bc8fe909558a86702fde" "/opt/rustwide/cargo-home/bin/cargo" "+1.83.0" "test" "--frozen", kill_on_drop: false }`
[INFO] [stdout] c906ffd4c96691044d1dd1da00598ef0ec1aca26479212d8e4e6573b40cc09f5
[INFO] running `Command { std: "docker" "start" "-a" "c906ffd4c96691044d1dd1da00598ef0ec1aca26479212d8e4e6573b40cc09f5", kill_on_drop: false }`
[INFO] [stderr] warning: elided lifetime has a name
[INFO] [stderr]    --> src/translator.rs:165:16
[INFO] [stderr]     |
[INFO] [stderr] 161 |   pub fn get_message<'lifetime>(
[INFO] [stderr]     |                      --------- lifetime `'lifetime` declared here
[INFO] [stderr] ...
[INFO] [stderr] 165 |   ) -> (Option<FluentMessage>, &'lifetime Bundle) {
[INFO] [stderr]     |                ^^^^^^^^^^^^^ this elided lifetime gets resolved as `'lifetime`
[INFO] [stderr]     |
[INFO] [stderr]     = note: `#[warn(elided_named_lifetimes)]` on by default
[INFO] [stderr] 
[INFO] [stderr] warning: `translate` (lib) generated 1 warning
[INFO] [stderr] warning: `translate` (lib test) generated 1 warning (1 duplicate)
[INFO] [stderr]     Finished `test` profile [unoptimized + debuginfo] target(s) in 0.06s
[INFO] [stderr]      Running unittests src/lib.rs (/opt/rustwide/target/debug/deps/translate-d71e8067570ceb91)
[INFO] [stdout] 
[INFO] [stdout] running 0 tests
[INFO] [stdout] 
[INFO] [stdout] test result: ok. 0 passed; 0 failed; 0 ignored; 0 measured; 0 filtered out; finished in 0.00s
[INFO] [stdout] 
[INFO] [stderr]    Doc-tests translate
[INFO] [stdout] 
[INFO] [stdout] running 3 tests
[INFO] [stdout] test src/translator.rs - translator::Translator<LanguageGeneric,TranslationKeyGeneric>::new (line 44) ... FAILED
[INFO] [stdout] test src/translator.rs - translator::Translator<LanguageGeneric,TranslationKeyGeneric>::translate (line 248) ... FAILED
[INFO] [stdout] test src/translator.rs - translator::Translator<LanguageGeneric,TranslationKeyGeneric>::translate_without_arguments (line 201) ... FAILED
[INFO] [stdout] 
[INFO] [stdout] failures:
[INFO] [stdout] 
[INFO] [stdout] ---- src/translator.rs - translator::Translator<LanguageGeneric,TranslationKeyGeneric>::new (line 44) stdout ----
[INFO] [stdout] error: missing `fn` for method definition
[INFO] [stdout]   --> src/translator.rs:59:3
[INFO] [stdout]    |
[INFO] [stdout] 17 | impl TranslationKey for TranslationKeys {
[INFO] [stdout]    |                                         - while parsing this item list starting here
[INFO] [stdout] 18 |   as_str(&self) -> &'static str {
[INFO] [stdout]    |   ^^^^^^
[INFO] [stdout] ...
[INFO] [stdout] 24 | }
[INFO] [stdout]    | - the item list ends here
[INFO] [stdout]    |
[INFO] [stdout] help: add `fn` here to parse `as_str` as a method
[INFO] [stdout]    |
[INFO] [stdout] 18 |   fn as_str(&self) -> &'static str {
[INFO] [stdout]    |   ++
[INFO] [stdout] 
[INFO] [stdout] error: missing `fn` for method definition
[INFO] [stdout]   --> src/translator.rs:68:3
[INFO] [stdout]    |
[INFO] [stdout] 26 | impl Language for Languages {
[INFO] [stdout]    |                             - while parsing this item list starting here
[INFO] [stdout] 27 |   as_str(&self) -> &'static str {
[INFO] [stdout]    |   ^^^^^^
[INFO] [stdout] ...
[INFO] [stdout] 33 | }
[INFO] [stdout]    | - the item list ends here
[INFO] [stdout]    |
[INFO] [stdout] help: add `fn` here to parse `as_str` as a method
[INFO] [stdout]    |
[INFO] [stdout] 27 |   fn as_str(&self) -> &'static str {
[INFO] [stdout]    |   ++
[INFO] [stdout] 
[INFO] [stdout] error[E0046]: not all trait items implemented, missing: `as_str`
[INFO] [stdout]   --> src/translator.rs:58:1
[INFO] [stdout]    |
[INFO] [stdout] 17 | impl TranslationKey for TranslationKeys {
[INFO] [stdout]    | ^^^^^^^^^^^^^^^^^^^^^^^^^^^^^^^^^^^^^^^ missing `as_str` in implementation
[INFO] [stdout]    |
[INFO] [stdout]    = help: implement the missing item: `fn as_str(&self) -> &'static str { todo!() }`
[INFO] [stdout] 
[INFO] [stdout] error[E0046]: not all trait items implemented, missing: `as_str`
[INFO] [stdout]   --> src/translator.rs:67:1
[INFO] [stdout]    |
[INFO] [stdout] 26 | impl Language for Languages {
[INFO] [stdout]    | ^^^^^^^^^^^^^^^^^^^^^^^^^^^ missing `as_str` in implementation
[INFO] [stdout]    |
[INFO] [stdout]    = help: implement the missing item: `fn as_str(&self) -> &'static str { todo!() }`
[INFO] [stdout] 
[INFO] [stdout] error[E0308]: mismatched types
[INFO] [stdout]   --> src/translator.rs:78:70
[INFO] [stdout]    |
[INFO] [stdout] 37 | let translator = Translator::<Languages, TranslationKeys>::new(path, Languages::English)?;
[INFO] [stdout]    |                  ---------------------------------------------       ^^^^^^^^^^^^^^^^^^ expected `&Languages`, found `Languages`
[INFO] [stdout]    |                  |
[INFO] [stdout]    |                  arguments to this function are incorrect
[INFO] [stdout]    |
[INFO] [stdout] note: associated function defined here
[INFO] [stdout]   --> /opt/rustwide/workdir/src/translator.rs:79:10
[INFO] [stdout]    |
[INFO] [stdout] 79 |   pub fn new(
[INFO] [stdout]    |          ^^^
[INFO] [stdout] help: consider borrowing here
[INFO] [stdout]    |
[INFO] [stdout] 37 | let translator = Translator::<Languages, TranslationKeys>::new(path, &Languages::English)?;
[INFO] [stdout]    |                                                                      +
[INFO] [stdout] 
[INFO] [stdout] error[E0277]: the `?` operator can only be used in a function that returns `Result` or `Option` (or another type that implements `FromResidual`)
[INFO] [stdout]   --> src/translator.rs:78:89
[INFO] [stdout]    |
[INFO] [stdout] 4  | fn main() { #[allow(non_snake_case)] fn _doctest_main_src_translator_rs_44_0() {
[INFO] [stdout]    |                                      ----------------------------------------- this function should return `Result` or `Option` to accept `?`
[INFO] [stdout] ...
[INFO] [stdout] 37 | let translator = Translator::<Languages, TranslationKeys>::new(path, Languages::English)?;
[INFO] [stdout]    |                                                                                         ^ cannot use the `?` operator in a function that returns `()`
[INFO] [stdout]    |
[INFO] [stdout]    = help: the trait `FromResidual<Result<Infallible, TranslatorError>>` is not implemented for `()`
[INFO] [stdout] help: consider adding return type
[INFO] [stdout]    |
[INFO] [stdout] 4  ~ fn main() { #[allow(non_snake_case)] fn _doctest_main_src_translator_rs_44_0() -> Result<(), Box<dyn std::error::Error>> {
[INFO] [stdout] 5  | use translate::{Translator, TranslationKey, Language};
[INFO] [stdout] ...
[INFO] [stdout] 37 | let translator = Translator::<Languages, TranslationKeys>::new(path, Languages::English)?;
[INFO] [stdout] 38 +     Ok(())
[INFO] [stdout]    |
[INFO] [stdout] 
[INFO] [stdout] error: aborting due to 6 previous errors
[INFO] [stdout] 
[INFO] [stdout] Some errors have detailed explanations: E0046, E0277, E0308.
[INFO] [stdout] For more information about an error, try `rustc --explain E0046`.
[INFO] [stdout] Couldn't compile the test.
[INFO] [stdout] ---- src/translator.rs - translator::Translator<LanguageGeneric,TranslationKeyGeneric>::translate (line 248) stdout ----
[INFO] [stdout] error: unexpected token: `...`
[INFO] [stdout]  --> src/translator.rs:250:1
[INFO] [stdout]   |
[INFO] [stdout] 5 | ...
[INFO] [stdout]   | ^^^
[INFO] [stdout]   |
[INFO] [stdout] help: use `..` for an exclusive range
[INFO] [stdout]   |
[INFO] [stdout] 5 | ..
[INFO] [stdout]   |
[INFO] [stdout] help: or `..=` for an inclusive range
[INFO] [stdout]   |
[INFO] [stdout] 5 | ..=
[INFO] [stdout]   |
[INFO] [stdout] 
[INFO] [stdout] error: expected expression, found `let` statement
[INFO] [stdout]  --> src/translator.rs:251:1
[INFO] [stdout]   |
[INFO] [stdout] 6 | let language = Languages::Espanish;
[INFO] [stdout]   | ^^^
[INFO] [stdout]   |
[INFO] [stdout]   = note: only supported directly in conditions of `if` and `while` expressions
[INFO] [stdout] 
[INFO] [stdout] error[E0425]: cannot find value `translator` in this scope
[INFO] [stdout]  --> src/translator.rs:254:15
[INFO] [stdout]   |
[INFO] [stdout] 9 | let message = translator.translate(arguments, key).add_argument("name", "Alex");
[INFO] [stdout]   |               ^^^^^^^^^^ not found in this scope
[INFO] [stdout] 
[INFO] [stdout] error[E0425]: cannot find value `arguments` in this scope
[INFO] [stdout]  --> src/translator.rs:254:36
[INFO] [stdout]   |
[INFO] [stdout] 9 | let message = translator.translate(arguments, key).add_argument("name", "Alex");
[INFO] [stdout]   |                                    ^^^^^^^^^ not found in this scope
[INFO] [stdout] 
[INFO] [stdout] error[E0425]: cannot find value `bult_message` in this scope
[INFO] [stdout]   --> src/translator.rs:257:12
[INFO] [stdout]    |
[INFO] [stdout] 12 | println!("{bult_message}");
[INFO] [stdout]    |            ^^^^^^^^^^^^ help: a local variable with a similar name exists: `built_message`
[INFO] [stdout] 
[INFO] [stdout] error[E0433]: failed to resolve: use of undeclared type `Languages`
[INFO] [stdout]  --> src/translator.rs:251:16
[INFO] [stdout]   |
[INFO] [stdout] 6 | let language = Languages::Espanish;
[INFO] [stdout]   |                ^^^^^^^^^ use of undeclared type `Languages`
[INFO] [stdout] 
[INFO] [stdout] error[E0433]: failed to resolve: use of undeclared type `TranslationKeys`
[INFO] [stdout]  --> src/translator.rs:252:11
[INFO] [stdout]   |
[INFO] [stdout] 7 | let key = TranslationKeys::HelloWithArguments;
[INFO] [stdout]   |           ^^^^^^^^^^^^^^^ use of undeclared type `TranslationKeys`
[INFO] [stdout] 
[INFO] [stdout] error: aborting due to 7 previous errors
[INFO] [stdout] 
[INFO] [stdout] Some errors have detailed explanations: E0425, E0433.
[INFO] [stdout] For more information about an error, try `rustc --explain E0425`.
[INFO] [stdout] Couldn't compile the test.
[INFO] [stdout] ---- src/translator.rs - translator::Translator<LanguageGeneric,TranslationKeyGeneric>::translate_without_arguments (line 201) stdout ----
[INFO] [stdout] error: unexpected token: `...`
[INFO] [stdout]  --> src/translator.rs:203:1
[INFO] [stdout]   |
[INFO] [stdout] 5 | ...
[INFO] [stdout]   | ^^^
[INFO] [stdout]   |
[INFO] [stdout] help: use `..` for an exclusive range
[INFO] [stdout]   |
[INFO] [stdout] 5 | ..
[INFO] [stdout]   |
[INFO] [stdout] help: or `..=` for an inclusive range
[INFO] [stdout]   |
[INFO] [stdout] 5 | ..=
[INFO] [stdout]   |
[INFO] [stdout] 
[INFO] [stdout] error: expected expression, found `let` statement
[INFO] [stdout]  --> src/translator.rs:204:1
[INFO] [stdout]   |
[INFO] [stdout] 6 | let language = Languages::Espanish;
[INFO] [stdout]   | ^^^
[INFO] [stdout]   |
[INFO] [stdout]   = note: only supported directly in conditions of `if` and `while` expressions
[INFO] [stdout] 
[INFO] [stdout] error[E0425]: cannot find value `translator` in this scope
[INFO] [stdout]  --> src/translator.rs:207:15
[INFO] [stdout]   |
[INFO] [stdout] 9 | let message = translator.translate_without_arguments(language, key);
[INFO] [stdout]   |               ^^^^^^^^^^ not found in this scope
[INFO] [stdout] 
[INFO] [stdout] error[E0433]: failed to resolve: use of undeclared type `Languages`
[INFO] [stdout]  --> src/translator.rs:204:16
[INFO] [stdout]   |
[INFO] [stdout] 6 | let language = Languages::Espanish;
[INFO] [stdout]   |                ^^^^^^^^^ use of undeclared type `Languages`
[INFO] [stdout] 
[INFO] [stdout] error[E0433]: failed to resolve: use of undeclared type `TranslationKeys`
[INFO] [stdout]  --> src/translator.rs:205:11
[INFO] [stdout]   |
[INFO] [stdout] 7 | let key = TranslationKeys::Hello;
[INFO] [stdout]   |           ^^^^^^^^^^^^^^^ use of undeclared type `TranslationKeys`
[INFO] [stdout] 
[INFO] [stdout] error: aborting due to 5 previous errors
[INFO] [stdout] 
[INFO] [stdout] Some errors have detailed explanations: E0425, E0433.
[INFO] [stdout] For more information about an error, try `rustc --explain E0425`.
[INFO] [stdout] Couldn't compile the test.
[INFO] [stdout] 
[INFO] [stdout] failures:
[INFO] [stdout]     src/translator.rs - translator::Translator<LanguageGeneric,TranslationKeyGeneric>::new (line 44)
[INFO] [stdout]     src/translator.rs - translator::Translator<LanguageGeneric,TranslationKeyGeneric>::translate (line 248)
[INFO] [stdout]     src/translator.rs - translator::Translator<LanguageGeneric,TranslationKeyGeneric>::translate_without_arguments (line 201)
[INFO] [stdout] 
[INFO] [stdout] test result: FAILED. 0 passed; 3 failed; 0 ignored; 0 measured; 0 filtered out; finished in 0.24s
[INFO] [stdout] 
[INFO] [stderr] error: doctest failed, to rerun pass `--doc`
[INFO] running `Command { std: "docker" "inspect" "c906ffd4c96691044d1dd1da00598ef0ec1aca26479212d8e4e6573b40cc09f5", kill_on_drop: false }`
[INFO] running `Command { std: "docker" "rm" "-f" "c906ffd4c96691044d1dd1da00598ef0ec1aca26479212d8e4e6573b40cc09f5", kill_on_drop: false }`
[INFO] [stdout] c906ffd4c96691044d1dd1da00598ef0ec1aca26479212d8e4e6573b40cc09f5
