[INFO] cloning repository https://github.com/al-ula/small_uid-rs
[INFO] running `Command { std: "git" "-c" "credential.helper=" "-c" "credential.helper=/workspace/cargo-home/bin/git-credential-null" "clone" "--bare" "https://github.com/al-ula/small_uid-rs" "/workspace/cache/git-repos/https%3A%2F%2Fgithub.com%2Fal-ula%2Fsmall_uid-rs", kill_on_drop: false }`
[INFO] [stderr] Cloning into bare repository '/workspace/cache/git-repos/https%3A%2F%2Fgithub.com%2Fal-ula%2Fsmall_uid-rs'...
[INFO] running `Command { std: "git" "rev-parse" "HEAD", kill_on_drop: false }`
[INFO] [stdout] 8db2e3682dc64a5d0b4030ca42fcd4377b7f625e
[INFO] testing al-ula/small_uid-rs against beta-2024-12-08 for beta-1.84.0-4-retry
[INFO] running `Command { std: "git" "clone" "/workspace/cache/git-repos/https%3A%2F%2Fgithub.com%2Fal-ula%2Fsmall_uid-rs" "/workspace/builds/worker-4-tc2/source", kill_on_drop: false }`
[INFO] [stderr] Cloning into '/workspace/builds/worker-4-tc2/source'...
[INFO] [stderr] done.
[INFO] validating manifest of git repo https://github.com/al-ula/small_uid-rs on toolchain beta-2024-12-08
[INFO] running `Command { std: CARGO_HOME="/workspace/cargo-home" RUSTUP_HOME="/workspace/rustup-home" "/workspace/cargo-home/bin/cargo" "+beta-2024-12-08" "metadata" "--manifest-path" "Cargo.toml" "--no-deps", kill_on_drop: false }`
[INFO] started tweaking git repo https://github.com/al-ula/small_uid-rs
[INFO] finished tweaking git repo https://github.com/al-ula/small_uid-rs
[INFO] tweaked toml for git repo https://github.com/al-ula/small_uid-rs written to /workspace/builds/worker-4-tc2/source/Cargo.toml
[INFO] crate git repo https://github.com/al-ula/small_uid-rs already has a lockfile, it will not be regenerated
[INFO] running `Command { std: CARGO_HOME="/workspace/cargo-home" RUSTUP_HOME="/workspace/rustup-home" "/workspace/cargo-home/bin/cargo" "+beta-2024-12-08" "fetch" "--manifest-path" "Cargo.toml", kill_on_drop: false }`
[INFO] running `Command { std: "docker" "create" "-v" "/var/lib/crater-agent-workspace/builds/worker-4-tc2/target:/opt/rustwide/target:rw,Z" "-v" "/var/lib/crater-agent-workspace/builds/worker-4-tc2/source:/opt/rustwide/workdir:ro,Z" "-v" "/var/lib/crater-agent-workspace/cargo-home:/opt/rustwide/cargo-home:ro,Z" "-v" "/var/lib/crater-agent-workspace/rustup-home:/opt/rustwide/rustup-home:ro,Z" "-e" "SOURCE_DIR=/opt/rustwide/workdir" "-e" "CARGO_TARGET_DIR=/opt/rustwide/target" "-e" "CARGO_HOME=/opt/rustwide/cargo-home" "-e" "RUSTUP_HOME=/opt/rustwide/rustup-home" "-w" "/opt/rustwide/workdir" "-m" "1610612736" "--user" "0:0" "--network" "none" "ghcr.io/rust-lang/crates-build-env/linux@sha256:f3a9d4ad9d972b27faf3965f35b62e55ba32bbce8f20bc8fe909558a86702fde" "/opt/rustwide/cargo-home/bin/cargo" "+beta-2024-12-08" "metadata" "--no-deps" "--format-version=1", kill_on_drop: false }`
[INFO] [stdout] 858420872ef960b692bdc5dc2622a57a6796d2a5bc6e6aa6e8469959d97ede03
[INFO] running `Command { std: "docker" "start" "-a" "858420872ef960b692bdc5dc2622a57a6796d2a5bc6e6aa6e8469959d97ede03", kill_on_drop: false }`
[INFO] running `Command { std: "docker" "inspect" "858420872ef960b692bdc5dc2622a57a6796d2a5bc6e6aa6e8469959d97ede03", kill_on_drop: false }`
[INFO] running `Command { std: "docker" "rm" "-f" "858420872ef960b692bdc5dc2622a57a6796d2a5bc6e6aa6e8469959d97ede03", kill_on_drop: false }`
[INFO] [stdout] 858420872ef960b692bdc5dc2622a57a6796d2a5bc6e6aa6e8469959d97ede03
[INFO] running `Command { std: "docker" "create" "-v" "/var/lib/crater-agent-workspace/builds/worker-4-tc2/target:/opt/rustwide/target:rw,Z" "-v" "/var/lib/crater-agent-workspace/builds/worker-4-tc2/source:/opt/rustwide/workdir:ro,Z" "-v" "/var/lib/crater-agent-workspace/cargo-home:/opt/rustwide/cargo-home:ro,Z" "-v" "/var/lib/crater-agent-workspace/rustup-home:/opt/rustwide/rustup-home:ro,Z" "-e" "SOURCE_DIR=/opt/rustwide/workdir" "-e" "CARGO_TARGET_DIR=/opt/rustwide/target" "-e" "CARGO_INCREMENTAL=0" "-e" "RUST_BACKTRACE=full" "-e" "RUSTFLAGS=--cap-lints=warn" "-e" "RUSTDOCFLAGS=--cap-lints=warn" "-e" "CARGO_HOME=/opt/rustwide/cargo-home" "-e" "RUSTUP_HOME=/opt/rustwide/rustup-home" "-w" "/opt/rustwide/workdir" "-m" "1610612736" "--user" "0:0" "--network" "none" "ghcr.io/rust-lang/crates-build-env/linux@sha256:f3a9d4ad9d972b27faf3965f35b62e55ba32bbce8f20bc8fe909558a86702fde" "/opt/rustwide/cargo-home/bin/cargo" "+beta-2024-12-08" "build" "--frozen" "--message-format=json", kill_on_drop: false }`
[INFO] [stdout] a00513412614f63d4bb4ff97c93c56ae7079f94ae443a3300a78f609debc65c9
[INFO] running `Command { std: "docker" "start" "-a" "a00513412614f63d4bb4ff97c93c56ae7079f94ae443a3300a78f609debc65c9", kill_on_drop: false }`
[INFO] [stderr]    Compiling proc-macro2 v1.0.88
[INFO] [stderr]    Compiling unicode-ident v1.0.13
[INFO] [stderr]    Compiling libc v0.2.161
[INFO] [stderr]    Compiling byteorder v1.5.0
[INFO] [stderr]    Compiling cfg-if v1.0.0
[INFO] [stderr]    Compiling serde v1.0.210
[INFO] [stderr]    Compiling base64 v0.22.1
[INFO] [stderr]    Compiling base64-url v3.0.0
[INFO] [stderr]    Compiling getrandom v0.2.15
[INFO] [stderr]    Compiling quote v1.0.37
[INFO] [stderr]    Compiling syn v2.0.79
[INFO] [stderr]    Compiling zerocopy-derive v0.7.35
[INFO] [stderr]    Compiling serde_derive v1.0.210
[INFO] [stderr]    Compiling zerocopy v0.7.35
[INFO] [stderr]    Compiling rand_core v0.9.0-alpha.2
[INFO] [stderr]    Compiling ppv-lite86 v0.2.20
[INFO] [stderr]    Compiling rand_chacha v0.9.0-alpha.2
[INFO] [stderr]    Compiling rand v0.9.0-alpha.2
[INFO] [stderr]    Compiling small_uid v0.2.2 (/opt/rustwide/workdir)
[INFO] [stderr]     Finished `dev` profile [unoptimized + debuginfo] target(s) in 19.49s
[INFO] running `Command { std: "docker" "inspect" "a00513412614f63d4bb4ff97c93c56ae7079f94ae443a3300a78f609debc65c9", kill_on_drop: false }`
[INFO] running `Command { std: "docker" "rm" "-f" "a00513412614f63d4bb4ff97c93c56ae7079f94ae443a3300a78f609debc65c9", kill_on_drop: false }`
[INFO] [stdout] a00513412614f63d4bb4ff97c93c56ae7079f94ae443a3300a78f609debc65c9
[INFO] running `Command { std: "docker" "create" "-v" "/var/lib/crater-agent-workspace/builds/worker-4-tc2/target:/opt/rustwide/target:rw,Z" "-v" "/var/lib/crater-agent-workspace/builds/worker-4-tc2/source:/opt/rustwide/workdir:ro,Z" "-v" "/var/lib/crater-agent-workspace/cargo-home:/opt/rustwide/cargo-home:ro,Z" "-v" "/var/lib/crater-agent-workspace/rustup-home:/opt/rustwide/rustup-home:ro,Z" "-e" "SOURCE_DIR=/opt/rustwide/workdir" "-e" "CARGO_TARGET_DIR=/opt/rustwide/target" "-e" "CARGO_INCREMENTAL=0" "-e" "RUST_BACKTRACE=full" "-e" "RUSTFLAGS=--cap-lints=warn" "-e" "RUSTDOCFLAGS=--cap-lints=warn" "-e" "CARGO_HOME=/opt/rustwide/cargo-home" "-e" "RUSTUP_HOME=/opt/rustwide/rustup-home" "-w" "/opt/rustwide/workdir" "-m" "1610612736" "--user" "0:0" "--network" "none" "ghcr.io/rust-lang/crates-build-env/linux@sha256:f3a9d4ad9d972b27faf3965f35b62e55ba32bbce8f20bc8fe909558a86702fde" "/opt/rustwide/cargo-home/bin/cargo" "+beta-2024-12-08" "test" "--frozen" "--no-run" "--message-format=json", kill_on_drop: false }`
[INFO] [stdout] 6e49e6977e7e838a01c091f512c8e229adccd66e581afadf4f9829bd9a85d3c2
[INFO] running `Command { std: "docker" "start" "-a" "6e49e6977e7e838a01c091f512c8e229adccd66e581afadf4f9829bd9a85d3c2", kill_on_drop: false }`
[INFO] [stderr]    Compiling small_uid v0.2.2 (/opt/rustwide/workdir)
[INFO] [stderr]     Finished `test` profile [unoptimized + debuginfo] target(s) in 0.98s
[INFO] running `Command { std: "docker" "inspect" "6e49e6977e7e838a01c091f512c8e229adccd66e581afadf4f9829bd9a85d3c2", kill_on_drop: false }`
[INFO] running `Command { std: "docker" "rm" "-f" "6e49e6977e7e838a01c091f512c8e229adccd66e581afadf4f9829bd9a85d3c2", kill_on_drop: false }`
[INFO] [stdout] 6e49e6977e7e838a01c091f512c8e229adccd66e581afadf4f9829bd9a85d3c2
[INFO] running `Command { std: "docker" "create" "-v" "/var/lib/crater-agent-workspace/builds/worker-4-tc2/target:/opt/rustwide/target:rw,Z" "-v" "/var/lib/crater-agent-workspace/builds/worker-4-tc2/source:/opt/rustwide/workdir:ro,Z" "-v" "/var/lib/crater-agent-workspace/cargo-home:/opt/rustwide/cargo-home:ro,Z" "-v" "/var/lib/crater-agent-workspace/rustup-home:/opt/rustwide/rustup-home:ro,Z" "-e" "SOURCE_DIR=/opt/rustwide/workdir" "-e" "CARGO_TARGET_DIR=/opt/rustwide/target" "-e" "CARGO_INCREMENTAL=0" "-e" "RUST_BACKTRACE=full" "-e" "RUSTFLAGS=--cap-lints=warn" "-e" "RUSTDOCFLAGS=--cap-lints=warn" "-e" "CARGO_HOME=/opt/rustwide/cargo-home" "-e" "RUSTUP_HOME=/opt/rustwide/rustup-home" "-w" "/opt/rustwide/workdir" "-m" "1610612736" "--user" "0:0" "--network" "none" "ghcr.io/rust-lang/crates-build-env/linux@sha256:f3a9d4ad9d972b27faf3965f35b62e55ba32bbce8f20bc8fe909558a86702fde" "/opt/rustwide/cargo-home/bin/cargo" "+beta-2024-12-08" "test" "--frozen", kill_on_drop: false }`
[INFO] [stdout] 826ea52d6f1bf2a23e690116607c2acc3c31fe68be1e4f939f284a47ff8255c5
[INFO] running `Command { std: "docker" "start" "-a" "826ea52d6f1bf2a23e690116607c2acc3c31fe68be1e4f939f284a47ff8255c5", kill_on_drop: false }`
[INFO] [stderr]     Finished `test` profile [unoptimized + debuginfo] target(s) in 0.03s
[INFO] [stderr]      Running unittests src/lib.rs (/opt/rustwide/target/debug/deps/small_uid-2c1bb57ad78ba646)
[INFO] [stdout] 
[INFO] [stdout] running 7 tests
[INFO] [stdout] test test::test_from_broken_string ... ok
[INFO] [stdout] test test::test_invalid_base64url ... ok
[INFO] [stdout] test test::test_random ... ok
[INFO] [stdout] test test::test_string ... ok
[INFO] [stdout] test test::test_generation ... ok
[INFO] [stdout] test test::test_timestamp ... ok
[INFO] [stdout] test test::test_try_from ... ok
[INFO] [stdout] 
[INFO] [stdout] test result: ok. 7 passed; 0 failed; 0 ignored; 0 measured; 0 filtered out; finished in 0.00s
[INFO] [stdout] 
[INFO] [stderr]    Doc-tests small_uid
[INFO] [stdout] 
[INFO] [stdout] running 3 tests
[INFO] [stdout] test src/lib.rs - (line 48) ... FAILED
[INFO] [stdout] test src/lib.rs - (line 72) ... FAILED
[INFO] [stdout] test src/lib.rs - (line 79) ... FAILED
[INFO] [stdout] 
[INFO] [stdout] failures:
[INFO] [stdout] 
[INFO] [stdout] ---- src/lib.rs - (line 48) stdout ----
[INFO] [stdout] error: expected parameter name, found `-`
[INFO] [stdout]  --> src/lib.rs:49:3
[INFO] [stdout]   |
[INFO] [stdout] 3 | |-----------------------|  |------------|
[INFO] [stdout]   |   ^ expected parameter name
[INFO] [stdout] 
[INFO] [stdout] error: aborting due to 1 previous error
[INFO] [stdout] 
[INFO] [stdout] Couldn't compile the test.
[INFO] [stdout] ---- src/lib.rs - (line 72) stdout ----
[INFO] [stdout] error[E0433]: failed to resolve: use of undeclared type `SmallUid`
[INFO] [stdout]  --> src/lib.rs:73:17
[INFO] [stdout]   |
[INFO] [stdout] 3 | let smalluid1 = SmallUid::new();
[INFO] [stdout]   |                 ^^^^^^^^ use of undeclared type `SmallUid`
[INFO] [stdout]   |
[INFO] [stdout] help: consider importing this struct
[INFO] [stdout]   |
[INFO] [stdout] 2 + use small_uid::SmallUid;
[INFO] [stdout]   |
[INFO] [stdout] 
[INFO] [stdout] error[E0433]: failed to resolve: use of undeclared type `SmallUid`
[INFO] [stdout]  --> src/lib.rs:74:17
[INFO] [stdout]   |
[INFO] [stdout] 4 | let smalluid2 = SmallUid::try_from("GSntNvOw6n8".to_string()).unwrap();
[INFO] [stdout]   |                 ^^^^^^^^ use of undeclared type `SmallUid`
[INFO] [stdout]   |
[INFO] [stdout] help: consider importing this struct
[INFO] [stdout]   |
[INFO] [stdout] 2 + use small_uid::SmallUid;
[INFO] [stdout]   |
[INFO] [stdout] 
[INFO] [stdout] error: aborting due to 2 previous errors
[INFO] [stdout] 
[INFO] [stdout] For more information about this error, try `rustc --explain E0433`.
[INFO] [stdout] Couldn't compile the test.
[INFO] [stdout] ---- src/lib.rs - (line 79) stdout ----
[INFO] [stdout] error[E0433]: failed to resolve: use of undeclared type `SmallUid`
[INFO] [stdout]  --> src/lib.rs:80:16
[INFO] [stdout]   |
[INFO] [stdout] 3 | let smalluid = SmallUid::new();
[INFO] [stdout]   |                ^^^^^^^^ use of undeclared type `SmallUid`
[INFO] [stdout]   |
[INFO] [stdout] help: consider importing this struct
[INFO] [stdout]   |
[INFO] [stdout] 2 + use small_uid::SmallUid;
[INFO] [stdout]   |
[INFO] [stdout] 
[INFO] [stdout] error: aborting due to 1 previous error
[INFO] [stdout] 
[INFO] [stdout] For more information about this error, try `rustc --explain E0433`.
[INFO] [stdout] Couldn't compile the test.
[INFO] [stdout] 
[INFO] [stdout] failures:
[INFO] [stdout]     src/lib.rs - (line 48)
[INFO] [stdout]     src/lib.rs - (line 72)
[INFO] [stdout]     src/lib.rs - (line 79)
[INFO] [stdout] 
[INFO] [stdout] test result: FAILED. 0 passed; 3 failed; 0 ignored; 0 measured; 0 filtered out; finished in 0.16s
[INFO] [stdout] 
[INFO] [stderr] error: doctest failed, to rerun pass `--doc`
[INFO] running `Command { std: "docker" "inspect" "826ea52d6f1bf2a23e690116607c2acc3c31fe68be1e4f939f284a47ff8255c5", kill_on_drop: false }`
[INFO] running `Command { std: "docker" "rm" "-f" "826ea52d6f1bf2a23e690116607c2acc3c31fe68be1e4f939f284a47ff8255c5", kill_on_drop: false }`
[INFO] [stdout] 826ea52d6f1bf2a23e690116607c2acc3c31fe68be1e4f939f284a47ff8255c5
