[INFO] cloning repository https://github.com/aeghn/rglauncher
[INFO] running `Command { std: "git" "-c" "credential.helper=" "-c" "credential.helper=/workspace/cargo-home/bin/git-credential-null" "clone" "--bare" "https://github.com/aeghn/rglauncher" "/workspace/cache/git-repos/https%3A%2F%2Fgithub.com%2Faeghn%2Frglauncher", kill_on_drop: false }`
[INFO] [stderr] Cloning into bare repository '/workspace/cache/git-repos/https%3A%2F%2Fgithub.com%2Faeghn%2Frglauncher'...
[INFO] running `Command { std: "git" "rev-parse" "HEAD", kill_on_drop: false }`
[INFO] [stdout] 9323bbce9c15a963d2f01276963e00996c528cd5
[INFO] testing aeghn/rglauncher against 1.83.0 for beta-1.84.0-4-retry
[INFO] running `Command { std: "git" "clone" "/workspace/cache/git-repos/https%3A%2F%2Fgithub.com%2Faeghn%2Frglauncher" "/workspace/builds/worker-6-tc1/source", kill_on_drop: false }`
[INFO] [stderr] Cloning into '/workspace/builds/worker-6-tc1/source'...
[INFO] [stderr] done.
[INFO] validating manifest of git repo https://github.com/aeghn/rglauncher on toolchain 1.83.0
[INFO] running `Command { std: CARGO_HOME="/workspace/cargo-home" RUSTUP_HOME="/workspace/rustup-home" "/workspace/cargo-home/bin/cargo" "+1.83.0" "metadata" "--manifest-path" "Cargo.toml" "--no-deps", kill_on_drop: false }`
[INFO] started tweaking git repo https://github.com/aeghn/rglauncher
[INFO] finished tweaking git repo https://github.com/aeghn/rglauncher
[INFO] tweaked toml for git repo https://github.com/aeghn/rglauncher written to /workspace/builds/worker-6-tc1/source/Cargo.toml
[INFO] crate git repo https://github.com/aeghn/rglauncher already has a lockfile, it will not be regenerated
[INFO] running `Command { std: CARGO_HOME="/workspace/cargo-home" RUSTUP_HOME="/workspace/rustup-home" "/workspace/cargo-home/bin/cargo" "+1.83.0" "fetch" "--manifest-path" "Cargo.toml", kill_on_drop: false }`
[INFO] [stderr] warning: /workspace/builds/worker-6-tc1/source/crates/rglauncher-gtk/Cargo.toml: `default_features` is deprecated in favor of `default-features` and will not work in the 2024 edition
[INFO] [stderr] (in the `serde_json` dependency)
[INFO] [stderr]     Updating crates.io index
[INFO] [stderr]      Locking 3 packages to latest compatible versions
[INFO] [stderr]     Updating regex v1.10.2 -> v1.11.1
[INFO] [stderr]     Updating regex-automata v0.4.3 -> v0.4.9
[INFO] [stderr]     Updating regex-syntax v0.8.2 -> v0.8.5
[INFO] [stderr]  Downloading crates ...
[INFO] [stderr]   Downloaded minilzo-sys v0.1.0
[INFO] [stderr]   Downloaded patricia_tree v0.8.0
[INFO] [stderr]   Downloaded soup3-sys v0.6.0
[INFO] [stderr]   Downloaded minilzo v0.2.0
[INFO] [stderr]   Downloaded ripemd128 v0.1.2
[INFO] [stderr]   Downloaded javascriptcore6-sys v0.3.0
[INFO] [stderr]   Downloaded meval v0.2.0
[INFO] [stderr]   Downloaded gtk4-macros v0.8.0
[INFO] [stderr]   Downloaded freedesktop-desktop-entry v0.5.2
[INFO] [stderr]   Downloaded wl-clipboard-rs v0.8.0
[INFO] [stderr]   Downloaded cairo-rs v0.19.2
[INFO] [stderr]   Downloaded gdk4-sys v0.8.0
[INFO] [stderr]   Downloaded gdk4 v0.8.0
[INFO] [stderr]   Downloaded gtk4-sys v0.8.0
[INFO] [stderr]   Downloaded glib-macros v0.19.2
[INFO] [stderr]   Downloaded tracing-tree v0.3.0
[INFO] [stderr]   Downloaded pango v0.19.2
[INFO] [stderr]   Downloaded gio v0.19.2
[INFO] [stderr]   Downloaded soup3 v0.6.0
[INFO] [stderr]   Downloaded toml_edit v0.22.11
[INFO] [stderr]   Downloaded webkit6 v0.3.0
[INFO] [stderr]   Downloaded gsk4 v0.8.0
[INFO] [stderr]   Downloaded glib v0.19.2
[INFO] [stderr]   Downloaded gsk4-sys v0.8.0
[INFO] [stderr]   Downloaded webkit6-sys v0.3.0
[INFO] [stderr]   Downloaded javascriptcore6 v0.3.0
[INFO] [stderr]   Downloaded gtk4 v0.8.0
[INFO] running `Command { std: "docker" "create" "-v" "/var/lib/crater-agent-workspace/builds/worker-6-tc1/target:/opt/rustwide/target:rw,Z" "-v" "/var/lib/crater-agent-workspace/builds/worker-6-tc1/source:/opt/rustwide/workdir:ro,Z" "-v" "/var/lib/crater-agent-workspace/cargo-home:/opt/rustwide/cargo-home:ro,Z" "-v" "/var/lib/crater-agent-workspace/rustup-home:/opt/rustwide/rustup-home:ro,Z" "-e" "SOURCE_DIR=/opt/rustwide/workdir" "-e" "CARGO_TARGET_DIR=/opt/rustwide/target" "-e" "CARGO_HOME=/opt/rustwide/cargo-home" "-e" "RUSTUP_HOME=/opt/rustwide/rustup-home" "-w" "/opt/rustwide/workdir" "-m" "1610612736" "--user" "0:0" "--network" "none" "ghcr.io/rust-lang/crates-build-env/linux@sha256:f3a9d4ad9d972b27faf3965f35b62e55ba32bbce8f20bc8fe909558a86702fde" "/opt/rustwide/cargo-home/bin/cargo" "+1.83.0" "metadata" "--no-deps" "--format-version=1", kill_on_drop: false }`
[INFO] [stdout] 82bd788c3438b1b853d522763f879b9711872306114b737a99223d3d663ba385
[INFO] running `Command { std: "docker" "start" "-a" "82bd788c3438b1b853d522763f879b9711872306114b737a99223d3d663ba385", kill_on_drop: false }`
[INFO] running `Command { std: "docker" "inspect" "82bd788c3438b1b853d522763f879b9711872306114b737a99223d3d663ba385", kill_on_drop: false }`
[INFO] running `Command { std: "docker" "rm" "-f" "82bd788c3438b1b853d522763f879b9711872306114b737a99223d3d663ba385", kill_on_drop: false }`
[INFO] [stdout] 82bd788c3438b1b853d522763f879b9711872306114b737a99223d3d663ba385
[INFO] running `Command { std: "docker" "create" "-v" "/var/lib/crater-agent-workspace/builds/worker-6-tc1/target:/opt/rustwide/target:rw,Z" "-v" "/var/lib/crater-agent-workspace/builds/worker-6-tc1/source:/opt/rustwide/workdir:ro,Z" "-v" "/var/lib/crater-agent-workspace/cargo-home:/opt/rustwide/cargo-home:ro,Z" "-v" "/var/lib/crater-agent-workspace/rustup-home:/opt/rustwide/rustup-home:ro,Z" "-e" "SOURCE_DIR=/opt/rustwide/workdir" "-e" "CARGO_TARGET_DIR=/opt/rustwide/target" "-e" "CARGO_INCREMENTAL=0" "-e" "RUST_BACKTRACE=full" "-e" "RUSTFLAGS=--cap-lints=warn" "-e" "RUSTDOCFLAGS=--cap-lints=warn" "-e" "CARGO_HOME=/opt/rustwide/cargo-home" "-e" "RUSTUP_HOME=/opt/rustwide/rustup-home" "-w" "/opt/rustwide/workdir" "-m" "1610612736" "--user" "0:0" "--network" "none" "ghcr.io/rust-lang/crates-build-env/linux@sha256:f3a9d4ad9d972b27faf3965f35b62e55ba32bbce8f20bc8fe909558a86702fde" "/opt/rustwide/cargo-home/bin/cargo" "+1.83.0" "build" "--frozen" "--message-format=json", kill_on_drop: false }`
[INFO] [stdout] deccec9f507830566c3ac2ff9589f180f4d5b0ed1f1d1b8f7d813527c49164c0
[INFO] running `Command { std: "docker" "start" "-a" "deccec9f507830566c3ac2ff9589f180f4d5b0ed1f1d1b8f7d813527c49164c0", kill_on_drop: false }`
[INFO] [stderr] warning: /opt/rustwide/workdir/crates/rglauncher-gtk/Cargo.toml: `default_features` is deprecated in favor of `default-features` and will not work in the 2024 edition
[INFO] [stderr] (in the `serde_json` dependency)
[INFO] [stderr]    Compiling equivalent v1.0.1
[INFO] [stderr]    Compiling serde v1.0.198
[INFO] [stderr]    Compiling hashbrown v0.14.3
[INFO] [stderr]    Compiling pkg-config v0.3.30
[INFO] [stderr]    Compiling winnow v0.6.6
[INFO] [stderr]    Compiling target-lexicon v0.12.12
[INFO] [stderr]    Compiling heck v0.4.1
[INFO] [stderr]    Compiling proc-macro2 v1.0.81
[INFO] [stderr]    Compiling unicode-ident v1.0.12
[INFO] [stderr]    Compiling smallvec v1.13.1
[INFO] [stderr]    Compiling version-compare v0.1.1
[INFO] [stderr]    Compiling libc v0.2.153
[INFO] [stderr]    Compiling autocfg v1.1.0
[INFO] [stderr]    Compiling memchr v2.7.1
[INFO] [stderr]    Compiling pin-project-lite v0.2.13
[INFO] [stderr]    Compiling futures-core v0.3.29
[INFO] [stderr]    Compiling version_check v0.9.4
[INFO] [stderr]    Compiling cfg-if v1.0.0
[INFO] [stderr]    Compiling once_cell v1.19.0
[INFO] [stderr]    Compiling futures-sink v0.3.29
[INFO] [stderr]    Compiling futures-channel v0.3.29
[INFO] [stderr]    Compiling futures-task v0.3.29
[INFO] [stderr]    Compiling futures-util v0.3.29
[INFO] [stderr]    Compiling bitflags v2.4.1
[INFO] [stderr]    Compiling slab v0.4.9
[INFO] [stderr]    Compiling futures-io v0.3.29
[INFO] [stderr]    Compiling thiserror v1.0.51
[INFO] [stderr]    Compiling pin-utils v0.1.0
[INFO] [stderr]    Compiling winnow v0.5.30
[INFO] [stderr]    Compiling aho-corasick v1.1.2
[INFO] [stderr]    Compiling ahash v0.8.6
[INFO] [stderr]    Compiling regex-syntax v0.8.5
[INFO] [stderr]    Compiling zerocopy v0.7.31
[INFO] [stderr]    Compiling indexmap v2.1.0
[INFO] [stderr]    Compiling cfg-expr v0.15.5
[INFO] [stderr]    Compiling crossbeam-utils v0.8.19
[INFO] [stderr]    Compiling semver v1.0.20
[INFO] [stderr]    Compiling allocator-api2 v0.2.16
[INFO] [stderr]    Compiling lazy_static v1.4.0
[INFO] [stderr]    Compiling gio v0.19.2
[INFO] [stderr]    Compiling quote v1.0.36
[INFO] [stderr]    Compiling tracing-core v0.1.32
[INFO] [stderr]    Compiling typenum v1.17.0
[INFO] [stderr]    Compiling temp-dir v0.1.13
[INFO] [stderr]    Compiling syn v2.0.60
[INFO] [stderr]    Compiling proc-macro-error-attr v1.0.4
[INFO] [stderr]    Compiling lock_api v0.4.11
[INFO] [stderr]    Compiling num-traits v0.2.17
[INFO] [stderr]    Compiling vcpkg v0.2.15
[INFO] [stderr]    Compiling regex-syntax v0.6.29
[INFO] [stderr]    Compiling anyhow v1.0.82
[INFO] [stderr]    Compiling cc v1.0.83
[INFO] [stderr]    Compiling syn v1.0.109
[INFO] [stderr]    Compiling rustc_version v0.4.0
[INFO] [stderr]    Compiling concurrent-queue v2.4.0
[INFO] [stderr]    Compiling proc-macro-error v1.0.4
[INFO] [stderr]    Compiling thread_local v1.1.7
[INFO] [stderr]    Compiling memoffset v0.9.0
[INFO] [stderr]    Compiling utf8parse v0.2.1
[INFO] [stderr]    Compiling scopeguard v1.2.0
[INFO] [stderr]    Compiling log v0.4.20
[INFO] [stderr]    Compiling parking v2.2.0
[INFO] [stderr]    Compiling overload v0.1.1
[INFO] [stderr]    Compiling nu-ansi-term v0.46.0
[INFO] [stderr]    Compiling event-listener v5.3.0
[INFO] [stderr]    Compiling tracing-log v0.2.0
[INFO] [stderr]    Compiling generic-array v0.12.4
[INFO] [stderr]    Compiling anstyle-parse v0.2.3
[INFO] [stderr]    Compiling regex-automata v0.4.9
[INFO] [stderr]    Compiling field-offset v0.3.6
[INFO] [stderr]    Compiling getrandom v0.2.11
[INFO] [stderr]    Compiling dirs-sys v0.3.7
[INFO] [stderr]    Compiling sharded-slab v0.1.7
[INFO] [stderr]    Compiling gettext-sys v0.21.3
[INFO] [stderr]    Compiling libsqlite3-sys v0.27.0
[INFO] [stderr]    Compiling anstyle-query v1.0.2
[INFO] [stderr]    Compiling serde_json v1.0.108
[INFO] [stderr]    Compiling iana-time-zone v0.1.58
[INFO] [stderr]    Compiling colorchoice v1.0.0
[INFO] [stderr]    Compiling anstyle v1.0.4
[INFO] [stderr]    Compiling byte-tools v0.3.1
[INFO] [stderr]    Compiling block-padding v0.1.5
[INFO] [stderr]    Compiling dirs v3.0.2
[INFO] [stderr]    Compiling nanorand v0.7.0
[INFO] [stderr]    Compiling spin v0.9.8
[INFO] [stderr]    Compiling regex-automata v0.1.10
[INFO] [stderr]    Compiling anstream v0.6.5
[INFO] [stderr]    Compiling event-listener-strategy v0.5.1
[INFO] [stderr]    Compiling hashlink v0.8.4
[INFO] [stderr]    Compiling fallible-iterator v0.3.0
[INFO] [stderr]    Compiling byteorder v1.5.0
[INFO] [stderr]    Compiling itoa v1.0.10
[INFO] [stderr]    Compiling clap_lex v0.6.0
[INFO] [stderr]    Compiling strsim v0.10.0
[INFO] [stderr]    Compiling ryu v1.0.16
[INFO] [stderr]    Compiling nu-ansi-term v0.49.0
[INFO] [stderr]    Compiling fallible-streaming-iterator v0.1.9
[INFO] [stderr]    Compiling xdg v2.5.2
[INFO] [stderr]    Compiling block-buffer v0.7.3
[INFO] [stderr]    Compiling toml_datetime v0.6.5
[INFO] [stderr]    Compiling serde_spanned v0.6.5
[INFO] [stderr]    Compiling clap_builder v4.4.11
[INFO] [stderr]    Compiling flume v0.11.0
[INFO] [stderr]    Compiling async-broadcast v0.7.0
[INFO] [stderr]    Compiling matchers v0.1.0
[INFO] [stderr]    Compiling toml_edit v0.22.11
[INFO] [stderr]    Compiling toml_edit v0.21.1
[INFO] [stderr]    Compiling digest v0.8.1
[INFO] [stderr]    Compiling fuzzy-matcher v0.3.7
[INFO] [stderr]    Compiling minilzo-sys v0.1.0
[INFO] [stderr]    Compiling opaque-debug v0.2.3
[INFO] [stderr]    Compiling md5 v0.7.0
[INFO] [stderr]    Compiling adler v1.0.2
[INFO] [stderr]    Compiling utf8-width v0.1.7
[INFO] [stderr]    Compiling regex v1.11.1
[INFO] [stderr]    Compiling miniz_oxide v0.7.2
[INFO] [stderr]    Compiling html-escape v0.2.13
[INFO] [stderr]    Compiling ripemd128 v0.1.2
[INFO] [stderr]    Compiling minilzo v0.2.0
[INFO] [stderr]    Compiling patricia_tree v0.8.0
[INFO] [stderr]    Compiling locale_config v0.3.0
[INFO] [stderr]    Compiling encoding_rs v0.8.34
[INFO] [stderr]    Compiling fragile v2.0.0
[INFO] [stderr]    Compiling bytes v1.6.0
[INFO] [stderr]    Compiling gettext-rs v0.7.0
[INFO] [stderr]    Compiling proc-macro-crate v3.1.0
[INFO] [stderr]    Compiling futures-macro v0.3.29
[INFO] [stderr]    Compiling thiserror-impl v1.0.51
[INFO] [stderr]    Compiling serde_derive v1.0.198
[INFO] [stderr]    Compiling tracing-attributes v0.1.27
[INFO] [stderr]    Compiling clap_derive v4.4.7
[INFO] [stderr]    Compiling glib-macros v0.19.2
[INFO] [stderr]    Compiling gtk4-macros v0.8.0
[INFO] [stderr]    Compiling toml v0.8.12
[INFO] [stderr]    Compiling system-deps v6.2.0
[INFO] [stderr]    Compiling glib-sys v0.19.0
[INFO] [stderr]    Compiling gobject-sys v0.19.0
[INFO] [stderr]    Compiling gio-sys v0.19.0
[INFO] [stderr]    Compiling pango-sys v0.19.0
[INFO] [stderr]    Compiling gdk-pixbuf-sys v0.19.0
[INFO] [stderr]    Compiling cairo-sys-rs v0.19.2
[INFO] [stderr]    Compiling graphene-sys v0.19.0
[INFO] [stderr]    Compiling gdk4-sys v0.8.0
[INFO] [stderr]    Compiling gsk4-sys v0.8.0
[INFO] [stderr]    Compiling tracing v0.1.40
[INFO] [stderr]    Compiling gtk4-sys v0.8.0
[INFO] [stderr]    Compiling tracing-subscriber v0.3.18
[INFO] [stderr]    Compiling freedesktop-desktop-entry v0.5.2
[INFO] [stderr]    Compiling mdict v0.1.0 (/opt/rustwide/workdir/vendor/mdict)
[INFO] [stderr]    Compiling clap v4.4.11
[INFO] [stdout] warning: fields `first_word` and `last_word` are never read
[INFO] [stdout]    --> vendor/mdict/src/mdict.rs:327:5
[INFO] [stdout]     |
[INFO] [stdout] 323 | struct MDictKeyBlockIndex {
[INFO] [stdout]     |        ------------------ fields in this struct
[INFO] [stdout] ...
[INFO] [stdout] 327 |     first_word: String,
[INFO] [stdout]     |     ^^^^^^^^^^
[INFO] [stdout] 328 |     /// The last keyword in thos keyword block
[INFO] [stdout] 329 |     last_word: String,
[INFO] [stdout]     |     ^^^^^^^^^
[INFO] [stdout]     |
[INFO] [stdout]     = note: `MDictKeyBlockIndex` has a derived impl for the trait `Debug`, but this is intentionally ignored during dead code analysis
[INFO] [stdout]     = note: `#[warn(dead_code)]` on by default
[INFO] [stdout] 
[INFO] [stdout] 
[INFO] [stderr]    Compiling tracing-tree v0.3.0
[INFO] [stderr]    Compiling futures-executor v0.3.29
[INFO] [stderr]    Compiling glib v0.19.2
[INFO] [stderr]    Compiling futures v0.3.29
[INFO] [stderr]    Compiling chrono v0.4.31
[INFO] [stderr]    Compiling rusqlite v0.30.0
[INFO] [stderr]    Compiling rglcore v0.1.0 (/opt/rustwide/workdir/crates/rglauncher-core)
[INFO] [stdout] warning: unused imports: `Receiver` and `Sender`
[INFO] [stdout]  --> crates/rglauncher-core/src/dispatcher/worker.rs:1:13
[INFO] [stdout]   |
[INFO] [stdout] 1 | use flume::{Receiver, Sender};
[INFO] [stdout]   |             ^^^^^^^^  ^^^^^^
[INFO] [stdout]   |
[INFO] [stdout]   = note: `#[warn(unused_imports)]` on by default
[INFO] [stdout] 
[INFO] [stdout] 
[INFO] [stdout] warning: unused import: `info`
[INFO] [stdout]  --> crates/rglauncher-core/src/dispatcher/worker.rs:4:22
[INFO] [stdout]   |
[INFO] [stdout] 4 | use tracing::{error, info};
[INFO] [stdout]   |                      ^^^^
[INFO] [stdout] 
[INFO] [stdout] 
[INFO] [stdout] warning: unused import: `tracing::info`
[INFO] [stdout]   --> crates/rglauncher-core/src/dispatcher/mod.rs:20:5
[INFO] [stdout]    |
[INFO] [stdout] 20 | use tracing::info;
[INFO] [stdout]    |     ^^^^^^^^^^^^^
[INFO] [stdout] 
[INFO] [stdout] 
[INFO] [stdout] warning: function `to_option` is never used
[INFO] [stdout]   --> crates/rglauncher-core/src/dispatcher/mod.rs:55:4
[INFO] [stdout]    |
[INFO] [stdout] 55 | fn to_option<T>(r: anyhow::Result<T>) -> Option<T> {
[INFO] [stdout]    |    ^^^^^^^^^
[INFO] [stdout]    |
[INFO] [stdout]    = note: `#[warn(dead_code)]` on by default
[INFO] [stdout] 
[INFO] [stdout] 
[INFO] [stderr]    Compiling cairo-rs v0.19.2
[INFO] [stderr]    Compiling graphene-rs v0.19.2
[INFO] [stderr]    Compiling pango v0.19.2
[INFO] [stderr]    Compiling gdk-pixbuf v0.19.2
[INFO] [stderr]    Compiling gdk4 v0.8.0
[INFO] [stderr]    Compiling gsk4 v0.8.0
[INFO] [stderr]    Compiling gtk4 v0.8.0
[INFO] [stderr]    Compiling rglauncher v0.1.0 (/opt/rustwide/workdir/crates/rglauncher-gtk)
[INFO] [stdout] warning: unused import: `info`
[INFO] [stdout]  --> crates/rglauncher-gtk/src/iconcache.rs:3:22
[INFO] [stdout]   |
[INFO] [stdout] 3 | use tracing::{debug, info};
[INFO] [stdout]   |                      ^^^^
[INFO] [stdout]   |
[INFO] [stdout]   = note: `#[warn(unused_imports)]` on by default
[INFO] [stdout] 
[INFO] [stdout] 
[INFO] [stdout] warning: unused variable: `config`
[INFO] [stdout]   --> crates/rglauncher-gtk/src/pluginpreview/mod.rs:72:36
[INFO] [stdout]    |
[INFO] [stdout] 72 |     pub fn new(stack: &gtk::Stack, config: Arc<Config>) -> Self {
[INFO] [stdout]    |                                    ^^^^^^ help: if this is intentional, prefix it with an underscore: `_config`
[INFO] [stdout]    |
[INFO] [stdout]    = note: `#[warn(unused_variables)]` on by default
[INFO] [stdout] 
[INFO] [stdout] 
[INFO] [stdout] warning: function `build_pair_line` is never used
[INFO] [stdout]    --> crates/rglauncher-gtk/src/pluginpreview/mod.rs:168:4
[INFO] [stdout]     |
[INFO] [stdout] 168 | fn build_pair_line(grid: &gtk::Grid, row: i32, title: &str) -> gtk::Label {
[INFO] [stdout]     |    ^^^^^^^^^^^^^^^
[INFO] [stdout]     |
[INFO] [stdout]     = note: `#[warn(dead_code)]` on by default
[INFO] [stdout] 
[INFO] [stdout] 
[INFO] [stdout] warning: function `get_seprator` is never used
[INFO] [stdout]    --> crates/rglauncher-gtk/src/pluginpreview/mod.rs:189:4
[INFO] [stdout]     |
[INFO] [stdout] 189 | fn get_seprator() -> gtk::Separator {
[INFO] [stdout]     |    ^^^^^^^^^^^^
[INFO] [stdout] 
[INFO] [stdout] 
[INFO] [stdout] warning: field `preview_tx` is never read
[INFO] [stdout]    --> crates/rglauncher-gtk/src/pluginpreview/mod.rs:203:9
[INFO] [stdout]     |
[INFO] [stdout] 202 | pub struct Preview {
[INFO] [stdout]     |            ------- field in this struct
[INFO] [stdout] 203 |     pub preview_tx: Sender<PreviewMsg>,
[INFO] [stdout]     |         ^^^^^^^^^^
[INFO] [stdout]     |
[INFO] [stdout]     = note: `Preview` has a derived impl for the trait `Clone`, but this is intentionally ignored during dead code analysis
[INFO] [stdout] 
[INFO] [stdout] 
[INFO] [stderr]     Finished `dev` profile [unoptimized + debuginfo] target(s) in 2m 33s
[INFO] running `Command { std: "docker" "inspect" "deccec9f507830566c3ac2ff9589f180f4d5b0ed1f1d1b8f7d813527c49164c0", kill_on_drop: false }`
[INFO] running `Command { std: "docker" "rm" "-f" "deccec9f507830566c3ac2ff9589f180f4d5b0ed1f1d1b8f7d813527c49164c0", kill_on_drop: false }`
[INFO] [stdout] deccec9f507830566c3ac2ff9589f180f4d5b0ed1f1d1b8f7d813527c49164c0
[INFO] running `Command { std: "docker" "create" "-v" "/var/lib/crater-agent-workspace/builds/worker-6-tc1/target:/opt/rustwide/target:rw,Z" "-v" "/var/lib/crater-agent-workspace/builds/worker-6-tc1/source:/opt/rustwide/workdir:ro,Z" "-v" "/var/lib/crater-agent-workspace/cargo-home:/opt/rustwide/cargo-home:ro,Z" "-v" "/var/lib/crater-agent-workspace/rustup-home:/opt/rustwide/rustup-home:ro,Z" "-e" "SOURCE_DIR=/opt/rustwide/workdir" "-e" "CARGO_TARGET_DIR=/opt/rustwide/target" "-e" "CARGO_INCREMENTAL=0" "-e" "RUST_BACKTRACE=full" "-e" "RUSTFLAGS=--cap-lints=warn" "-e" "RUSTDOCFLAGS=--cap-lints=warn" "-e" "CARGO_HOME=/opt/rustwide/cargo-home" "-e" "RUSTUP_HOME=/opt/rustwide/rustup-home" "-w" "/opt/rustwide/workdir" "-m" "1610612736" "--user" "0:0" "--network" "none" "ghcr.io/rust-lang/crates-build-env/linux@sha256:f3a9d4ad9d972b27faf3965f35b62e55ba32bbce8f20bc8fe909558a86702fde" "/opt/rustwide/cargo-home/bin/cargo" "+1.83.0" "test" "--frozen" "--no-run" "--message-format=json", kill_on_drop: false }`
[INFO] [stdout] 56944e91bd1ed1f22bc73613f913d4133b82a345fac02e9b4f3503e0859d4af8
[INFO] running `Command { std: "docker" "start" "-a" "56944e91bd1ed1f22bc73613f913d4133b82a345fac02e9b4f3503e0859d4af8", kill_on_drop: false }`
[INFO] [stderr] warning: /opt/rustwide/workdir/crates/rglauncher-gtk/Cargo.toml: `default_features` is deprecated in favor of `default-features` and will not work in the 2024 edition
[INFO] [stderr] (in the `serde_json` dependency)
[INFO] [stdout] warning: unused imports: `Receiver` and `Sender`
[INFO] [stdout]  --> crates/rglauncher-core/src/dispatcher/worker.rs:1:13
[INFO] [stdout]   |
[INFO] [stdout] 1 | use flume::{Receiver, Sender};
[INFO] [stdout]   |             ^^^^^^^^  ^^^^^^
[INFO] [stdout]   |
[INFO] [stdout]   = note: `#[warn(unused_imports)]` on by default
[INFO] [stdout] 
[INFO] [stdout] 
[INFO] [stdout] warning: unused import: `info`
[INFO] [stdout]  --> crates/rglauncher-core/src/dispatcher/worker.rs:4:22
[INFO] [stdout]   |
[INFO] [stdout] 4 | use tracing::{error, info};
[INFO] [stdout]   |                      ^^^^
[INFO] [stdout] 
[INFO] [stdout] 
[INFO] [stdout] warning: unused import: `tracing::info`
[INFO] [stdout]   --> crates/rglauncher-core/src/dispatcher/mod.rs:20:5
[INFO] [stdout]    |
[INFO] [stdout] 20 | use tracing::info;
[INFO] [stdout]    |     ^^^^^^^^^^^^^
[INFO] [stdout] 
[INFO] [stdout] 
[INFO] [stderr]    Compiling mdict v0.1.0 (/opt/rustwide/workdir/vendor/mdict)
[INFO] [stdout] warning: function `to_option` is never used
[INFO] [stdout]   --> crates/rglauncher-core/src/dispatcher/mod.rs:55:4
[INFO] [stdout]    |
[INFO] [stdout] 55 | fn to_option<T>(r: anyhow::Result<T>) -> Option<T> {
[INFO] [stdout]    |    ^^^^^^^^^
[INFO] [stdout]    |
[INFO] [stdout]    = note: `#[warn(dead_code)]` on by default
[INFO] [stdout] 
[INFO] [stdout] 
[INFO] [stderr]    Compiling rglcore v0.1.0 (/opt/rustwide/workdir/crates/rglauncher-core)
[INFO] [stdout] warning: fields `first_word` and `last_word` are never read
[INFO] [stdout]    --> vendor/mdict/src/mdict.rs:327:5
[INFO] [stdout]     |
[INFO] [stdout] 323 | struct MDictKeyBlockIndex {
[INFO] [stdout]     |        ------------------ fields in this struct
[INFO] [stdout] ...
[INFO] [stdout] 327 |     first_word: String,
[INFO] [stdout]     |     ^^^^^^^^^^
[INFO] [stdout] 328 |     /// The last keyword in thos keyword block
[INFO] [stdout] 329 |     last_word: String,
[INFO] [stdout]     |     ^^^^^^^^^
[INFO] [stdout]     |
[INFO] [stdout]     = note: `MDictKeyBlockIndex` has a derived impl for the trait `Debug`, but this is intentionally ignored during dead code analysis
[INFO] [stdout]     = note: `#[warn(dead_code)]` on by default
[INFO] [stdout] 
[INFO] [stdout] 
[INFO] [stderr]    Compiling rglauncher v0.1.0 (/opt/rustwide/workdir/crates/rglauncher-gtk)
[INFO] [stdout] warning: unused imports: `Receiver` and `Sender`
[INFO] [stdout]  --> crates/rglauncher-core/src/dispatcher/worker.rs:1:13
[INFO] [stdout]   |
[INFO] [stdout] 1 | use flume::{Receiver, Sender};
[INFO] [stdout]   |             ^^^^^^^^  ^^^^^^
[INFO] [stdout]   |
[INFO] [stdout]   = note: `#[warn(unused_imports)]` on by default
[INFO] [stdout] 
[INFO] [stdout] 
[INFO] [stdout] warning: unused import: `info`
[INFO] [stdout]  --> crates/rglauncher-core/src/dispatcher/worker.rs:4:22
[INFO] [stdout]   |
[INFO] [stdout] 4 | use tracing::{error, info};
[INFO] [stdout]   |                      ^^^^
[INFO] [stdout] 
[INFO] [stdout] 
[INFO] [stdout] warning: unused import: `tracing::info`
[INFO] [stdout]   --> crates/rglauncher-core/src/dispatcher/mod.rs:20:5
[INFO] [stdout]    |
[INFO] [stdout] 20 | use tracing::info;
[INFO] [stdout]    |     ^^^^^^^^^^^^^
[INFO] [stdout] 
[INFO] [stdout] 
[INFO] [stdout] warning: unused import: `info`
[INFO] [stdout]  --> crates/rglauncher-gtk/src/iconcache.rs:3:22
[INFO] [stdout]   |
[INFO] [stdout] 3 | use tracing::{debug, info};
[INFO] [stdout]   |                      ^^^^
[INFO] [stdout]   |
[INFO] [stdout]   = note: `#[warn(unused_imports)]` on by default
[INFO] [stdout] 
[INFO] [stdout] 
[INFO] [stdout] warning: fields `first_word` and `last_word` are never read
[INFO] [stdout]    --> vendor/mdict/src/mdict.rs:327:5
[INFO] [stdout]     |
[INFO] [stdout] 323 | struct MDictKeyBlockIndex {
[INFO] [stdout]     |        ------------------ fields in this struct
[INFO] [stdout] ...
[INFO] [stdout] 327 |     first_word: String,
[INFO] [stdout]     |     ^^^^^^^^^^
[INFO] [stdout] 328 |     /// The last keyword in thos keyword block
[INFO] [stdout] 329 |     last_word: String,
[INFO] [stdout]     |     ^^^^^^^^^
[INFO] [stdout]     |
[INFO] [stdout]     = note: `MDictKeyBlockIndex` has a derived impl for the trait `Debug`, but this is intentionally ignored during dead code analysis
[INFO] [stdout]     = note: `#[warn(dead_code)]` on by default
[INFO] [stdout] 
[INFO] [stdout] 
[INFO] [stdout] warning: function `to_option` is never used
[INFO] [stdout]   --> crates/rglauncher-core/src/dispatcher/mod.rs:55:4
[INFO] [stdout]    |
[INFO] [stdout] 55 | fn to_option<T>(r: anyhow::Result<T>) -> Option<T> {
[INFO] [stdout]    |    ^^^^^^^^^
[INFO] [stdout]    |
[INFO] [stdout]    = note: `#[warn(dead_code)]` on by default
[INFO] [stdout] 
[INFO] [stdout] 
[INFO] [stdout] warning: unused variable: `config`
[INFO] [stdout]   --> crates/rglauncher-gtk/src/pluginpreview/mod.rs:72:36
[INFO] [stdout]    |
[INFO] [stdout] 72 |     pub fn new(stack: &gtk::Stack, config: Arc<Config>) -> Self {
[INFO] [stdout]    |                                    ^^^^^^ help: if this is intentional, prefix it with an underscore: `_config`
[INFO] [stdout]    |
[INFO] [stdout]    = note: `#[warn(unused_variables)]` on by default
[INFO] [stdout] 
[INFO] [stdout] 
[INFO] [stdout] warning: function `build_pair_line` is never used
[INFO] [stdout]    --> crates/rglauncher-gtk/src/pluginpreview/mod.rs:168:4
[INFO] [stdout]     |
[INFO] [stdout] 168 | fn build_pair_line(grid: &gtk::Grid, row: i32, title: &str) -> gtk::Label {
[INFO] [stdout]     |    ^^^^^^^^^^^^^^^
[INFO] [stdout]     |
[INFO] [stdout]     = note: `#[warn(dead_code)]` on by default
[INFO] [stdout] 
[INFO] [stdout] 
[INFO] [stdout] warning: function `get_seprator` is never used
[INFO] [stdout]    --> crates/rglauncher-gtk/src/pluginpreview/mod.rs:189:4
[INFO] [stdout]     |
[INFO] [stdout] 189 | fn get_seprator() -> gtk::Separator {
[INFO] [stdout]     |    ^^^^^^^^^^^^
[INFO] [stdout] 
[INFO] [stdout] 
[INFO] [stdout] warning: field `preview_tx` is never read
[INFO] [stdout]    --> crates/rglauncher-gtk/src/pluginpreview/mod.rs:203:9
[INFO] [stdout]     |
[INFO] [stdout] 202 | pub struct Preview {
[INFO] [stdout]     |            ------- field in this struct
[INFO] [stdout] 203 |     pub preview_tx: Sender<PreviewMsg>,
[INFO] [stdout]     |         ^^^^^^^^^^
[INFO] [stdout]     |
[INFO] [stdout]     = note: `Preview` has a derived impl for the trait `Clone`, but this is intentionally ignored during dead code analysis
[INFO] [stdout] 
[INFO] [stdout] 
[INFO] [stderr]     Finished `test` profile [unoptimized + debuginfo] target(s) in 3.40s
[INFO] running `Command { std: "docker" "inspect" "56944e91bd1ed1f22bc73613f913d4133b82a345fac02e9b4f3503e0859d4af8", kill_on_drop: false }`
[INFO] running `Command { std: "docker" "rm" "-f" "56944e91bd1ed1f22bc73613f913d4133b82a345fac02e9b4f3503e0859d4af8", kill_on_drop: false }`
[INFO] [stdout] 56944e91bd1ed1f22bc73613f913d4133b82a345fac02e9b4f3503e0859d4af8
[INFO] running `Command { std: "docker" "create" "-v" "/var/lib/crater-agent-workspace/builds/worker-6-tc1/target:/opt/rustwide/target:rw,Z" "-v" "/var/lib/crater-agent-workspace/builds/worker-6-tc1/source:/opt/rustwide/workdir:ro,Z" "-v" "/var/lib/crater-agent-workspace/cargo-home:/opt/rustwide/cargo-home:ro,Z" "-v" "/var/lib/crater-agent-workspace/rustup-home:/opt/rustwide/rustup-home:ro,Z" "-e" "SOURCE_DIR=/opt/rustwide/workdir" "-e" "CARGO_TARGET_DIR=/opt/rustwide/target" "-e" "CARGO_INCREMENTAL=0" "-e" "RUST_BACKTRACE=full" "-e" "RUSTFLAGS=--cap-lints=warn" "-e" "RUSTDOCFLAGS=--cap-lints=warn" "-e" "CARGO_HOME=/opt/rustwide/cargo-home" "-e" "RUSTUP_HOME=/opt/rustwide/rustup-home" "-w" "/opt/rustwide/workdir" "-m" "1610612736" "--user" "0:0" "--network" "none" "ghcr.io/rust-lang/crates-build-env/linux@sha256:f3a9d4ad9d972b27faf3965f35b62e55ba32bbce8f20bc8fe909558a86702fde" "/opt/rustwide/cargo-home/bin/cargo" "+1.83.0" "test" "--frozen", kill_on_drop: false }`
[INFO] [stdout] 3f704e674873ddffc017c149439c69f5f0b24b0d76ae6b5fbe4b8f2cd2b570c9
[INFO] running `Command { std: "docker" "start" "-a" "3f704e674873ddffc017c149439c69f5f0b24b0d76ae6b5fbe4b8f2cd2b570c9", kill_on_drop: false }`
[INFO] [stderr] warning: /opt/rustwide/workdir/crates/rglauncher-gtk/Cargo.toml: `default_features` is deprecated in favor of `default-features` and will not work in the 2024 edition
[INFO] [stderr] (in the `serde_json` dependency)
[INFO] [stderr] warning: unused imports: `Receiver` and `Sender`
[INFO] [stderr]  --> crates/rglauncher-core/src/dispatcher/worker.rs:1:13
[INFO] [stderr]   |
[INFO] [stderr] 1 | use flume::{Receiver, Sender};
[INFO] [stderr]   |             ^^^^^^^^  ^^^^^^
[INFO] [stderr]   |
[INFO] [stderr]   = note: `#[warn(unused_imports)]` on by default
[INFO] [stderr] 
[INFO] [stderr] warning: unused import: `info`
[INFO] [stderr]  --> crates/rglauncher-core/src/dispatcher/worker.rs:4:22
[INFO] [stderr]   |
[INFO] [stderr] 4 | use tracing::{error, info};
[INFO] [stderr]   |                      ^^^^
[INFO] [stderr] 
[INFO] [stderr] warning: unused import: `tracing::info`
[INFO] [stderr]   --> crates/rglauncher-core/src/dispatcher/mod.rs:20:5
[INFO] [stderr]    |
[INFO] [stderr] 20 | use tracing::info;
[INFO] [stderr]    |     ^^^^^^^^^^^^^
[INFO] [stderr] 
[INFO] [stderr] warning: function `to_option` is never used
[INFO] [stderr]   --> crates/rglauncher-core/src/dispatcher/mod.rs:55:4
[INFO] [stderr]    |
[INFO] [stderr] 55 | fn to_option<T>(r: anyhow::Result<T>) -> Option<T> {
[INFO] [stderr]    |    ^^^^^^^^^
[INFO] [stderr]    |
[INFO] [stderr]    = note: `#[warn(dead_code)]` on by default
[INFO] [stderr] 
[INFO] [stderr] warning: `rglcore` (lib) generated 4 warnings (run `cargo fix --lib -p rglcore` to apply 3 suggestions)
[INFO] [stderr] warning: fields `first_word` and `last_word` are never read
[INFO] [stderr]    --> vendor/mdict/src/mdict.rs:327:5
[INFO] [stderr]     |
[INFO] [stderr] 323 | struct MDictKeyBlockIndex {
[INFO] [stderr]     |        ------------------ fields in this struct
[INFO] [stderr] ...
[INFO] [stderr] 327 |     first_word: String,
[INFO] [stderr]     |     ^^^^^^^^^^
[INFO] [stderr] 328 |     /// The last keyword in thos keyword block
[INFO] [stderr] 329 |     last_word: String,
[INFO] [stderr]     |     ^^^^^^^^^
[INFO] [stderr]     |
[INFO] [stderr]     = note: `MDictKeyBlockIndex` has a derived impl for the trait `Debug`, but this is intentionally ignored during dead code analysis
[INFO] [stderr]     = note: `#[warn(dead_code)]` on by default
[INFO] [stderr] 
[INFO] [stderr] warning: `mdict` (lib) generated 1 warning
[INFO] [stderr] warning: `mdict` (lib test) generated 1 warning (1 duplicate)
[INFO] [stderr] warning: `rglcore` (lib test) generated 4 warnings (4 duplicates)
[INFO] [stderr] warning: unused import: `info`
[INFO] [stderr]  --> crates/rglauncher-gtk/src/iconcache.rs:3:22
[INFO] [stderr]   |
[INFO] [stderr] 3 | use tracing::{debug, info};
[INFO] [stderr]   |                      ^^^^
[INFO] [stderr]   |
[INFO] [stderr]   = note: `#[warn(unused_imports)]` on by default
[INFO] [stderr] 
[INFO] [stderr] warning: unused variable: `config`
[INFO] [stderr]   --> crates/rglauncher-gtk/src/pluginpreview/mod.rs:72:36
[INFO] [stderr]    |
[INFO] [stderr] 72 |     pub fn new(stack: &gtk::Stack, config: Arc<Config>) -> Self {
[INFO] [stderr]    |                                    ^^^^^^ help: if this is intentional, prefix it with an underscore: `_config`
[INFO] [stderr]    |
[INFO] [stderr]    = note: `#[warn(unused_variables)]` on by default
[INFO] [stderr] 
[INFO] [stderr] warning: function `build_pair_line` is never used
[INFO] [stderr]    --> crates/rglauncher-gtk/src/pluginpreview/mod.rs:168:4
[INFO] [stderr]     |
[INFO] [stderr] 168 | fn build_pair_line(grid: &gtk::Grid, row: i32, title: &str) -> gtk::Label {
[INFO] [stderr]     |    ^^^^^^^^^^^^^^^
[INFO] [stderr]     |
[INFO] [stderr]     = note: `#[warn(dead_code)]` on by default
[INFO] [stderr] 
[INFO] [stderr] warning: function `get_seprator` is never used
[INFO] [stderr]    --> crates/rglauncher-gtk/src/pluginpreview/mod.rs:189:4
[INFO] [stderr]     |
[INFO] [stderr] 189 | fn get_seprator() -> gtk::Separator {
[INFO] [stderr]     |    ^^^^^^^^^^^^
[INFO] [stderr] 
[INFO] [stderr] warning: field `preview_tx` is never read
[INFO] [stderr]    --> crates/rglauncher-gtk/src/pluginpreview/mod.rs:203:9
[INFO] [stderr]     |
[INFO] [stderr] 202 | pub struct Preview {
[INFO] [stderr]     |            ------- field in this struct
[INFO] [stderr] 203 |     pub preview_tx: Sender<PreviewMsg>,
[INFO] [stderr]     |         ^^^^^^^^^^
[INFO] [stderr]     |
[INFO] [stderr]     = note: `Preview` has a derived impl for the trait `Clone`, but this is intentionally ignored during dead code analysis
[INFO] [stderr] 
[INFO] [stderr] warning: `rglauncher` (bin "rglauncher" test) generated 5 warnings (run `cargo fix --bin "rglauncher" --tests` to apply 1 suggestion)
[INFO] [stderr]     Finished `test` profile [unoptimized + debuginfo] target(s) in 0.23s
[INFO] [stderr]      Running unittests src/lib.rs (/opt/rustwide/target/debug/deps/mdict-2ae0c6244abfb01c)
[INFO] [stdout] 
[INFO] [stdout] running 0 tests
[INFO] [stdout] 
[INFO] [stdout] test result: ok. 0 passed; 0 failed; 0 ignored; 0 measured; 0 filtered out; finished in 0.00s
[INFO] [stdout] 
[INFO] [stderr]      Running unittests src/main.rs (/opt/rustwide/target/debug/deps/rglauncher-98269d8c194745bf)
[INFO] [stdout] 
[INFO] [stdout] running 0 tests
[INFO] [stdout] 
[INFO] [stdout] test result: ok. 0 passed; 0 failed; 0 ignored; 0 measured; 0 filtered out; finished in 0.00s
[INFO] [stdout] 
[INFO] [stderr]      Running unittests src/lib.rs (/opt/rustwide/target/debug/deps/rglcore-3bce3a6466e0b476)
[INFO] [stdout] 
[INFO] [stdout] running 1 test
[INFO] [stdout] test util::string_utils::tests::it_works ... ok
[INFO] [stdout] 
[INFO] [stdout] test result: ok. 1 passed; 0 failed; 0 ignored; 0 measured; 0 filtered out; finished in 0.00s
[INFO] [stdout] 
[INFO] [stderr]    Doc-tests mdict
[INFO] [stdout] 
[INFO] [stdout] running 1 test
[INFO] [stdout] test vendor/mdict/src/mdict.rs - mdict (line 44) ... FAILED
[INFO] [stdout] 
[INFO] [stdout] failures:
[INFO] [stdout] 
[INFO] [stdout] ---- vendor/mdict/src/mdict.rs - mdict (line 44) stdout ----
[INFO] [stdout] error[E0433]: failed to resolve: use of undeclared type `MDictIndex`
[INFO] [stdout]   --> vendor/mdict/src/mdict.rs:52:21
[INFO] [stdout]    |
[INFO] [stdout] 10 |     let mut mdict = MDictIndex::new(&mut file, MDictMode::Mdx)?;
[INFO] [stdout]    |                     ^^^^^^^^^^ use of undeclared type `MDictIndex`
[INFO] [stdout]    |
[INFO] [stdout] help: consider importing this struct
[INFO] [stdout]    |
[INFO] [stdout] 4  + use mdict::mdict::MDictIndex;
[INFO] [stdout]    |
[INFO] [stdout] 
[INFO] [stdout] error[E0433]: failed to resolve: use of undeclared type `MDictMode`
[INFO] [stdout]   --> vendor/mdict/src/mdict.rs:52:48
[INFO] [stdout]    |
[INFO] [stdout] 10 |     let mut mdict = MDictIndex::new(&mut file, MDictMode::Mdx)?;
[INFO] [stdout]    |                                                ^^^^^^^^^ use of undeclared type `MDictMode`
[INFO] [stdout]    |
[INFO] [stdout] help: consider importing this enum
[INFO] [stdout]    |
[INFO] [stdout] 4  + use mdict::mdict::MDictMode;
[INFO] [stdout]    |
[INFO] [stdout] 
[INFO] [stdout] error[E0412]: cannot find type `MDictRecordIndex` in this scope
[INFO] [stdout]   --> vendor/mdict/src/mdict.rs:55:34
[INFO] [stdout]    |
[INFO] [stdout] 13 |     let key_map: HashMap<String, MDictRecordIndex> = keys.into_iter().collect();
[INFO] [stdout]    |                                  ^^^^^^^^^^^^^^^^ not found in this scope
[INFO] [stdout]    |
[INFO] [stdout] help: consider importing this struct
[INFO] [stdout]    |
[INFO] [stdout] 4  + use mdict::mdict::MDictRecordIndex;
[INFO] [stdout]    |
[INFO] [stdout] 
[INFO] [stdout] error[E0425]: cannot find function `lookup` in this scope
[INFO] [stdout]   --> vendor/mdict/src/mdict.rs:58:26
[INFO] [stdout]    |
[INFO] [stdout] 16 |             let record = lookup(file, idx, &blocks[idx.block as usize])?;
[INFO] [stdout]    |                          ^^^^^^ not found in this scope
[INFO] [stdout]    |
[INFO] [stdout] help: consider importing this function
[INFO] [stdout]    |
[INFO] [stdout] 4  + use mdict::mdict::lookup;
[INFO] [stdout]    |
[INFO] [stdout] 
[INFO] [stdout] error: aborting due to 4 previous errors
[INFO] [stdout] 
[INFO] [stdout] Some errors have detailed explanations: E0412, E0425, E0433.
[INFO] [stdout] For more information about an error, try `rustc --explain E0412`.
[INFO] [stdout] Couldn't compile the test.
[INFO] [stdout] 
[INFO] [stdout] failures:
[INFO] [stdout]     vendor/mdict/src/mdict.rs - mdict (line 44)
[INFO] [stdout] 
[INFO] [stdout] test result: FAILED. 0 passed; 1 failed; 0 ignored; 0 measured; 0 filtered out; finished in 0.12s
[INFO] [stdout] 
[INFO] [stderr] error: doctest failed, to rerun pass `-p mdict --doc`
[INFO] running `Command { std: "docker" "inspect" "3f704e674873ddffc017c149439c69f5f0b24b0d76ae6b5fbe4b8f2cd2b570c9", kill_on_drop: false }`
[INFO] running `Command { std: "docker" "rm" "-f" "3f704e674873ddffc017c149439c69f5f0b24b0d76ae6b5fbe4b8f2cd2b570c9", kill_on_drop: false }`
[INFO] [stdout] 3f704e674873ddffc017c149439c69f5f0b24b0d76ae6b5fbe4b8f2cd2b570c9
