[INFO] cloning repository https://github.com/adrianncovaci/rakiu
[INFO] running `Command { std: "git" "-c" "credential.helper=" "-c" "credential.helper=/workspace/cargo-home/bin/git-credential-null" "clone" "--bare" "https://github.com/adrianncovaci/rakiu" "/workspace/cache/git-repos/https%3A%2F%2Fgithub.com%2Fadrianncovaci%2Frakiu", kill_on_drop: false }`
[INFO] [stderr] Cloning into bare repository '/workspace/cache/git-repos/https%3A%2F%2Fgithub.com%2Fadrianncovaci%2Frakiu'...
[INFO] running `Command { std: "git" "rev-parse" "HEAD", kill_on_drop: false }`
[INFO] [stdout] 1bee1be6e321074ee9162975968ca4e7854c5992
[INFO] testing adrianncovaci/rakiu against beta-2024-12-08 for beta-1.84.0-4-retry
[INFO] running `Command { std: "git" "clone" "/workspace/cache/git-repos/https%3A%2F%2Fgithub.com%2Fadrianncovaci%2Frakiu" "/workspace/builds/worker-4-tc2/source", kill_on_drop: false }`
[INFO] [stderr] Cloning into '/workspace/builds/worker-4-tc2/source'...
[INFO] [stderr] done.
[INFO] validating manifest of git repo https://github.com/adrianncovaci/rakiu on toolchain beta-2024-12-08
[INFO] running `Command { std: CARGO_HOME="/workspace/cargo-home" RUSTUP_HOME="/workspace/rustup-home" "/workspace/cargo-home/bin/cargo" "+beta-2024-12-08" "metadata" "--manifest-path" "Cargo.toml" "--no-deps", kill_on_drop: false }`
[INFO] started tweaking git repo https://github.com/adrianncovaci/rakiu
[INFO] finished tweaking git repo https://github.com/adrianncovaci/rakiu
[INFO] tweaked toml for git repo https://github.com/adrianncovaci/rakiu written to /workspace/builds/worker-4-tc2/source/Cargo.toml
[INFO] crate git repo https://github.com/adrianncovaci/rakiu already has a lockfile, it will not be regenerated
[INFO] running `Command { std: CARGO_HOME="/workspace/cargo-home" RUSTUP_HOME="/workspace/rustup-home" "/workspace/cargo-home/bin/cargo" "+beta-2024-12-08" "fetch" "--manifest-path" "Cargo.toml", kill_on_drop: false }`
[INFO] [stderr]     Blocking waiting for file lock on package cache
[INFO] [stderr]     Blocking waiting for file lock on package cache
[ERROR] error running command: no output for 300 seconds
[INFO] testing adrianncovaci/rakiu against beta-2024-12-08 for beta-1.84.0-4-retry
[INFO] running `Command { std: "git" "clone" "/workspace/cache/git-repos/https%3A%2F%2Fgithub.com%2Fadrianncovaci%2Frakiu" "/workspace/builds/worker-4-tc2/source", kill_on_drop: false }`
[INFO] [stderr] Cloning into '/workspace/builds/worker-4-tc2/source'...
[INFO] [stderr] done.
[INFO] validating manifest of git repo https://github.com/adrianncovaci/rakiu on toolchain beta-2024-12-08
[INFO] running `Command { std: CARGO_HOME="/workspace/cargo-home" RUSTUP_HOME="/workspace/rustup-home" "/workspace/cargo-home/bin/cargo" "+beta-2024-12-08" "metadata" "--manifest-path" "Cargo.toml" "--no-deps", kill_on_drop: false }`
[INFO] started tweaking git repo https://github.com/adrianncovaci/rakiu
[INFO] finished tweaking git repo https://github.com/adrianncovaci/rakiu
[INFO] tweaked toml for git repo https://github.com/adrianncovaci/rakiu written to /workspace/builds/worker-4-tc2/source/Cargo.toml
[INFO] crate git repo https://github.com/adrianncovaci/rakiu already has a lockfile, it will not be regenerated
[INFO] running `Command { std: CARGO_HOME="/workspace/cargo-home" RUSTUP_HOME="/workspace/rustup-home" "/workspace/cargo-home/bin/cargo" "+beta-2024-12-08" "fetch" "--manifest-path" "Cargo.toml", kill_on_drop: false }`
[INFO] [stderr]     Blocking waiting for file lock on package cache
[INFO] [stderr]     Blocking waiting for file lock on package cache
[ERROR] error running command: no output for 300 seconds
[INFO] testing adrianncovaci/rakiu against beta-2024-12-08 for beta-1.84.0-4-retry
[INFO] running `Command { std: "git" "clone" "/workspace/cache/git-repos/https%3A%2F%2Fgithub.com%2Fadrianncovaci%2Frakiu" "/workspace/builds/worker-4-tc2/source", kill_on_drop: false }`
[INFO] [stderr] Cloning into '/workspace/builds/worker-4-tc2/source'...
[INFO] [stderr] done.
[INFO] validating manifest of git repo https://github.com/adrianncovaci/rakiu on toolchain beta-2024-12-08
[INFO] running `Command { std: CARGO_HOME="/workspace/cargo-home" RUSTUP_HOME="/workspace/rustup-home" "/workspace/cargo-home/bin/cargo" "+beta-2024-12-08" "metadata" "--manifest-path" "Cargo.toml" "--no-deps", kill_on_drop: false }`
[INFO] started tweaking git repo https://github.com/adrianncovaci/rakiu
[INFO] finished tweaking git repo https://github.com/adrianncovaci/rakiu
[INFO] tweaked toml for git repo https://github.com/adrianncovaci/rakiu written to /workspace/builds/worker-4-tc2/source/Cargo.toml
[INFO] crate git repo https://github.com/adrianncovaci/rakiu already has a lockfile, it will not be regenerated
[INFO] running `Command { std: CARGO_HOME="/workspace/cargo-home" RUSTUP_HOME="/workspace/rustup-home" "/workspace/cargo-home/bin/cargo" "+beta-2024-12-08" "fetch" "--manifest-path" "Cargo.toml", kill_on_drop: false }`
[INFO] [stderr]     Blocking waiting for file lock on package cache
[INFO] [stderr]     Blocking waiting for file lock on package cache
[INFO] [stderr]  Downloading crates ...
[INFO] [stderr]   Downloaded llvm-sys v100.0.1
[INFO] running `Command { std: "docker" "create" "-v" "/var/lib/crater-agent-workspace/builds/worker-4-tc2/target:/opt/rustwide/target:rw,Z" "-v" "/var/lib/crater-agent-workspace/builds/worker-4-tc2/source:/opt/rustwide/workdir:ro,Z" "-v" "/var/lib/crater-agent-workspace/cargo-home:/opt/rustwide/cargo-home:ro,Z" "-v" "/var/lib/crater-agent-workspace/rustup-home:/opt/rustwide/rustup-home:ro,Z" "-e" "SOURCE_DIR=/opt/rustwide/workdir" "-e" "CARGO_TARGET_DIR=/opt/rustwide/target" "-e" "CARGO_HOME=/opt/rustwide/cargo-home" "-e" "RUSTUP_HOME=/opt/rustwide/rustup-home" "-w" "/opt/rustwide/workdir" "-m" "1610612736" "--user" "0:0" "--network" "none" "ghcr.io/rust-lang/crates-build-env/linux@sha256:f3a9d4ad9d972b27faf3965f35b62e55ba32bbce8f20bc8fe909558a86702fde" "/opt/rustwide/cargo-home/bin/cargo" "+beta-2024-12-08" "metadata" "--no-deps" "--format-version=1", kill_on_drop: false }`
[INFO] [stdout] 2f046c5f9830c7aef125785b58ed7ab154adc85d834bc8786cff11756a21e507
[INFO] running `Command { std: "docker" "start" "-a" "2f046c5f9830c7aef125785b58ed7ab154adc85d834bc8786cff11756a21e507", kill_on_drop: false }`
[INFO] running `Command { std: "docker" "inspect" "2f046c5f9830c7aef125785b58ed7ab154adc85d834bc8786cff11756a21e507", kill_on_drop: false }`
[INFO] running `Command { std: "docker" "rm" "-f" "2f046c5f9830c7aef125785b58ed7ab154adc85d834bc8786cff11756a21e507", kill_on_drop: false }`
[INFO] [stdout] 2f046c5f9830c7aef125785b58ed7ab154adc85d834bc8786cff11756a21e507
[INFO] running `Command { std: "docker" "create" "-v" "/var/lib/crater-agent-workspace/builds/worker-4-tc2/target:/opt/rustwide/target:rw,Z" "-v" "/var/lib/crater-agent-workspace/builds/worker-4-tc2/source:/opt/rustwide/workdir:ro,Z" "-v" "/var/lib/crater-agent-workspace/cargo-home:/opt/rustwide/cargo-home:ro,Z" "-v" "/var/lib/crater-agent-workspace/rustup-home:/opt/rustwide/rustup-home:ro,Z" "-e" "SOURCE_DIR=/opt/rustwide/workdir" "-e" "CARGO_TARGET_DIR=/opt/rustwide/target" "-e" "CARGO_INCREMENTAL=0" "-e" "RUST_BACKTRACE=full" "-e" "RUSTFLAGS=--cap-lints=warn" "-e" "RUSTDOCFLAGS=--cap-lints=warn" "-e" "CARGO_HOME=/opt/rustwide/cargo-home" "-e" "RUSTUP_HOME=/opt/rustwide/rustup-home" "-w" "/opt/rustwide/workdir" "-m" "1610612736" "--user" "0:0" "--network" "none" "ghcr.io/rust-lang/crates-build-env/linux@sha256:f3a9d4ad9d972b27faf3965f35b62e55ba32bbce8f20bc8fe909558a86702fde" "/opt/rustwide/cargo-home/bin/cargo" "+beta-2024-12-08" "build" "--frozen" "--message-format=json", kill_on_drop: false }`
[INFO] [stdout] c3997b212b57229f5a027d24af44b9a4b4803d8edce2946e7e6c296d8b82558f
[INFO] running `Command { std: "docker" "start" "-a" "c3997b212b57229f5a027d24af44b9a4b4803d8edce2946e7e6c296d8b82558f", kill_on_drop: false }`
[INFO] [stderr]    Compiling memchr v2.3.3
[INFO] [stderr]    Compiling lazy_static v1.4.0
[INFO] [stderr]    Compiling regex-syntax v0.6.17
[INFO] [stderr]    Compiling semver-parser v0.7.0
[INFO] [stderr]    Compiling libc v0.2.70
[INFO] [stderr]    Compiling cc v1.0.53
[INFO] [stderr]    Compiling thread_local v1.0.1
[INFO] [stderr]    Compiling semver v0.9.0
[INFO] [stderr]    Compiling aho-corasick v0.7.10
[INFO] [stderr]    Compiling regex v1.3.7
[INFO] [stderr]    Compiling llvm-sys v100.0.1
[INFO] [stderr]    Compiling rakiu v0.1.0 (/opt/rustwide/workdir)
[INFO] [stdout] warning: unused import: `Prefix`
[INFO] [stdout]  --> src/evaluation_mod/codegen.rs:3:55
[INFO] [stdout]   |
[INFO] [stdout] 3 | use crate::parser_mod::ParseItem::{Expression, Infix, Prefix, Statement};
[INFO] [stdout]   |                                                       ^^^^^^
[INFO] [stdout]   |
[INFO] [stdout]   = note: `#[warn(unused_imports)]` on by default
[INFO] [stdout] 
[INFO] [stdout] 
[INFO] [stdout] warning: unused import: `crate::lexer_mod::lexer::Lexer`
[INFO] [stdout]  --> src/evaluation_mod/evaluate.rs:2:5
[INFO] [stdout]   |
[INFO] [stdout] 2 | use crate::lexer_mod::lexer::Lexer;
[INFO] [stdout]   |     ^^^^^^^^^^^^^^^^^^^^^^^^^^^^^^
[INFO] [stdout] 
[INFO] [stdout] 
[INFO] [stdout] warning: unused import: `crate::parser_mod::Parser::Parser`
[INFO] [stdout]  --> src/evaluation_mod/evaluate.rs:4:5
[INFO] [stdout]   |
[INFO] [stdout] 4 | use crate::parser_mod::Parser::Parser;
[INFO] [stdout]   |     ^^^^^^^^^^^^^^^^^^^^^^^^^^^^^^^^^
[INFO] [stdout] 
[INFO] [stdout] 
[INFO] [stdout] warning: unused imports: `Write` and `self`
[INFO] [stdout]  --> src/evaluation_mod/evaluate.rs:5:15
[INFO] [stdout]   |
[INFO] [stdout] 5 | use std::io::{self, Write};
[INFO] [stdout]   |               ^^^^  ^^^^^
[INFO] [stdout] 
[INFO] [stdout] 
[INFO] [stdout] warning: unnecessary parentheses around `if` condition
[INFO] [stdout]    --> src/evaluation_mod/evaluate.rs:344:32
[INFO] [stdout]     |
[INFO] [stdout] 344 | ...                   if (*num < min) {
[INFO] [stdout]     |                          ^          ^
[INFO] [stdout]     |
[INFO] [stdout]     = note: `#[warn(unused_parens)]` on by default
[INFO] [stdout] help: remove these parentheses
[INFO] [stdout]     |
[INFO] [stdout] 344 -                             if (*num < min) {
[INFO] [stdout] 344 +                             if *num < min {
[INFO] [stdout]     |
[INFO] [stdout] 
[INFO] [stdout] 
[INFO] [stdout] warning: unnecessary parentheses around `for` iterator expression
[INFO] [stdout]    --> src/evaluation_mod/evaluate.rs:431:24
[INFO] [stdout]     |
[INFO] [stdout] 431 |             for col in (0..els[0].len()) {
[INFO] [stdout]     |                        ^               ^
[INFO] [stdout]     |
[INFO] [stdout] help: remove these parentheses
[INFO] [stdout]     |
[INFO] [stdout] 431 -             for col in (0..els[0].len()) {
[INFO] [stdout] 431 +             for col in 0..els[0].len() {
[INFO] [stdout]     |
[INFO] [stdout] 
[INFO] [stdout] 
[INFO] [stdout] warning: unnecessary parentheses around `if` condition
[INFO] [stdout]    --> src/evaluation_mod/evaluate.rs:542:12
[INFO] [stdout]     |
[INFO] [stdout] 542 |         if (arr[index].len() != arr[index + 1].len()) {
[INFO] [stdout]     |            ^                                        ^
[INFO] [stdout]     |
[INFO] [stdout] help: remove these parentheses
[INFO] [stdout]     |
[INFO] [stdout] 542 -         if (arr[index].len() != arr[index + 1].len()) {
[INFO] [stdout] 542 +         if arr[index].len() != arr[index + 1].len() {
[INFO] [stdout]     |
[INFO] [stdout] 
[INFO] [stdout] 
[INFO] [stdout] warning: unused import: `crate::lexer_mod::token::Token`
[INFO] [stdout]  --> src/parser_mod/ParseItem.rs:1:5
[INFO] [stdout]   |
[INFO] [stdout] 1 | use crate::lexer_mod::token::Token;
[INFO] [stdout]   |     ^^^^^^^^^^^^^^^^^^^^^^^^^^^^^^
[INFO] [stdout] 
[INFO] [stdout] 
[INFO] [stdout] warning: unused import: `crate::lexer_mod::lexer`
[INFO] [stdout]  --> src/parser_mod/Parser.rs:2:5
[INFO] [stdout]   |
[INFO] [stdout] 2 | use crate::lexer_mod::lexer;
[INFO] [stdout]   |     ^^^^^^^^^^^^^^^^^^^^^^^
[INFO] [stdout] 
[INFO] [stdout] 
[INFO] [stdout] warning: unused import: `crate::evaluation_mod::codegen::generate_code`
[INFO] [stdout]  --> src/main.rs:4:5
[INFO] [stdout]   |
[INFO] [stdout] 4 | use crate::evaluation_mod::codegen::generate_code;
[INFO] [stdout]   |     ^^^^^^^^^^^^^^^^^^^^^^^^^^^^^^^^^^^^^^^^^^^^^
[INFO] [stdout] 
[INFO] [stdout] 
[INFO] [stdout] warning: variable does not need to be mutable
[INFO] [stdout]   --> src/evaluation_mod/codegen.rs:27:9
[INFO] [stdout]    |
[INFO] [stdout] 27 |     let mut names = HashMap::new();
[INFO] [stdout]    |         ----^^^^^
[INFO] [stdout]    |         |
[INFO] [stdout]    |         help: remove this `mut`
[INFO] [stdout]    |
[INFO] [stdout]    = note: `#[warn(unused_mut)]` on by default
[INFO] [stdout] 
[INFO] [stdout] 
[INFO] [stdout] warning: variable does not need to be mutable
[INFO] [stdout]   --> src/evaluation_mod/codegen.rs:40:5
[INFO] [stdout]    |
[INFO] [stdout] 40 |     mut built_ins: HashMap<&'static str, *mut llvm::LLVMValue>,
[INFO] [stdout]    |     ----^^^^^^^^^
[INFO] [stdout]    |     |
[INFO] [stdout]    |     help: remove this `mut`
[INFO] [stdout] 
[INFO] [stdout] 
[INFO] [stdout] warning: variable does not need to be mutable
[INFO] [stdout]    --> src/evaluation_mod/codegen.rs:126:5
[INFO] [stdout]     |
[INFO] [stdout] 126 |     mut built_ins: &HashMap<&'static str, *mut llvm::LLVMValue>,
[INFO] [stdout]     |     ----^^^^^^^^^
[INFO] [stdout]     |     |
[INFO] [stdout]     |     help: remove this `mut`
[INFO] [stdout] 
[INFO] [stdout] 
[INFO] [stdout] warning: unused variable: `value`
[INFO] [stdout]   --> src/evaluation_mod/evaluate.rs:78:17
[INFO] [stdout]    |
[INFO] [stdout] 78 |             let value = env
[INFO] [stdout]    |                 ^^^^^ help: if this is intentional, prefix it with an underscore: `_value`
[INFO] [stdout]    |
[INFO] [stdout]    = note: `#[warn(unused_variables)]` on by default
[INFO] [stdout] 
[INFO] [stdout] 
[INFO] [stdout] warning: unused variable: `num`
[INFO] [stdout]    --> src/evaluation_mod/evaluate.rs:192:41
[INFO] [stdout]     |
[INFO] [stdout] 192 |                         Object::Integer(num) => {
[INFO] [stdout]     |                                         ^^^ help: if this is intentional, prefix it with an underscore: `_num`
[INFO] [stdout] 
[INFO] [stdout] 
[INFO] [stdout] warning: unused variable: `i`
[INFO] [stdout]    --> src/evaluation_mod/evaluate.rs:391:17
[INFO] [stdout]     |
[INFO] [stdout] 391 |             for i in 0..first_arr.len() {
[INFO] [stdout]     |                 ^ help: if this is intentional, prefix it with an underscore: `_i`
[INFO] [stdout] 
[INFO] [stdout] 
[INFO] [stdout] warning: unused variable: `j`
[INFO] [stdout]    --> src/evaluation_mod/evaluate.rs:393:21
[INFO] [stdout]     |
[INFO] [stdout] 393 |                 for j in 0..second_arr[0].len() {
[INFO] [stdout]     |                     ^ help: if this is intentional, prefix it with an underscore: `_j`
[INFO] [stdout] 
[INFO] [stdout] 
[INFO] [stdout] warning: enum `Object` is never used
[INFO] [stdout]   --> src/evaluation_mod/codegen.rs:10:10
[INFO] [stdout]    |
[INFO] [stdout] 10 | pub enum Object {
[INFO] [stdout]    |          ^^^^^^
[INFO] [stdout]    |
[INFO] [stdout]    = note: `#[warn(dead_code)]` on by default
[INFO] [stdout] 
[INFO] [stdout] 
[INFO] [stdout] warning: function `generate_code` is never used
[INFO] [stdout]   --> src/evaluation_mod/codegen.rs:16:15
[INFO] [stdout]    |
[INFO] [stdout] 16 | pub unsafe fn generate_code(input: Vec<ParseItem::Statement>) {
[INFO] [stdout]    |               ^^^^^^^^^^^^^
[INFO] [stdout] 
[INFO] [stdout] 
[INFO] [stdout] warning: function `codegen` is never used
[INFO] [stdout]   --> src/evaluation_mod/codegen.rs:33:11
[INFO] [stdout]    |
[INFO] [stdout] 33 | unsafe fn codegen(
[INFO] [stdout]    |           ^^^^^^^
[INFO] [stdout] 
[INFO] [stdout] 
[INFO] [stdout] warning: function `insert_allocations` is never used
[INFO] [stdout]   --> src/evaluation_mod/codegen.rs:61:11
[INFO] [stdout]    |
[INFO] [stdout] 61 | unsafe fn insert_allocations(
[INFO] [stdout]    |           ^^^^^^^^^^^^^^^^^^
[INFO] [stdout] 
[INFO] [stdout] 
[INFO] [stdout] warning: function `call_function` is never used
[INFO] [stdout]   --> src/evaluation_mod/codegen.rs:87:8
[INFO] [stdout]    |
[INFO] [stdout] 87 | pub fn call_function(
[INFO] [stdout]    |        ^^^^^^^^^^^^^
[INFO] [stdout] 
[INFO] [stdout] 
[INFO] [stdout] warning: function `pointer_type` is never used
[INFO] [stdout]    --> src/evaluation_mod/codegen.rs:104:8
[INFO] [stdout]     |
[INFO] [stdout] 104 | pub fn pointer_type() -> *mut llvm::LLVMType {
[INFO] [stdout]     |        ^^^^^^^^^^^^
[INFO] [stdout] 
[INFO] [stdout] 
[INFO] [stdout] warning: function `create_printf` is never used
[INFO] [stdout]    --> src/evaluation_mod/codegen.rs:108:15
[INFO] [stdout]     |
[INFO] [stdout] 108 | pub unsafe fn create_printf(module: *mut llvm::LLVMModule) -> *mut llvm::LLVMValue {
[INFO] [stdout]     |               ^^^^^^^^^^^^^
[INFO] [stdout] 
[INFO] [stdout] 
[INFO] [stdout] warning: function `codegen_expr` is never used
[INFO] [stdout]    --> src/evaluation_mod/codegen.rs:120:11
[INFO] [stdout]     |
[INFO] [stdout] 120 | unsafe fn codegen_expr(
[INFO] [stdout]     |           ^^^^^^^^^^^^
[INFO] [stdout] 
[INFO] [stdout] 
[INFO] [stdout] warning: method `get_by_ref` is never used
[INFO] [stdout]   --> src/evaluation_mod/env.rs:23:12
[INFO] [stdout]    |
[INFO] [stdout] 8  | impl Env {
[INFO] [stdout]    | -------- method in this implementation
[INFO] [stdout] ...
[INFO] [stdout] 23 |     pub fn get_by_ref(&mut self, key: &str) -> Option<&Object> {
[INFO] [stdout]    |            ^^^^^^^^^^
[INFO] [stdout] 
[INFO] [stdout] 
[INFO] [stdout] warning: variant `Extern` is never constructed
[INFO] [stdout]   --> src/lexer_mod/token.rs:41:5
[INFO] [stdout]    |
[INFO] [stdout] 4  | pub enum Token {
[INFO] [stdout]    |          ----- variant in this enum
[INFO] [stdout] ...
[INFO] [stdout] 41 |     Extern,
[INFO] [stdout]    |     ^^^^^^
[INFO] [stdout]    |
[INFO] [stdout]    = note: `Token` has a derived impl for the trait `Debug`, but this is intentionally ignored during dead code analysis
[INFO] [stdout] 
[INFO] [stdout] 
[INFO] [stdout] warning: struct `Program` is never constructed
[INFO] [stdout]  --> src/parser_mod/ParseItem.rs:5:12
[INFO] [stdout]   |
[INFO] [stdout] 5 | pub struct Program {
[INFO] [stdout]   |            ^^^^^^^
[INFO] [stdout] 
[INFO] [stdout] 
[INFO] [stdout] warning: associated function `new` is never used
[INFO] [stdout]   --> src/parser_mod/ParseItem.rs:10:12
[INFO] [stdout]    |
[INFO] [stdout] 9  | impl Program {
[INFO] [stdout]    | ------------ associated function in this implementation
[INFO] [stdout] 10 |     pub fn new() -> Program {
[INFO] [stdout]    |            ^^^
[INFO] [stdout] 
[INFO] [stdout] 
[INFO] [stdout] warning: method `parse_integer_literal` is never used
[INFO] [stdout]    --> src/parser_mod/Parser.rs:349:8
[INFO] [stdout]     |
[INFO] [stdout] 63  | impl<'a> Parser<'a> {
[INFO] [stdout]     | ------------------- method in this implementation
[INFO] [stdout] ...
[INFO] [stdout] 349 |     fn parse_integer_literal(&mut self) -> Option<ParseItem::Expression> {
[INFO] [stdout]     |        ^^^^^^^^^^^^^^^^^^^^^
[INFO] [stdout] 
[INFO] [stdout] 
[INFO] [stdout] warning: module `ParseItem` should have a snake case name
[INFO] [stdout]  --> src/parser_mod.rs:1:9
[INFO] [stdout]   |
[INFO] [stdout] 1 | pub mod ParseItem;
[INFO] [stdout]   |         ^^^^^^^^^ help: convert the identifier to snake case: `parse_item`
[INFO] [stdout]   |
[INFO] [stdout]   = note: `#[warn(non_snake_case)]` on by default
[INFO] [stdout] 
[INFO] [stdout] 
[INFO] [stdout] warning: module `Parser` should have a snake case name
[INFO] [stdout]  --> src/parser_mod.rs:2:9
[INFO] [stdout]   |
[INFO] [stdout] 2 | pub mod Parser;
[INFO] [stdout]   |         ^^^^^^ help: convert the identifier to snake case: `parser`
[INFO] [stdout] 
[INFO] [stdout] 
[INFO] [stdout] warning: unnecessary allocation, use `&` instead
[INFO] [stdout]   --> src/parser_mod/ParseItem.rs:82:31
[INFO] [stdout]    |
[INFO] [stdout] 82 |                 if *index2 != Box::new(None) {
[INFO] [stdout]    |                               ^^^^^^^^^^^^^^
[INFO] [stdout]    |
[INFO] [stdout]    = note: `#[warn(unused_allocation)]` on by default
[INFO] [stdout] 
[INFO] [stdout] 
[INFO] [stderr]     Finished `dev` profile [unoptimized + debuginfo] target(s) in 8.77s
[INFO] running `Command { std: "docker" "inspect" "c3997b212b57229f5a027d24af44b9a4b4803d8edce2946e7e6c296d8b82558f", kill_on_drop: false }`
[INFO] running `Command { std: "docker" "rm" "-f" "c3997b212b57229f5a027d24af44b9a4b4803d8edce2946e7e6c296d8b82558f", kill_on_drop: false }`
[INFO] [stdout] c3997b212b57229f5a027d24af44b9a4b4803d8edce2946e7e6c296d8b82558f
[INFO] running `Command { std: "docker" "create" "-v" "/var/lib/crater-agent-workspace/builds/worker-4-tc2/target:/opt/rustwide/target:rw,Z" "-v" "/var/lib/crater-agent-workspace/builds/worker-4-tc2/source:/opt/rustwide/workdir:ro,Z" "-v" "/var/lib/crater-agent-workspace/cargo-home:/opt/rustwide/cargo-home:ro,Z" "-v" "/var/lib/crater-agent-workspace/rustup-home:/opt/rustwide/rustup-home:ro,Z" "-e" "SOURCE_DIR=/opt/rustwide/workdir" "-e" "CARGO_TARGET_DIR=/opt/rustwide/target" "-e" "CARGO_INCREMENTAL=0" "-e" "RUST_BACKTRACE=full" "-e" "RUSTFLAGS=--cap-lints=warn" "-e" "RUSTDOCFLAGS=--cap-lints=warn" "-e" "CARGO_HOME=/opt/rustwide/cargo-home" "-e" "RUSTUP_HOME=/opt/rustwide/rustup-home" "-w" "/opt/rustwide/workdir" "-m" "1610612736" "--user" "0:0" "--network" "none" "ghcr.io/rust-lang/crates-build-env/linux@sha256:f3a9d4ad9d972b27faf3965f35b62e55ba32bbce8f20bc8fe909558a86702fde" "/opt/rustwide/cargo-home/bin/cargo" "+beta-2024-12-08" "test" "--frozen" "--no-run" "--message-format=json", kill_on_drop: false }`
[INFO] [stdout] f77116e0bc234a8d7aa46f5bc14ab8f276c380f1c109783913c1185ac82c79e6
[INFO] running `Command { std: "docker" "start" "-a" "f77116e0bc234a8d7aa46f5bc14ab8f276c380f1c109783913c1185ac82c79e6", kill_on_drop: false }`
[INFO] [stderr]    Compiling rakiu v0.1.0 (/opt/rustwide/workdir)
[INFO] [stdout] warning: unused import: `Prefix`
[INFO] [stdout]  --> src/evaluation_mod/codegen.rs:3:55
[INFO] [stdout]   |
[INFO] [stdout] 3 | use crate::parser_mod::ParseItem::{Expression, Infix, Prefix, Statement};
[INFO] [stdout]   |                                                       ^^^^^^
[INFO] [stdout]   |
[INFO] [stdout]   = note: `#[warn(unused_imports)]` on by default
[INFO] [stdout] 
[INFO] [stdout] 
[INFO] [stdout] warning: unused import: `crate::lexer_mod::lexer::Lexer`
[INFO] [stdout]  --> src/evaluation_mod/evaluate.rs:2:5
[INFO] [stdout]   |
[INFO] [stdout] 2 | use crate::lexer_mod::lexer::Lexer;
[INFO] [stdout]   |     ^^^^^^^^^^^^^^^^^^^^^^^^^^^^^^
[INFO] [stdout] 
[INFO] [stdout] 
[INFO] [stdout] warning: unused import: `crate::parser_mod::Parser::Parser`
[INFO] [stdout]  --> src/evaluation_mod/evaluate.rs:4:5
[INFO] [stdout]   |
[INFO] [stdout] 4 | use crate::parser_mod::Parser::Parser;
[INFO] [stdout]   |     ^^^^^^^^^^^^^^^^^^^^^^^^^^^^^^^^^
[INFO] [stdout] 
[INFO] [stdout] 
[INFO] [stdout] warning: unused imports: `Write` and `self`
[INFO] [stdout]  --> src/evaluation_mod/evaluate.rs:5:15
[INFO] [stdout]   |
[INFO] [stdout] 5 | use std::io::{self, Write};
[INFO] [stdout]   |               ^^^^  ^^^^^
[INFO] [stdout] 
[INFO] [stdout] 
[INFO] [stdout] warning: unnecessary parentheses around `if` condition
[INFO] [stdout]    --> src/evaluation_mod/evaluate.rs:344:32
[INFO] [stdout]     |
[INFO] [stdout] 344 | ...                   if (*num < min) {
[INFO] [stdout]     |                          ^          ^
[INFO] [stdout]     |
[INFO] [stdout]     = note: `#[warn(unused_parens)]` on by default
[INFO] [stdout] help: remove these parentheses
[INFO] [stdout]     |
[INFO] [stdout] 344 -                             if (*num < min) {
[INFO] [stdout] 344 +                             if *num < min {
[INFO] [stdout]     |
[INFO] [stdout] 
[INFO] [stdout] 
[INFO] [stdout] warning: unnecessary parentheses around `for` iterator expression
[INFO] [stdout]    --> src/evaluation_mod/evaluate.rs:431:24
[INFO] [stdout]     |
[INFO] [stdout] 431 |             for col in (0..els[0].len()) {
[INFO] [stdout]     |                        ^               ^
[INFO] [stdout]     |
[INFO] [stdout] help: remove these parentheses
[INFO] [stdout]     |
[INFO] [stdout] 431 -             for col in (0..els[0].len()) {
[INFO] [stdout] 431 +             for col in 0..els[0].len() {
[INFO] [stdout]     |
[INFO] [stdout] 
[INFO] [stdout] 
[INFO] [stdout] warning: unnecessary parentheses around `if` condition
[INFO] [stdout]    --> src/evaluation_mod/evaluate.rs:542:12
[INFO] [stdout]     |
[INFO] [stdout] 542 |         if (arr[index].len() != arr[index + 1].len()) {
[INFO] [stdout]     |            ^                                        ^
[INFO] [stdout]     |
[INFO] [stdout] help: remove these parentheses
[INFO] [stdout]     |
[INFO] [stdout] 542 -         if (arr[index].len() != arr[index + 1].len()) {
[INFO] [stdout] 542 +         if arr[index].len() != arr[index + 1].len() {
[INFO] [stdout]     |
[INFO] [stdout] 
[INFO] [stdout] 
[INFO] [stdout] warning: unused import: `crate::lexer_mod::token::Token`
[INFO] [stdout]  --> src/parser_mod/ParseItem.rs:1:5
[INFO] [stdout]   |
[INFO] [stdout] 1 | use crate::lexer_mod::token::Token;
[INFO] [stdout]   |     ^^^^^^^^^^^^^^^^^^^^^^^^^^^^^^
[INFO] [stdout] 
[INFO] [stdout] 
[INFO] [stdout] warning: unused import: `crate::lexer_mod::lexer`
[INFO] [stdout]  --> src/parser_mod/Parser.rs:2:5
[INFO] [stdout]   |
[INFO] [stdout] 2 | use crate::lexer_mod::lexer;
[INFO] [stdout]   |     ^^^^^^^^^^^^^^^^^^^^^^^
[INFO] [stdout] 
[INFO] [stdout] 
[INFO] [stdout] warning: unused import: `crate::evaluation_mod::codegen::generate_code`
[INFO] [stdout]  --> src/main.rs:4:5
[INFO] [stdout]   |
[INFO] [stdout] 4 | use crate::evaluation_mod::codegen::generate_code;
[INFO] [stdout]   |     ^^^^^^^^^^^^^^^^^^^^^^^^^^^^^^^^^^^^^^^^^^^^^
[INFO] [stdout] 
[INFO] [stdout] 
[INFO] [stdout] warning: variable does not need to be mutable
[INFO] [stdout]   --> src/evaluation_mod/codegen.rs:27:9
[INFO] [stdout]    |
[INFO] [stdout] 27 |     let mut names = HashMap::new();
[INFO] [stdout]    |         ----^^^^^
[INFO] [stdout]    |         |
[INFO] [stdout]    |         help: remove this `mut`
[INFO] [stdout]    |
[INFO] [stdout]    = note: `#[warn(unused_mut)]` on by default
[INFO] [stdout] 
[INFO] [stdout] 
[INFO] [stdout] warning: variable does not need to be mutable
[INFO] [stdout]   --> src/evaluation_mod/codegen.rs:40:5
[INFO] [stdout]    |
[INFO] [stdout] 40 |     mut built_ins: HashMap<&'static str, *mut llvm::LLVMValue>,
[INFO] [stdout]    |     ----^^^^^^^^^
[INFO] [stdout]    |     |
[INFO] [stdout]    |     help: remove this `mut`
[INFO] [stdout] 
[INFO] [stdout] 
[INFO] [stdout] warning: variable does not need to be mutable
[INFO] [stdout]    --> src/evaluation_mod/codegen.rs:126:5
[INFO] [stdout]     |
[INFO] [stdout] 126 |     mut built_ins: &HashMap<&'static str, *mut llvm::LLVMValue>,
[INFO] [stdout]     |     ----^^^^^^^^^
[INFO] [stdout]     |     |
[INFO] [stdout]     |     help: remove this `mut`
[INFO] [stdout] 
[INFO] [stdout] 
[INFO] [stdout] warning: unused variable: `value`
[INFO] [stdout]   --> src/evaluation_mod/evaluate.rs:78:17
[INFO] [stdout]    |
[INFO] [stdout] 78 |             let value = env
[INFO] [stdout]    |                 ^^^^^ help: if this is intentional, prefix it with an underscore: `_value`
[INFO] [stdout]    |
[INFO] [stdout]    = note: `#[warn(unused_variables)]` on by default
[INFO] [stdout] 
[INFO] [stdout] 
[INFO] [stdout] warning: unused variable: `num`
[INFO] [stdout]    --> src/evaluation_mod/evaluate.rs:192:41
[INFO] [stdout]     |
[INFO] [stdout] 192 |                         Object::Integer(num) => {
[INFO] [stdout]     |                                         ^^^ help: if this is intentional, prefix it with an underscore: `_num`
[INFO] [stdout] 
[INFO] [stdout] 
[INFO] [stdout] warning: unused variable: `i`
[INFO] [stdout]    --> src/evaluation_mod/evaluate.rs:391:17
[INFO] [stdout]     |
[INFO] [stdout] 391 |             for i in 0..first_arr.len() {
[INFO] [stdout]     |                 ^ help: if this is intentional, prefix it with an underscore: `_i`
[INFO] [stdout] 
[INFO] [stdout] 
[INFO] [stdout] warning: unused variable: `j`
[INFO] [stdout]    --> src/evaluation_mod/evaluate.rs:393:21
[INFO] [stdout]     |
[INFO] [stdout] 393 |                 for j in 0..second_arr[0].len() {
[INFO] [stdout]     |                     ^ help: if this is intentional, prefix it with an underscore: `_j`
[INFO] [stdout] 
[INFO] [stdout] 
[INFO] [stdout] warning: variable does not need to be mutable
[INFO] [stdout]    --> src/evaluation_mod/evaluate.rs:588:13
[INFO] [stdout]     |
[INFO] [stdout] 588 |         let mut lexer = Lexer::new(input);
[INFO] [stdout]     |             ----^^^^^
[INFO] [stdout]     |             |
[INFO] [stdout]     |             help: remove this `mut`
[INFO] [stdout] 
[INFO] [stdout] 
[INFO] [stdout] warning: variable does not need to be mutable
[INFO] [stdout]    --> src/evaluation_mod/evaluate.rs:590:13
[INFO] [stdout]     |
[INFO] [stdout] 590 |         let mut output = parser.parse();
[INFO] [stdout]     |             ----^^^^^^
[INFO] [stdout]     |             |
[INFO] [stdout]     |             help: remove this `mut`
[INFO] [stdout] 
[INFO] [stdout] 
[INFO] [stdout] warning: enum `Object` is never used
[INFO] [stdout]   --> src/evaluation_mod/codegen.rs:10:10
[INFO] [stdout]    |
[INFO] [stdout] 10 | pub enum Object {
[INFO] [stdout]    |          ^^^^^^
[INFO] [stdout]    |
[INFO] [stdout]    = note: `#[warn(dead_code)]` on by default
[INFO] [stdout] 
[INFO] [stdout] 
[INFO] [stdout] warning: function `generate_code` is never used
[INFO] [stdout]   --> src/evaluation_mod/codegen.rs:16:15
[INFO] [stdout]    |
[INFO] [stdout] 16 | pub unsafe fn generate_code(input: Vec<ParseItem::Statement>) {
[INFO] [stdout]    |               ^^^^^^^^^^^^^
[INFO] [stdout] 
[INFO] [stdout] 
[INFO] [stdout] warning: function `codegen` is never used
[INFO] [stdout]   --> src/evaluation_mod/codegen.rs:33:11
[INFO] [stdout]    |
[INFO] [stdout] 33 | unsafe fn codegen(
[INFO] [stdout]    |           ^^^^^^^
[INFO] [stdout] 
[INFO] [stdout] 
[INFO] [stdout] warning: function `insert_allocations` is never used
[INFO] [stdout]   --> src/evaluation_mod/codegen.rs:61:11
[INFO] [stdout]    |
[INFO] [stdout] 61 | unsafe fn insert_allocations(
[INFO] [stdout]    |           ^^^^^^^^^^^^^^^^^^
[INFO] [stdout] 
[INFO] [stdout] 
[INFO] [stdout] warning: function `call_function` is never used
[INFO] [stdout]   --> src/evaluation_mod/codegen.rs:87:8
[INFO] [stdout]    |
[INFO] [stdout] 87 | pub fn call_function(
[INFO] [stdout]    |        ^^^^^^^^^^^^^
[INFO] [stdout] 
[INFO] [stdout] 
[INFO] [stdout] warning: function `pointer_type` is never used
[INFO] [stdout]    --> src/evaluation_mod/codegen.rs:104:8
[INFO] [stdout]     |
[INFO] [stdout] 104 | pub fn pointer_type() -> *mut llvm::LLVMType {
[INFO] [stdout]     |        ^^^^^^^^^^^^
[INFO] [stdout] 
[INFO] [stdout] 
[INFO] [stdout] warning: function `create_printf` is never used
[INFO] [stdout]    --> src/evaluation_mod/codegen.rs:108:15
[INFO] [stdout]     |
[INFO] [stdout] 108 | pub unsafe fn create_printf(module: *mut llvm::LLVMModule) -> *mut llvm::LLVMValue {
[INFO] [stdout]     |               ^^^^^^^^^^^^^
[INFO] [stdout] 
[INFO] [stdout] 
[INFO] [stdout] warning: function `codegen_expr` is never used
[INFO] [stdout]    --> src/evaluation_mod/codegen.rs:120:11
[INFO] [stdout]     |
[INFO] [stdout] 120 | unsafe fn codegen_expr(
[INFO] [stdout]     |           ^^^^^^^^^^^^
[INFO] [stdout] 
[INFO] [stdout] 
[INFO] [stdout] warning: method `get_by_ref` is never used
[INFO] [stdout]   --> src/evaluation_mod/env.rs:23:12
[INFO] [stdout]    |
[INFO] [stdout] 8  | impl Env {
[INFO] [stdout]    | -------- method in this implementation
[INFO] [stdout] ...
[INFO] [stdout] 23 |     pub fn get_by_ref(&mut self, key: &str) -> Option<&Object> {
[INFO] [stdout]    |            ^^^^^^^^^^
[INFO] [stdout] 
[INFO] [stdout] 
[INFO] [stdout] warning: variant `Extern` is never constructed
[INFO] [stdout]   --> src/lexer_mod/token.rs:41:5
[INFO] [stdout]    |
[INFO] [stdout] 4  | pub enum Token {
[INFO] [stdout]    |          ----- variant in this enum
[INFO] [stdout] ...
[INFO] [stdout] 41 |     Extern,
[INFO] [stdout]    |     ^^^^^^
[INFO] [stdout]    |
[INFO] [stdout]    = note: `Token` has a derived impl for the trait `Debug`, but this is intentionally ignored during dead code analysis
[INFO] [stdout] 
[INFO] [stdout] 
[INFO] [stdout] warning: struct `Program` is never constructed
[INFO] [stdout]  --> src/parser_mod/ParseItem.rs:5:12
[INFO] [stdout]   |
[INFO] [stdout] 5 | pub struct Program {
[INFO] [stdout]   |            ^^^^^^^
[INFO] [stdout] 
[INFO] [stdout] 
[INFO] [stdout] warning: associated function `new` is never used
[INFO] [stdout]   --> src/parser_mod/ParseItem.rs:10:12
[INFO] [stdout]    |
[INFO] [stdout] 9  | impl Program {
[INFO] [stdout]    | ------------ associated function in this implementation
[INFO] [stdout] 10 |     pub fn new() -> Program {
[INFO] [stdout]    |            ^^^
[INFO] [stdout] 
[INFO] [stdout] 
[INFO] [stdout] warning: method `parse_integer_literal` is never used
[INFO] [stdout]    --> src/parser_mod/Parser.rs:349:8
[INFO] [stdout]     |
[INFO] [stdout] 63  | impl<'a> Parser<'a> {
[INFO] [stdout]     | ------------------- method in this implementation
[INFO] [stdout] ...
[INFO] [stdout] 349 |     fn parse_integer_literal(&mut self) -> Option<ParseItem::Expression> {
[INFO] [stdout]     |        ^^^^^^^^^^^^^^^^^^^^^
[INFO] [stdout] 
[INFO] [stdout] 
[INFO] [stdout] warning: module `ParseItem` should have a snake case name
[INFO] [stdout]  --> src/parser_mod.rs:1:9
[INFO] [stdout]   |
[INFO] [stdout] 1 | pub mod ParseItem;
[INFO] [stdout]   |         ^^^^^^^^^ help: convert the identifier to snake case: `parse_item`
[INFO] [stdout]   |
[INFO] [stdout]   = note: `#[warn(non_snake_case)]` on by default
[INFO] [stdout] 
[INFO] [stdout] 
[INFO] [stdout] warning: module `Parser` should have a snake case name
[INFO] [stdout]  --> src/parser_mod.rs:2:9
[INFO] [stdout]   |
[INFO] [stdout] 2 | pub mod Parser;
[INFO] [stdout]   |         ^^^^^^ help: convert the identifier to snake case: `parser`
[INFO] [stdout] 
[INFO] [stdout] 
[INFO] [stdout] warning: unnecessary allocation, use `&` instead
[INFO] [stdout]   --> src/parser_mod/ParseItem.rs:82:31
[INFO] [stdout]    |
[INFO] [stdout] 82 |                 if *index2 != Box::new(None) {
[INFO] [stdout]    |                               ^^^^^^^^^^^^^^
[INFO] [stdout]    |
[INFO] [stdout]    = note: `#[warn(unused_allocation)]` on by default
[INFO] [stdout] 
[INFO] [stdout] 
[INFO] [stderr]     Finished `test` profile [unoptimized + debuginfo] target(s) in 1.23s
[INFO] running `Command { std: "docker" "inspect" "f77116e0bc234a8d7aa46f5bc14ab8f276c380f1c109783913c1185ac82c79e6", kill_on_drop: false }`
[INFO] running `Command { std: "docker" "rm" "-f" "f77116e0bc234a8d7aa46f5bc14ab8f276c380f1c109783913c1185ac82c79e6", kill_on_drop: false }`
[INFO] [stdout] f77116e0bc234a8d7aa46f5bc14ab8f276c380f1c109783913c1185ac82c79e6
[INFO] running `Command { std: "docker" "create" "-v" "/var/lib/crater-agent-workspace/builds/worker-4-tc2/target:/opt/rustwide/target:rw,Z" "-v" "/var/lib/crater-agent-workspace/builds/worker-4-tc2/source:/opt/rustwide/workdir:ro,Z" "-v" "/var/lib/crater-agent-workspace/cargo-home:/opt/rustwide/cargo-home:ro,Z" "-v" "/var/lib/crater-agent-workspace/rustup-home:/opt/rustwide/rustup-home:ro,Z" "-e" "SOURCE_DIR=/opt/rustwide/workdir" "-e" "CARGO_TARGET_DIR=/opt/rustwide/target" "-e" "CARGO_INCREMENTAL=0" "-e" "RUST_BACKTRACE=full" "-e" "RUSTFLAGS=--cap-lints=warn" "-e" "RUSTDOCFLAGS=--cap-lints=warn" "-e" "CARGO_HOME=/opt/rustwide/cargo-home" "-e" "RUSTUP_HOME=/opt/rustwide/rustup-home" "-w" "/opt/rustwide/workdir" "-m" "1610612736" "--user" "0:0" "--network" "none" "ghcr.io/rust-lang/crates-build-env/linux@sha256:f3a9d4ad9d972b27faf3965f35b62e55ba32bbce8f20bc8fe909558a86702fde" "/opt/rustwide/cargo-home/bin/cargo" "+beta-2024-12-08" "test" "--frozen", kill_on_drop: false }`
[INFO] [stdout] b2851fc927e2399c49b82387da76d3bcb4d9cbd8457a3f6d452ca654defeb34a
[INFO] running `Command { std: "docker" "start" "-a" "b2851fc927e2399c49b82387da76d3bcb4d9cbd8457a3f6d452ca654defeb34a", kill_on_drop: false }`
[INFO] [stderr] warning: unused import: `Prefix`
[INFO] [stderr]  --> src/evaluation_mod/codegen.rs:3:55
[INFO] [stderr]   |
[INFO] [stderr] 3 | use crate::parser_mod::ParseItem::{Expression, Infix, Prefix, Statement};
[INFO] [stderr]   |                                                       ^^^^^^
[INFO] [stderr]   |
[INFO] [stderr]   = note: `#[warn(unused_imports)]` on by default
[INFO] [stderr] 
[INFO] [stderr] warning: unused import: `crate::lexer_mod::lexer::Lexer`
[INFO] [stderr]  --> src/evaluation_mod/evaluate.rs:2:5
[INFO] [stderr]   |
[INFO] [stderr] 2 | use crate::lexer_mod::lexer::Lexer;
[INFO] [stderr]   |     ^^^^^^^^^^^^^^^^^^^^^^^^^^^^^^
[INFO] [stderr] 
[INFO] [stderr] warning: unused import: `crate::parser_mod::Parser::Parser`
[INFO] [stderr]  --> src/evaluation_mod/evaluate.rs:4:5
[INFO] [stderr]   |
[INFO] [stderr] 4 | use crate::parser_mod::Parser::Parser;
[INFO] [stderr]   |     ^^^^^^^^^^^^^^^^^^^^^^^^^^^^^^^^^
[INFO] [stderr] 
[INFO] [stderr] warning: unused imports: `Write` and `self`
[INFO] [stderr]  --> src/evaluation_mod/evaluate.rs:5:15
[INFO] [stderr]   |
[INFO] [stderr] 5 | use std::io::{self, Write};
[INFO] [stderr]   |               ^^^^  ^^^^^
[INFO] [stderr] 
[INFO] [stderr] warning: unnecessary parentheses around `if` condition
[INFO] [stderr]    --> src/evaluation_mod/evaluate.rs:344:32
[INFO] [stderr]     |
[INFO] [stderr] 344 | ...                   if (*num < min) {
[INFO] [stderr]     |                          ^          ^
[INFO] [stderr]     |
[INFO] [stderr]     = note: `#[warn(unused_parens)]` on by default
[INFO] [stderr] help: remove these parentheses
[INFO] [stderr]     |
[INFO] [stderr] 344 -                             if (*num < min) {
[INFO] [stderr] 344 +                             if *num < min {
[INFO] [stderr]     |
[INFO] [stderr] 
[INFO] [stderr] warning: unnecessary parentheses around `for` iterator expression
[INFO] [stderr]    --> src/evaluation_mod/evaluate.rs:431:24
[INFO] [stderr]     |
[INFO] [stderr] 431 |             for col in (0..els[0].len()) {
[INFO] [stderr]     |                        ^               ^
[INFO] [stderr]     |
[INFO] [stderr] help: remove these parentheses
[INFO] [stderr]     |
[INFO] [stderr] 431 -             for col in (0..els[0].len()) {
[INFO] [stderr] 431 +             for col in 0..els[0].len() {
[INFO] [stderr]     |
[INFO] [stderr] 
[INFO] [stderr] warning: unnecessary parentheses around `if` condition
[INFO] [stderr]    --> src/evaluation_mod/evaluate.rs:542:12
[INFO] [stderr]     |
[INFO] [stderr] 542 |         if (arr[index].len() != arr[index + 1].len()) {
[INFO] [stderr]     |            ^                                        ^
[INFO] [stderr]     |
[INFO] [stderr] help: remove these parentheses
[INFO] [stderr]     |
[INFO] [stderr] 542 -         if (arr[index].len() != arr[index + 1].len()) {
[INFO] [stderr] 542 +         if arr[index].len() != arr[index + 1].len() {
[INFO] [stderr]     |
[INFO] [stderr] 
[INFO] [stderr] warning: unused import: `crate::lexer_mod::token::Token`
[INFO] [stderr]  --> src/parser_mod/ParseItem.rs:1:5
[INFO] [stderr]   |
[INFO] [stderr] 1 | use crate::lexer_mod::token::Token;
[INFO] [stderr]   |     ^^^^^^^^^^^^^^^^^^^^^^^^^^^^^^
[INFO] [stderr] 
[INFO] [stderr] warning: unused import: `crate::lexer_mod::lexer`
[INFO] [stderr]  --> src/parser_mod/Parser.rs:2:5
[INFO] [stderr]   |
[INFO] [stderr] 2 | use crate::lexer_mod::lexer;
[INFO] [stderr]   |     ^^^^^^^^^^^^^^^^^^^^^^^
[INFO] [stderr] 
[INFO] [stderr] warning: unused import: `crate::evaluation_mod::codegen::generate_code`
[INFO] [stderr]  --> src/main.rs:4:5
[INFO] [stderr]   |
[INFO] [stderr] 4 | use crate::evaluation_mod::codegen::generate_code;
[INFO] [stderr]   |     ^^^^^^^^^^^^^^^^^^^^^^^^^^^^^^^^^^^^^^^^^^^^^
[INFO] [stderr] 
[INFO] [stderr] warning: variable does not need to be mutable
[INFO] [stderr]   --> src/evaluation_mod/codegen.rs:27:9
[INFO] [stderr]    |
[INFO] [stderr] 27 |     let mut names = HashMap::new();
[INFO] [stderr]    |         ----^^^^^
[INFO] [stderr]    |         |
[INFO] [stderr]    |         help: remove this `mut`
[INFO] [stderr]    |
[INFO] [stderr]    = note: `#[warn(unused_mut)]` on by default
[INFO] [stderr] 
[INFO] [stderr] warning: variable does not need to be mutable
[INFO] [stderr]   --> src/evaluation_mod/codegen.rs:40:5
[INFO] [stderr]    |
[INFO] [stderr] 40 |     mut built_ins: HashMap<&'static str, *mut llvm::LLVMValue>,
[INFO] [stderr]    |     ----^^^^^^^^^
[INFO] [stderr]    |     |
[INFO] [stderr]    |     help: remove this `mut`
[INFO] [stderr] 
[INFO] [stderr] warning: variable does not need to be mutable
[INFO] [stderr]    --> src/evaluation_mod/codegen.rs:126:5
[INFO] [stderr]     |
[INFO] [stderr] 126 |     mut built_ins: &HashMap<&'static str, *mut llvm::LLVMValue>,
[INFO] [stderr]     |     ----^^^^^^^^^
[INFO] [stderr]     |     |
[INFO] [stderr]     |     help: remove this `mut`
[INFO] [stderr] 
[INFO] [stderr] warning: unused variable: `value`
[INFO] [stderr]   --> src/evaluation_mod/evaluate.rs:78:17
[INFO] [stderr]    |
[INFO] [stderr] 78 |             let value = env
[INFO] [stderr]    |                 ^^^^^ help: if this is intentional, prefix it with an underscore: `_value`
[INFO] [stderr]    |
[INFO] [stderr]    = note: `#[warn(unused_variables)]` on by default
[INFO] [stderr] 
[INFO] [stderr] warning: unused variable: `num`
[INFO] [stderr]    --> src/evaluation_mod/evaluate.rs:192:41
[INFO] [stderr]     |
[INFO] [stderr] 192 |                         Object::Integer(num) => {
[INFO] [stderr]     |                                         ^^^ help: if this is intentional, prefix it with an underscore: `_num`
[INFO] [stderr] 
[INFO] [stderr] warning: unused variable: `i`
[INFO] [stderr]    --> src/evaluation_mod/evaluate.rs:391:17
[INFO] [stderr]     |
[INFO] [stderr] 391 |             for i in 0..first_arr.len() {
[INFO] [stderr]     |                 ^ help: if this is intentional, prefix it with an underscore: `_i`
[INFO] [stderr] 
[INFO] [stderr] warning: unused variable: `j`
[INFO] [stderr]    --> src/evaluation_mod/evaluate.rs:393:21
[INFO] [stderr]     |
[INFO] [stderr] 393 |                 for j in 0..second_arr[0].len() {
[INFO] [stderr]     |                     ^ help: if this is intentional, prefix it with an underscore: `_j`
[INFO] [stderr] 
[INFO] [stderr] warning: variable does not need to be mutable
[INFO] [stderr]    --> src/evaluation_mod/evaluate.rs:588:13
[INFO] [stderr]     |
[INFO] [stderr] 588 |         let mut lexer = Lexer::new(input);
[INFO] [stderr]     |             ----^^^^^
[INFO] [stderr]     |             |
[INFO] [stderr]     |             help: remove this `mut`
[INFO] [stderr] 
[INFO] [stderr] warning: variable does not need to be mutable
[INFO] [stderr]    --> src/evaluation_mod/evaluate.rs:590:13
[INFO] [stderr]     |
[INFO] [stderr] 590 |         let mut output = parser.parse();
[INFO] [stderr]     |             ----^^^^^^
[INFO] [stderr]     |             |
[INFO] [stderr]     |             help: remove this `mut`
[INFO] [stderr] 
[INFO] [stderr] warning: enum `Object` is never used
[INFO] [stderr]   --> src/evaluation_mod/codegen.rs:10:10
[INFO] [stderr]    |
[INFO] [stderr] 10 | pub enum Object {
[INFO] [stderr]    |          ^^^^^^
[INFO] [stderr]    |
[INFO] [stderr]    = note: `#[warn(dead_code)]` on by default
[INFO] [stderr] 
[INFO] [stderr] warning: function `generate_code` is never used
[INFO] [stderr]   --> src/evaluation_mod/codegen.rs:16:15
[INFO] [stderr]    |
[INFO] [stderr] 16 | pub unsafe fn generate_code(input: Vec<ParseItem::Statement>) {
[INFO] [stderr]    |               ^^^^^^^^^^^^^
[INFO] [stderr] 
[INFO] [stderr] warning: function `codegen` is never used
[INFO] [stderr]   --> src/evaluation_mod/codegen.rs:33:11
[INFO] [stderr]    |
[INFO] [stderr] 33 | unsafe fn codegen(
[INFO] [stderr]    |           ^^^^^^^
[INFO] [stderr] 
[INFO] [stderr] warning: function `insert_allocations` is never used
[INFO] [stderr]   --> src/evaluation_mod/codegen.rs:61:11
[INFO] [stderr]    |
[INFO] [stderr] 61 | unsafe fn insert_allocations(
[INFO] [stderr]    |           ^^^^^^^^^^^^^^^^^^
[INFO] [stderr] 
[INFO] [stderr] warning: function `call_function` is never used
[INFO] [stderr]   --> src/evaluation_mod/codegen.rs:87:8
[INFO] [stderr]    |
[INFO] [stderr] 87 | pub fn call_function(
[INFO] [stderr]    |        ^^^^^^^^^^^^^
[INFO] [stderr] 
[INFO] [stderr] warning: function `pointer_type` is never used
[INFO] [stderr]    --> src/evaluation_mod/codegen.rs:104:8
[INFO] [stderr]     |
[INFO] [stderr] 104 | pub fn pointer_type() -> *mut llvm::LLVMType {
[INFO] [stderr]     |        ^^^^^^^^^^^^
[INFO] [stderr] 
[INFO] [stderr] warning: function `create_printf` is never used
[INFO] [stderr]    --> src/evaluation_mod/codegen.rs:108:15
[INFO] [stderr]     |
[INFO] [stderr] 108 | pub unsafe fn create_printf(module: *mut llvm::LLVMModule) -> *mut llvm::LLVMValue {
[INFO] [stderr]     |               ^^^^^^^^^^^^^
[INFO] [stderr] 
[INFO] [stderr] warning: function `codegen_expr` is never used
[INFO] [stderr]    --> src/evaluation_mod/codegen.rs:120:11
[INFO] [stderr]     |
[INFO] [stderr] 120 | unsafe fn codegen_expr(
[INFO] [stderr]     |           ^^^^^^^^^^^^
[INFO] [stderr] 
[INFO] [stderr] warning: method `get_by_ref` is never used
[INFO] [stderr]   --> src/evaluation_mod/env.rs:23:12
[INFO] [stderr]    |
[INFO] [stderr] 8  | impl Env {
[INFO] [stderr]    | -------- method in this implementation
[INFO] [stderr] ...
[INFO] [stderr] 23 |     pub fn get_by_ref(&mut self, key: &str) -> Option<&Object> {
[INFO] [stdout] 
[INFO] [stderr]    |            ^^^^^^^^^^
[INFO] [stdout] running 4 tests
[INFO] [stderr] 
[INFO] [stdout] test evaluation_mod::evaluate::tests::test_bools ... ok
[INFO] [stderr] warning: variant `Extern` is never constructed
[INFO] [stderr]   --> src/lexer_mod/token.rs:41:5
[INFO] [stderr]    |
[INFO] [stderr] 4  | pub enum Token {
[INFO] [stderr]    |          ----- variant in this enum
[INFO] [stderr] ...
[INFO] [stderr] 41 |     Extern,
[INFO] [stderr]    |     ^^^^^^
[INFO] [stderr]    |
[INFO] [stderr]    = note: `Token` has a derived impl for the trait `Debug`, but this is intentionally ignored during dead code analysis
[INFO] [stderr] 
[INFO] [stderr] warning: struct `Program` is never constructed
[INFO] [stderr]  --> src/parser_mod/ParseItem.rs:5:12
[INFO] [stderr]   |
[INFO] [stderr] 5 | pub struct Program {
[INFO] [stderr]   |            ^^^^^^^
[INFO] [stderr] 
[INFO] [stderr] warning: associated function `new` is never used
[INFO] [stderr]   --> src/parser_mod/ParseItem.rs:10:12
[INFO] [stderr]    |
[INFO] [stderr] 9  | impl Program {
[INFO] [stderr]    | ------------ associated function in this implementation
[INFO] [stderr] 10 |     pub fn new() -> Program {
[INFO] [stderr]    |            ^^^
[INFO] [stderr] 
[INFO] [stderr] warning: method `parse_integer_literal` is never used
[INFO] [stderr]    --> src/parser_mod/Parser.rs:349:8
[INFO] [stderr]     |
[INFO] [stderr] 63  | impl<'a> Parser<'a> {
[INFO] [stderr]     | ------------------- method in this implementation
[INFO] [stderr] ...
[INFO] [stderr] 349 |     fn parse_integer_literal(&mut self) -> Option<ParseItem::Expression> {
[INFO] [stderr]     |        ^^^^^^^^^^^^^^^^^^^^^
[INFO] [stderr] 
[INFO] [stderr] warning: module `ParseItem` should have a snake case name
[INFO] [stderr]  --> src/parser_mod.rs:1:9
[INFO] [stderr]   |
[INFO] [stderr] 1 | pub mod ParseItem;
[INFO] [stderr]   |         ^^^^^^^^^ help: convert the identifier to snake case: `parse_item`
[INFO] [stderr]   |
[INFO] [stderr]   = note: `#[warn(non_snake_case)]` on by default
[INFO] [stderr] 
[INFO] [stderr] warning: module `Parser` should have a snake case name
[INFO] [stderr]  --> src/parser_mod.rs:2:9
[INFO] [stderr]   |
[INFO] [stderr] 2 | pub mod Parser;
[INFO] [stderr]   |         ^^^^^^ help: convert the identifier to snake case: `parser`
[INFO] [stderr] 
[INFO] [stderr] warning: unnecessary allocation, use `&` instead
[INFO] [stderr]   --> src/parser_mod/ParseItem.rs:82:31
[INFO] [stderr]    |
[INFO] [stderr] 82 |                 if *index2 != Box::new(None) {
[INFO] [stderr]    |                               ^^^^^^^^^^^^^^
[INFO] [stderr]    |
[INFO] [stderr]    = note: `#[warn(unused_allocation)]` on by default
[INFO] [stderr] 
[INFO] [stderr] warning: `rakiu` (bin "rakiu" test) generated 35 warnings (run `cargo fix --bin "rakiu" --tests` to apply 15 suggestions)
[INFO] [stderr]     Finished `test` profile [unoptimized + debuginfo] target(s) in 0.03s
[INFO] [stderr]      Running unittests src/main.rs (/opt/rustwide/target/debug/deps/rakiu-9448135e69c2745f)
[INFO] [stdout] test evaluation_mod::evaluate::tests::test_arrays ... ok
[INFO] [stdout] test evaluation_mod::evaluate::tests::test_numbers ... ok
[INFO] [stdout] test evaluation_mod::evaluate::tests::test_built_in ... FAILED
[INFO] [stdout] 
[INFO] [stdout] failures:
[INFO] [stdout] 
[INFO] [stdout] ---- evaluation_mod::evaluate::tests::test_built_in stdout ----
[INFO] [stdout] thread 'evaluation_mod::evaluate::tests::test_built_in' panicked at src/evaluation_mod/evaluate.rs:91:30:
[INFO] [stdout] Unrecognized function "size"
[INFO] [stdout] stack backtrace:
[INFO] [stdout]    0:     0x5cf255bedc4a - std::backtrace_rs::backtrace::libunwind::trace::h8810477743020387
[INFO] [stdout]                                at /rustc/202008a1b8de96d2e5b6bc02d379db03a877d34d/library/std/src/../../backtrace/src/backtrace/libunwind.rs:116:5
[INFO] [stdout]    1:     0x5cf255bedc4a - std::backtrace_rs::backtrace::trace_unsynchronized::h3aa55355dd6c54a6
[INFO] [stdout]                                at /rustc/202008a1b8de96d2e5b6bc02d379db03a877d34d/library/std/src/../../backtrace/src/backtrace/mod.rs:66:5
[INFO] [stdout]    2:     0x5cf255bedc4a - std::sys::backtrace::_print_fmt::h8588b0f62410823f
[INFO] [stdout]                                at /rustc/202008a1b8de96d2e5b6bc02d379db03a877d34d/library/std/src/sys/backtrace.rs:66:9
[INFO] [stdout]    3:     0x5cf255bedc4a - <std::sys::backtrace::BacktraceLock::print::DisplayBacktrace as core::fmt::Display>::fmt::h98c26ac25ffe89bb
[INFO] [stdout]                                at /rustc/202008a1b8de96d2e5b6bc02d379db03a877d34d/library/std/src/sys/backtrace.rs:39:26
[INFO] [stdout]    4:     0x5cf255c13703 - core::fmt::rt::Argument::fmt::hf95377f4aebd453b
[INFO] [stdout]                                at /rustc/202008a1b8de96d2e5b6bc02d379db03a877d34d/library/core/src/fmt/rt.rs:177:76
[INFO] [stdout]    5:     0x5cf255c13703 - core::fmt::write::h0dd5f6e2238c7982
[INFO] [stdout]                                at /rustc/202008a1b8de96d2e5b6bc02d379db03a877d34d/library/core/src/fmt/mod.rs:1189:21
[INFO] [stdout]    6:     0x5cf255beade3 - std::io::Write::write_fmt::h03bb0ca26e6faf8c
[INFO] [stdout]                                at /rustc/202008a1b8de96d2e5b6bc02d379db03a877d34d/library/std/src/io/mod.rs:1884:15
[INFO] [stdout]    7:     0x5cf255beda92 - std::sys::backtrace::BacktraceLock::print::h5c19c1c038ee186d
[INFO] [stdout]                                at /rustc/202008a1b8de96d2e5b6bc02d379db03a877d34d/library/std/src/sys/backtrace.rs:42:9
[INFO] [stdout]    8:     0x5cf255bef0cd - std::panicking::default_hook::{{closure}}::h77172f079a1fcb13
[INFO] [stdout]                                at /rustc/202008a1b8de96d2e5b6bc02d379db03a877d34d/library/std/src/panicking.rs:268:22
[INFO] [stdout]    9:     0x5cf255beeed7 - std::panicking::default_hook::he5f8e3b203ccddba
[INFO] [stdout]                                at /rustc/202008a1b8de96d2e5b6bc02d379db03a877d34d/library/std/src/panicking.rs:292:9
[INFO] [stdout]   10:     0x5cf255bb8807 - <alloc::boxed::Box<F,A> as core::ops::function::Fn<Args>>::call::h7a3c7b4a1ae77f2f
[INFO] [stdout]                                at /rustc/202008a1b8de96d2e5b6bc02d379db03a877d34d/library/alloc/src/boxed.rs:1986:9
[INFO] [stdout]   11:     0x5cf255bb8807 - test::test_main::{{closure}}::hf0d3b69ae9b353d1
[INFO] [stdout]                                at /rustc/202008a1b8de96d2e5b6bc02d379db03a877d34d/library/test/src/lib.rs:134:21
[INFO] [stdout]   12:     0x5cf255bef778 - <alloc::boxed::Box<F,A> as core::ops::function::Fn<Args>>::call::h6332e82e7b189abd
[INFO] [stdout]                                at /rustc/202008a1b8de96d2e5b6bc02d379db03a877d34d/library/alloc/src/boxed.rs:1986:9
[INFO] [stdout]   13:     0x5cf255bef778 - std::panicking::rust_panic_with_hook::h53863d4e9018df39
[INFO] [stdout]                                at /rustc/202008a1b8de96d2e5b6bc02d379db03a877d34d/library/std/src/panicking.rs:809:13
[INFO] [stdout]   14:     0x5cf255bef53a - std::panicking::begin_panic_handler::{{closure}}::h67280e6fa0757873
[INFO] [stdout]                                at /rustc/202008a1b8de96d2e5b6bc02d379db03a877d34d/library/std/src/panicking.rs:674:13
[INFO] [stdout]   15:     0x5cf255bee129 - std::sys::backtrace::__rust_end_short_backtrace::h1dac3f54d6fbbeb2
[INFO] [stdout]                                at /rustc/202008a1b8de96d2e5b6bc02d379db03a877d34d/library/std/src/sys/backtrace.rs:170:18
[INFO] [stdout]   16:     0x5cf255bef1cc - rust_begin_unwind
[INFO] [stdout]                                at /rustc/202008a1b8de96d2e5b6bc02d379db03a877d34d/library/std/src/panicking.rs:665:5
[INFO] [stdout]   17:     0x5cf255b50ab0 - core::panicking::panic_fmt::h6792bd1b2bf01041
[INFO] [stdout]                                at /rustc/202008a1b8de96d2e5b6bc02d379db03a877d34d/library/core/src/panicking.rs:76:14
[INFO] [stdout]   18:     0x5cf255b50a8b - core::panicking::panic_display::heec830c0b35a8bc8
[INFO] [stdout]                                at /rustc/202008a1b8de96d2e5b6bc02d379db03a877d34d/library/core/src/panicking.rs:269:5
[INFO] [stdout]   19:     0x5cf255b50a8b - core::option::expect_failed::h036270c076a06b31
[INFO] [stdout]                                at /rustc/202008a1b8de96d2e5b6bc02d379db03a877d34d/library/core/src/option.rs:2018:5
[INFO] [stdout]   20:     0x5cf255b70482 - core::option::Option<T>::expect::h6d4b7cba79d7ea49
[INFO] [stdout]                                at /rustc/202008a1b8de96d2e5b6bc02d379db03a877d34d/library/core/src/option.rs:933:21
[INFO] [stdout]   21:     0x5cf255b5b047 - rakiu::evaluation_mod::evaluate::eval_expr::h9cee3675377e75dc
[INFO] [stdout]                                at /opt/rustwide/workdir/src/evaluation_mod/evaluate.rs:90:32
[INFO] [stdout]   22:     0x5cf255b64ee3 - rakiu::evaluation_mod::evaluate::eval_statement::h6899e48e1649cfb8
[INFO] [stdout]                                at /opt/rustwide/workdir/src/evaluation_mod/evaluate.rs:550:40
[INFO] [stdout]   23:     0x5cf255b6534f - rakiu::evaluation_mod::evaluate::eval_statements::hd739d04f17f7a99a
[INFO] [stdout]                                at /opt/rustwide/workdir/src/evaluation_mod/evaluate.rs:565:18
[INFO] [stdout]   24:     0x5cf255b654b5 - rakiu::evaluation_mod::evaluate::eval_return::h9d9cf2ce27344270
[INFO] [stdout]                                at /opt/rustwide/workdir/src/evaluation_mod/evaluate.rs:574:18
[INFO] [stdout]   25:     0x5cf255b749d1 - rakiu::evaluation_mod::evaluate::tests::eval::h23e458f7215ad7ab
[INFO] [stdout]                                at /opt/rustwide/workdir/src/evaluation_mod/evaluate.rs:592:22
[INFO] [stdout]   26:     0x5cf255b75f0a - rakiu::evaluation_mod::evaluate::tests::test_built_in::h714723f6df28eb78
[INFO] [stdout]                                at /opt/rustwide/workdir/src/evaluation_mod/evaluate.rs:653:9
[INFO] [stdout]   27:     0x5cf255b75eb7 - rakiu::evaluation_mod::evaluate::tests::test_built_in::{{closure}}::hca99f415b33c968a
[INFO] [stdout]                                at /opt/rustwide/workdir/src/evaluation_mod/evaluate.rs:652:23
[INFO] [stdout]   28:     0x5cf255b72106 - core::ops::function::FnOnce::call_once::h8d72d710d434954f
[INFO] [stdout]                                at /rustc/202008a1b8de96d2e5b6bc02d379db03a877d34d/library/core/src/ops/function.rs:250:5
[INFO] [stdout]   29:     0x5cf255bbd32b - core::ops::function::FnOnce::call_once::h871bf86719ec9aa4
[INFO] [stdout]                                at /rustc/202008a1b8de96d2e5b6bc02d379db03a877d34d/library/core/src/ops/function.rs:250:5
[INFO] [stdout]   30:     0x5cf255bbd32b - test::__rust_begin_short_backtrace::h2167df1e2b7d76fd
[INFO] [stdout]                                at /rustc/202008a1b8de96d2e5b6bc02d379db03a877d34d/library/test/src/lib.rs:632:18
[INFO] [stdout]   31:     0x5cf255bbcd18 - test::run_test_in_process::{{closure}}::h15d92f75a3adfb79
[INFO] [stdout]                                at /rustc/202008a1b8de96d2e5b6bc02d379db03a877d34d/library/test/src/lib.rs:655:60
[INFO] [stdout]   32:     0x5cf255bbcd18 - <core::panic::unwind_safe::AssertUnwindSafe<F> as core::ops::function::FnOnce<()>>::call_once::hb6c8955835a8dbbb
[INFO] [stdout]                                at /rustc/202008a1b8de96d2e5b6bc02d379db03a877d34d/library/core/src/panic/unwind_safe.rs:272:9
[INFO] [stdout]   33:     0x5cf255bbcd18 - std::panicking::try::do_call::hc79d0fc888a0bd30
[INFO] [stdout]                                at /rustc/202008a1b8de96d2e5b6bc02d379db03a877d34d/library/std/src/panicking.rs:557:40
[INFO] [stdout]   34:     0x5cf255bbcd18 - std::panicking::try::hb8a7878e3a8589d6
[INFO] [stdout]                                at /rustc/202008a1b8de96d2e5b6bc02d379db03a877d34d/library/std/src/panicking.rs:520:19
[INFO] [stdout]   35:     0x5cf255bbcd18 - std::panic::catch_unwind::hb8e4600ff0ff5cfa
[INFO] [stdout]                                at /rustc/202008a1b8de96d2e5b6bc02d379db03a877d34d/library/std/src/panic.rs:358:14
[INFO] [stdout]   36:     0x5cf255bbcd18 - test::run_test_in_process::hc2900b0b18688dd6
[INFO] [stdout]                                at /rustc/202008a1b8de96d2e5b6bc02d379db03a877d34d/library/test/src/lib.rs:655:27
[INFO] [stdout]   37:     0x5cf255bbcd18 - test::run_test::{{closure}}::hac2a9cb07be3d48d
[INFO] [stdout]                                at /rustc/202008a1b8de96d2e5b6bc02d379db03a877d34d/library/test/src/lib.rs:576:43
[INFO] [stdout]   38:     0x5cf255b807ba - test::run_test::{{closure}}::h4a5b729e66a38cd8
[INFO] [stdout]                                at /rustc/202008a1b8de96d2e5b6bc02d379db03a877d34d/library/test/src/lib.rs:606:41
[INFO] [stdout]   39:     0x5cf255b807ba - std::sys::backtrace::__rust_begin_short_backtrace::h0496fb742492f573
[INFO] [stdout]                                at /rustc/202008a1b8de96d2e5b6bc02d379db03a877d34d/library/std/src/sys/backtrace.rs:154:18
[INFO] [stdout]   40:     0x5cf255b84134 - std::thread::Builder::spawn_unchecked_::{{closure}}::{{closure}}::hbb6d257c550a54bd
[INFO] [stdout]                                at /rustc/202008a1b8de96d2e5b6bc02d379db03a877d34d/library/std/src/thread/mod.rs:561:17
[INFO] [stdout]   41:     0x5cf255b84134 - <core::panic::unwind_safe::AssertUnwindSafe<F> as core::ops::function::FnOnce<()>>::call_once::h46696fe4a6832328
[INFO] [stdout]                                at /rustc/202008a1b8de96d2e5b6bc02d379db03a877d34d/library/core/src/panic/unwind_safe.rs:272:9
[INFO] [stdout]   42:     0x5cf255b84134 - std::panicking::try::do_call::h2625a51b667bfb64
[INFO] [stdout]                                at /rustc/202008a1b8de96d2e5b6bc02d379db03a877d34d/library/std/src/panicking.rs:557:40
[INFO] [stdout]   43:     0x5cf255b84134 - std::panicking::try::hb956a59a1973aa4c
[INFO] [stdout]                                at /rustc/202008a1b8de96d2e5b6bc02d379db03a877d34d/library/std/src/panicking.rs:520:19
[INFO] [stdout]   44:     0x5cf255b84134 - std::panic::catch_unwind::h64f3b9d1067ef6a0
[INFO] [stdout]                                at /rustc/202008a1b8de96d2e5b6bc02d379db03a877d34d/library/std/src/panic.rs:358:14
[INFO] [stdout]   45:     0x5cf255b84134 - std::thread::Builder::spawn_unchecked_::{{closure}}::h42b2841295b6c0b2
[INFO] [stdout]                                at /rustc/202008a1b8de96d2e5b6bc02d379db03a877d34d/library/std/src/thread/mod.rs:559:30
[INFO] [stdout]   46:     0x5cf255b84134 - core::ops::function::FnOnce::call_once{{vtable.shim}}::h6127de71b8124639
[INFO] [stdout]                                at /rustc/202008a1b8de96d2e5b6bc02d379db03a877d34d/library/core/src/ops/function.rs:250:5
[INFO] [stdout]   47:     0x5cf255bf36bb - <alloc::boxed::Box<F,A> as core::ops::function::FnOnce<Args>>::call_once::h42f0ba71002a1b2c
[INFO] [stdout]                                at /rustc/202008a1b8de96d2e5b6bc02d379db03a877d34d/library/alloc/src/boxed.rs:1972:9
[INFO] [stdout]   48:     0x5cf255bf36bb - <alloc::boxed::Box<F,A> as core::ops::function::FnOnce<Args>>::call_once::had9e47d7a3dcecb8
[INFO] [stdout]                                at /rustc/202008a1b8de96d2e5b6bc02d379db03a877d34d/library/alloc/src/boxed.rs:1972:9
[INFO] [stdout]   49:     0x5cf255bf36bb - std::sys::pal::unix::thread::Thread::new::thread_start::h48cf765408f6f5f2
[INFO] [stdout]                                at /rustc/202008a1b8de96d2e5b6bc02d379db03a877d34d/library/std/src/sys/pal/unix/thread.rs:105:17
[INFO] [stdout]   50:     0x77281e291ac3 - <unknown>
[INFO] [stdout]   51:     0x77281e322a04 - clone
[INFO] [stdout]   52:                0x0 - <unknown>
[INFO] [stdout] 
[INFO] [stdout] 
[INFO] [stdout] failures:
[INFO] [stdout]     evaluation_mod::evaluate::tests::test_built_in
[INFO] [stdout] 
[INFO] [stdout] test result: FAILED. 3 passed; 1 failed; 0 ignored; 0 measured; 0 filtered out; finished in 0.05s
[INFO] [stdout] 
[INFO] [stderr] error: test failed, to rerun pass `--bin rakiu`
[INFO] running `Command { std: "docker" "inspect" "b2851fc927e2399c49b82387da76d3bcb4d9cbd8457a3f6d452ca654defeb34a", kill_on_drop: false }`
[INFO] running `Command { std: "docker" "rm" "-f" "b2851fc927e2399c49b82387da76d3bcb4d9cbd8457a3f6d452ca654defeb34a", kill_on_drop: false }`
[INFO] [stdout] b2851fc927e2399c49b82387da76d3bcb4d9cbd8457a3f6d452ca654defeb34a
