[INFO] cloning repository https://github.com/admiral-akk/wgpu-testing
[INFO] running `Command { std: "git" "-c" "credential.helper=" "-c" "credential.helper=/workspace/cargo-home/bin/git-credential-null" "clone" "--bare" "https://github.com/admiral-akk/wgpu-testing" "/workspace/cache/git-repos/https%3A%2F%2Fgithub.com%2Fadmiral-akk%2Fwgpu-testing", kill_on_drop: false }`
[INFO] [stderr] Cloning into bare repository '/workspace/cache/git-repos/https%3A%2F%2Fgithub.com%2Fadmiral-akk%2Fwgpu-testing'...
[INFO] running `Command { std: "git" "rev-parse" "HEAD", kill_on_drop: false }`
[INFO] [stdout] a25f71857feaea15100c66b80e8f9030be4ac8be
[INFO] testing admiral-akk/wgpu-testing against 1.83.0 for beta-1.84.0-4-retry
[INFO] running `Command { std: "git" "clone" "/workspace/cache/git-repos/https%3A%2F%2Fgithub.com%2Fadmiral-akk%2Fwgpu-testing" "/workspace/builds/worker-4-tc1/source", kill_on_drop: false }`
[INFO] [stderr] Cloning into '/workspace/builds/worker-4-tc1/source'...
[INFO] [stderr] done.
[INFO] validating manifest of git repo https://github.com/admiral-akk/wgpu-testing on toolchain 1.83.0
[INFO] running `Command { std: CARGO_HOME="/workspace/cargo-home" RUSTUP_HOME="/workspace/rustup-home" "/workspace/cargo-home/bin/cargo" "+1.83.0" "metadata" "--manifest-path" "Cargo.toml" "--no-deps", kill_on_drop: false }`
[INFO] removed /workspace/builds/worker-4-tc1/source/.cargo/config.toml
[INFO] started tweaking git repo https://github.com/admiral-akk/wgpu-testing
[INFO] finished tweaking git repo https://github.com/admiral-akk/wgpu-testing
[INFO] tweaked toml for git repo https://github.com/admiral-akk/wgpu-testing written to /workspace/builds/worker-4-tc1/source/Cargo.toml
[INFO] crate git repo https://github.com/admiral-akk/wgpu-testing already has a lockfile, it will not be regenerated
[INFO] running `Command { std: CARGO_HOME="/workspace/cargo-home" RUSTUP_HOME="/workspace/rustup-home" "/workspace/cargo-home/bin/cargo" "+1.83.0" "fetch" "--manifest-path" "Cargo.toml", kill_on_drop: false }`
[INFO] [stderr]     Updating crates.io index
[INFO] [stderr]  Downloading crates ...
[INFO] [stderr]   Downloaded wit-writer v0.2.0
[INFO] [stderr]   Downloaded wit-parser v0.2.0
[INFO] [stderr]   Downloaded wasm-bindgen-test-macro v0.3.31
[INFO] [stderr]   Downloaded wit-schema-version v0.1.0
[INFO] [stderr]   Downloaded wasm-bindgen-wasm-conventions v0.2.81
[INFO] [stderr]   Downloaded wasm-bindgen-cli-support v0.2.81
[INFO] [stderr]   Downloaded devserver_lib v0.4.1
[INFO] [stderr]   Downloaded wasm-bindgen-externref-xform v0.2.81
[INFO] [stderr]   Downloaded wasmparser v0.77.0
[INFO] [stderr]   Downloaded wasm-bindgen-threads-xform v0.2.81
[INFO] [stderr]   Downloaded cargo-run-wasm v0.1.1
[INFO] [stderr]   Downloaded wasm-bindgen-multi-value-xform v0.2.81
[INFO] [stderr]   Downloaded wasm-bindgen-wasm-interpreter v0.2.81
[INFO] [stderr]   Downloaded walrus v0.19.0
[INFO] [stderr]   Downloaded wit-text v0.8.0
[INFO] [stderr]   Downloaded wit-validator v0.2.1
[INFO] [stderr]   Downloaded walrus-macro v0.19.0
[INFO] [stderr]   Downloaded wit-walrus v0.6.0
[INFO] [stderr]   Downloaded wasm-bindgen-test v0.3.31
[INFO] running `Command { std: "docker" "create" "-v" "/var/lib/crater-agent-workspace/builds/worker-4-tc1/target:/opt/rustwide/target:rw,Z" "-v" "/var/lib/crater-agent-workspace/builds/worker-4-tc1/source:/opt/rustwide/workdir:ro,Z" "-v" "/var/lib/crater-agent-workspace/cargo-home:/opt/rustwide/cargo-home:ro,Z" "-v" "/var/lib/crater-agent-workspace/rustup-home:/opt/rustwide/rustup-home:ro,Z" "-e" "SOURCE_DIR=/opt/rustwide/workdir" "-e" "CARGO_TARGET_DIR=/opt/rustwide/target" "-e" "CARGO_HOME=/opt/rustwide/cargo-home" "-e" "RUSTUP_HOME=/opt/rustwide/rustup-home" "-w" "/opt/rustwide/workdir" "-m" "1610612736" "--user" "0:0" "--network" "none" "ghcr.io/rust-lang/crates-build-env/linux@sha256:f3a9d4ad9d972b27faf3965f35b62e55ba32bbce8f20bc8fe909558a86702fde" "/opt/rustwide/cargo-home/bin/cargo" "+1.83.0" "metadata" "--no-deps" "--format-version=1", kill_on_drop: false }`
[INFO] [stdout] 156e02c2e382d078f4dd0a86e0f82200f6795ceeb2929478df030243374f0955
[INFO] running `Command { std: "docker" "start" "-a" "156e02c2e382d078f4dd0a86e0f82200f6795ceeb2929478df030243374f0955", kill_on_drop: false }`
[INFO] running `Command { std: "docker" "inspect" "156e02c2e382d078f4dd0a86e0f82200f6795ceeb2929478df030243374f0955", kill_on_drop: false }`
[INFO] running `Command { std: "docker" "rm" "-f" "156e02c2e382d078f4dd0a86e0f82200f6795ceeb2929478df030243374f0955", kill_on_drop: false }`
[INFO] [stdout] 156e02c2e382d078f4dd0a86e0f82200f6795ceeb2929478df030243374f0955
[INFO] running `Command { std: "docker" "create" "-v" "/var/lib/crater-agent-workspace/builds/worker-4-tc1/target:/opt/rustwide/target:rw,Z" "-v" "/var/lib/crater-agent-workspace/builds/worker-4-tc1/source:/opt/rustwide/workdir:ro,Z" "-v" "/var/lib/crater-agent-workspace/cargo-home:/opt/rustwide/cargo-home:ro,Z" "-v" "/var/lib/crater-agent-workspace/rustup-home:/opt/rustwide/rustup-home:ro,Z" "-e" "SOURCE_DIR=/opt/rustwide/workdir" "-e" "CARGO_TARGET_DIR=/opt/rustwide/target" "-e" "CARGO_INCREMENTAL=0" "-e" "RUST_BACKTRACE=full" "-e" "RUSTFLAGS=--cap-lints=warn" "-e" "RUSTDOCFLAGS=--cap-lints=warn" "-e" "CARGO_HOME=/opt/rustwide/cargo-home" "-e" "RUSTUP_HOME=/opt/rustwide/rustup-home" "-w" "/opt/rustwide/workdir" "-m" "1610612736" "--user" "0:0" "--network" "none" "ghcr.io/rust-lang/crates-build-env/linux@sha256:f3a9d4ad9d972b27faf3965f35b62e55ba32bbce8f20bc8fe909558a86702fde" "/opt/rustwide/cargo-home/bin/cargo" "+1.83.0" "build" "--frozen" "--message-format=json", kill_on_drop: false }`
[INFO] [stdout] 5eff7e7eacda9ed57ba97390e0278d9b57a26f27516f2629ef72e253196b68ab
[INFO] running `Command { std: "docker" "start" "-a" "5eff7e7eacda9ed57ba97390e0278d9b57a26f27516f2629ef72e253196b68ab", kill_on_drop: false }`
[INFO] [stderr]    Compiling cfg-if v1.0.0
[INFO] [stderr]    Compiling proc-macro2 v1.0.39
[INFO] [stderr]    Compiling unicode-ident v1.0.1
[INFO] [stderr]    Compiling syn v1.0.96
[INFO] [stderr]    Compiling log v0.4.17
[INFO] [stderr]    Compiling libc v0.2.126
[INFO] [stderr]    Compiling autocfg v1.1.0
[INFO] [stderr]    Compiling wasm-bindgen-shared v0.2.81
[INFO] [stderr]    Compiling anyhow v1.0.57
[INFO] [stderr]    Compiling leb128 v0.2.5
[INFO] [stderr]    Compiling bitflags v1.3.2
[INFO] [stderr]    Compiling version_check v0.9.4
[INFO] [stderr]    Compiling unicode-segmentation v1.9.0
[INFO] [stderr]    Compiling byteorder v1.4.3
[INFO] [stderr]    Compiling once_cell v1.12.0
[INFO] [stderr]    Compiling lazy_static v1.4.0
[INFO] [stderr]    Compiling bumpalo v3.10.0
[INFO] [stderr]    Compiling wasmparser v0.77.0
[INFO] [stderr]    Compiling id-arena v2.2.1
[INFO] [stderr]    Compiling parking_lot_core v0.8.5
[INFO] [stderr]    Compiling libloading v0.7.3
[INFO] [stderr]    Compiling instant v0.1.12
[INFO] [stderr]    Compiling termcolor v1.1.3
[INFO] [stderr]    Compiling bit-vec v0.6.3
[INFO] [stderr]    Compiling ash v0.34.0+1.2.203
[INFO] [stderr]    Compiling ahash v0.7.6
[INFO] [stderr]    Compiling heck v0.3.3
[INFO] [stderr]    Compiling num-traits v0.2.15
[INFO] [stderr]    Compiling indexmap v1.8.2
[INFO] [stderr]    Compiling lock_api v0.4.7
[INFO] [stderr]    Compiling khronos-egl v4.1.0
[INFO] [stderr]    Compiling smallvec v1.8.0
[INFO] [stderr]    Compiling scopeguard v1.1.0
[INFO] [stderr]    Compiling unicode-width v0.1.9
[INFO] [stderr]    Compiling bit-set v0.5.2
[INFO] [stderr]    Compiling gpu-descriptor-types v0.1.1
[INFO] [stderr]    Compiling codespan-reporting v0.11.1
[INFO] [stderr]    Compiling gpu-alloc-types v0.2.0
[INFO] [stderr]    Compiling wit-schema-version v0.1.0
[INFO] [stderr]    Compiling hexf-parse v0.2.1
[INFO] [stderr]    Compiling rustc-hash v1.1.0
[INFO] [stderr]    Compiling cty v0.2.2
[INFO] [stderr]    Compiling cfg_aliases v0.1.1
[INFO] [stderr]    Compiling wasm-bindgen v0.2.81
[INFO] [stderr]    Compiling raw-window-handle v0.4.3
[INFO] [stderr]    Compiling wgpu-core v0.12.2
[INFO] [stderr]    Compiling fxhash v0.2.1
[INFO] [stderr]    Compiling gpu-alloc v0.5.3
[INFO] [stderr]    Compiling wgpu-types v0.12.0
[INFO] [stderr]    Compiling profiling v1.0.6
[INFO] [stderr]    Compiling renderdoc-sys v0.7.1
[INFO] [stderr]    Compiling glow v0.11.2
[INFO] [stderr]    Compiling inplace_it v0.3.3
[INFO] [stderr]    Compiling arrayvec v0.7.2
[INFO] [stderr]    Compiling copyless v0.1.5
[INFO] [stderr]    Compiling serde v1.0.137
[INFO] [stderr]    Compiling quote v1.0.18
[INFO] [stderr]    Compiling wit-parser v0.2.0
[INFO] [stderr]    Compiling wit-writer v0.2.0
[INFO] [stderr]    Compiling getrandom v0.2.7
[INFO] [stderr]    Compiling serde_json v1.0.81
[INFO] [stderr]    Compiling hashbrown v0.11.2
[INFO] [stderr]    Compiling parking_lot v0.11.2
[INFO] [stderr]    Compiling wast v21.0.0
[INFO] [stderr]    Compiling ryu v1.0.10
[INFO] [stderr]    Compiling spirv v0.2.0+1.5.4
[INFO] [stderr]    Compiling safemem v0.3.3
[INFO] [stderr]    Compiling wasmparser v0.59.0
[INFO] [stderr]    Compiling remove_dir_all v0.5.3
[INFO] [stderr]    Compiling itoa v1.0.2
[INFO] [stderr]    Compiling fastrand v1.7.0
[INFO] [stderr]    Compiling base64 v0.9.3
[INFO] [stderr]    Compiling tempfile v3.3.0
[INFO] [stderr]    Compiling rustc-demangle v0.1.21
[INFO] [stderr]    Compiling devserver_lib v0.4.1
[INFO] [stderr]    Compiling pico-args v0.4.2
[INFO] [stderr]    Compiling gpu-descriptor v0.2.2
[INFO] [stderr]    Compiling pollster v0.2.5
[INFO] [stderr]    Compiling wit-validator v0.2.1
[INFO] [stderr]    Compiling wasm-bindgen-backend v0.2.81
[INFO] [stderr]    Compiling wit-text v0.8.0
[INFO] [stderr]    Compiling wasm-bindgen-macro-support v0.2.81
[INFO] [stderr]    Compiling walrus-macro v0.19.0
[INFO] [stderr]    Compiling thiserror-impl v1.0.31
[INFO] [stderr]    Compiling bytemuck_derive v1.1.0
[INFO] [stderr]    Compiling wasm-bindgen-macro v0.2.81
[INFO] [stderr]    Compiling thiserror v1.0.31
[INFO] [stderr]    Compiling naga v0.8.5
[INFO] [stderr]    Compiling bytemuck v1.9.1
[INFO] [stderr]    Compiling walrus v0.19.0
[INFO] [stderr]    Compiling js-sys v0.3.58
[INFO] [stderr]    Compiling console_error_panic_hook v0.1.7
[INFO] [stderr]    Compiling wasm-bindgen-wasm-conventions v0.2.81
[INFO] [stderr]    Compiling wasm-bindgen-multi-value-xform v0.2.81
[INFO] [stderr]    Compiling wit-walrus v0.6.0
[INFO] [stderr]    Compiling wasm-bindgen-externref-xform v0.2.81
[INFO] [stderr]    Compiling wasm-bindgen-threads-xform v0.2.81
[INFO] [stderr]    Compiling wasm-bindgen-wasm-interpreter v0.2.81
[INFO] [stderr]    Compiling wasm-bindgen-cli-support v0.2.81
[INFO] [stderr]    Compiling web-sys v0.3.57
[INFO] [stderr]    Compiling wasm-bindgen-futures v0.4.31
[INFO] [stderr]    Compiling wgpu-hal v0.12.5
[INFO] [stderr]    Compiling cargo-run-wasm v0.1.1
[INFO] [stderr]    Compiling run-wasm v0.1.0 (/opt/rustwide/workdir/run-wasm)
[INFO] [stderr]    Compiling wgpu v0.12.0
[INFO] [stderr]    Compiling wgpu-lib v0.1.0 (/opt/rustwide/workdir/wgpu-lib)
[INFO] [stderr]    Compiling wgpu-web v0.1.0 (/opt/rustwide/workdir/wgpu-web)
[INFO] [stderr]    Compiling wgpu-local v0.1.0 (/opt/rustwide/workdir/wgpu-local)
[INFO] [stdout] warning: function `set_panic_hook` is never used
[INFO] [stdout]  --> wgpu-web/src/utils.rs:1:8
[INFO] [stdout]   |
[INFO] [stdout] 1 | pub fn set_panic_hook() {
[INFO] [stdout]   |        ^^^^^^^^^^^^^^
[INFO] [stdout]   |
[INFO] [stdout]   = note: `#[warn(dead_code)]` on by default
[INFO] [stdout] 
[INFO] [stdout] 
[INFO] [stdout] warning: variable `u8Vec` should have a snake case name
[INFO] [stdout]   --> wgpu-web/src/lib.rs:48:13
[INFO] [stdout]    |
[INFO] [stdout] 48 |     let mut u8Vec: Vec<u8> = Vec::new();
[INFO] [stdout]    |             ^^^^^ help: convert the identifier to snake case: `u8_vec`
[INFO] [stdout]    |
[INFO] [stdout]    = note: `#[warn(non_snake_case)]` on by default
[INFO] [stdout] 
[INFO] [stdout] 
[INFO] [stdout] warning: unused import: `wgpu_web::run`
[INFO] [stdout]  --> wgpu-web/src/main.rs:1:5
[INFO] [stdout]   |
[INFO] [stdout] 1 | use wgpu_web::run;
[INFO] [stdout]   |     ^^^^^^^^^^^^^
[INFO] [stdout]   |
[INFO] [stdout]   = note: `#[warn(unused_imports)]` on by default
[INFO] [stdout] 
[INFO] [stdout] 
[INFO] [stderr]     Finished `dev` profile [optimized + debuginfo] target(s) in 2m 36s
[INFO] [stderr] warning: the following packages contain code that will be rejected by a future version of Rust: wasm-bindgen v0.2.81, wasmparser v0.59.0, wasmparser v0.77.0
[INFO] [stderr] note: to see what the problems were, use the option `--future-incompat-report`, or run `cargo report future-incompatibilities --id 1`
[INFO] running `Command { std: "docker" "inspect" "5eff7e7eacda9ed57ba97390e0278d9b57a26f27516f2629ef72e253196b68ab", kill_on_drop: false }`
[INFO] running `Command { std: "docker" "rm" "-f" "5eff7e7eacda9ed57ba97390e0278d9b57a26f27516f2629ef72e253196b68ab", kill_on_drop: false }`
[INFO] [stdout] 5eff7e7eacda9ed57ba97390e0278d9b57a26f27516f2629ef72e253196b68ab
[INFO] running `Command { std: "docker" "create" "-v" "/var/lib/crater-agent-workspace/builds/worker-4-tc1/target:/opt/rustwide/target:rw,Z" "-v" "/var/lib/crater-agent-workspace/builds/worker-4-tc1/source:/opt/rustwide/workdir:ro,Z" "-v" "/var/lib/crater-agent-workspace/cargo-home:/opt/rustwide/cargo-home:ro,Z" "-v" "/var/lib/crater-agent-workspace/rustup-home:/opt/rustwide/rustup-home:ro,Z" "-e" "SOURCE_DIR=/opt/rustwide/workdir" "-e" "CARGO_TARGET_DIR=/opt/rustwide/target" "-e" "CARGO_INCREMENTAL=0" "-e" "RUST_BACKTRACE=full" "-e" "RUSTFLAGS=--cap-lints=warn" "-e" "RUSTDOCFLAGS=--cap-lints=warn" "-e" "CARGO_HOME=/opt/rustwide/cargo-home" "-e" "RUSTUP_HOME=/opt/rustwide/rustup-home" "-w" "/opt/rustwide/workdir" "-m" "1610612736" "--user" "0:0" "--network" "none" "ghcr.io/rust-lang/crates-build-env/linux@sha256:f3a9d4ad9d972b27faf3965f35b62e55ba32bbce8f20bc8fe909558a86702fde" "/opt/rustwide/cargo-home/bin/cargo" "+1.83.0" "test" "--frozen" "--no-run" "--message-format=json", kill_on_drop: false }`
[INFO] [stdout] 32654ff570dfc47b8119094569ac3200f31b5de6256cd0076da9288f465671cf
[INFO] running `Command { std: "docker" "start" "-a" "32654ff570dfc47b8119094569ac3200f31b5de6256cd0076da9288f465671cf", kill_on_drop: false }`
[INFO] [stderr]    Compiling wasm-bindgen-test-macro v0.3.31
[INFO] [stderr]    Compiling scoped-tls v1.0.0
[INFO] [stderr]    Compiling run-wasm v0.1.0 (/opt/rustwide/workdir/run-wasm)
[INFO] [stderr]    Compiling wgpu-lib v0.1.0 (/opt/rustwide/workdir/wgpu-lib)
[INFO] [stdout] warning: function `set_panic_hook` is never used
[INFO] [stdout]  --> wgpu-web/src/utils.rs:1:8
[INFO] [stdout]   |
[INFO] [stdout] 1 | pub fn set_panic_hook() {
[INFO] [stdout]   |        ^^^^^^^^^^^^^^
[INFO] [stdout]   |
[INFO] [stdout]   = note: `#[warn(dead_code)]` on by default
[INFO] [stdout] 
[INFO] [stdout] 
[INFO] [stdout] warning: variable `u8Vec` should have a snake case name
[INFO] [stdout]   --> wgpu-web/src/lib.rs:48:13
[INFO] [stdout]    |
[INFO] [stdout] 48 |     let mut u8Vec: Vec<u8> = Vec::new();
[INFO] [stdout]    |             ^^^^^ help: convert the identifier to snake case: `u8_vec`
[INFO] [stdout]    |
[INFO] [stdout]    = note: `#[warn(non_snake_case)]` on by default
[INFO] [stdout] 
[INFO] [stdout] 
[INFO] [stderr]    Compiling wgpu-local v0.1.0 (/opt/rustwide/workdir/wgpu-local)
[INFO] [stderr]    Compiling wasm-bindgen-test v0.3.31
[INFO] [stderr]    Compiling wgpu-web v0.1.0 (/opt/rustwide/workdir/wgpu-web)
[INFO] [stdout] warning: unused import: `wgpu_web::run`
[INFO] [stdout]  --> wgpu-web/src/main.rs:1:5
[INFO] [stdout]   |
[INFO] [stdout] 1 | use wgpu_web::run;
[INFO] [stdout]   |     ^^^^^^^^^^^^^
[INFO] [stdout]   |
[INFO] [stdout]   = note: `#[warn(unused_imports)]` on by default
[INFO] [stdout] 
[INFO] [stdout] 
[INFO] [stdout] warning: function `set_panic_hook` is never used
[INFO] [stdout]  --> wgpu-web/src/utils.rs:1:8
[INFO] [stdout]   |
[INFO] [stdout] 1 | pub fn set_panic_hook() {
[INFO] [stdout]   |        ^^^^^^^^^^^^^^
[INFO] [stdout]   |
[INFO] [stdout]   = note: `#[warn(dead_code)]` on by default
[INFO] [stdout] 
[INFO] [stdout] 
[INFO] [stdout] warning: variable `u8Vec` should have a snake case name
[INFO] [stdout]   --> wgpu-web/src/lib.rs:48:13
[INFO] [stdout]    |
[INFO] [stdout] 48 |     let mut u8Vec: Vec<u8> = Vec::new();
[INFO] [stdout]    |             ^^^^^ help: convert the identifier to snake case: `u8_vec`
[INFO] [stdout]    |
[INFO] [stdout]    = note: `#[warn(non_snake_case)]` on by default
[INFO] [stdout] 
[INFO] [stdout] 
[INFO] [stderr]     Finished `test` profile [optimized + debuginfo] target(s) in 15.70s
[INFO] [stderr] warning: the following packages contain code that will be rejected by a future version of Rust: wasm-bindgen v0.2.81, wasmparser v0.59.0, wasmparser v0.77.0
[INFO] [stderr] note: to see what the problems were, use the option `--future-incompat-report`, or run `cargo report future-incompatibilities --id 1`
[INFO] running `Command { std: "docker" "inspect" "32654ff570dfc47b8119094569ac3200f31b5de6256cd0076da9288f465671cf", kill_on_drop: false }`
[INFO] running `Command { std: "docker" "rm" "-f" "32654ff570dfc47b8119094569ac3200f31b5de6256cd0076da9288f465671cf", kill_on_drop: false }`
[INFO] [stdout] 32654ff570dfc47b8119094569ac3200f31b5de6256cd0076da9288f465671cf
[INFO] running `Command { std: "docker" "create" "-v" "/var/lib/crater-agent-workspace/builds/worker-4-tc1/target:/opt/rustwide/target:rw,Z" "-v" "/var/lib/crater-agent-workspace/builds/worker-4-tc1/source:/opt/rustwide/workdir:ro,Z" "-v" "/var/lib/crater-agent-workspace/cargo-home:/opt/rustwide/cargo-home:ro,Z" "-v" "/var/lib/crater-agent-workspace/rustup-home:/opt/rustwide/rustup-home:ro,Z" "-e" "SOURCE_DIR=/opt/rustwide/workdir" "-e" "CARGO_TARGET_DIR=/opt/rustwide/target" "-e" "CARGO_INCREMENTAL=0" "-e" "RUST_BACKTRACE=full" "-e" "RUSTFLAGS=--cap-lints=warn" "-e" "RUSTDOCFLAGS=--cap-lints=warn" "-e" "CARGO_HOME=/opt/rustwide/cargo-home" "-e" "RUSTUP_HOME=/opt/rustwide/rustup-home" "-w" "/opt/rustwide/workdir" "-m" "1610612736" "--user" "0:0" "--network" "none" "ghcr.io/rust-lang/crates-build-env/linux@sha256:f3a9d4ad9d972b27faf3965f35b62e55ba32bbce8f20bc8fe909558a86702fde" "/opt/rustwide/cargo-home/bin/cargo" "+1.83.0" "test" "--frozen", kill_on_drop: false }`
[INFO] [stdout] 06622e53e8ebe573f34104a6b889135b81d0e1c41ee456fe82f553c64ec45b8e
[INFO] running `Command { std: "docker" "start" "-a" "06622e53e8ebe573f34104a6b889135b81d0e1c41ee456fe82f553c64ec45b8e", kill_on_drop: false }`
[INFO] [stderr] warning: function `set_panic_hook` is never used
[INFO] [stderr]  --> wgpu-web/src/utils.rs:1:8
[INFO] [stderr]   |
[INFO] [stderr] 1 | pub fn set_panic_hook() {
[INFO] [stderr]   |        ^^^^^^^^^^^^^^
[INFO] [stderr]   |
[INFO] [stderr]   = note: `#[warn(dead_code)]` on by default
[INFO] [stderr] 
[INFO] [stderr] warning: variable `u8Vec` should have a snake case name
[INFO] [stderr]   --> wgpu-web/src/lib.rs:48:13
[INFO] [stderr]    |
[INFO] [stderr] 48 |     let mut u8Vec: Vec<u8> = Vec::new();
[INFO] [stderr]    |             ^^^^^ help: convert the identifier to snake case: `u8_vec`
[INFO] [stderr]    |
[INFO] [stderr]    = note: `#[warn(non_snake_case)]` on by default
[INFO] [stderr] 
[INFO] [stderr] warning: `wgpu-web` (lib) generated 2 warnings
[INFO] [stderr] warning: `wgpu-web` (lib test) generated 2 warnings (2 duplicates)
[INFO] [stderr] warning: unused import: `wgpu_web::run`
[INFO] [stderr]  --> wgpu-web/src/main.rs:1:5
[INFO] [stderr]   |
[INFO] [stderr] 1 | use wgpu_web::run;
[INFO] [stderr]   |     ^^^^^^^^^^^^^
[INFO] [stderr]   |
[INFO] [stderr]   = note: `#[warn(unused_imports)]` on by default
[INFO] [stderr] 
[INFO] [stderr] warning: `wgpu-web` (bin "wgpu-web" test) generated 1 warning (run `cargo fix --bin "wgpu-web" --tests` to apply 1 suggestion)
[INFO] [stderr]     Finished `test` profile [optimized + debuginfo] target(s) in 0.14s
[INFO] [stderr] warning: the following packages contain code that will be rejected by a future version of Rust: wasm-bindgen v0.2.81, wasmparser v0.59.0, wasmparser v0.77.0
[INFO] [stderr] note: to see what the problems were, use the option `--future-incompat-report`, or run `cargo report future-incompatibilities --id 1`
[INFO] [stderr]      Running unittests src/main.rs (/opt/rustwide/target/debug/deps/run_wasm-08c9a07f2c3864a6)
[INFO] [stdout] 
[INFO] [stdout] running 0 tests
[INFO] [stdout] 
[INFO] [stdout] test result: ok. 0 passed; 0 failed; 0 ignored; 0 measured; 0 filtered out; finished in 0.00s
[INFO] [stdout] 
[INFO] [stderr]      Running unittests src/lib.rs (/opt/rustwide/target/debug/deps/wgpu_lib-abe234df5985b8f7)
[INFO] [stdout] 
[INFO] [stdout] running 1 test
[INFO] [stderr] error: XDG_RUNTIME_DIR not set in the environment.
[INFO] [stderr] error: XDG_RUNTIME_DIR not set in the environment.
[INFO] [stderr] error: XDG_RUNTIME_DIR not set in the environment.
[INFO] [stderr] error: XDG_RUNTIME_DIR not set in the environment.
[INFO] [stderr] error: XDG_RUNTIME_DIR not set in the environment.
[INFO] [stdout] test cpu_gpu_uv_match ... FAILED
[INFO] [stdout] 
[INFO] [stdout] failures:
[INFO] [stdout] 
[INFO] [stdout] ---- cpu_gpu_uv_match stdout ----
[INFO] [stdout] thread 'cpu_gpu_uv_match' panicked at /opt/rustwide/cargo-home/registry/src/index.crates.io-6f17d22bba15001f/wgpu-0.12.0/src/backend/direct.rs:2273:5:
[INFO] [stdout] wgpu error: Validation Error
[INFO] [stdout] 
[INFO] [stdout] Caused by:
[INFO] [stdout]     In Device::create_shader_module
[INFO] [stdout]       note: label = `Shader Module`
[INFO] [stdout]     
[INFO] [stdout] Shader 'Shader Module' parsing error: expected ';', found ','
[INFO] [stdout]   ┌─ wgsl:2:12
[INFO] [stdout]   │
[INFO] [stdout] 2 │   rgba: u32,
[INFO] [stdout]   │            ^ expected ';'
[INFO] [stdout] 
[INFO] [stdout] 
[INFO] [stdout]     expected ';', found ','
[INFO] [stdout] 
[INFO] [stdout] 
[INFO] [stdout] stack backtrace:
[INFO] [stdout]    0:     0x5dc35ea0cafa - std::backtrace_rs::backtrace::libunwind::trace::h5a5b8284f2d0c266
[INFO] [stdout]                                at /rustc/90b35a6239c3d8bdabc530a6a0816f7ff89a0aaf/library/std/src/../../backtrace/src/backtrace/libunwind.rs:116:5
[INFO] [stdout]    1:     0x5dc35ea0cafa - std::backtrace_rs::backtrace::trace_unsynchronized::h76d4f1c9b0b875e3
[INFO] [stdout]                                at /rustc/90b35a6239c3d8bdabc530a6a0816f7ff89a0aaf/library/std/src/../../backtrace/src/backtrace/mod.rs:66:5
[INFO] [stdout]    2:     0x5dc35ea0cafa - std::sys::backtrace::_print_fmt::hc4546b8364a537c6
[INFO] [stdout]                                at /rustc/90b35a6239c3d8bdabc530a6a0816f7ff89a0aaf/library/std/src/sys/backtrace.rs:66:9
[INFO] [stdout]    3:     0x5dc35ea0cafa - <std::sys::backtrace::BacktraceLock::print::DisplayBacktrace as core::fmt::Display>::fmt::h5b6bd5631a6d1f6b
[INFO] [stdout]                                at /rustc/90b35a6239c3d8bdabc530a6a0816f7ff89a0aaf/library/std/src/sys/backtrace.rs:39:26
[INFO] [stdout]    4:     0x5dc35ea343f3 - core::fmt::rt::Argument::fmt::h270f6602a2b96f62
[INFO] [stdout]                                at /rustc/90b35a6239c3d8bdabc530a6a0816f7ff89a0aaf/library/core/src/fmt/rt.rs:177:76
[INFO] [stdout]    5:     0x5dc35ea343f3 - core::fmt::write::h7550c97b06c86515
[INFO] [stdout]                                at /rustc/90b35a6239c3d8bdabc530a6a0816f7ff89a0aaf/library/core/src/fmt/mod.rs:1186:21
[INFO] [stdout]    6:     0x5dc35ea09c93 - std::io::Write::write_fmt::h509ff860e5956e5e
[INFO] [stdout]                                at /rustc/90b35a6239c3d8bdabc530a6a0816f7ff89a0aaf/library/std/src/io/mod.rs:1839:15
[INFO] [stdout]    7:     0x5dc35ea0c942 - std::sys::backtrace::BacktraceLock::print::h2395ccd2c84ba3aa
[INFO] [stdout]                                at /rustc/90b35a6239c3d8bdabc530a6a0816f7ff89a0aaf/library/std/src/sys/backtrace.rs:42:9
[INFO] [stdout]    8:     0x5dc35ea0df5a - std::panicking::default_hook::{{closure}}::he19d4c7230e07961
[INFO] [stdout]                                at /rustc/90b35a6239c3d8bdabc530a6a0816f7ff89a0aaf/library/std/src/panicking.rs:268:22
[INFO] [stdout]    9:     0x5dc35ea0dd64 - std::panicking::default_hook::hf614597d3c67bbdb
[INFO] [stdout]                                at /rustc/90b35a6239c3d8bdabc530a6a0816f7ff89a0aaf/library/std/src/panicking.rs:292:9
[INFO] [stdout]   10:     0x5dc35e7b91d9 - <alloc::boxed::Box<F,A> as core::ops::function::Fn<Args>>::call::h39b51ce4599c23d1
[INFO] [stdout]                                at /rustc/90b35a6239c3d8bdabc530a6a0816f7ff89a0aaf/library/alloc/src/boxed.rs:2468:9
[INFO] [stdout]   11:     0x5dc35e7b91d9 - test::test_main::{{closure}}::he977ae839a582784
[INFO] [stdout]                                at /rustc/90b35a6239c3d8bdabc530a6a0816f7ff89a0aaf/library/test/src/lib.rs:133:21
[INFO] [stdout]   12:     0x5dc35ea0e5f8 - <alloc::boxed::Box<F,A> as core::ops::function::Fn<Args>>::call::h9455091b6b06f9fb
[INFO] [stdout]                                at /rustc/90b35a6239c3d8bdabc530a6a0816f7ff89a0aaf/library/alloc/src/boxed.rs:2468:9
[INFO] [stdout]   13:     0x5dc35ea0e5f8 - std::panicking::rust_panic_with_hook::h8942133a8b252070
[INFO] [stdout]                                at /rustc/90b35a6239c3d8bdabc530a6a0816f7ff89a0aaf/library/std/src/panicking.rs:809:13
[INFO] [stdout]   14:     0x5dc35ea0e3ba - std::panicking::begin_panic_handler::{{closure}}::hb5f5963570096b29
[INFO] [stdout]                                at /rustc/90b35a6239c3d8bdabc530a6a0816f7ff89a0aaf/library/std/src/panicking.rs:674:13
[INFO] [stdout]   15:     0x5dc35ea0cfd9 - std::sys::backtrace::__rust_end_short_backtrace::h6208cedc1922feda
[INFO] [stdout]                                at /rustc/90b35a6239c3d8bdabc530a6a0816f7ff89a0aaf/library/std/src/sys/backtrace.rs:170:18
[INFO] [stdout]   16:     0x5dc35ea0e04c - rust_begin_unwind
[INFO] [stdout]                                at /rustc/90b35a6239c3d8bdabc530a6a0816f7ff89a0aaf/library/std/src/panicking.rs:665:5
[INFO] [stdout]   17:     0x5dc35e6fa080 - core::panicking::panic_fmt::h0c3082644d1bf418
[INFO] [stdout]                                at /rustc/90b35a6239c3d8bdabc530a6a0816f7ff89a0aaf/library/core/src/panicking.rs:74:14
[INFO] [stdout]   18:     0x5dc35e7d8c00 - wgpu::backend::direct::default_error_handler::hb930d09248210362
[INFO] [stdout]                                at /opt/rustwide/cargo-home/registry/src/index.crates.io-6f17d22bba15001f/wgpu-0.12.0/src/backend/direct.rs:2273:5
[INFO] [stdout]   19:     0x5dc35e7d8c00 - core::ops::function::Fn::call::hd4f1471da9aec0ae
[INFO] [stdout]                                at /rustc/90b35a6239c3d8bdabc530a6a0816f7ff89a0aaf/library/core/src/ops/function.rs:79:5
[INFO] [stdout]   20:     0x5dc35e7dcbad - <alloc::boxed::Box<F,A> as core::ops::function::Fn<Args>>::call::h611b9a132d893b02
[INFO] [stdout]                                at /rustc/90b35a6239c3d8bdabc530a6a0816f7ff89a0aaf/library/alloc/src/boxed.rs:2468:9
[INFO] [stdout]   21:     0x5dc35e7dcbad - wgpu::backend::direct::ErrorSinkRaw::handle_error::he243b890b9d9c802
[INFO] [stdout]                                at /opt/rustwide/cargo-home/registry/src/index.crates.io-6f17d22bba15001f/wgpu-0.12.0/src/backend/direct.rs:2259:17
[INFO] [stdout]   22:     0x5dc35e7dcbad - wgpu::backend::direct::Context::handle_error::h2ba08da98435ef4b
[INFO] [stdout]                                at /opt/rustwide/cargo-home/registry/src/index.crates.io-6f17d22bba15001f/wgpu-0.12.0/src/backend/direct.rs:194:9
[INFO] [stdout]   23:     0x5dc35e7de9e6 - <wgpu::backend::direct::Context as wgpu::Context>::device_create_shader_module::he3a826011a78fedc
[INFO] [stdout]                                at /opt/rustwide/cargo-home/registry/src/index.crates.io-6f17d22bba15001f/wgpu-0.12.0/src/backend/direct.rs:1047:13
[INFO] [stdout]   24:     0x5dc35e7caf8a - wgpu::Device::create_shader_module::h49a972c64c116e3d
[INFO] [stdout]                                at /opt/rustwide/cargo-home/registry/src/index.crates.io-6f17d22bba15001f/wgpu-0.12.0/src/lib.rs:1705:17
[INFO] [stdout]   25:     0x5dc35e76fc1a - wgpu_lib::gpu::gpu::GPU::shader_module::h6e9cc37f9a4c3522
[INFO] [stdout]                                at /opt/rustwide/workdir/wgpu-lib/src/gpu/gpu.rs:110:9
[INFO] [stdout]   26:     0x5dc35e76fc1a - wgpu_lib::examples::draw_uv::draw_uv::{{closure}}::h4e7b2b9e9bb5de44
[INFO] [stdout]                                at /opt/rustwide/workdir/wgpu-lib/src/examples/draw_uv.rs:38:25
[INFO] [stdout]   27:     0x5dc35e76fc1a - pollster::block_on::hcef1ec9beacf4f50
[INFO] [stdout]                                at /opt/rustwide/cargo-home/registry/src/index.crates.io-6f17d22bba15001f/pollster-0.2.5/src/lib.rs:125:15
[INFO] [stdout]   28:     0x5dc35e76fc1a - wgpu_lib::cpu_gpu_uv_match::h54fae59ff5ea24a7
[INFO] [stdout]                                at /opt/rustwide/workdir/wgpu-lib/src/lib.rs:55:21
[INFO] [stdout]   29:     0x5dc35e76fc1a - wgpu_lib::cpu_gpu_uv_match::{{closure}}::h06d7a535e33e4456
[INFO] [stdout]                                at /opt/rustwide/workdir/wgpu-lib/src/lib.rs:51:22
[INFO] [stdout]   30:     0x5dc35e76fc1a - core::ops::function::FnOnce::call_once::hbe654066b8081355
[INFO] [stdout]                                at /rustc/90b35a6239c3d8bdabc530a6a0816f7ff89a0aaf/library/core/src/ops/function.rs:250:5
[INFO] [stdout]   31:     0x5dc35e7bdb9b - core::ops::function::FnOnce::call_once::h109cf8051a59b34e
[INFO] [stdout]                                at /rustc/90b35a6239c3d8bdabc530a6a0816f7ff89a0aaf/library/core/src/ops/function.rs:250:5
[INFO] [stdout]   32:     0x5dc35e7bdb9b - test::__rust_begin_short_backtrace::hf4fff89d377446ba
[INFO] [stdout]                                at /rustc/90b35a6239c3d8bdabc530a6a0816f7ff89a0aaf/library/test/src/lib.rs:621:18
[INFO] [stdout]   33:     0x5dc35e7bd3d7 - test::run_test_in_process::{{closure}}::h0e39181dd7ee5a43
[INFO] [stdout]                                at /rustc/90b35a6239c3d8bdabc530a6a0816f7ff89a0aaf/library/test/src/lib.rs:644:60
[INFO] [stdout]   34:     0x5dc35e7bd3d7 - <core::panic::unwind_safe::AssertUnwindSafe<F> as core::ops::function::FnOnce<()>>::call_once::hc5a66a30f0bdfd1f
[INFO] [stdout]                                at /rustc/90b35a6239c3d8bdabc530a6a0816f7ff89a0aaf/library/core/src/panic/unwind_safe.rs:272:9
[INFO] [stdout]   35:     0x5dc35e7bd3d7 - std::panicking::try::do_call::h873b7cf639554a5e
[INFO] [stdout]                                at /rustc/90b35a6239c3d8bdabc530a6a0816f7ff89a0aaf/library/std/src/panicking.rs:557:40
[INFO] [stdout]   36:     0x5dc35e7bd3d7 - std::panicking::try::hdb19862fad9c8bd1
[INFO] [stdout]                                at /rustc/90b35a6239c3d8bdabc530a6a0816f7ff89a0aaf/library/std/src/panicking.rs:520:19
[INFO] [stdout]   37:     0x5dc35e7bd3d7 - std::panic::catch_unwind::h281fe732d236d260
[INFO] [stdout]                                at /rustc/90b35a6239c3d8bdabc530a6a0816f7ff89a0aaf/library/std/src/panic.rs:358:14
[INFO] [stdout]   38:     0x5dc35e7bd3d7 - test::run_test_in_process::h949b6df8457ed338
[INFO] [stdout]                                at /rustc/90b35a6239c3d8bdabc530a6a0816f7ff89a0aaf/library/test/src/lib.rs:644:27
[INFO] [stdout]   39:     0x5dc35e7bd3d7 - test::run_test::{{closure}}::h52c556a6d4740e10
[INFO] [stdout]                                at /rustc/90b35a6239c3d8bdabc530a6a0816f7ff89a0aaf/library/test/src/lib.rs:565:43
[INFO] [stdout]   40:     0x5dc35e7826b4 - test::run_test::{{closure}}::h4237f6381c45ccb9
[INFO] [stdout]                                at /rustc/90b35a6239c3d8bdabc530a6a0816f7ff89a0aaf/library/test/src/lib.rs:595:41
[INFO] [stdout]   41:     0x5dc35e7826b4 - std::sys::backtrace::__rust_begin_short_backtrace::h505c97a579eca628
[INFO] [stdout]                                at /rustc/90b35a6239c3d8bdabc530a6a0816f7ff89a0aaf/library/std/src/sys/backtrace.rs:154:18
[INFO] [stdout]   42:     0x5dc35e785d7e - std::thread::Builder::spawn_unchecked_::{{closure}}::{{closure}}::h9e86b2e2bc107ea3
[INFO] [stdout]                                at /rustc/90b35a6239c3d8bdabc530a6a0816f7ff89a0aaf/library/std/src/thread/mod.rs:538:17
[INFO] [stdout]   43:     0x5dc35e785d7e - <core::panic::unwind_safe::AssertUnwindSafe<F> as core::ops::function::FnOnce<()>>::call_once::h8b06ddb275ff4a25
[INFO] [stdout]                                at /rustc/90b35a6239c3d8bdabc530a6a0816f7ff89a0aaf/library/core/src/panic/unwind_safe.rs:272:9
[INFO] [stdout]   44:     0x5dc35e785d7e - std::panicking::try::do_call::hb26ecd7cd9a9355d
[INFO] [stdout]                                at /rustc/90b35a6239c3d8bdabc530a6a0816f7ff89a0aaf/library/std/src/panicking.rs:557:40
[INFO] [stdout]   45:     0x5dc35e785d7e - std::panicking::try::h8ddeca9d705f9069
[INFO] [stdout]                                at /rustc/90b35a6239c3d8bdabc530a6a0816f7ff89a0aaf/library/std/src/panicking.rs:520:19
[INFO] [stdout]   46:     0x5dc35e785d7e - std::panic::catch_unwind::h49e1c33078844c46
[INFO] [stdout]                                at /rustc/90b35a6239c3d8bdabc530a6a0816f7ff89a0aaf/library/std/src/panic.rs:358:14
[INFO] [stdout]   47:     0x5dc35e785d7e - std::thread::Builder::spawn_unchecked_::{{closure}}::h6073db6ff56ad35d
[INFO] [stdout]                                at /rustc/90b35a6239c3d8bdabc530a6a0816f7ff89a0aaf/library/std/src/thread/mod.rs:537:30
[INFO] [stdout]   48:     0x5dc35e785d7e - core::ops::function::FnOnce::call_once{{vtable.shim}}::h2c5a5f3779c774f1
[INFO] [stdout]                                at /rustc/90b35a6239c3d8bdabc530a6a0816f7ff89a0aaf/library/core/src/ops/function.rs:250:5
[INFO] [stdout]   49:     0x5dc35ea1234b - <alloc::boxed::Box<F,A> as core::ops::function::FnOnce<Args>>::call_once::hf75717d9f28faebf
[INFO] [stdout]                                at /rustc/90b35a6239c3d8bdabc530a6a0816f7ff89a0aaf/library/alloc/src/boxed.rs:2454:9
[INFO] [stdout]   50:     0x5dc35ea1234b - <alloc::boxed::Box<F,A> as core::ops::function::FnOnce<Args>>::call_once::h7bd883a5f3c5f3c1
[INFO] [stdout]                                at /rustc/90b35a6239c3d8bdabc530a6a0816f7ff89a0aaf/library/alloc/src/boxed.rs:2454:9
[INFO] [stdout]   51:     0x5dc35ea1234b - std::sys::pal::unix::thread::Thread::new::thread_start::hcc78f3943333fa94
[INFO] [stdout]                                at /rustc/90b35a6239c3d8bdabc530a6a0816f7ff89a0aaf/library/std/src/sys/pal/unix/thread.rs:105:17
[INFO] [stdout]   52:     0x7dd8ce516ac3 - <unknown>
[INFO] [stdout]   53:     0x7dd8ce5a7a04 - clone
[INFO] [stdout]   54:                0x0 - <unknown>
[INFO] [stdout] 
[INFO] [stdout] 
[INFO] [stdout] failures:
[INFO] [stdout]     cpu_gpu_uv_match
[INFO] [stdout] 
[INFO] [stdout] test result: FAILED. 0 passed; 1 failed; 0 ignored; 0 measured; 0 filtered out; finished in 0.50s
[INFO] [stdout] 
[INFO] [stderr] error: test failed, to rerun pass `-p wgpu-lib --lib`
[INFO] running `Command { std: "docker" "inspect" "06622e53e8ebe573f34104a6b889135b81d0e1c41ee456fe82f553c64ec45b8e", kill_on_drop: false }`
[INFO] running `Command { std: "docker" "rm" "-f" "06622e53e8ebe573f34104a6b889135b81d0e1c41ee456fe82f553c64ec45b8e", kill_on_drop: false }`
[INFO] [stdout] 06622e53e8ebe573f34104a6b889135b81d0e1c41ee456fe82f553c64ec45b8e
