[INFO] cloning repository https://github.com/adks3489/aoc2021
[INFO] running `Command { std: "git" "-c" "credential.helper=" "-c" "credential.helper=/workspace/cargo-home/bin/git-credential-null" "clone" "--bare" "https://github.com/adks3489/aoc2021" "/workspace/cache/git-repos/https%3A%2F%2Fgithub.com%2Fadks3489%2Faoc2021", kill_on_drop: false }`
[INFO] [stderr] Cloning into bare repository '/workspace/cache/git-repos/https%3A%2F%2Fgithub.com%2Fadks3489%2Faoc2021'...
[INFO] running `Command { std: "git" "rev-parse" "HEAD", kill_on_drop: false }`
[INFO] [stdout] e4b3611a02301498d398c3cad0c852ee0acdffe1
[INFO] testing adks3489/aoc2021 against beta-2024-12-08 for beta-1.84.0-4-retry
[INFO] running `Command { std: "git" "clone" "/workspace/cache/git-repos/https%3A%2F%2Fgithub.com%2Fadks3489%2Faoc2021" "/workspace/builds/worker-2-tc2/source", kill_on_drop: false }`
[INFO] [stderr] Cloning into '/workspace/builds/worker-2-tc2/source'...
[INFO] [stderr] done.
[INFO] validating manifest of git repo https://github.com/adks3489/aoc2021 on toolchain beta-2024-12-08
[INFO] running `Command { std: CARGO_HOME="/workspace/cargo-home" RUSTUP_HOME="/workspace/rustup-home" "/workspace/cargo-home/bin/cargo" "+beta-2024-12-08" "metadata" "--manifest-path" "Cargo.toml" "--no-deps", kill_on_drop: false }`
[INFO] started tweaking git repo https://github.com/adks3489/aoc2021
[INFO] finished tweaking git repo https://github.com/adks3489/aoc2021
[INFO] tweaked toml for git repo https://github.com/adks3489/aoc2021 written to /workspace/builds/worker-2-tc2/source/Cargo.toml
[INFO] crate git repo https://github.com/adks3489/aoc2021 already has a lockfile, it will not be regenerated
[INFO] running `Command { std: CARGO_HOME="/workspace/cargo-home" RUSTUP_HOME="/workspace/rustup-home" "/workspace/cargo-home/bin/cargo" "+beta-2024-12-08" "fetch" "--manifest-path" "Cargo.toml", kill_on_drop: false }`
[INFO] [stderr] warning: virtual workspace defaulting to `resolver = "1"` despite one or more workspace members being on edition 2021 which implies `resolver = "2"`
[INFO] [stderr] note: to keep the current resolver, specify `workspace.resolver = "1"` in the workspace root's manifest
[INFO] [stderr] note: to use the edition 2021 resolver, specify `workspace.resolver = "2"` in the workspace root's manifest
[INFO] [stderr] note: for more details see https://doc.rust-lang.org/cargo/reference/resolver.html#resolver-versions
[INFO] [stderr]     Blocking waiting for file lock on package cache
[INFO] running `Command { std: "docker" "create" "-v" "/var/lib/crater-agent-workspace/builds/worker-2-tc2/target:/opt/rustwide/target:rw,Z" "-v" "/var/lib/crater-agent-workspace/builds/worker-2-tc2/source:/opt/rustwide/workdir:ro,Z" "-v" "/var/lib/crater-agent-workspace/cargo-home:/opt/rustwide/cargo-home:ro,Z" "-v" "/var/lib/crater-agent-workspace/rustup-home:/opt/rustwide/rustup-home:ro,Z" "-e" "SOURCE_DIR=/opt/rustwide/workdir" "-e" "CARGO_TARGET_DIR=/opt/rustwide/target" "-e" "CARGO_HOME=/opt/rustwide/cargo-home" "-e" "RUSTUP_HOME=/opt/rustwide/rustup-home" "-w" "/opt/rustwide/workdir" "-m" "1610612736" "--user" "0:0" "--network" "none" "ghcr.io/rust-lang/crates-build-env/linux@sha256:f3a9d4ad9d972b27faf3965f35b62e55ba32bbce8f20bc8fe909558a86702fde" "/opt/rustwide/cargo-home/bin/cargo" "+beta-2024-12-08" "metadata" "--no-deps" "--format-version=1", kill_on_drop: false }`
[INFO] [stdout] abdaabe394bfebae112894a14b9476b0a738a28c4ccb9cc36bc688258f89dc4b
[INFO] running `Command { std: "docker" "start" "-a" "abdaabe394bfebae112894a14b9476b0a738a28c4ccb9cc36bc688258f89dc4b", kill_on_drop: false }`
[INFO] running `Command { std: "docker" "inspect" "abdaabe394bfebae112894a14b9476b0a738a28c4ccb9cc36bc688258f89dc4b", kill_on_drop: false }`
[INFO] running `Command { std: "docker" "rm" "-f" "abdaabe394bfebae112894a14b9476b0a738a28c4ccb9cc36bc688258f89dc4b", kill_on_drop: false }`
[INFO] [stdout] abdaabe394bfebae112894a14b9476b0a738a28c4ccb9cc36bc688258f89dc4b
[INFO] running `Command { std: "docker" "create" "-v" "/var/lib/crater-agent-workspace/builds/worker-2-tc2/target:/opt/rustwide/target:rw,Z" "-v" "/var/lib/crater-agent-workspace/builds/worker-2-tc2/source:/opt/rustwide/workdir:ro,Z" "-v" "/var/lib/crater-agent-workspace/cargo-home:/opt/rustwide/cargo-home:ro,Z" "-v" "/var/lib/crater-agent-workspace/rustup-home:/opt/rustwide/rustup-home:ro,Z" "-e" "SOURCE_DIR=/opt/rustwide/workdir" "-e" "CARGO_TARGET_DIR=/opt/rustwide/target" "-e" "CARGO_INCREMENTAL=0" "-e" "RUST_BACKTRACE=full" "-e" "RUSTFLAGS=--cap-lints=warn" "-e" "RUSTDOCFLAGS=--cap-lints=warn" "-e" "CARGO_HOME=/opt/rustwide/cargo-home" "-e" "RUSTUP_HOME=/opt/rustwide/rustup-home" "-w" "/opt/rustwide/workdir" "-m" "1610612736" "--user" "0:0" "--network" "none" "ghcr.io/rust-lang/crates-build-env/linux@sha256:f3a9d4ad9d972b27faf3965f35b62e55ba32bbce8f20bc8fe909558a86702fde" "/opt/rustwide/cargo-home/bin/cargo" "+beta-2024-12-08" "build" "--frozen" "--message-format=json", kill_on_drop: false }`
[INFO] [stdout] c4681cbd70c052ccc0ed0ea79ea900492dfb2ce1ec8549da46919dff2078f474
[INFO] running `Command { std: "docker" "start" "-a" "c4681cbd70c052ccc0ed0ea79ea900492dfb2ce1ec8549da46919dff2078f474", kill_on_drop: false }`
[INFO] [stderr] warning: virtual workspace defaulting to `resolver = "1"` despite one or more workspace members being on edition 2021 which implies `resolver = "2"`
[INFO] [stderr] note: to keep the current resolver, specify `workspace.resolver = "1"` in the workspace root's manifest
[INFO] [stderr] note: to use the edition 2021 resolver, specify `workspace.resolver = "2"` in the workspace root's manifest
[INFO] [stderr] note: for more details see https://doc.rust-lang.org/cargo/reference/resolver.html#resolver-versions
[INFO] [stderr] warning: output filename collision.
[INFO] [stderr] The bin target `day1` in package `aoc2021 v0.1.0 (/opt/rustwide/workdir/aoc2021)` has the same output filename as the bin target `day1` in package `aoc2020 v0.1.0 (/opt/rustwide/workdir/aoc2020)`.
[INFO] [stderr] Colliding filename is: /opt/rustwide/target/debug/day1
[INFO] [stderr] The targets should have unique names.
[INFO] [stderr] Consider changing their names to be unique or compiling them separately.
[INFO] [stderr] This may become a hard error in the future; see <https://github.com/rust-lang/cargo/issues/6313>.
[INFO] [stderr] warning: output filename collision.
[INFO] [stderr] The bin target `day1` in package `aoc2021 v0.1.0 (/opt/rustwide/workdir/aoc2021)` has the same output filename as the bin target `day1` in package `aoc2020 v0.1.0 (/opt/rustwide/workdir/aoc2020)`.
[INFO] [stderr] Colliding filename is: /opt/rustwide/target/debug/day1.dwp
[INFO] [stderr] The targets should have unique names.
[INFO] [stderr] Consider changing their names to be unique or compiling them separately.
[INFO] [stderr] This may become a hard error in the future; see <https://github.com/rust-lang/cargo/issues/6313>.
[INFO] [stderr] warning: output filename collision.
[INFO] [stderr] The bin target `day2` in package `aoc2021 v0.1.0 (/opt/rustwide/workdir/aoc2021)` has the same output filename as the bin target `day2` in package `aoc2020 v0.1.0 (/opt/rustwide/workdir/aoc2020)`.
[INFO] [stderr] Colliding filename is: /opt/rustwide/target/debug/day2
[INFO] [stderr] The targets should have unique names.
[INFO] [stderr] Consider changing their names to be unique or compiling them separately.
[INFO] [stderr] This may become a hard error in the future; see <https://github.com/rust-lang/cargo/issues/6313>.
[INFO] [stderr] warning: output filename collision.
[INFO] [stderr] The bin target `day2` in package `aoc2021 v0.1.0 (/opt/rustwide/workdir/aoc2021)` has the same output filename as the bin target `day2` in package `aoc2020 v0.1.0 (/opt/rustwide/workdir/aoc2020)`.
[INFO] [stderr] Colliding filename is: /opt/rustwide/target/debug/day2.dwp
[INFO] [stderr] The targets should have unique names.
[INFO] [stderr] Consider changing their names to be unique or compiling them separately.
[INFO] [stderr] This may become a hard error in the future; see <https://github.com/rust-lang/cargo/issues/6313>.
[INFO] [stderr] warning: output filename collision.
[INFO] [stderr] The bin target `day3` in package `aoc2021 v0.1.0 (/opt/rustwide/workdir/aoc2021)` has the same output filename as the bin target `day3` in package `aoc2020 v0.1.0 (/opt/rustwide/workdir/aoc2020)`.
[INFO] [stderr] Colliding filename is: /opt/rustwide/target/debug/day3
[INFO] [stderr] The targets should have unique names.
[INFO] [stderr] Consider changing their names to be unique or compiling them separately.
[INFO] [stderr] This may become a hard error in the future; see <https://github.com/rust-lang/cargo/issues/6313>.
[INFO] [stderr] warning: output filename collision.
[INFO] [stderr] The bin target `day3` in package `aoc2021 v0.1.0 (/opt/rustwide/workdir/aoc2021)` has the same output filename as the bin target `day3` in package `aoc2020 v0.1.0 (/opt/rustwide/workdir/aoc2020)`.
[INFO] [stderr] Colliding filename is: /opt/rustwide/target/debug/day3.dwp
[INFO] [stderr] The targets should have unique names.
[INFO] [stderr] Consider changing their names to be unique or compiling them separately.
[INFO] [stderr] This may become a hard error in the future; see <https://github.com/rust-lang/cargo/issues/6313>.
[INFO] [stderr] warning: output filename collision.
[INFO] [stderr] The bin target `day1` in package `aoc2022 v0.1.0 (/opt/rustwide/workdir/aoc2022)` has the same output filename as the bin target `day1` in package `aoc2021 v0.1.0 (/opt/rustwide/workdir/aoc2021)`.
[INFO] [stderr] Colliding filename is: /opt/rustwide/target/debug/day1
[INFO] [stderr] The targets should have unique names.
[INFO] [stderr] Consider changing their names to be unique or compiling them separately.
[INFO] [stderr] This may become a hard error in the future; see <https://github.com/rust-lang/cargo/issues/6313>.
[INFO] [stderr] warning: output filename collision.
[INFO] [stderr] The bin target `day1` in package `aoc2022 v0.1.0 (/opt/rustwide/workdir/aoc2022)` has the same output filename as the bin target `day1` in package `aoc2021 v0.1.0 (/opt/rustwide/workdir/aoc2021)`.
[INFO] [stderr] Colliding filename is: /opt/rustwide/target/debug/day1.dwp
[INFO] [stderr] The targets should have unique names.
[INFO] [stderr] Consider changing their names to be unique or compiling them separately.
[INFO] [stderr] This may become a hard error in the future; see <https://github.com/rust-lang/cargo/issues/6313>.
[INFO] [stderr] warning: output filename collision.
[INFO] [stderr] The bin target `day2` in package `aoc2022 v0.1.0 (/opt/rustwide/workdir/aoc2022)` has the same output filename as the bin target `day2` in package `aoc2021 v0.1.0 (/opt/rustwide/workdir/aoc2021)`.
[INFO] [stderr] Colliding filename is: /opt/rustwide/target/debug/day2
[INFO] [stderr] The targets should have unique names.
[INFO] [stderr] Consider changing their names to be unique or compiling them separately.
[INFO] [stderr] This may become a hard error in the future; see <https://github.com/rust-lang/cargo/issues/6313>.
[INFO] [stderr] warning: output filename collision.
[INFO] [stderr] The bin target `day2` in package `aoc2022 v0.1.0 (/opt/rustwide/workdir/aoc2022)` has the same output filename as the bin target `day2` in package `aoc2021 v0.1.0 (/opt/rustwide/workdir/aoc2021)`.
[INFO] [stderr] Colliding filename is: /opt/rustwide/target/debug/day2.dwp
[INFO] [stderr] The targets should have unique names.
[INFO] [stderr] Consider changing their names to be unique or compiling them separately.
[INFO] [stderr] This may become a hard error in the future; see <https://github.com/rust-lang/cargo/issues/6313>.
[INFO] [stderr] warning: output filename collision.
[INFO] [stderr] The bin target `day3` in package `aoc2022 v0.1.0 (/opt/rustwide/workdir/aoc2022)` has the same output filename as the bin target `day3` in package `aoc2021 v0.1.0 (/opt/rustwide/workdir/aoc2021)`.
[INFO] [stderr] Colliding filename is: /opt/rustwide/target/debug/day3
[INFO] [stderr] The targets should have unique names.
[INFO] [stderr] Consider changing their names to be unique or compiling them separately.
[INFO] [stderr] This may become a hard error in the future; see <https://github.com/rust-lang/cargo/issues/6313>.
[INFO] [stderr] warning: output filename collision.
[INFO] [stderr] The bin target `day3` in package `aoc2022 v0.1.0 (/opt/rustwide/workdir/aoc2022)` has the same output filename as the bin target `day3` in package `aoc2021 v0.1.0 (/opt/rustwide/workdir/aoc2021)`.
[INFO] [stderr] Colliding filename is: /opt/rustwide/target/debug/day3.dwp
[INFO] [stderr] The targets should have unique names.
[INFO] [stderr] Consider changing their names to be unique or compiling them separately.
[INFO] [stderr] This may become a hard error in the future; see <https://github.com/rust-lang/cargo/issues/6313>.
[INFO] [stderr] warning: output filename collision.
[INFO] [stderr] The bin target `day4` in package `aoc2022 v0.1.0 (/opt/rustwide/workdir/aoc2022)` has the same output filename as the bin target `day4` in package `aoc2021 v0.1.0 (/opt/rustwide/workdir/aoc2021)`.
[INFO] [stderr] Colliding filename is: /opt/rustwide/target/debug/day4
[INFO] [stderr] The targets should have unique names.
[INFO] [stderr] Consider changing their names to be unique or compiling them separately.
[INFO] [stderr] This may become a hard error in the future; see <https://github.com/rust-lang/cargo/issues/6313>.
[INFO] [stderr] warning: output filename collision.
[INFO] [stderr] The bin target `day4` in package `aoc2022 v0.1.0 (/opt/rustwide/workdir/aoc2022)` has the same output filename as the bin target `day4` in package `aoc2021 v0.1.0 (/opt/rustwide/workdir/aoc2021)`.
[INFO] [stderr] Colliding filename is: /opt/rustwide/target/debug/day4.dwp
[INFO] [stderr] The targets should have unique names.
[INFO] [stderr] Consider changing their names to be unique or compiling them separately.
[INFO] [stderr] This may become a hard error in the future; see <https://github.com/rust-lang/cargo/issues/6313>.
[INFO] [stderr] warning: output filename collision.
[INFO] [stderr] The bin target `day5` in package `aoc2022 v0.1.0 (/opt/rustwide/workdir/aoc2022)` has the same output filename as the bin target `day5` in package `aoc2021 v0.1.0 (/opt/rustwide/workdir/aoc2021)`.
[INFO] [stderr] Colliding filename is: /opt/rustwide/target/debug/day5
[INFO] [stderr] The targets should have unique names.
[INFO] [stderr] Consider changing their names to be unique or compiling them separately.
[INFO] [stderr] This may become a hard error in the future; see <https://github.com/rust-lang/cargo/issues/6313>.
[INFO] [stderr] warning: output filename collision.
[INFO] [stderr] The bin target `day5` in package `aoc2022 v0.1.0 (/opt/rustwide/workdir/aoc2022)` has the same output filename as the bin target `day5` in package `aoc2021 v0.1.0 (/opt/rustwide/workdir/aoc2021)`.
[INFO] [stderr] Colliding filename is: /opt/rustwide/target/debug/day5.dwp
[INFO] [stderr] The targets should have unique names.
[INFO] [stderr] Consider changing their names to be unique or compiling them separately.
[INFO] [stderr] This may become a hard error in the future; see <https://github.com/rust-lang/cargo/issues/6313>.
[INFO] [stderr]    Compiling either v1.8.0
[INFO] [stderr]    Compiling proc-macro2 v1.0.47
[INFO] [stderr]    Compiling unicode-ident v1.0.5
[INFO] [stderr]    Compiling quote v1.0.21
[INFO] [stderr]    Compiling syn v1.0.103
[INFO] [stderr]    Compiling memchr v2.5.0
[INFO] [stderr]    Compiling regex-syntax v0.6.28
[INFO] [stderr]    Compiling itertools v0.10.5
[INFO] [stderr]    Compiling aho-corasick v0.7.19
[INFO] [stderr]    Compiling aoc2021 v0.1.0 (/opt/rustwide/workdir/aoc2021)
[INFO] [stdout] warning: unused variable: `data`
[INFO] [stdout]    --> aoc2021/src/bin/day24.rs:201:10
[INFO] [stdout]     |
[INFO] [stdout] 201 | fn calc0(data: &Vec<&str>) -> u64 {
[INFO] [stdout]     |          ^^^^ help: if this is intentional, prefix it with an underscore: `_data`
[INFO] [stdout]     |
[INFO] [stdout]     = note: `#[warn(unused_variables)]` on by default
[INFO] [stdout] 
[INFO] [stdout] 
[INFO] [stdout] warning: unused variable: `div_z`
[INFO] [stdout]    --> aoc2021/src/bin/day24.rs:234:9
[INFO] [stdout]     |
[INFO] [stdout] 234 |     let div_z = [1, 1, 1, 26, 1, 1, 26, 26, 26, 1, 1, 26, 26, 26];
[INFO] [stdout]     |         ^^^^^ help: if this is intentional, prefix it with an underscore: `_div_z`
[INFO] [stdout] 
[INFO] [stdout] 
[INFO] [stdout] warning: unused variable: `add_x`
[INFO] [stdout]    --> aoc2021/src/bin/day24.rs:235:9
[INFO] [stdout]     |
[INFO] [stdout] 235 |     let add_x = [11, 13, 15, -8, 13, 15, -11, -4, -15, 14, 14, -1, -8, -14];
[INFO] [stdout]     |         ^^^^^ help: if this is intentional, prefix it with an underscore: `_add_x`
[INFO] [stdout] 
[INFO] [stdout] 
[INFO] [stdout] warning: unused variable: `add_y`
[INFO] [stdout]    --> aoc2021/src/bin/day24.rs:236:9
[INFO] [stdout]     |
[INFO] [stdout] 236 |     let add_y = [6, 14, 14, 10, 9, 12, 8, 13, 12, 6, 9, 15, 4, 10];
[INFO] [stdout]     |         ^^^^^ help: if this is intentional, prefix it with an underscore: `_add_y`
[INFO] [stdout] 
[INFO] [stdout] 
[INFO] [stdout] warning: unused variable: `div_z`
[INFO] [stdout]    --> aoc2021/src/bin/day24.rs:259:9
[INFO] [stdout]     |
[INFO] [stdout] 259 |     let div_z = [1, 1, 1, 26, 1, 1, 26, 26, 26, 1, 1, 26, 26, 26];
[INFO] [stdout]     |         ^^^^^ help: if this is intentional, prefix it with an underscore: `_div_z`
[INFO] [stdout] 
[INFO] [stdout] 
[INFO] [stdout] warning: unused variable: `add_x`
[INFO] [stdout]    --> aoc2021/src/bin/day24.rs:260:9
[INFO] [stdout]     |
[INFO] [stdout] 260 |     let add_x = [11, 13, 15, -8, 13, 15, -11, -4, -15, 14, 14, -1, -8, -14];
[INFO] [stdout]     |         ^^^^^ help: if this is intentional, prefix it with an underscore: `_add_x`
[INFO] [stdout] 
[INFO] [stdout] 
[INFO] [stdout] warning: unused variable: `add_y`
[INFO] [stdout]    --> aoc2021/src/bin/day24.rs:261:9
[INFO] [stdout]     |
[INFO] [stdout] 261 |     let add_y = [6, 14, 14, 10, 9, 12, 8, 13, 12, 6, 9, 15, 4, 10];
[INFO] [stdout]     |         ^^^^^ help: if this is intentional, prefix it with an underscore: `_add_y`
[INFO] [stdout] 
[INFO] [stdout] 
[INFO] [stdout] warning: unused variable: `data`
[INFO] [stdout]    --> aoc2021/src/bin/day24.rs:344:10
[INFO] [stdout]     |
[INFO] [stdout] 344 | fn calc2(data: &Vec<&str>) -> i32 {
[INFO] [stdout]     |          ^^^^ help: if this is intentional, prefix it with an underscore: `_data`
[INFO] [stdout] 
[INFO] [stdout] 
[INFO] [stdout] warning: function `calc_raw` is never used
[INFO] [stdout]    --> aoc2021/src/bin/day24.rs:155:4
[INFO] [stdout]     |
[INFO] [stdout] 155 | fn calc_raw(data: &Vec<&str>) -> u64 {
[INFO] [stdout]     |    ^^^^^^^^
[INFO] [stdout]     |
[INFO] [stdout]     = note: `#[warn(dead_code)]` on by default
[INFO] [stdout] 
[INFO] [stdout] 
[INFO] [stdout] warning: function `calc_digit` is never used
[INFO] [stdout]    --> aoc2021/src/bin/day24.rs:171:4
[INFO] [stdout]     |
[INFO] [stdout] 171 | fn calc_digit(i: usize, prev_z: i64) -> Option<u64> {
[INFO] [stdout]     |    ^^^^^^^^^^
[INFO] [stdout] 
[INFO] [stdout] 
[INFO] [stdout] warning: function `calc` is never used
[INFO] [stdout]    --> aoc2021/src/bin/day24.rs:198:4
[INFO] [stdout]     |
[INFO] [stdout] 198 | fn calc() -> u64 {
[INFO] [stdout]     |    ^^^^
[INFO] [stdout] 
[INFO] [stdout] 
[INFO] [stdout] warning: function `calc0` is never used
[INFO] [stdout]    --> aoc2021/src/bin/day24.rs:201:4
[INFO] [stdout]     |
[INFO] [stdout] 201 | fn calc0(data: &Vec<&str>) -> u64 {
[INFO] [stdout]     |    ^^^^^
[INFO] [stdout] 
[INFO] [stdout] 
[INFO] [stdout] warning: function `calc1` is never used
[INFO] [stdout]    --> aoc2021/src/bin/day24.rs:232:4
[INFO] [stdout]     |
[INFO] [stdout] 232 | fn calc1(data: &Vec<&str>) -> u64 {
[INFO] [stdout]     |    ^^^^^
[INFO] [stdout] 
[INFO] [stdout] 
[INFO] [stderr]    Compiling regex v1.7.0
[INFO] [stdout] warning: unnecessary parentheses around match arm expression
[INFO] [stdout]   --> aoc2021/src/bin/day5.rs:34:25
[INFO] [stdout]    |
[INFO] [stdout] 34 |                 true => (y2..=y1),
[INFO] [stdout]    |                         ^       ^
[INFO] [stdout]    |
[INFO] [stdout]    = note: `#[warn(unused_parens)]` on by default
[INFO] [stdout] help: remove these parentheses
[INFO] [stdout]    |
[INFO] [stdout] 34 -                 true => (y2..=y1),
[INFO] [stdout] 34 +                 true => y2..=y1,
[INFO] [stdout]    |
[INFO] [stdout] 
[INFO] [stdout] 
[INFO] [stdout] warning: unnecessary parentheses around match arm expression
[INFO] [stdout]   --> aoc2021/src/bin/day5.rs:35:26
[INFO] [stdout]    |
[INFO] [stdout] 35 |                 false => (y1..=y2),
[INFO] [stdout]    |                          ^       ^
[INFO] [stdout]    |
[INFO] [stdout] help: remove these parentheses
[INFO] [stdout]    |
[INFO] [stdout] 35 -                 false => (y1..=y2),
[INFO] [stdout] 35 +                 false => y1..=y2,
[INFO] [stdout]    |
[INFO] [stdout] 
[INFO] [stdout] 
[INFO] [stdout] warning: unnecessary parentheses around match arm expression
[INFO] [stdout]   --> aoc2021/src/bin/day5.rs:42:25
[INFO] [stdout]    |
[INFO] [stdout] 42 |                 true => (x2..=x1),
[INFO] [stdout]    |                         ^       ^
[INFO] [stdout]    |
[INFO] [stdout] help: remove these parentheses
[INFO] [stdout]    |
[INFO] [stdout] 42 -                 true => (x2..=x1),
[INFO] [stdout] 42 +                 true => x2..=x1,
[INFO] [stdout]    |
[INFO] [stdout] 
[INFO] [stdout] 
[INFO] [stdout] warning: unnecessary parentheses around match arm expression
[INFO] [stdout]   --> aoc2021/src/bin/day5.rs:43:26
[INFO] [stdout]    |
[INFO] [stdout] 43 |                 false => (x1..=x2),
[INFO] [stdout]    |                          ^       ^
[INFO] [stdout]    |
[INFO] [stdout] help: remove these parentheses
[INFO] [stdout]    |
[INFO] [stdout] 43 -                 false => (x1..=x2),
[INFO] [stdout] 43 +                 false => x1..=x2,
[INFO] [stdout]    |
[INFO] [stdout] 
[INFO] [stdout] 
[INFO] [stdout] warning: struct `Coordinate` is never constructed
[INFO] [stdout]  --> aoc2021/src/bin/day5.rs:3:8
[INFO] [stdout]   |
[INFO] [stdout] 3 | struct Coordinate(i32, i32);
[INFO] [stdout]   |        ^^^^^^^^^^
[INFO] [stdout]   |
[INFO] [stdout]   = note: `#[warn(dead_code)]` on by default
[INFO] [stdout] 
[INFO] [stdout] 
[INFO] [stdout] warning: unused variable: `data`
[INFO] [stdout]  --> aoc2021/src/bin/template.rs:3:9
[INFO] [stdout]   |
[INFO] [stdout] 3 | fn calc(data: &Vec<&str>) -> i32 {
[INFO] [stdout]   |         ^^^^ help: if this is intentional, prefix it with an underscore: `_data`
[INFO] [stdout]   |
[INFO] [stdout]   = note: `#[warn(unused_variables)]` on by default
[INFO] [stdout] 
[INFO] [stdout] 
[INFO] [stdout] warning: unused variable: `data`
[INFO] [stdout]  --> aoc2021/src/bin/template.rs:7:10
[INFO] [stdout]   |
[INFO] [stdout] 7 | fn calc2(data: &Vec<&str>) -> i32 {
[INFO] [stdout]   |          ^^^^ help: if this is intentional, prefix it with an underscore: `_data`
[INFO] [stdout] 
[INFO] [stdout] 
[INFO] [stdout] warning: unused variable: `x_len`
[INFO] [stdout]  --> aoc2021/src/bin/day25.rs:7:5
[INFO] [stdout]   |
[INFO] [stdout] 7 |     x_len: usize,
[INFO] [stdout]   |     ^^^^^ help: if this is intentional, prefix it with an underscore: `_x_len`
[INFO] [stdout]   |
[INFO] [stdout]   = note: `#[warn(unused_variables)]` on by default
[INFO] [stdout] 
[INFO] [stdout] 
[INFO] [stdout] warning: unused variable: `y_len`
[INFO] [stdout]  --> aoc2021/src/bin/day25.rs:8:5
[INFO] [stdout]   |
[INFO] [stdout] 8 |     y_len: usize,
[INFO] [stdout]   |     ^^^^^ help: if this is intentional, prefix it with an underscore: `_y_len`
[INFO] [stdout] 
[INFO] [stdout] 
[INFO] [stdout] warning: unused variable: `data`
[INFO] [stdout]   --> aoc2021/src/bin/day25.rs:75:10
[INFO] [stdout]    |
[INFO] [stdout] 75 | fn calc2(data: &Vec<&str>) -> i32 {
[INFO] [stdout]    |          ^^^^ help: if this is intentional, prefix it with an underscore: `_data`
[INFO] [stdout] 
[INFO] [stdout] 
[INFO] [stdout] warning: function `is_movable` is never used
[INFO] [stdout]  --> aoc2021/src/bin/day25.rs:3:4
[INFO] [stdout]   |
[INFO] [stdout] 3 | fn is_movable(
[INFO] [stdout]   |    ^^^^^^^^^^
[INFO] [stdout]   |
[INFO] [stdout]   = note: `#[warn(dead_code)]` on by default
[INFO] [stdout] 
[INFO] [stdout] 
[INFO] [stderr]    Compiling structmeta-derive v0.1.5
[INFO] [stderr]    Compiling structmeta v0.1.5
[INFO] [stderr]    Compiling parse-display-derive v0.6.0
[INFO] [stderr]    Compiling parse-display v0.6.0
[INFO] [stderr]    Compiling aoc2020 v0.1.0 (/opt/rustwide/workdir/aoc2020)
[INFO] [stderr]    Compiling aoc2022 v0.1.0 (/opt/rustwide/workdir/aoc2022)
[INFO] [stderr]     Finished `dev` profile [unoptimized + debuginfo] target(s) in 15.58s
[INFO] running `Command { std: "docker" "inspect" "c4681cbd70c052ccc0ed0ea79ea900492dfb2ce1ec8549da46919dff2078f474", kill_on_drop: false }`
[INFO] running `Command { std: "docker" "rm" "-f" "c4681cbd70c052ccc0ed0ea79ea900492dfb2ce1ec8549da46919dff2078f474", kill_on_drop: false }`
[INFO] [stdout] c4681cbd70c052ccc0ed0ea79ea900492dfb2ce1ec8549da46919dff2078f474
[INFO] running `Command { std: "docker" "create" "-v" "/var/lib/crater-agent-workspace/builds/worker-2-tc2/target:/opt/rustwide/target:rw,Z" "-v" "/var/lib/crater-agent-workspace/builds/worker-2-tc2/source:/opt/rustwide/workdir:ro,Z" "-v" "/var/lib/crater-agent-workspace/cargo-home:/opt/rustwide/cargo-home:ro,Z" "-v" "/var/lib/crater-agent-workspace/rustup-home:/opt/rustwide/rustup-home:ro,Z" "-e" "SOURCE_DIR=/opt/rustwide/workdir" "-e" "CARGO_TARGET_DIR=/opt/rustwide/target" "-e" "CARGO_INCREMENTAL=0" "-e" "RUST_BACKTRACE=full" "-e" "RUSTFLAGS=--cap-lints=warn" "-e" "RUSTDOCFLAGS=--cap-lints=warn" "-e" "CARGO_HOME=/opt/rustwide/cargo-home" "-e" "RUSTUP_HOME=/opt/rustwide/rustup-home" "-w" "/opt/rustwide/workdir" "-m" "1610612736" "--user" "0:0" "--network" "none" "ghcr.io/rust-lang/crates-build-env/linux@sha256:f3a9d4ad9d972b27faf3965f35b62e55ba32bbce8f20bc8fe909558a86702fde" "/opt/rustwide/cargo-home/bin/cargo" "+beta-2024-12-08" "test" "--frozen" "--no-run" "--message-format=json", kill_on_drop: false }`
[INFO] [stdout] 3207e5edaf719ebdae04188c44ef1625d6690e8a99fd42f1469f79121381ebba
[INFO] running `Command { std: "docker" "start" "-a" "3207e5edaf719ebdae04188c44ef1625d6690e8a99fd42f1469f79121381ebba", kill_on_drop: false }`
[INFO] [stderr] warning: virtual workspace defaulting to `resolver = "1"` despite one or more workspace members being on edition 2021 which implies `resolver = "2"`
[INFO] [stderr] note: to keep the current resolver, specify `workspace.resolver = "1"` in the workspace root's manifest
[INFO] [stderr] note: to use the edition 2021 resolver, specify `workspace.resolver = "2"` in the workspace root's manifest
[INFO] [stderr] note: for more details see https://doc.rust-lang.org/cargo/reference/resolver.html#resolver-versions
[INFO] [stderr]    Compiling aoc2021 v0.1.0 (/opt/rustwide/workdir/aoc2021)
[INFO] [stderr]    Compiling aoc2020 v0.1.0 (/opt/rustwide/workdir/aoc2020)
[INFO] [stdout] warning: unused variable: `x_len`
[INFO] [stdout]  --> aoc2021/src/bin/day25.rs:7:5
[INFO] [stdout]   |
[INFO] [stdout] 7 |     x_len: usize,
[INFO] [stdout]   |     ^^^^^ help: if this is intentional, prefix it with an underscore: `_x_len`
[INFO] [stdout]   |
[INFO] [stdout]   = note: `#[warn(unused_variables)]` on by default
[INFO] [stdout] 
[INFO] [stdout] 
[INFO] [stdout] warning: unused variable: `y_len`
[INFO] [stdout]  --> aoc2021/src/bin/day25.rs:8:5
[INFO] [stdout]   |
[INFO] [stdout] 8 |     y_len: usize,
[INFO] [stdout]   |     ^^^^^ help: if this is intentional, prefix it with an underscore: `_y_len`
[INFO] [stdout] 
[INFO] [stdout] 
[INFO] [stdout] warning: unused variable: `data`
[INFO] [stdout]   --> aoc2021/src/bin/day25.rs:75:10
[INFO] [stdout]    |
[INFO] [stdout] 75 | fn calc2(data: &Vec<&str>) -> i32 {
[INFO] [stdout]    |          ^^^^ help: if this is intentional, prefix it with an underscore: `_data`
[INFO] [stdout] 
[INFO] [stdout] 
[INFO] [stdout] warning: unused variable: `data`
[INFO] [stdout]  --> aoc2021/src/bin/template.rs:3:9
[INFO] [stdout]   |
[INFO] [stdout] 3 | fn calc(data: &Vec<&str>) -> i32 {
[INFO] [stdout]   |         ^^^^ help: if this is intentional, prefix it with an underscore: `_data`
[INFO] [stdout]   |
[INFO] [stdout]   = note: `#[warn(unused_variables)]` on by default
[INFO] [stdout] 
[INFO] [stdout] 
[INFO] [stdout] warning: unused variable: `data`
[INFO] [stdout]  --> aoc2021/src/bin/template.rs:7:10
[INFO] [stdout]   |
[INFO] [stdout] 7 | fn calc2(data: &Vec<&str>) -> i32 {
[INFO] [stdout]   |          ^^^^ help: if this is intentional, prefix it with an underscore: `_data`
[INFO] [stdout] 
[INFO] [stdout] 
[INFO] [stdout] warning: function `is_movable` is never used
[INFO] [stdout]  --> aoc2021/src/bin/day25.rs:3:4
[INFO] [stdout]   |
[INFO] [stdout] 3 | fn is_movable(
[INFO] [stdout]   |    ^^^^^^^^^^
[INFO] [stdout]   |
[INFO] [stdout]   = note: `#[warn(dead_code)]` on by default
[INFO] [stdout] 
[INFO] [stdout] 
[INFO] [stdout] warning: unnecessary parentheses around match arm expression
[INFO] [stdout]   --> aoc2021/src/bin/day5.rs:34:25
[INFO] [stdout]    |
[INFO] [stdout] 34 |                 true => (y2..=y1),
[INFO] [stdout]    |                         ^       ^
[INFO] [stdout]    |
[INFO] [stdout]    = note: `#[warn(unused_parens)]` on by default
[INFO] [stdout] help: remove these parentheses
[INFO] [stdout]    |
[INFO] [stdout] 34 -                 true => (y2..=y1),
[INFO] [stdout] 34 +                 true => y2..=y1,
[INFO] [stdout]    |
[INFO] [stdout] 
[INFO] [stdout] 
[INFO] [stdout] warning: unnecessary parentheses around match arm expression
[INFO] [stdout]   --> aoc2021/src/bin/day5.rs:35:26
[INFO] [stdout]    |
[INFO] [stdout] 35 |                 false => (y1..=y2),
[INFO] [stdout]    |                          ^       ^
[INFO] [stdout]    |
[INFO] [stdout] help: remove these parentheses
[INFO] [stdout]    |
[INFO] [stdout] 35 -                 false => (y1..=y2),
[INFO] [stdout] 35 +                 false => y1..=y2,
[INFO] [stdout]    |
[INFO] [stdout] 
[INFO] [stdout] 
[INFO] [stdout] warning: unnecessary parentheses around match arm expression
[INFO] [stdout]   --> aoc2021/src/bin/day5.rs:42:25
[INFO] [stdout]    |
[INFO] [stdout] 42 |                 true => (x2..=x1),
[INFO] [stdout]    |                         ^       ^
[INFO] [stdout]    |
[INFO] [stdout] help: remove these parentheses
[INFO] [stdout]    |
[INFO] [stdout] 42 -                 true => (x2..=x1),
[INFO] [stdout] 42 +                 true => x2..=x1,
[INFO] [stdout]    |
[INFO] [stdout] 
[INFO] [stdout] 
[INFO] [stdout] warning: unnecessary parentheses around match arm expression
[INFO] [stdout]   --> aoc2021/src/bin/day5.rs:43:26
[INFO] [stdout]    |
[INFO] [stdout] 43 |                 false => (x1..=x2),
[INFO] [stdout]    |                          ^       ^
[INFO] [stdout]    |
[INFO] [stdout] help: remove these parentheses
[INFO] [stdout]    |
[INFO] [stdout] 43 -                 false => (x1..=x2),
[INFO] [stdout] 43 +                 false => x1..=x2,
[INFO] [stdout]    |
[INFO] [stdout] 
[INFO] [stdout] 
[INFO] [stdout] warning: struct `Coordinate` is never constructed
[INFO] [stdout]  --> aoc2021/src/bin/day5.rs:3:8
[INFO] [stdout]   |
[INFO] [stdout] 3 | struct Coordinate(i32, i32);
[INFO] [stdout]   |        ^^^^^^^^^^
[INFO] [stdout]   |
[INFO] [stdout]   = note: `#[warn(dead_code)]` on by default
[INFO] [stdout] 
[INFO] [stdout] 
[INFO] [stderr]    Compiling aoc2022 v0.1.0 (/opt/rustwide/workdir/aoc2022)
[INFO] [stdout] warning: unused variable: `data`
[INFO] [stdout]    --> aoc2021/src/bin/day24.rs:201:10
[INFO] [stdout]     |
[INFO] [stdout] 201 | fn calc0(data: &Vec<&str>) -> u64 {
[INFO] [stdout]     |          ^^^^ help: if this is intentional, prefix it with an underscore: `_data`
[INFO] [stdout]     |
[INFO] [stdout]     = note: `#[warn(unused_variables)]` on by default
[INFO] [stdout] 
[INFO] [stdout] 
[INFO] [stdout] warning: unused variable: `div_z`
[INFO] [stdout]    --> aoc2021/src/bin/day24.rs:234:9
[INFO] [stdout]     |
[INFO] [stdout] 234 |     let div_z = [1, 1, 1, 26, 1, 1, 26, 26, 26, 1, 1, 26, 26, 26];
[INFO] [stdout]     |         ^^^^^ help: if this is intentional, prefix it with an underscore: `_div_z`
[INFO] [stdout] 
[INFO] [stdout] 
[INFO] [stdout] warning: unused variable: `add_x`
[INFO] [stdout]    --> aoc2021/src/bin/day24.rs:235:9
[INFO] [stdout]     |
[INFO] [stdout] 235 |     let add_x = [11, 13, 15, -8, 13, 15, -11, -4, -15, 14, 14, -1, -8, -14];
[INFO] [stdout]     |         ^^^^^ help: if this is intentional, prefix it with an underscore: `_add_x`
[INFO] [stdout] 
[INFO] [stdout] 
[INFO] [stdout] warning: unused variable: `add_y`
[INFO] [stdout]    --> aoc2021/src/bin/day24.rs:236:9
[INFO] [stdout]     |
[INFO] [stdout] 236 |     let add_y = [6, 14, 14, 10, 9, 12, 8, 13, 12, 6, 9, 15, 4, 10];
[INFO] [stdout]     |         ^^^^^ help: if this is intentional, prefix it with an underscore: `_add_y`
[INFO] [stdout] 
[INFO] [stdout] 
[INFO] [stdout] warning: unused variable: `div_z`
[INFO] [stdout]    --> aoc2021/src/bin/day24.rs:259:9
[INFO] [stdout]     |
[INFO] [stdout] 259 |     let div_z = [1, 1, 1, 26, 1, 1, 26, 26, 26, 1, 1, 26, 26, 26];
[INFO] [stdout]     |         ^^^^^ help: if this is intentional, prefix it with an underscore: `_div_z`
[INFO] [stdout] 
[INFO] [stdout] 
[INFO] [stdout] warning: unused variable: `add_x`
[INFO] [stdout]    --> aoc2021/src/bin/day24.rs:260:9
[INFO] [stdout]     |
[INFO] [stdout] 260 |     let add_x = [11, 13, 15, -8, 13, 15, -11, -4, -15, 14, 14, -1, -8, -14];
[INFO] [stdout]     |         ^^^^^ help: if this is intentional, prefix it with an underscore: `_add_x`
[INFO] [stdout] 
[INFO] [stdout] 
[INFO] [stdout] warning: unused variable: `add_y`
[INFO] [stdout]    --> aoc2021/src/bin/day24.rs:261:9
[INFO] [stdout]     |
[INFO] [stdout] 261 |     let add_y = [6, 14, 14, 10, 9, 12, 8, 13, 12, 6, 9, 15, 4, 10];
[INFO] [stdout]     |         ^^^^^ help: if this is intentional, prefix it with an underscore: `_add_y`
[INFO] [stdout] 
[INFO] [stdout] 
[INFO] [stdout] warning: unused variable: `data`
[INFO] [stdout]    --> aoc2021/src/bin/day24.rs:344:10
[INFO] [stdout]     |
[INFO] [stdout] 344 | fn calc2(data: &Vec<&str>) -> i32 {
[INFO] [stdout]     |          ^^^^ help: if this is intentional, prefix it with an underscore: `_data`
[INFO] [stdout] 
[INFO] [stdout] 
[INFO] [stdout] warning: function `calc_raw` is never used
[INFO] [stdout]    --> aoc2021/src/bin/day24.rs:155:4
[INFO] [stdout]     |
[INFO] [stdout] 155 | fn calc_raw(data: &Vec<&str>) -> u64 {
[INFO] [stdout]     |    ^^^^^^^^
[INFO] [stdout]     |
[INFO] [stdout]     = note: `#[warn(dead_code)]` on by default
[INFO] [stdout] 
[INFO] [stdout] 
[INFO] [stdout] warning: function `calc_digit` is never used
[INFO] [stdout]    --> aoc2021/src/bin/day24.rs:171:4
[INFO] [stdout]     |
[INFO] [stdout] 171 | fn calc_digit(i: usize, prev_z: i64) -> Option<u64> {
[INFO] [stdout]     |    ^^^^^^^^^^
[INFO] [stdout] 
[INFO] [stdout] 
[INFO] [stdout] warning: function `calc` is never used
[INFO] [stdout]    --> aoc2021/src/bin/day24.rs:198:4
[INFO] [stdout]     |
[INFO] [stdout] 198 | fn calc() -> u64 {
[INFO] [stdout]     |    ^^^^
[INFO] [stdout] 
[INFO] [stdout] 
[INFO] [stdout] warning: function `calc0` is never used
[INFO] [stdout]    --> aoc2021/src/bin/day24.rs:201:4
[INFO] [stdout]     |
[INFO] [stdout] 201 | fn calc0(data: &Vec<&str>) -> u64 {
[INFO] [stdout]     |    ^^^^^
[INFO] [stdout] 
[INFO] [stdout] 
[INFO] [stdout] warning: function `calc1` is never used
[INFO] [stdout]    --> aoc2021/src/bin/day24.rs:232:4
[INFO] [stdout]     |
[INFO] [stdout] 232 | fn calc1(data: &Vec<&str>) -> u64 {
[INFO] [stdout]     |    ^^^^^
[INFO] [stdout] 
[INFO] [stdout] 
[INFO] [stderr]     Finished `test` profile [unoptimized + debuginfo] target(s) in 7.46s
[INFO] running `Command { std: "docker" "inspect" "3207e5edaf719ebdae04188c44ef1625d6690e8a99fd42f1469f79121381ebba", kill_on_drop: false }`
[INFO] running `Command { std: "docker" "rm" "-f" "3207e5edaf719ebdae04188c44ef1625d6690e8a99fd42f1469f79121381ebba", kill_on_drop: false }`
[INFO] [stdout] 3207e5edaf719ebdae04188c44ef1625d6690e8a99fd42f1469f79121381ebba
[INFO] running `Command { std: "docker" "create" "-v" "/var/lib/crater-agent-workspace/builds/worker-2-tc2/target:/opt/rustwide/target:rw,Z" "-v" "/var/lib/crater-agent-workspace/builds/worker-2-tc2/source:/opt/rustwide/workdir:ro,Z" "-v" "/var/lib/crater-agent-workspace/cargo-home:/opt/rustwide/cargo-home:ro,Z" "-v" "/var/lib/crater-agent-workspace/rustup-home:/opt/rustwide/rustup-home:ro,Z" "-e" "SOURCE_DIR=/opt/rustwide/workdir" "-e" "CARGO_TARGET_DIR=/opt/rustwide/target" "-e" "CARGO_INCREMENTAL=0" "-e" "RUST_BACKTRACE=full" "-e" "RUSTFLAGS=--cap-lints=warn" "-e" "RUSTDOCFLAGS=--cap-lints=warn" "-e" "CARGO_HOME=/opt/rustwide/cargo-home" "-e" "RUSTUP_HOME=/opt/rustwide/rustup-home" "-w" "/opt/rustwide/workdir" "-m" "1610612736" "--user" "0:0" "--network" "none" "ghcr.io/rust-lang/crates-build-env/linux@sha256:f3a9d4ad9d972b27faf3965f35b62e55ba32bbce8f20bc8fe909558a86702fde" "/opt/rustwide/cargo-home/bin/cargo" "+beta-2024-12-08" "test" "--frozen", kill_on_drop: false }`
[INFO] [stdout] 0683abdbd37067c5193eb0e7524e440c38d8166341b26f9a9b1fb39b24fd6b71
[INFO] running `Command { std: "docker" "start" "-a" "0683abdbd37067c5193eb0e7524e440c38d8166341b26f9a9b1fb39b24fd6b71", kill_on_drop: false }`
[INFO] [stderr] warning: virtual workspace defaulting to `resolver = "1"` despite one or more workspace members being on edition 2021 which implies `resolver = "2"`
[INFO] [stderr] note: to keep the current resolver, specify `workspace.resolver = "1"` in the workspace root's manifest
[INFO] [stderr] note: to use the edition 2021 resolver, specify `workspace.resolver = "2"` in the workspace root's manifest
[INFO] [stderr] note: for more details see https://doc.rust-lang.org/cargo/reference/resolver.html#resolver-versions
[INFO] [stderr] warning: unused variable: `data`
[INFO] [stderr]    --> aoc2021/src/bin/day24.rs:201:10
[INFO] [stderr]     |
[INFO] [stderr] 201 | fn calc0(data: &Vec<&str>) -> u64 {
[INFO] [stderr]     |          ^^^^ help: if this is intentional, prefix it with an underscore: `_data`
[INFO] [stderr]     |
[INFO] [stderr]     = note: `#[warn(unused_variables)]` on by default
[INFO] [stderr] 
[INFO] [stderr] warning: unused variable: `div_z`
[INFO] [stderr]    --> aoc2021/src/bin/day24.rs:234:9
[INFO] [stderr]     |
[INFO] [stderr] 234 |     let div_z = [1, 1, 1, 26, 1, 1, 26, 26, 26, 1, 1, 26, 26, 26];
[INFO] [stderr]     |         ^^^^^ help: if this is intentional, prefix it with an underscore: `_div_z`
[INFO] [stderr] 
[INFO] [stderr] warning: unused variable: `add_x`
[INFO] [stderr]    --> aoc2021/src/bin/day24.rs:235:9
[INFO] [stderr]     |
[INFO] [stderr] 235 |     let add_x = [11, 13, 15, -8, 13, 15, -11, -4, -15, 14, 14, -1, -8, -14];
[INFO] [stderr]     |         ^^^^^ help: if this is intentional, prefix it with an underscore: `_add_x`
[INFO] [stderr] 
[INFO] [stderr] warning: unused variable: `add_y`
[INFO] [stderr]    --> aoc2021/src/bin/day24.rs:236:9
[INFO] [stderr]     |
[INFO] [stderr] 236 |     let add_y = [6, 14, 14, 10, 9, 12, 8, 13, 12, 6, 9, 15, 4, 10];
[INFO] [stderr]     |         ^^^^^ help: if this is intentional, prefix it with an underscore: `_add_y`
[INFO] [stderr] 
[INFO] [stderr] warning: unused variable: `div_z`
[INFO] [stderr]    --> aoc2021/src/bin/day24.rs:259:9
[INFO] [stderr]     |
[INFO] [stderr] 259 |     let div_z = [1, 1, 1, 26, 1, 1, 26, 26, 26, 1, 1, 26, 26, 26];
[INFO] [stderr]     |         ^^^^^ help: if this is intentional, prefix it with an underscore: `_div_z`
[INFO] [stderr] 
[INFO] [stderr] warning: unused variable: `add_x`
[INFO] [stderr]    --> aoc2021/src/bin/day24.rs:260:9
[INFO] [stderr]     |
[INFO] [stderr] 260 |     let add_x = [11, 13, 15, -8, 13, 15, -11, -4, -15, 14, 14, -1, -8, -14];
[INFO] [stderr]     |         ^^^^^ help: if this is intentional, prefix it with an underscore: `_add_x`
[INFO] [stderr] 
[INFO] [stderr] warning: unused variable: `add_y`
[INFO] [stderr]    --> aoc2021/src/bin/day24.rs:261:9
[INFO] [stderr]     |
[INFO] [stderr] 261 |     let add_y = [6, 14, 14, 10, 9, 12, 8, 13, 12, 6, 9, 15, 4, 10];
[INFO] [stderr]     |         ^^^^^ help: if this is intentional, prefix it with an underscore: `_add_y`
[INFO] [stderr] 
[INFO] [stderr] warning: unused variable: `data`
[INFO] [stderr]    --> aoc2021/src/bin/day24.rs:344:10
[INFO] [stderr]     |
[INFO] [stderr] 344 | fn calc2(data: &Vec<&str>) -> i32 {
[INFO] [stderr]     |          ^^^^ help: if this is intentional, prefix it with an underscore: `_data`
[INFO] [stderr] 
[INFO] [stderr] warning: function `calc_raw` is never used
[INFO] [stderr]    --> aoc2021/src/bin/day24.rs:155:4
[INFO] [stderr]     |
[INFO] [stderr] 155 | fn calc_raw(data: &Vec<&str>) -> u64 {
[INFO] [stderr]     |    ^^^^^^^^
[INFO] [stderr]     |
[INFO] [stderr]     = note: `#[warn(dead_code)]` on by default
[INFO] [stderr] 
[INFO] [stderr] warning: function `calc_digit` is never used
[INFO] [stderr]    --> aoc2021/src/bin/day24.rs:171:4
[INFO] [stderr]     |
[INFO] [stderr] 171 | fn calc_digit(i: usize, prev_z: i64) -> Option<u64> {
[INFO] [stderr]     |    ^^^^^^^^^^
[INFO] [stderr] 
[INFO] [stderr] warning: function `calc` is never used
[INFO] [stderr]    --> aoc2021/src/bin/day24.rs:198:4
[INFO] [stderr]     |
[INFO] [stderr] 198 | fn calc() -> u64 {
[INFO] [stderr]     |    ^^^^
[INFO] [stderr] 
[INFO] [stderr] warning: function `calc0` is never used
[INFO] [stderr]    --> aoc2021/src/bin/day24.rs:201:4
[INFO] [stderr]     |
[INFO] [stderr] 201 | fn calc0(data: &Vec<&str>) -> u64 {
[INFO] [stderr]     |    ^^^^^
[INFO] [stderr] 
[INFO] [stderr] warning: function `calc1` is never used
[INFO] [stderr]    --> aoc2021/src/bin/day24.rs:232:4
[INFO] [stderr]     |
[INFO] [stderr] 232 | fn calc1(data: &Vec<&str>) -> u64 {
[INFO] [stderr]     |    ^^^^^
[INFO] [stderr] 
[INFO] [stderr] warning: `aoc2021` (bin "day24" test) generated 13 warnings
[INFO] [stderr] warning: unused variable: `data`
[INFO] [stderr]  --> aoc2021/src/bin/template.rs:3:9
[INFO] [stderr]   |
[INFO] [stderr] 3 | fn calc(data: &Vec<&str>) -> i32 {
[INFO] [stderr]   |         ^^^^ help: if this is intentional, prefix it with an underscore: `_data`
[INFO] [stderr]   |
[INFO] [stderr]   = note: `#[warn(unused_variables)]` on by default
[INFO] [stderr] 
[INFO] [stderr] warning: unused variable: `data`
[INFO] [stderr]  --> aoc2021/src/bin/template.rs:7:10
[INFO] [stderr]   |
[INFO] [stderr] 7 | fn calc2(data: &Vec<&str>) -> i32 {
[INFO] [stderr]   |          ^^^^ help: if this is intentional, prefix it with an underscore: `_data`
[INFO] [stderr] 
[INFO] [stderr] warning: `aoc2021` (bin "template" test) generated 2 warnings
[INFO] [stderr] warning: unnecessary parentheses around match arm expression
[INFO] [stderr]   --> aoc2021/src/bin/day5.rs:34:25
[INFO] [stderr]    |
[INFO] [stderr] 34 |                 true => (y2..=y1),
[INFO] [stderr]    |                         ^       ^
[INFO] [stderr]    |
[INFO] [stderr]    = note: `#[warn(unused_parens)]` on by default
[INFO] [stderr] help: remove these parentheses
[INFO] [stderr]    |
[INFO] [stderr] 34 -                 true => (y2..=y1),
[INFO] [stderr] 34 +                 true => y2..=y1,
[INFO] [stderr]    |
[INFO] [stderr] 
[INFO] [stderr] warning: unnecessary parentheses around match arm expression
[INFO] [stderr]   --> aoc2021/src/bin/day5.rs:35:26
[INFO] [stderr]    |
[INFO] [stderr] 35 |                 false => (y1..=y2),
[INFO] [stderr]    |                          ^       ^
[INFO] [stderr]    |
[INFO] [stderr] help: remove these parentheses
[INFO] [stderr]    |
[INFO] [stderr] 35 -                 false => (y1..=y2),
[INFO] [stderr] 35 +                 false => y1..=y2,
[INFO] [stderr]    |
[INFO] [stderr] 
[INFO] [stderr] warning: unnecessary parentheses around match arm expression
[INFO] [stderr]   --> aoc2021/src/bin/day5.rs:42:25
[INFO] [stderr]    |
[INFO] [stderr] 42 |                 true => (x2..=x1),
[INFO] [stderr]    |                         ^       ^
[INFO] [stderr]    |
[INFO] [stderr] help: remove these parentheses
[INFO] [stderr]    |
[INFO] [stderr] 42 -                 true => (x2..=x1),
[INFO] [stderr] 42 +                 true => x2..=x1,
[INFO] [stderr]    |
[INFO] [stderr] 
[INFO] [stderr] warning: unnecessary parentheses around match arm expression
[INFO] [stderr]   --> aoc2021/src/bin/day5.rs:43:26
[INFO] [stderr]    |
[INFO] [stderr] 43 |                 false => (x1..=x2),
[INFO] [stderr]    |                          ^       ^
[INFO] [stderr]    |
[INFO] [stderr] help: remove these parentheses
[INFO] [stderr]    |
[INFO] [stderr] 43 -                 false => (x1..=x2),
[INFO] [stderr] 43 +                 false => x1..=x2,
[INFO] [stderr]    |
[INFO] [stderr] 
[INFO] [stderr] warning: struct `Coordinate` is never constructed
[INFO] [stderr]  --> aoc2021/src/bin/day5.rs:3:8
[INFO] [stderr]   |
[INFO] [stderr] 3 | struct Coordinate(i32, i32);
[INFO] [stderr]   |        ^^^^^^^^^^
[INFO] [stderr]   |
[INFO] [stderr]   = note: `#[warn(dead_code)]` on by default
[INFO] [stderr] 
[INFO] [stderr] warning: unused variable: `x_len`
[INFO] [stderr]  --> aoc2021/src/bin/day25.rs:7:5
[INFO] [stderr]   |
[INFO] [stderr] 7 |     x_len: usize,
[INFO] [stderr]   |     ^^^^^ help: if this is intentional, prefix it with an underscore: `_x_len`
[INFO] [stderr]   |
[INFO] [stderr]   = note: `#[warn(unused_variables)]` on by default
[INFO] [stderr] 
[INFO] [stderr] warning: unused variable: `y_len`
[INFO] [stderr]  --> aoc2021/src/bin/day25.rs:8:5
[INFO] [stderr]   |
[INFO] [stderr] 8 |     y_len: usize,
[INFO] [stderr]   |     ^^^^^ help: if this is intentional, prefix it with an underscore: `_y_len`
[INFO] [stderr] 
[INFO] [stderr] warning: unused variable: `data`
[INFO] [stderr]   --> aoc2021/src/bin/day25.rs:75:10
[INFO] [stderr]    |
[INFO] [stderr] 75 | fn calc2(data: &Vec<&str>) -> i32 {
[INFO] [stderr]    |          ^^^^ help: if this is intentional, prefix it with an underscore: `_data`
[INFO] [stderr] 
[INFO] [stderr] warning: function `is_movable` is never used
[INFO] [stderr]  --> aoc2021/src/bin/day25.rs:3:4
[INFO] [stderr]   |
[INFO] [stderr] 3 | fn is_movable(
[INFO] [stderr]   |    ^^^^^^^^^^
[INFO] [stderr]   |
[INFO] [stderr]   = note: `#[warn(dead_code)]` on by default
[INFO] [stderr] 
[INFO] [stderr] warning: `aoc2021` (bin "day5" test) generated 5 warnings (run `cargo fix --bin "day5" --tests` to apply 4 suggestions)
[INFO] [stderr] warning: `aoc2021` (bin "day25" test) generated 4 warnings
[INFO] [stderr]     Finished `test` profile [unoptimized + debuginfo] target(s) in 0.04s
[INFO] [stderr]      Running unittests src/bin/day1.rs (/opt/rustwide/target/debug/deps/day1-f4d5acdc3e90e3e1)
[INFO] [stdout] 
[INFO] [stdout] running 0 tests
[INFO] [stdout] 
[INFO] [stdout] test result: ok. 0 passed; 0 failed; 0 ignored; 0 measured; 0 filtered out; finished in 0.00s
[INFO] [stdout] 
[INFO] [stderr]      Running unittests src/bin/day2.rs (/opt/rustwide/target/debug/deps/day2-1f72394e90fd68f6)
[INFO] [stdout] 
[INFO] [stdout] running 0 tests
[INFO] [stdout] 
[INFO] [stdout] test result: ok. 0 passed; 0 failed; 0 ignored; 0 measured; 0 filtered out; finished in 0.00s
[INFO] [stdout] 
[INFO] [stderr]      Running unittests src/bin/day3.rs (/opt/rustwide/target/debug/deps/day3-52aba46e16116197)
[INFO] [stdout] 
[INFO] [stdout] running 0 tests
[INFO] [stdout] 
[INFO] [stdout] test result: ok. 0 passed; 0 failed; 0 ignored; 0 measured; 0 filtered out; finished in 0.00s
[INFO] [stdout] 
[INFO] [stderr]      Running unittests src/bin/day1.rs (/opt/rustwide/target/debug/deps/day1-8aef415a2ca0a9ca)
[INFO] [stdout] 
[INFO] [stdout] running 2 tests
[INFO] [stdout] test tests::count_larger_test ... ok
[INFO] [stdout] test tests::count_larger_window_test ... ok
[INFO] [stdout] 
[INFO] [stdout] test result: ok. 2 passed; 0 failed; 0 ignored; 0 measured; 0 filtered out; finished in 0.01s
[INFO] [stdout] 
[INFO] [stderr]      Running unittests src/bin/day10.rs (/opt/rustwide/target/debug/deps/day10-3656075765e97429)
[INFO] [stdout] 
[INFO] [stdout] running 2 tests
[INFO] [stdout] test tests::part1_test ... ok
[INFO] [stdout] test tests::part2_test ... ok
[INFO] [stdout] 
[INFO] [stdout] test result: ok. 2 passed; 0 failed; 0 ignored; 0 measured; 0 filtered out; finished in 0.01s
[INFO] [stdout] 
[INFO] [stderr]      Running unittests src/bin/day11.rs (/opt/rustwide/target/debug/deps/day11-2d04074396b497b6)
[INFO] [stdout] 
[INFO] [stdout] running 2 tests
[INFO] [stdout] test tests::part2_test ... ok
[INFO] [stdout] test tests::part1_test ... ok
[INFO] [stdout] 
[INFO] [stdout] test result: ok. 2 passed; 0 failed; 0 ignored; 0 measured; 0 filtered out; finished in 0.01s
[INFO] [stdout] 
[INFO] [stderr]      Running unittests src/bin/day12.rs (/opt/rustwide/target/debug/deps/day12-a914579adb73dee0)
[INFO] [stdout] 
[INFO] [stdout] running 2 tests
[INFO] [stdout] test tests::part2_test ... ok
[INFO] [stdout] test tests::part1_test ... ok
[INFO] [stdout] 
[INFO] [stdout] test result: ok. 2 passed; 0 failed; 0 ignored; 0 measured; 0 filtered out; finished in 0.00s
[INFO] [stdout] 
[INFO] [stderr]      Running unittests src/bin/day13.rs (/opt/rustwide/target/debug/deps/day13-3f6505bbd5fc6519)
[INFO] [stdout] 
[INFO] [stdout] running 1 test
[INFO] [stdout] test tests::part1_test ... ok
[INFO] [stdout] 
[INFO] [stdout] test result: ok. 1 passed; 0 failed; 0 ignored; 0 measured; 0 filtered out; finished in 0.01s
[INFO] [stdout] 
[INFO] [stderr]      Running unittests src/bin/day14.rs (/opt/rustwide/target/debug/deps/day14-79defc5e54e4fb7b)
[INFO] [stdout] 
[INFO] [stdout] running 2 tests
[INFO] [stdout] test tests::part2_test ... ok
[INFO] [stdout] test tests::part1_test ... ok
[INFO] [stderr]      Running unittests src/bin/day15.rs (/opt/rustwide/target/debug/deps/day15-00457cb6b21b08b3)
[INFO] [stdout] 
[INFO] [stdout] test result: ok. 2 passed; 0 failed; 0 ignored; 0 measured; 0 filtered out; finished in 0.00s
[INFO] [stdout] 
[INFO] [stdout] 
[INFO] [stdout] running 2 tests
[INFO] [stdout] test tests::part1_test ... ok
[INFO] [stdout] test tests::part2_test ... ok
[INFO] [stdout] 
[INFO] [stdout] test result: ok. 2 passed; 0 failed; 0 ignored; 0 measured; 0 filtered out; finished in 0.01s
[INFO] [stdout] 
[INFO] [stderr]      Running unittests src/bin/day16.rs (/opt/rustwide/target/debug/deps/day16-91199a9fda618b3a)
[INFO] [stdout] 
[INFO] [stdout] running 2 tests
[INFO] [stdout] test tests::part1_test ... ok
[INFO] [stdout] test tests::part2_test ... ok
[INFO] [stdout] 
[INFO] [stdout] test result: ok. 2 passed; 0 failed; 0 ignored; 0 measured; 0 filtered out; finished in 0.00s
[INFO] [stdout] 
[INFO] [stderr]      Running unittests src/bin/day17.rs (/opt/rustwide/target/debug/deps/day17-02f02c269c8b83a5)
[INFO] [stdout] 
[INFO] [stdout] running 2 tests
[INFO] [stdout] test tests::part1_test ... ok
[INFO] [stdout] test tests::part2_test ... ok
[INFO] [stdout] 
[INFO] [stdout] test result: ok. 2 passed; 0 failed; 0 ignored; 0 measured; 0 filtered out; finished in 0.00s
[INFO] [stdout] 
[INFO] [stderr]      Running unittests src/bin/day18.rs (/opt/rustwide/target/debug/deps/day18-c4e12e73d59759b1)
[INFO] [stdout] 
[INFO] [stdout] running 2 tests
[INFO] [stdout] test tests::part1_test ... ok
[INFO] [stdout] test tests::part2_test ... ok
[INFO] [stdout] 
[INFO] [stdout] test result: ok. 2 passed; 0 failed; 0 ignored; 0 measured; 0 filtered out; finished in 0.03s
[INFO] [stdout] 
[INFO] [stderr]      Running unittests src/bin/day19.rs (/opt/rustwide/target/debug/deps/day19-87a84d6648791aa7)
[INFO] [stdout] 
[INFO] [stdout] running 3 tests
[INFO] [stdout] test tests::count_overlap_test ... ok
[INFO] [stdout] test tests::part1_test ... ok
[INFO] [stdout] test tests::part2_test ... ok
[INFO] [stdout] 
[INFO] [stdout] test result: ok. 3 passed; 0 failed; 0 ignored; 0 measured; 0 filtered out; finished in 0.11s
[INFO] [stdout] 
[INFO] [stderr]      Running unittests src/bin/day2.rs (/opt/rustwide/target/debug/deps/day2-afcc319640c75560)
[INFO] [stdout] 
[INFO] [stdout] running 2 tests
[INFO] [stdout] test tests::calc_position_test ... ok
[INFO] [stderr]      Running unittests src/bin/day20.rs (/opt/rustwide/target/debug/deps/day20-8982c529c582096c)
[INFO] [stdout] test tests::command_new ... ok
[INFO] [stdout] 
[INFO] [stdout] test result: ok. 2 passed; 0 failed; 0 ignored; 0 measured; 0 filtered out; finished in 0.00s
[INFO] [stdout] 
[INFO] [stdout] 
[INFO] [stdout] running 3 tests
[INFO] [stdout] test tests::extract_to_num_test ... ok
[INFO] [stdout] test tests::part1_test ... ok
[INFO] [stdout] test tests::part2_test ... ok
[INFO] [stdout] 
[INFO] [stdout] test result: ok. 3 passed; 0 failed; 0 ignored; 0 measured; 0 filtered out; finished in 0.22s
[INFO] [stdout] 
[INFO] [stderr]      Running unittests src/bin/day20_.rs (/opt/rustwide/target/debug/deps/day20_-a7c939cc11cb2541)
[INFO] [stdout] 
[INFO] [stderr]      Running unittests src/bin/day21.rs (/opt/rustwide/target/debug/deps/day21-5fbdb63454d40613)
[INFO] [stdout] running 0 tests
[INFO] [stdout] 
[INFO] [stdout] test result: ok. 0 passed; 0 failed; 0 ignored; 0 measured; 0 filtered out; finished in 0.00s
[INFO] [stdout] 
[INFO] [stdout] 
[INFO] [stdout] running 2 tests
[INFO] [stdout] test tests::part1_test ... ok
[INFO] [stderr]      Running unittests src/bin/day22.rs (/opt/rustwide/target/debug/deps/day22-2f46dd9637de20bc)
[INFO] [stdout] test tests::part2_test ... ok
[INFO] [stdout] 
[INFO] [stdout] test result: ok. 2 passed; 0 failed; 0 ignored; 0 measured; 0 filtered out; finished in 11.21s
[INFO] [stdout] 
[INFO] [stdout] 
[INFO] [stdout] running 5 tests
[INFO] [stdout] test tests::is_overlap_test ... ok
[INFO] [stdout] test tests::part2_test ... ok
[INFO] [stdout] test tests::split_range_test ... FAILED
[INFO] [stdout] test tests::split_range_side_test ... FAILED
[INFO] [stdout] test tests::part1_test ... ok
[INFO] [stdout] 
[INFO] [stdout] failures:
[INFO] [stdout] 
[INFO] [stdout] ---- tests::split_range_test stdout ----
[INFO] [stdout] thread 'tests::split_range_test' panicked at aoc2021/src/bin/day22.rs:192:13:
[INFO] [stdout] assertion failed: ranges.iter().find(|r| **r == *expected).is_some()
[INFO] [stdout] stack backtrace:
[INFO] [stdout]    0:     0x649811f52c0a - std::backtrace_rs::backtrace::libunwind::trace::h8810477743020387
[INFO] [stdout]                                at /rustc/202008a1b8de96d2e5b6bc02d379db03a877d34d/library/std/src/../../backtrace/src/backtrace/libunwind.rs:116:5
[INFO] [stdout]    1:     0x649811f52c0a - std::backtrace_rs::backtrace::trace_unsynchronized::h3aa55355dd6c54a6
[INFO] [stdout]                                at /rustc/202008a1b8de96d2e5b6bc02d379db03a877d34d/library/std/src/../../backtrace/src/backtrace/mod.rs:66:5
[INFO] [stdout]    2:     0x649811f52c0a - std::sys::backtrace::_print_fmt::h8588b0f62410823f
[INFO] [stdout]                                at /rustc/202008a1b8de96d2e5b6bc02d379db03a877d34d/library/std/src/sys/backtrace.rs:66:9
[INFO] [stdout]    3:     0x649811f52c0a - <std::sys::backtrace::BacktraceLock::print::DisplayBacktrace as core::fmt::Display>::fmt::h98c26ac25ffe89bb
[INFO] [stdout]                                at /rustc/202008a1b8de96d2e5b6bc02d379db03a877d34d/library/std/src/sys/backtrace.rs:39:26
[INFO] [stdout]    4:     0x649811f78693 - core::fmt::rt::Argument::fmt::hf95377f4aebd453b
[INFO] [stdout]                                at /rustc/202008a1b8de96d2e5b6bc02d379db03a877d34d/library/core/src/fmt/rt.rs:177:76
[INFO] [stdout]    5:     0x649811f78693 - core::fmt::write::h0dd5f6e2238c7982
[INFO] [stdout]                                at /rustc/202008a1b8de96d2e5b6bc02d379db03a877d34d/library/core/src/fmt/mod.rs:1189:21
[INFO] [stdout]    6:     0x649811f4fda3 - std::io::Write::write_fmt::h03bb0ca26e6faf8c
[INFO] [stdout]                                at /rustc/202008a1b8de96d2e5b6bc02d379db03a877d34d/library/std/src/io/mod.rs:1884:15
[INFO] [stdout]    7:     0x649811f52a52 - std::sys::backtrace::BacktraceLock::print::h5c19c1c038ee186d
[INFO] [stdout]                                at /rustc/202008a1b8de96d2e5b6bc02d379db03a877d34d/library/std/src/sys/backtrace.rs:42:9
[INFO] [stdout]    8:     0x649811f5408d - std::panicking::default_hook::{{closure}}::h77172f079a1fcb13
[INFO] [stdout]                                at /rustc/202008a1b8de96d2e5b6bc02d379db03a877d34d/library/std/src/panicking.rs:268:22
[INFO] [stdout]    9:     0x649811f53e97 - std::panicking::default_hook::he5f8e3b203ccddba
[INFO] [stdout]                                at /rustc/202008a1b8de96d2e5b6bc02d379db03a877d34d/library/std/src/panicking.rs:292:9
[INFO] [stdout]   10:     0x649811f1d7c7 - <alloc::boxed::Box<F,A> as core::ops::function::Fn<Args>>::call::h7a3c7b4a1ae77f2f
[INFO] [stdout]                                at /rustc/202008a1b8de96d2e5b6bc02d379db03a877d34d/library/alloc/src/boxed.rs:1986:9
[INFO] [stdout]   11:     0x649811f1d7c7 - test::test_main::{{closure}}::hf0d3b69ae9b353d1
[INFO] [stdout]                                at /rustc/202008a1b8de96d2e5b6bc02d379db03a877d34d/library/test/src/lib.rs:134:21
[INFO] [stdout]   12:     0x649811f54738 - <alloc::boxed::Box<F,A> as core::ops::function::Fn<Args>>::call::h6332e82e7b189abd
[INFO] [stdout]                                at /rustc/202008a1b8de96d2e5b6bc02d379db03a877d34d/library/alloc/src/boxed.rs:1986:9
[INFO] [stdout]   13:     0x649811f54738 - std::panicking::rust_panic_with_hook::h53863d4e9018df39
[INFO] [stdout]                                at /rustc/202008a1b8de96d2e5b6bc02d379db03a877d34d/library/std/src/panicking.rs:809:13
[INFO] [stdout]   14:     0x649811f544c6 - std::panicking::begin_panic_handler::{{closure}}::h67280e6fa0757873
[INFO] [stdout]                                at /rustc/202008a1b8de96d2e5b6bc02d379db03a877d34d/library/std/src/panicking.rs:667:13
[INFO] [stdout]   15:     0x649811f530e9 - std::sys::backtrace::__rust_end_short_backtrace::h1dac3f54d6fbbeb2
[INFO] [stdout]                                at /rustc/202008a1b8de96d2e5b6bc02d379db03a877d34d/library/std/src/sys/backtrace.rs:170:18
[INFO] [stdout]   16:     0x649811f5418c - rust_begin_unwind
[INFO] [stdout]                                at /rustc/202008a1b8de96d2e5b6bc02d379db03a877d34d/library/std/src/panicking.rs:665:5
[INFO] [stdout]   17:     0x649811ed1ab0 - core::panicking::panic_fmt::h6792bd1b2bf01041
[INFO] [stdout]                                at /rustc/202008a1b8de96d2e5b6bc02d379db03a877d34d/library/core/src/panicking.rs:76:14
[INFO] [stdout]   18:     0x649811ed1b3c - core::panicking::panic::hbb5c236a846c507c
[INFO] [stdout]                                at /rustc/202008a1b8de96d2e5b6bc02d379db03a877d34d/library/core/src/panicking.rs:148:5
[INFO] [stdout]   19:     0x649811ee3a6e - day22::tests::split_range_test::{{closure}}::ha0d43026e610d155
[INFO] [stdout]                                at /opt/rustwide/workdir/aoc2021/src/bin/day22.rs:192:13
[INFO] [stdout]   20:     0x649811ed8aa6 - <core::slice::iter::Iter<T> as core::iter::traits::iterator::Iterator>::for_each::h65e0332651e0a427
[INFO] [stdout]                                at /rustc/202008a1b8de96d2e5b6bc02d379db03a877d34d/library/core/src/slice/iter/macros.rs:254:21
[INFO] [stdout]   21:     0x649811ee39d1 - day22::tests::split_range_test::h9e17fdcfe77a0768
[INFO] [stdout]                                at /opt/rustwide/workdir/aoc2021/src/bin/day22.rs:182:9
[INFO] [stdout]   22:     0x649811ee3897 - day22::tests::split_range_test::{{closure}}::h4f92c59f5a5d6d36
[INFO] [stdout]                                at /opt/rustwide/workdir/aoc2021/src/bin/day22.rs:179:26
[INFO] [stdout]   23:     0x649811ee1136 - core::ops::function::FnOnce::call_once::h1665e9110ce57813
[INFO] [stdout]                                at /rustc/202008a1b8de96d2e5b6bc02d379db03a877d34d/library/core/src/ops/function.rs:250:5
[INFO] [stdout]   24:     0x649811f222eb - core::ops::function::FnOnce::call_once::h871bf86719ec9aa4
[INFO] [stdout]                                at /rustc/202008a1b8de96d2e5b6bc02d379db03a877d34d/library/core/src/ops/function.rs:250:5
[INFO] [stdout]   25:     0x649811f222eb - test::__rust_begin_short_backtrace::h2167df1e2b7d76fd
[INFO] [stdout]                                at /rustc/202008a1b8de96d2e5b6bc02d379db03a877d34d/library/test/src/lib.rs:632:18
[INFO] [stdout]   26:     0x649811f21cd8 - test::run_test_in_process::{{closure}}::h15d92f75a3adfb79
[INFO] [stdout]                                at /rustc/202008a1b8de96d2e5b6bc02d379db03a877d34d/library/test/src/lib.rs:655:60
[INFO] [stdout]   27:     0x649811f21cd8 - <core::panic::unwind_safe::AssertUnwindSafe<F> as core::ops::function::FnOnce<()>>::call_once::hb6c8955835a8dbbb
[INFO] [stdout]                                at /rustc/202008a1b8de96d2e5b6bc02d379db03a877d34d/library/core/src/panic/unwind_safe.rs:272:9
[INFO] [stdout]   28:     0x649811f21cd8 - std::panicking::try::do_call::hc79d0fc888a0bd30
[INFO] [stdout]                                at /rustc/202008a1b8de96d2e5b6bc02d379db03a877d34d/library/std/src/panicking.rs:557:40
[INFO] [stdout]   29:     0x649811f21cd8 - std::panicking::try::hb8a7878e3a8589d6
[INFO] [stdout]                                at /rustc/202008a1b8de96d2e5b6bc02d379db03a877d34d/library/std/src/panicking.rs:520:19
[INFO] [stdout]   30:     0x649811f21cd8 - std::panic::catch_unwind::hb8e4600ff0ff5cfa
[INFO] [stdout]                                at /rustc/202008a1b8de96d2e5b6bc02d379db03a877d34d/library/std/src/panic.rs:358:14
[INFO] [stdout]   31:     0x649811f21cd8 - test::run_test_in_process::hc2900b0b18688dd6
[INFO] [stdout]                                at /rustc/202008a1b8de96d2e5b6bc02d379db03a877d34d/library/test/src/lib.rs:655:27
[INFO] [stdout]   32:     0x649811f21cd8 - test::run_test::{{closure}}::hac2a9cb07be3d48d
[INFO] [stdout]                                at /rustc/202008a1b8de96d2e5b6bc02d379db03a877d34d/library/test/src/lib.rs:576:43
[INFO] [stdout]   33:     0x649811ee577a - test::run_test::{{closure}}::h4a5b729e66a38cd8
[INFO] [stdout]                                at /rustc/202008a1b8de96d2e5b6bc02d379db03a877d34d/library/test/src/lib.rs:606:41
[INFO] [stdout]   34:     0x649811ee577a - std::sys::backtrace::__rust_begin_short_backtrace::h0496fb742492f573
[INFO] [stdout]                                at /rustc/202008a1b8de96d2e5b6bc02d379db03a877d34d/library/std/src/sys/backtrace.rs:154:18
[INFO] [stdout]   35:     0x649811ee90f4 - std::thread::Builder::spawn_unchecked_::{{closure}}::{{closure}}::hbb6d257c550a54bd
[INFO] [stdout]                                at /rustc/202008a1b8de96d2e5b6bc02d379db03a877d34d/library/std/src/thread/mod.rs:561:17
[INFO] [stdout]   36:     0x649811ee90f4 - <core::panic::unwind_safe::AssertUnwindSafe<F> as core::ops::function::FnOnce<()>>::call_once::h46696fe4a6832328
[INFO] [stdout]                                at /rustc/202008a1b8de96d2e5b6bc02d379db03a877d34d/library/core/src/panic/unwind_safe.rs:272:9
[INFO] [stdout]   37:     0x649811ee90f4 - std::panicking::try::do_call::h2625a51b667bfb64
[INFO] [stdout]                                at /rustc/202008a1b8de96d2e5b6bc02d379db03a877d34d/library/std/src/panicking.rs:557:40
[INFO] [stdout]   38:     0x649811ee90f4 - std::panicking::try::hb956a59a1973aa4c
[INFO] [stdout]                                at /rustc/202008a1b8de96d2e5b6bc02d379db03a877d34d/library/std/src/panicking.rs:520:19
[INFO] [stdout]   39:     0x649811ee90f4 - std::panic::catch_unwind::h64f3b9d1067ef6a0
[INFO] [stdout]                                at /rustc/202008a1b8de96d2e5b6bc02d379db03a877d34d/library/std/src/panic.rs:358:14
[INFO] [stdout]   40:     0x649811ee90f4 - std::thread::Builder::spawn_unchecked_::{{closure}}::h42b2841295b6c0b2
[INFO] [stdout]                                at /rustc/202008a1b8de96d2e5b6bc02d379db03a877d34d/library/std/src/thread/mod.rs:559:30
[INFO] [stdout]   41:     0x649811ee90f4 - core::ops::function::FnOnce::call_once{{vtable.shim}}::h6127de71b8124639
[INFO] [stdout]                                at /rustc/202008a1b8de96d2e5b6bc02d379db03a877d34d/library/core/src/ops/function.rs:250:5
[INFO] [stdout]   42:     0x649811f5867b - <alloc::boxed::Box<F,A> as core::ops::function::FnOnce<Args>>::call_once::h42f0ba71002a1b2c
[INFO] [stdout]                                at /rustc/202008a1b8de96d2e5b6bc02d379db03a877d34d/library/alloc/src/boxed.rs:1972:9
[INFO] [stdout]   43:     0x649811f5867b - <alloc::boxed::Box<F,A> as core::ops::function::FnOnce<Args>>::call_once::had9e47d7a3dcecb8
[INFO] [stdout]                                at /rustc/202008a1b8de96d2e5b6bc02d379db03a877d34d/library/alloc/src/boxed.rs:1972:9
[INFO] [stdout]   44:     0x649811f5867b - std::sys::pal::unix::thread::Thread::new::thread_start::h48cf765408f6f5f2
[INFO] [stdout]                                at /rustc/202008a1b8de96d2e5b6bc02d379db03a877d34d/library/std/src/sys/pal/unix/thread.rs:105:17
[INFO] [stdout]   45:     0x7b417baf9ac3 - <unknown>
[INFO] [stdout]   46:     0x7b417bb8aa04 - clone
[INFO] [stdout]   47:                0x0 - <unknown>
[INFO] [stdout] 
[INFO] [stdout] ---- tests::split_range_side_test stdout ----
[INFO] [stdout] thread 'tests::split_range_side_test' panicked at aoc2021/src/bin/day22.rs:206:13:
[INFO] [stdout] assertion failed: ranges.iter().find(|r| **r == *expected).is_some()
[INFO] [stdout] stack backtrace:
[INFO] [stdout]    0:     0x649811f52c0a - std::backtrace_rs::backtrace::libunwind::trace::h8810477743020387
[INFO] [stdout]                                at /rustc/202008a1b8de96d2e5b6bc02d379db03a877d34d/library/std/src/../../backtrace/src/backtrace/libunwind.rs:116:5
[INFO] [stdout]    1:     0x649811f52c0a - std::backtrace_rs::backtrace::trace_unsynchronized::h3aa55355dd6c54a6
[INFO] [stdout]                                at /rustc/202008a1b8de96d2e5b6bc02d379db03a877d34d/library/std/src/../../backtrace/src/backtrace/mod.rs:66:5
[INFO] [stdout]    2:     0x649811f52c0a - std::sys::backtrace::_print_fmt::h8588b0f62410823f
[INFO] [stdout]                                at /rustc/202008a1b8de96d2e5b6bc02d379db03a877d34d/library/std/src/sys/backtrace.rs:66:9
[INFO] [stdout]    3:     0x649811f52c0a - <std::sys::backtrace::BacktraceLock::print::DisplayBacktrace as core::fmt::Display>::fmt::h98c26ac25ffe89bb
[INFO] [stdout]                                at /rustc/202008a1b8de96d2e5b6bc02d379db03a877d34d/library/std/src/sys/backtrace.rs:39:26
[INFO] [stdout]    4:     0x649811f78693 - core::fmt::rt::Argument::fmt::hf95377f4aebd453b
[INFO] [stdout]                                at /rustc/202008a1b8de96d2e5b6bc02d379db03a877d34d/library/core/src/fmt/rt.rs:177:76
[INFO] [stdout]    5:     0x649811f78693 - core::fmt::write::h0dd5f6e2238c7982
[INFO] [stdout]                                at /rustc/202008a1b8de96d2e5b6bc02d379db03a877d34d/library/core/src/fmt/mod.rs:1189:21
[INFO] [stdout]    6:     0x649811f4fda3 - std::io::Write::write_fmt::h03bb0ca26e6faf8c
[INFO] [stdout]                                at /rustc/202008a1b8de96d2e5b6bc02d379db03a877d34d/library/std/src/io/mod.rs:1884:15
[INFO] [stdout]    7:     0x649811f52a52 - std::sys::backtrace::BacktraceLock::print::h5c19c1c038ee186d
[INFO] [stdout]                                at /rustc/202008a1b8de96d2e5b6bc02d379db03a877d34d/library/std/src/sys/backtrace.rs:42:9
[INFO] [stdout]    8:     0x649811f5408d - std::panicking::default_hook::{{closure}}::h77172f079a1fcb13
[INFO] [stdout]                                at /rustc/202008a1b8de96d2e5b6bc02d379db03a877d34d/library/std/src/panicking.rs:268:22
[INFO] [stdout]    9:     0x649811f53e97 - std::panicking::default_hook::he5f8e3b203ccddba
[INFO] [stdout]                                at /rustc/202008a1b8de96d2e5b6bc02d379db03a877d34d/library/std/src/panicking.rs:292:9
[INFO] [stdout]   10:     0x649811f1d7c7 - <alloc::boxed::Box<F,A> as core::ops::function::Fn<Args>>::call::h7a3c7b4a1ae77f2f
[INFO] [stdout]                                at /rustc/202008a1b8de96d2e5b6bc02d379db03a877d34d/library/alloc/src/boxed.rs:1986:9
[INFO] [stdout]   11:     0x649811f1d7c7 - test::test_main::{{closure}}::hf0d3b69ae9b353d1
[INFO] [stdout]                                at /rustc/202008a1b8de96d2e5b6bc02d379db03a877d34d/library/test/src/lib.rs:134:21
[INFO] [stdout]   12:     0x649811f54738 - <alloc::boxed::Box<F,A> as core::ops::function::Fn<Args>>::call::h6332e82e7b189abd
[INFO] [stdout]                                at /rustc/202008a1b8de96d2e5b6bc02d379db03a877d34d/library/alloc/src/boxed.rs:1986:9
[INFO] [stdout]   13:     0x649811f54738 - std::panicking::rust_panic_with_hook::h53863d4e9018df39
[INFO] [stdout]                                at /rustc/202008a1b8de96d2e5b6bc02d379db03a877d34d/library/std/src/panicking.rs:809:13
[INFO] [stdout]   14:     0x649811f544c6 - std::panicking::begin_panic_handler::{{closure}}::h67280e6fa0757873
[INFO] [stdout]                                at /rustc/202008a1b8de96d2e5b6bc02d379db03a877d34d/library/std/src/panicking.rs:667:13
[INFO] [stdout]   15:     0x649811f530e9 - std::sys::backtrace::__rust_end_short_backtrace::h1dac3f54d6fbbeb2
[INFO] [stdout]                                at /rustc/202008a1b8de96d2e5b6bc02d379db03a877d34d/library/std/src/sys/backtrace.rs:170:18
[INFO] [stdout]   16:     0x649811f5418c - rust_begin_unwind
[INFO] [stdout]                                at /rustc/202008a1b8de96d2e5b6bc02d379db03a877d34d/library/std/src/panicking.rs:665:5
[INFO] [stdout]   17:     0x649811ed1ab0 - core::panicking::panic_fmt::h6792bd1b2bf01041
[INFO] [stderr] error: test failed, to rerun pass `-p aoc2021 --bin day22`
[INFO] [stdout]                                at /rustc/202008a1b8de96d2e5b6bc02d379db03a877d34d/library/core/src/panicking.rs:76:14
[INFO] [stdout]   18:     0x649811ed1b3c - core::panicking::panic::hbb5c236a846c507c
[INFO] [stdout]                                at /rustc/202008a1b8de96d2e5b6bc02d379db03a877d34d/library/core/src/panicking.rs:148:5
[INFO] [stdout]   19:     0x649811ee3c9e - day22::tests::split_range_side_test::{{closure}}::h78b59a09af7d6b29
[INFO] [stdout]                                at /opt/rustwide/workdir/aoc2021/src/bin/day22.rs:206:13
[INFO] [stdout]   20:     0x649811ed8ba6 - <core::slice::iter::Iter<T> as core::iter::traits::iterator::Iterator>::for_each::he2fb50605e3eca3c
[INFO] [stdout]                                at /rustc/202008a1b8de96d2e5b6bc02d379db03a877d34d/library/core/src/slice/iter/macros.rs:254:21
[INFO] [stdout]   21:     0x649811ee3c01 - day22::tests::split_range_side_test::h6da6d6d7bbf6262f
[INFO] [stdout]                                at /opt/rustwide/workdir/aoc2021/src/bin/day22.rs:199:9
[INFO] [stdout]   22:     0x649811ee3ac7 - day22::tests::split_range_side_test::{{closure}}::h7c9653362a486802
[INFO] [stdout]                                at /opt/rustwide/workdir/aoc2021/src/bin/day22.rs:196:31
[INFO] [stdout]   23:     0x649811ee11c6 - core::ops::function::FnOnce::call_once::h49cb5dd63aafa9e4
[INFO] [stdout]                                at /rustc/202008a1b8de96d2e5b6bc02d379db03a877d34d/library/core/src/ops/function.rs:250:5
[INFO] [stdout]   24:     0x649811f222eb - core::ops::function::FnOnce::call_once::h871bf86719ec9aa4
[INFO] [stdout]                                at /rustc/202008a1b8de96d2e5b6bc02d379db03a877d34d/library/core/src/ops/function.rs:250:5
[INFO] [stdout]   25:     0x649811f222eb - test::__rust_begin_short_backtrace::h2167df1e2b7d76fd
[INFO] [stdout]                                at /rustc/202008a1b8de96d2e5b6bc02d379db03a877d34d/library/test/src/lib.rs:632:18
[INFO] [stdout]   26:     0x649811f21cd8 - test::run_test_in_process::{{closure}}::h15d92f75a3adfb79
[INFO] [stdout]                                at /rustc/202008a1b8de96d2e5b6bc02d379db03a877d34d/library/test/src/lib.rs:655:60
[INFO] [stdout]   27:     0x649811f21cd8 - <core::panic::unwind_safe::AssertUnwindSafe<F> as core::ops::function::FnOnce<()>>::call_once::hb6c8955835a8dbbb
[INFO] [stdout]                                at /rustc/202008a1b8de96d2e5b6bc02d379db03a877d34d/library/core/src/panic/unwind_safe.rs:272:9
[INFO] [stdout]   28:     0x649811f21cd8 - std::panicking::try::do_call::hc79d0fc888a0bd30
[INFO] [stdout]                                at /rustc/202008a1b8de96d2e5b6bc02d379db03a877d34d/library/std/src/panicking.rs:557:40
[INFO] [stdout]   29:     0x649811f21cd8 - std::panicking::try::hb8a7878e3a8589d6
[INFO] [stdout]                                at /rustc/202008a1b8de96d2e5b6bc02d379db03a877d34d/library/std/src/panicking.rs:520:19
[INFO] [stdout]   30:     0x649811f21cd8 - std::panic::catch_unwind::hb8e4600ff0ff5cfa
[INFO] [stdout]                                at /rustc/202008a1b8de96d2e5b6bc02d379db03a877d34d/library/std/src/panic.rs:358:14
[INFO] [stdout]   31:     0x649811f21cd8 - test::run_test_in_process::hc2900b0b18688dd6
[INFO] [stdout]                                at /rustc/202008a1b8de96d2e5b6bc02d379db03a877d34d/library/test/src/lib.rs:655:27
[INFO] [stdout]   32:     0x649811f21cd8 - test::run_test::{{closure}}::hac2a9cb07be3d48d
[INFO] [stdout]                                at /rustc/202008a1b8de96d2e5b6bc02d379db03a877d34d/library/test/src/lib.rs:576:43
[INFO] [stdout]   33:     0x649811ee577a - test::run_test::{{closure}}::h4a5b729e66a38cd8
[INFO] [stdout]                                at /rustc/202008a1b8de96d2e5b6bc02d379db03a877d34d/library/test/src/lib.rs:606:41
[INFO] [stdout]   34:     0x649811ee577a - std::sys::backtrace::__rust_begin_short_backtrace::h0496fb742492f573
[INFO] [stdout]                                at /rustc/202008a1b8de96d2e5b6bc02d379db03a877d34d/library/std/src/sys/backtrace.rs:154:18
[INFO] [stdout]   35:     0x649811ee90f4 - std::thread::Builder::spawn_unchecked_::{{closure}}::{{closure}}::hbb6d257c550a54bd
[INFO] [stdout]                                at /rustc/202008a1b8de96d2e5b6bc02d379db03a877d34d/library/std/src/thread/mod.rs:561:17
[INFO] [stdout]   36:     0x649811ee90f4 - <core::panic::unwind_safe::AssertUnwindSafe<F> as core::ops::function::FnOnce<()>>::call_once::h46696fe4a6832328
[INFO] [stdout]                                at /rustc/202008a1b8de96d2e5b6bc02d379db03a877d34d/library/core/src/panic/unwind_safe.rs:272:9
[INFO] [stdout]   37:     0x649811ee90f4 - std::panicking::try::do_call::h2625a51b667bfb64
[INFO] [stdout]                                at /rustc/202008a1b8de96d2e5b6bc02d379db03a877d34d/library/std/src/panicking.rs:557:40
[INFO] [stdout]   38:     0x649811ee90f4 - std::panicking::try::hb956a59a1973aa4c
[INFO] [stdout]                                at /rustc/202008a1b8de96d2e5b6bc02d379db03a877d34d/library/std/src/panicking.rs:520:19
[INFO] [stdout]   39:     0x649811ee90f4 - std::panic::catch_unwind::h64f3b9d1067ef6a0
[INFO] [stdout]                                at /rustc/202008a1b8de96d2e5b6bc02d379db03a877d34d/library/std/src/panic.rs:358:14
[INFO] [stdout]   40:     0x649811ee90f4 - std::thread::Builder::spawn_unchecked_::{{closure}}::h42b2841295b6c0b2
[INFO] [stdout]                                at /rustc/202008a1b8de96d2e5b6bc02d379db03a877d34d/library/std/src/thread/mod.rs:559:30
[INFO] [stdout]   41:     0x649811ee90f4 - core::ops::function::FnOnce::call_once{{vtable.shim}}::h6127de71b8124639
[INFO] [stdout]                                at /rustc/202008a1b8de96d2e5b6bc02d379db03a877d34d/library/core/src/ops/function.rs:250:5
[INFO] [stdout]   42:     0x649811f5867b - <alloc::boxed::Box<F,A> as core::ops::function::FnOnce<Args>>::call_once::h42f0ba71002a1b2c
[INFO] [stdout]                                at /rustc/202008a1b8de96d2e5b6bc02d379db03a877d34d/library/alloc/src/boxed.rs:1972:9
[INFO] [stdout]   43:     0x649811f5867b - <alloc::boxed::Box<F,A> as core::ops::function::FnOnce<Args>>::call_once::had9e47d7a3dcecb8
[INFO] [stdout]                                at /rustc/202008a1b8de96d2e5b6bc02d379db03a877d34d/library/alloc/src/boxed.rs:1972:9
[INFO] [stdout]   44:     0x649811f5867b - std::sys::pal::unix::thread::Thread::new::thread_start::h48cf765408f6f5f2
[INFO] [stdout]                                at /rustc/202008a1b8de96d2e5b6bc02d379db03a877d34d/library/std/src/sys/pal/unix/thread.rs:105:17
[INFO] [stdout]   45:     0x7b417baf9ac3 - <unknown>
[INFO] [stdout]   46:     0x7b417bb8aa04 - clone
[INFO] [stdout]   47:                0x0 - <unknown>
[INFO] [stdout] 
[INFO] [stdout] 
[INFO] [stdout] failures:
[INFO] [stdout]     tests::split_range_side_test
[INFO] [stdout]     tests::split_range_test
[INFO] [stdout] 
[INFO] [stdout] test result: FAILED. 3 passed; 2 failed; 0 ignored; 0 measured; 0 filtered out; finished in 2.02s
[INFO] [stdout] 
[INFO] running `Command { std: "docker" "inspect" "0683abdbd37067c5193eb0e7524e440c38d8166341b26f9a9b1fb39b24fd6b71", kill_on_drop: false }`
[INFO] running `Command { std: "docker" "rm" "-f" "0683abdbd37067c5193eb0e7524e440c38d8166341b26f9a9b1fb39b24fd6b71", kill_on_drop: false }`
[INFO] [stdout] 0683abdbd37067c5193eb0e7524e440c38d8166341b26f9a9b1fb39b24fd6b71
