[INFO] cloning repository https://github.com/adihodos/rust-opengl-particle-simulation
[INFO] running `Command { std: "git" "-c" "credential.helper=" "-c" "credential.helper=/workspace/cargo-home/bin/git-credential-null" "clone" "--bare" "https://github.com/adihodos/rust-opengl-particle-simulation" "/workspace/cache/git-repos/https%3A%2F%2Fgithub.com%2Fadihodos%2Frust-opengl-particle-simulation", kill_on_drop: false }`
[INFO] [stderr] Cloning into bare repository '/workspace/cache/git-repos/https%3A%2F%2Fgithub.com%2Fadihodos%2Frust-opengl-particle-simulation'...
[INFO] running `Command { std: "git" "rev-parse" "HEAD", kill_on_drop: false }`
[INFO] [stdout] 9334b43e04aeb3eb7ae8d4598e393f521830ce14
[INFO] testing adihodos/rust-opengl-particle-simulation against 1.83.0 for beta-1.84.0-4-retry
[INFO] running `Command { std: "git" "clone" "/workspace/cache/git-repos/https%3A%2F%2Fgithub.com%2Fadihodos%2Frust-opengl-particle-simulation" "/workspace/builds/worker-4-tc1/source", kill_on_drop: false }`
[INFO] [stderr] Cloning into '/workspace/builds/worker-4-tc1/source'...
[INFO] [stderr] done.
[INFO] validating manifest of git repo https://github.com/adihodos/rust-opengl-particle-simulation on toolchain 1.83.0
[INFO] running `Command { std: CARGO_HOME="/workspace/cargo-home" RUSTUP_HOME="/workspace/rustup-home" "/workspace/cargo-home/bin/cargo" "+1.83.0" "metadata" "--manifest-path" "Cargo.toml" "--no-deps", kill_on_drop: false }`
[INFO] started tweaking git repo https://github.com/adihodos/rust-opengl-particle-simulation
[INFO] finished tweaking git repo https://github.com/adihodos/rust-opengl-particle-simulation
[INFO] tweaked toml for git repo https://github.com/adihodos/rust-opengl-particle-simulation written to /workspace/builds/worker-4-tc1/source/Cargo.toml
[INFO] crate git repo https://github.com/adihodos/rust-opengl-particle-simulation already has a lockfile, it will not be regenerated
[INFO] running `Command { std: CARGO_HOME="/workspace/cargo-home" RUSTUP_HOME="/workspace/rustup-home" "/workspace/cargo-home/bin/cargo" "+1.83.0" "fetch" "--manifest-path" "Cargo.toml", kill_on_drop: false }`
[INFO] [stderr]     Updating crates.io index
[INFO] [stderr]  Downloading crates ...
[INFO] [stderr]   Downloaded num-rational v0.2.3
[INFO] [stderr]   Downloaded deflate v0.8.3
[INFO] [stderr]   Downloaded gl_loader v0.1.2
[INFO] [stderr]   Downloaded png v0.16.0
[INFO] running `Command { std: "docker" "create" "-v" "/var/lib/crater-agent-workspace/builds/worker-4-tc1/target:/opt/rustwide/target:rw,Z" "-v" "/var/lib/crater-agent-workspace/builds/worker-4-tc1/source:/opt/rustwide/workdir:ro,Z" "-v" "/var/lib/crater-agent-workspace/cargo-home:/opt/rustwide/cargo-home:ro,Z" "-v" "/var/lib/crater-agent-workspace/rustup-home:/opt/rustwide/rustup-home:ro,Z" "-e" "SOURCE_DIR=/opt/rustwide/workdir" "-e" "CARGO_TARGET_DIR=/opt/rustwide/target" "-e" "CARGO_HOME=/opt/rustwide/cargo-home" "-e" "RUSTUP_HOME=/opt/rustwide/rustup-home" "-w" "/opt/rustwide/workdir" "-m" "1610612736" "--user" "0:0" "--network" "none" "ghcr.io/rust-lang/crates-build-env/linux@sha256:f3a9d4ad9d972b27faf3965f35b62e55ba32bbce8f20bc8fe909558a86702fde" "/opt/rustwide/cargo-home/bin/cargo" "+1.83.0" "metadata" "--no-deps" "--format-version=1", kill_on_drop: false }`
[INFO] [stdout] 2234639ad48b1163963b580d0a0e77d42a0b09e82ffd39d1173bb566232ef9d6
[INFO] running `Command { std: "docker" "start" "-a" "2234639ad48b1163963b580d0a0e77d42a0b09e82ffd39d1173bb566232ef9d6", kill_on_drop: false }`
[INFO] running `Command { std: "docker" "inspect" "2234639ad48b1163963b580d0a0e77d42a0b09e82ffd39d1173bb566232ef9d6", kill_on_drop: false }`
[INFO] running `Command { std: "docker" "rm" "-f" "2234639ad48b1163963b580d0a0e77d42a0b09e82ffd39d1173bb566232ef9d6", kill_on_drop: false }`
[INFO] [stdout] 2234639ad48b1163963b580d0a0e77d42a0b09e82ffd39d1173bb566232ef9d6
[INFO] running `Command { std: "docker" "create" "-v" "/var/lib/crater-agent-workspace/builds/worker-4-tc1/target:/opt/rustwide/target:rw,Z" "-v" "/var/lib/crater-agent-workspace/builds/worker-4-tc1/source:/opt/rustwide/workdir:ro,Z" "-v" "/var/lib/crater-agent-workspace/cargo-home:/opt/rustwide/cargo-home:ro,Z" "-v" "/var/lib/crater-agent-workspace/rustup-home:/opt/rustwide/rustup-home:ro,Z" "-e" "SOURCE_DIR=/opt/rustwide/workdir" "-e" "CARGO_TARGET_DIR=/opt/rustwide/target" "-e" "CARGO_INCREMENTAL=0" "-e" "RUST_BACKTRACE=full" "-e" "RUSTFLAGS=--cap-lints=warn" "-e" "RUSTDOCFLAGS=--cap-lints=warn" "-e" "CARGO_HOME=/opt/rustwide/cargo-home" "-e" "RUSTUP_HOME=/opt/rustwide/rustup-home" "-w" "/opt/rustwide/workdir" "-m" "1610612736" "--user" "0:0" "--network" "none" "ghcr.io/rust-lang/crates-build-env/linux@sha256:f3a9d4ad9d972b27faf3965f35b62e55ba32bbce8f20bc8fe909558a86702fde" "/opt/rustwide/cargo-home/bin/cargo" "+1.83.0" "build" "--frozen" "--message-format=json", kill_on_drop: false }`
[INFO] [stdout] dcb2a101a8fb9c5424c79566857cf7b359c6cda0c8809430295991f3f14bf9b5
[INFO] running `Command { std: "docker" "start" "-a" "dcb2a101a8fb9c5424c79566857cf7b359c6cda0c8809430295991f3f14bf9b5", kill_on_drop: false }`
[INFO] [stderr]    Compiling autocfg v1.0.0
[INFO] [stderr]    Compiling cfg-if v0.1.10
[INFO] [stderr]    Compiling libc v0.2.67
[INFO] [stderr]    Compiling khronos_api v3.1.0
[INFO] [stderr]    Compiling log v0.4.8
[INFO] [stderr]    Compiling proc-macro2 v0.4.30
[INFO] [stderr]    Compiling unicode-xid v0.1.0
[INFO] [stderr]    Compiling xml-rs v0.8.0
[INFO] [stderr]    Compiling syn v0.15.44
[INFO] [stderr]    Compiling pkg-config v0.3.17
[INFO] [stderr]    Compiling num-traits v0.2.11
[INFO] [stderr]    Compiling num-integer v0.1.42
[INFO] [stderr]    Compiling num-bigint v0.2.6
[INFO] [stderr]    Compiling num-complex v0.2.4
[INFO] [stderr]    Compiling num-rational v0.2.3
[INFO] [stderr]    Compiling num-iter v0.1.40
[INFO] [stderr]    Compiling gl_generator v0.14.0
[INFO] [stderr]    Compiling num-derive v0.2.5
[INFO] [stderr]    Compiling getrandom v0.1.14
[INFO] [stderr]    Compiling quote v0.6.13
[INFO] [stderr]    Compiling cc v1.0.50
[INFO] [stderr]    Compiling x11 v2.18.2
[INFO] [stderr]    Compiling gl v0.14.0
[INFO] [stderr]    Compiling byteorder v1.3.4
[INFO] [stderr]    Compiling crc32fast v1.2.0
[INFO] [stderr]    Compiling adler32 v1.0.4
[INFO] [stderr]    Compiling ppv-lite86 v0.2.6
[INFO] [stderr]    Compiling rand_core v0.5.1
[INFO] [stderr]    Compiling gl_loader v0.1.2
[INFO] [stderr]    Compiling c2-chacha v0.2.3
[INFO] [stderr]    Compiling deflate v0.8.3
[INFO] [stderr]    Compiling rand_chacha v0.2.1
[INFO] [stderr]    Compiling inflate v0.4.5
[INFO] [stderr]    Compiling rand v0.7.3
[INFO] [stderr]    Compiling png v0.16.0
[INFO] [stderr]    Compiling num v0.2.1
[INFO] [stderr]    Compiling math v0.1.0 (/opt/rustwide/workdir/math)
[INFO] [stderr]    Compiling sys v0.1.0 (/opt/rustwide/workdir/sys)
[INFO] [stdout] warning: unused import: `GLXDrawable`
[INFO] [stdout]   --> sys/src/window_x11.rs:15:50
[INFO] [stdout]    |
[INFO] [stdout] 15 |     glXQueryVersion, glXSwapBuffers, GLXContext, GLXDrawable, GLXFBConfig, GLX_BUFFER_SIZE,
[INFO] [stdout]    |                                                  ^^^^^^^^^^^
[INFO] [stdout]    |
[INFO] [stdout]    = note: `#[warn(unused_imports)]` on by default
[INFO] [stdout] 
[INFO] [stdout] 
[INFO] [stdout] warning: unused imports: `AlreadyGrabbed`, `Button5`, `FocusIn`, `FocusOut`, `GrabFrozen`, `GrabInvalidTime`, `GrabModeAsync`, `GrabNotViewable`, `PropModeReplace`, `Screen`, `XA_ATOM`, `XChangeProperty`, `XFocusChangeEvent`, `XGrabKeyboard`, `XQueryPointer`, `XSync`, `XUngrabKeyboard`, and `XWarpPointer`
[INFO] [stdout]   --> sys/src/window_x11.rs:23:16
[INFO] [stdout]    |
[INFO] [stdout] 23 |     AllocNone, AlreadyGrabbed, Atom, Bool, Button1, Button1Mask, Button2, Button2Mask, Button3,
[INFO] [stdout]    |                ^^^^^^^^^^^^^^
[INFO] [stdout] 24 |     Button3Mask, Button4, Button4Mask, Button5, Button5Mask, ButtonPress, ButtonPressMask,
[INFO] [stdout]    |                                        ^^^^^^^
[INFO] [stdout] ...
[INFO] [stdout] 27 |     ExposureMask, False, FocusChangeMask, FocusIn, FocusOut, GrabFrozen, GrabInvalidTime,
[INFO] [stdout]    |                                           ^^^^^^^  ^^^^^^^^  ^^^^^^^^^^  ^^^^^^^^^^^^^^^
[INFO] [stdout] 28 |     GrabModeAsync, GrabNotViewable, InputHint, InputOutput, KeyPress, KeyPressMask, KeyRelease,
[INFO] [stdout]    |     ^^^^^^^^^^^^^  ^^^^^^^^^^^^^^^
[INFO] [stdout] 29 |     KeyReleaseMask, KeySym, LeaveWindowMask, MotionNotify, NoSymbol, PBaseSize, PMinSize,
[INFO] [stdout] 30 |     PointerMotionMask, PropModeReplace, RevertToNone, Screen, ShiftMask, StateHint,
[INFO] [stdout]    |                        ^^^^^^^^^^^^^^^                ^^^^^^
[INFO] [stdout] ...
[INFO] [stdout] 33 |     XAllocWMHints, XButtonEvent, XChangeProperty, XClearWindow, XClientMessageEvent, XCloseDisplay,
[INFO] [stdout]    |                                  ^^^^^^^^^^^^^^^
[INFO] [stdout] 34 |     XConfigureEvent, XCreateColormap, XCreateWindow, XDefaultRootWindow, XDefaultScreen,
[INFO] [stdout] 35 |     XDestroyWindow, XEvent, XEventsQueued, XFlush, XFocusChangeEvent, XFree, XGetGeometry,
[INFO] [stdout]    |                                                    ^^^^^^^^^^^^^^^^^
[INFO] [stdout] 36 |     XGrabKeyboard, XInternAtom, XKeyEvent, XLookupString, XMapRaised, XMotionEvent, XMoveWindow,
[INFO] [stdout]    |     ^^^^^^^^^^^^^
[INFO] [stdout] 37 |     XNextEvent, XOpenDisplay, XQueryPointer, XRootWindow, XSendEvent, XSetInputFocus,
[INFO] [stdout]    |                               ^^^^^^^^^^^^^
[INFO] [stdout] 38 |     XSetWMProperties, XSetWMProtocols, XSetWindowAttributes, XSizeHints, XSync, XUngrabKeyboard,
[INFO] [stdout]    |                                                                          ^^^^^  ^^^^^^^^^^^^^^^
[INFO] [stdout] 39 |     XVisibilityEvent, XVisualInfo, XWMHints, XWarpPointer, XWhitePixel, XA_ATOM,
[INFO] [stdout]    |                                              ^^^^^^^^^^^^               ^^^^^^^
[INFO] [stdout] 
[INFO] [stdout] 
[INFO] [stdout] warning: non-local `impl` definition, `impl` blocks should be written at the same level as their item
[INFO] [stdout]  --> sys/src/events.rs:6:51
[INFO] [stdout]   |
[INFO] [stdout] 6 | #[derive(Copy, Debug, Clone, PartialEq, Eq, Hash, FromPrimitive, ToPrimitive)]
[INFO] [stdout]   |                                                   ^------------
[INFO] [stdout]   |                                                   |
[INFO] [stdout]   |                                                   `FromPrimitive` is not local
[INFO] [stdout]   |                                                   move the `impl` block outside of this constant `_IMPL_NUM_FromPrimitive_FOR_ActionType`
[INFO] [stdout] 7 | #[repr(u8)]
[INFO] [stdout] 8 | pub enum ActionType {
[INFO] [stdout]   |          ---------- `ActionType` is not local
[INFO] [stdout]   |
[INFO] [stdout]   = note: the derive macro `FromPrimitive` defines the non-local `impl`, and may need to be changed
[INFO] [stdout]   = note: the derive macro `FromPrimitive` may come from an old version of the `num_derive` crate, try updating your dependency with `cargo update -p num_derive`
[INFO] [stdout]   = note: an `impl` is never scoped, even when it is nested inside an item, as it may impact type checking outside of that item, which can be the case if neither the trait or the self type are at the same nesting level as the `impl`
[INFO] [stdout]   = note: items in an anonymous const item (`const _: () = { ... }`) are treated as in the same scope as the anonymous const's declaration for the purpose of this lint
[INFO] [stdout]   = note: `#[warn(non_local_definitions)]` on by default
[INFO] [stdout]   = note: this warning originates in the derive macro `FromPrimitive` (in Nightly builds, run with -Z macro-backtrace for more info)
[INFO] [stdout] 
[INFO] [stdout] 
[INFO] [stdout] warning: non-local `impl` definition, `impl` blocks should be written at the same level as their item
[INFO] [stdout]  --> sys/src/events.rs:6:66
[INFO] [stdout]   |
[INFO] [stdout] 6 | #[derive(Copy, Debug, Clone, PartialEq, Eq, Hash, FromPrimitive, ToPrimitive)]
[INFO] [stdout]   |                                                                  ^----------
[INFO] [stdout]   |                                                                  |
[INFO] [stdout]   |                                                                  `ToPrimitive` is not local
[INFO] [stdout]   |                                                                  move the `impl` block outside of this constant `_IMPL_NUM_ToPrimitive_FOR_ActionType`
[INFO] [stdout] 7 | #[repr(u8)]
[INFO] [stdout] 8 | pub enum ActionType {
[INFO] [stdout]   |          ---------- `ActionType` is not local
[INFO] [stdout]   |
[INFO] [stdout]   = note: the derive macro `ToPrimitive` defines the non-local `impl`, and may need to be changed
[INFO] [stdout]   = note: the derive macro `ToPrimitive` may come from an old version of the `num_derive` crate, try updating your dependency with `cargo update -p num_derive`
[INFO] [stdout]   = note: an `impl` is never scoped, even when it is nested inside an item, as it may impact type checking outside of that item, which can be the case if neither the trait or the self type are at the same nesting level as the `impl`
[INFO] [stdout]   = note: items in an anonymous const item (`const _: () = { ... }`) are treated as in the same scope as the anonymous const's declaration for the purpose of this lint
[INFO] [stdout]   = note: this warning originates in the derive macro `ToPrimitive` (in Nightly builds, run with -Z macro-backtrace for more info)
[INFO] [stdout] 
[INFO] [stdout] 
[INFO] [stdout] warning: non-local `impl` definition, `impl` blocks should be written at the same level as their item
[INFO] [stdout]   --> sys/src/events.rs:13:51
[INFO] [stdout]    |
[INFO] [stdout] 13 | #[derive(Copy, Debug, Clone, PartialEq, Eq, Hash, FromPrimitive, ToPrimitive)]
[INFO] [stdout]    |                                                   ^------------
[INFO] [stdout]    |                                                   |
[INFO] [stdout]    |                                                   `FromPrimitive` is not local
[INFO] [stdout]    |                                                   move the `impl` block outside of this constant `_IMPL_NUM_FromPrimitive_FOR_MouseButtonId`
[INFO] [stdout] 14 | #[repr(u8)]
[INFO] [stdout] 15 | pub enum MouseButtonId {
[INFO] [stdout]    |          ------------- `MouseButtonId` is not local
[INFO] [stdout]    |
[INFO] [stdout]    = note: the derive macro `FromPrimitive` defines the non-local `impl`, and may need to be changed
[INFO] [stdout]    = note: the derive macro `FromPrimitive` may come from an old version of the `num_derive` crate, try updating your dependency with `cargo update -p num_derive`
[INFO] [stdout]    = note: an `impl` is never scoped, even when it is nested inside an item, as it may impact type checking outside of that item, which can be the case if neither the trait or the self type are at the same nesting level as the `impl`
[INFO] [stdout]    = note: items in an anonymous const item (`const _: () = { ... }`) are treated as in the same scope as the anonymous const's declaration for the purpose of this lint
[INFO] [stdout]    = note: this warning originates in the derive macro `FromPrimitive` (in Nightly builds, run with -Z macro-backtrace for more info)
[INFO] [stdout] 
[INFO] [stdout] 
[INFO] [stdout] warning: non-local `impl` definition, `impl` blocks should be written at the same level as their item
[INFO] [stdout]   --> sys/src/events.rs:13:66
[INFO] [stdout]    |
[INFO] [stdout] 13 | #[derive(Copy, Debug, Clone, PartialEq, Eq, Hash, FromPrimitive, ToPrimitive)]
[INFO] [stdout]    |                                                                  ^----------
[INFO] [stdout]    |                                                                  |
[INFO] [stdout]    |                                                                  `ToPrimitive` is not local
[INFO] [stdout]    |                                                                  move the `impl` block outside of this constant `_IMPL_NUM_ToPrimitive_FOR_MouseButtonId`
[INFO] [stdout] 14 | #[repr(u8)]
[INFO] [stdout] 15 | pub enum MouseButtonId {
[INFO] [stdout]    |          ------------- `MouseButtonId` is not local
[INFO] [stdout]    |
[INFO] [stdout]    = note: the derive macro `ToPrimitive` defines the non-local `impl`, and may need to be changed
[INFO] [stdout]    = note: the derive macro `ToPrimitive` may come from an old version of the `num_derive` crate, try updating your dependency with `cargo update -p num_derive`
[INFO] [stdout]    = note: an `impl` is never scoped, even when it is nested inside an item, as it may impact type checking outside of that item, which can be the case if neither the trait or the self type are at the same nesting level as the `impl`
[INFO] [stdout]    = note: items in an anonymous const item (`const _: () = { ... }`) are treated as in the same scope as the anonymous const's declaration for the purpose of this lint
[INFO] [stdout]    = note: this warning originates in the derive macro `ToPrimitive` (in Nightly builds, run with -Z macro-backtrace for more info)
[INFO] [stdout] 
[INFO] [stdout] 
[INFO] [stderr]    Compiling rendering v0.1.0 (/opt/rustwide/workdir/rendering)
[INFO] [stderr]    Compiling particles v0.1.0 (/opt/rustwide/workdir/particles)
[INFO] [stderr]     Finished `dev` profile [unoptimized + debuginfo] target(s) in 27.62s
[INFO] running `Command { std: "docker" "inspect" "dcb2a101a8fb9c5424c79566857cf7b359c6cda0c8809430295991f3f14bf9b5", kill_on_drop: false }`
[INFO] running `Command { std: "docker" "rm" "-f" "dcb2a101a8fb9c5424c79566857cf7b359c6cda0c8809430295991f3f14bf9b5", kill_on_drop: false }`
[INFO] [stdout] dcb2a101a8fb9c5424c79566857cf7b359c6cda0c8809430295991f3f14bf9b5
[INFO] running `Command { std: "docker" "create" "-v" "/var/lib/crater-agent-workspace/builds/worker-4-tc1/target:/opt/rustwide/target:rw,Z" "-v" "/var/lib/crater-agent-workspace/builds/worker-4-tc1/source:/opt/rustwide/workdir:ro,Z" "-v" "/var/lib/crater-agent-workspace/cargo-home:/opt/rustwide/cargo-home:ro,Z" "-v" "/var/lib/crater-agent-workspace/rustup-home:/opt/rustwide/rustup-home:ro,Z" "-e" "SOURCE_DIR=/opt/rustwide/workdir" "-e" "CARGO_TARGET_DIR=/opt/rustwide/target" "-e" "CARGO_INCREMENTAL=0" "-e" "RUST_BACKTRACE=full" "-e" "RUSTFLAGS=--cap-lints=warn" "-e" "RUSTDOCFLAGS=--cap-lints=warn" "-e" "CARGO_HOME=/opt/rustwide/cargo-home" "-e" "RUSTUP_HOME=/opt/rustwide/rustup-home" "-w" "/opt/rustwide/workdir" "-m" "1610612736" "--user" "0:0" "--network" "none" "ghcr.io/rust-lang/crates-build-env/linux@sha256:f3a9d4ad9d972b27faf3965f35b62e55ba32bbce8f20bc8fe909558a86702fde" "/opt/rustwide/cargo-home/bin/cargo" "+1.83.0" "test" "--frozen" "--no-run" "--message-format=json", kill_on_drop: false }`
[INFO] [stdout] eda4a3eb1375b56a983dc1258748b115ddec35d3a65e462acc71226954552028
[INFO] running `Command { std: "docker" "start" "-a" "eda4a3eb1375b56a983dc1258748b115ddec35d3a65e462acc71226954552028", kill_on_drop: false }`
[INFO] [stdout] warning: unused import: `GLXDrawable`
[INFO] [stdout]   --> sys/src/window_x11.rs:15:50
[INFO] [stdout]    |
[INFO] [stdout] 15 |     glXQueryVersion, glXSwapBuffers, GLXContext, GLXDrawable, GLXFBConfig, GLX_BUFFER_SIZE,
[INFO] [stdout]    |                                                  ^^^^^^^^^^^
[INFO] [stdout]    |
[INFO] [stdout]    = note: `#[warn(unused_imports)]` on by default
[INFO] [stdout] 
[INFO] [stdout] 
[INFO] [stdout] warning: unused imports: `AlreadyGrabbed`, `Button5`, `FocusIn`, `FocusOut`, `GrabFrozen`, `GrabInvalidTime`, `GrabModeAsync`, `GrabNotViewable`, `PropModeReplace`, `Screen`, `XA_ATOM`, `XChangeProperty`, `XFocusChangeEvent`, `XGrabKeyboard`, `XQueryPointer`, `XSync`, `XUngrabKeyboard`, and `XWarpPointer`
[INFO] [stdout]   --> sys/src/window_x11.rs:23:16
[INFO] [stdout]    |
[INFO] [stdout] 23 |     AllocNone, AlreadyGrabbed, Atom, Bool, Button1, Button1Mask, Button2, Button2Mask, Button3,
[INFO] [stdout]    |                ^^^^^^^^^^^^^^
[INFO] [stdout] 24 |     Button3Mask, Button4, Button4Mask, Button5, Button5Mask, ButtonPress, ButtonPressMask,
[INFO] [stdout]    |                                        ^^^^^^^
[INFO] [stdout] ...
[INFO] [stdout] 27 |     ExposureMask, False, FocusChangeMask, FocusIn, FocusOut, GrabFrozen, GrabInvalidTime,
[INFO] [stdout]    |                                           ^^^^^^^  ^^^^^^^^  ^^^^^^^^^^  ^^^^^^^^^^^^^^^
[INFO] [stdout] 28 |     GrabModeAsync, GrabNotViewable, InputHint, InputOutput, KeyPress, KeyPressMask, KeyRelease,
[INFO] [stdout]    |     ^^^^^^^^^^^^^  ^^^^^^^^^^^^^^^
[INFO] [stdout] 29 |     KeyReleaseMask, KeySym, LeaveWindowMask, MotionNotify, NoSymbol, PBaseSize, PMinSize,
[INFO] [stdout] 30 |     PointerMotionMask, PropModeReplace, RevertToNone, Screen, ShiftMask, StateHint,
[INFO] [stdout]    |                        ^^^^^^^^^^^^^^^                ^^^^^^
[INFO] [stdout] ...
[INFO] [stdout] 33 |     XAllocWMHints, XButtonEvent, XChangeProperty, XClearWindow, XClientMessageEvent, XCloseDisplay,
[INFO] [stdout]    |                                  ^^^^^^^^^^^^^^^
[INFO] [stdout] 34 |     XConfigureEvent, XCreateColormap, XCreateWindow, XDefaultRootWindow, XDefaultScreen,
[INFO] [stdout] 35 |     XDestroyWindow, XEvent, XEventsQueued, XFlush, XFocusChangeEvent, XFree, XGetGeometry,
[INFO] [stdout]    |                                                    ^^^^^^^^^^^^^^^^^
[INFO] [stdout] 36 |     XGrabKeyboard, XInternAtom, XKeyEvent, XLookupString, XMapRaised, XMotionEvent, XMoveWindow,
[INFO] [stdout]    |     ^^^^^^^^^^^^^
[INFO] [stdout] 37 |     XNextEvent, XOpenDisplay, XQueryPointer, XRootWindow, XSendEvent, XSetInputFocus,
[INFO] [stdout]    |                               ^^^^^^^^^^^^^
[INFO] [stdout] 38 |     XSetWMProperties, XSetWMProtocols, XSetWindowAttributes, XSizeHints, XSync, XUngrabKeyboard,
[INFO] [stdout]    |                                                                          ^^^^^  ^^^^^^^^^^^^^^^
[INFO] [stdout] 39 |     XVisibilityEvent, XVisualInfo, XWMHints, XWarpPointer, XWhitePixel, XA_ATOM,
[INFO] [stdout]    |                                              ^^^^^^^^^^^^               ^^^^^^^
[INFO] [stdout] 
[INFO] [stdout] 
[INFO] [stdout] warning: non-local `impl` definition, `impl` blocks should be written at the same level as their item
[INFO] [stdout]  --> sys/src/events.rs:6:51
[INFO] [stdout]   |
[INFO] [stdout] 6 | #[derive(Copy, Debug, Clone, PartialEq, Eq, Hash, FromPrimitive, ToPrimitive)]
[INFO] [stdout]   |                                                   ^------------
[INFO] [stdout]   |                                                   |
[INFO] [stdout]   |                                                   `FromPrimitive` is not local
[INFO] [stdout]   |                                                   move the `impl` block outside of this constant `_IMPL_NUM_FromPrimitive_FOR_ActionType`
[INFO] [stdout] 7 | #[repr(u8)]
[INFO] [stdout] 8 | pub enum ActionType {
[INFO] [stdout]   |          ---------- `ActionType` is not local
[INFO] [stdout]   |
[INFO] [stdout]   = note: the derive macro `FromPrimitive` defines the non-local `impl`, and may need to be changed
[INFO] [stdout]   = note: the derive macro `FromPrimitive` may come from an old version of the `num_derive` crate, try updating your dependency with `cargo update -p num_derive`
[INFO] [stdout]   = note: an `impl` is never scoped, even when it is nested inside an item, as it may impact type checking outside of that item, which can be the case if neither the trait or the self type are at the same nesting level as the `impl`
[INFO] [stdout]   = note: items in an anonymous const item (`const _: () = { ... }`) are treated as in the same scope as the anonymous const's declaration for the purpose of this lint
[INFO] [stdout]   = note: `#[warn(non_local_definitions)]` on by default
[INFO] [stdout]   = note: this warning originates in the derive macro `FromPrimitive` (in Nightly builds, run with -Z macro-backtrace for more info)
[INFO] [stdout] 
[INFO] [stdout] 
[INFO] [stderr]    Compiling sys v0.1.0 (/opt/rustwide/workdir/sys)
[INFO] [stderr]    Compiling math v0.1.0 (/opt/rustwide/workdir/math)
[INFO] [stdout] warning: non-local `impl` definition, `impl` blocks should be written at the same level as their item
[INFO] [stdout]  --> sys/src/events.rs:6:66
[INFO] [stdout]   |
[INFO] [stdout] 6 | #[derive(Copy, Debug, Clone, PartialEq, Eq, Hash, FromPrimitive, ToPrimitive)]
[INFO] [stdout]   |                                                                  ^----------
[INFO] [stdout]   |                                                                  |
[INFO] [stdout]   |                                                                  `ToPrimitive` is not local
[INFO] [stdout]   |                                                                  move the `impl` block outside of this constant `_IMPL_NUM_ToPrimitive_FOR_ActionType`
[INFO] [stdout] 7 | #[repr(u8)]
[INFO] [stdout] 8 | pub enum ActionType {
[INFO] [stdout]   |          ---------- `ActionType` is not local
[INFO] [stdout]   |
[INFO] [stdout]   = note: the derive macro `ToPrimitive` defines the non-local `impl`, and may need to be changed
[INFO] [stdout]   = note: the derive macro `ToPrimitive` may come from an old version of the `num_derive` crate, try updating your dependency with `cargo update -p num_derive`
[INFO] [stdout]   = note: an `impl` is never scoped, even when it is nested inside an item, as it may impact type checking outside of that item, which can be the case if neither the trait or the self type are at the same nesting level as the `impl`
[INFO] [stdout]   = note: items in an anonymous const item (`const _: () = { ... }`) are treated as in the same scope as the anonymous const's declaration for the purpose of this lint
[INFO] [stdout]   = note: this warning originates in the derive macro `ToPrimitive` (in Nightly builds, run with -Z macro-backtrace for more info)
[INFO] [stdout] 
[INFO] [stdout] 
[INFO] [stdout] warning: non-local `impl` definition, `impl` blocks should be written at the same level as their item
[INFO] [stdout]   --> sys/src/events.rs:13:51
[INFO] [stdout]    |
[INFO] [stdout] 13 | #[derive(Copy, Debug, Clone, PartialEq, Eq, Hash, FromPrimitive, ToPrimitive)]
[INFO] [stdout]    |                                                   ^------------
[INFO] [stdout]    |                                                   |
[INFO] [stdout]    |                                                   `FromPrimitive` is not local
[INFO] [stdout]    |                                                   move the `impl` block outside of this constant `_IMPL_NUM_FromPrimitive_FOR_MouseButtonId`
[INFO] [stdout] 14 | #[repr(u8)]
[INFO] [stdout] 15 | pub enum MouseButtonId {
[INFO] [stdout]    |          ------------- `MouseButtonId` is not local
[INFO] [stdout]    |
[INFO] [stdout]    = note: the derive macro `FromPrimitive` defines the non-local `impl`, and may need to be changed
[INFO] [stdout]    = note: the derive macro `FromPrimitive` may come from an old version of the `num_derive` crate, try updating your dependency with `cargo update -p num_derive`
[INFO] [stdout]    = note: an `impl` is never scoped, even when it is nested inside an item, as it may impact type checking outside of that item, which can be the case if neither the trait or the self type are at the same nesting level as the `impl`
[INFO] [stdout]    = note: items in an anonymous const item (`const _: () = { ... }`) are treated as in the same scope as the anonymous const's declaration for the purpose of this lint
[INFO] [stdout]    = note: this warning originates in the derive macro `FromPrimitive` (in Nightly builds, run with -Z macro-backtrace for more info)
[INFO] [stdout] 
[INFO] [stdout] 
[INFO] [stdout] warning: non-local `impl` definition, `impl` blocks should be written at the same level as their item
[INFO] [stdout]   --> sys/src/events.rs:13:66
[INFO] [stdout]    |
[INFO] [stdout] 13 | #[derive(Copy, Debug, Clone, PartialEq, Eq, Hash, FromPrimitive, ToPrimitive)]
[INFO] [stdout]    |                                                                  ^----------
[INFO] [stdout]    |                                                                  |
[INFO] [stdout]    |                                                                  `ToPrimitive` is not local
[INFO] [stdout]    |                                                                  move the `impl` block outside of this constant `_IMPL_NUM_ToPrimitive_FOR_MouseButtonId`
[INFO] [stdout] 14 | #[repr(u8)]
[INFO] [stdout] 15 | pub enum MouseButtonId {
[INFO] [stdout]    |          ------------- `MouseButtonId` is not local
[INFO] [stdout]    |
[INFO] [stdout]    = note: the derive macro `ToPrimitive` defines the non-local `impl`, and may need to be changed
[INFO] [stdout]    = note: the derive macro `ToPrimitive` may come from an old version of the `num_derive` crate, try updating your dependency with `cargo update -p num_derive`
[INFO] [stdout]    = note: an `impl` is never scoped, even when it is nested inside an item, as it may impact type checking outside of that item, which can be the case if neither the trait or the self type are at the same nesting level as the `impl`
[INFO] [stdout]    = note: items in an anonymous const item (`const _: () = { ... }`) are treated as in the same scope as the anonymous const's declaration for the purpose of this lint
[INFO] [stdout]    = note: this warning originates in the derive macro `ToPrimitive` (in Nightly builds, run with -Z macro-backtrace for more info)
[INFO] [stdout] 
[INFO] [stdout] 
[INFO] [stderr]    Compiling rendering v0.1.0 (/opt/rustwide/workdir/rendering)
[INFO] [stderr]    Compiling particles v0.1.0 (/opt/rustwide/workdir/particles)
[INFO] [stdout] warning: unused import: `GLXDrawable`
[INFO] [stdout]   --> sys/src/window_x11.rs:15:50
[INFO] [stdout]    |
[INFO] [stdout] 15 |     glXQueryVersion, glXSwapBuffers, GLXContext, GLXDrawable, GLXFBConfig, GLX_BUFFER_SIZE,
[INFO] [stdout]    |                                                  ^^^^^^^^^^^
[INFO] [stdout]    |
[INFO] [stdout]    = note: `#[warn(unused_imports)]` on by default
[INFO] [stdout] 
[INFO] [stdout] 
[INFO] [stdout] warning: unused imports: `AlreadyGrabbed`, `Button5`, `FocusIn`, `FocusOut`, `GrabFrozen`, `GrabInvalidTime`, `GrabModeAsync`, `GrabNotViewable`, `PropModeReplace`, `Screen`, `XA_ATOM`, `XChangeProperty`, `XFocusChangeEvent`, `XGrabKeyboard`, `XQueryPointer`, `XSync`, `XUngrabKeyboard`, and `XWarpPointer`
[INFO] [stdout]   --> sys/src/window_x11.rs:23:16
[INFO] [stdout]    |
[INFO] [stdout] 23 |     AllocNone, AlreadyGrabbed, Atom, Bool, Button1, Button1Mask, Button2, Button2Mask, Button3,
[INFO] [stdout]    |                ^^^^^^^^^^^^^^
[INFO] [stdout] 24 |     Button3Mask, Button4, Button4Mask, Button5, Button5Mask, ButtonPress, ButtonPressMask,
[INFO] [stdout]    |                                        ^^^^^^^
[INFO] [stdout] ...
[INFO] [stdout] 27 |     ExposureMask, False, FocusChangeMask, FocusIn, FocusOut, GrabFrozen, GrabInvalidTime,
[INFO] [stdout]    |                                           ^^^^^^^  ^^^^^^^^  ^^^^^^^^^^  ^^^^^^^^^^^^^^^
[INFO] [stdout] 28 |     GrabModeAsync, GrabNotViewable, InputHint, InputOutput, KeyPress, KeyPressMask, KeyRelease,
[INFO] [stdout]    |     ^^^^^^^^^^^^^  ^^^^^^^^^^^^^^^
[INFO] [stdout] 29 |     KeyReleaseMask, KeySym, LeaveWindowMask, MotionNotify, NoSymbol, PBaseSize, PMinSize,
[INFO] [stdout] 30 |     PointerMotionMask, PropModeReplace, RevertToNone, Screen, ShiftMask, StateHint,
[INFO] [stdout]    |                        ^^^^^^^^^^^^^^^                ^^^^^^
[INFO] [stdout] ...
[INFO] [stdout] 33 |     XAllocWMHints, XButtonEvent, XChangeProperty, XClearWindow, XClientMessageEvent, XCloseDisplay,
[INFO] [stdout]    |                                  ^^^^^^^^^^^^^^^
[INFO] [stdout] 34 |     XConfigureEvent, XCreateColormap, XCreateWindow, XDefaultRootWindow, XDefaultScreen,
[INFO] [stdout] 35 |     XDestroyWindow, XEvent, XEventsQueued, XFlush, XFocusChangeEvent, XFree, XGetGeometry,
[INFO] [stdout]    |                                                    ^^^^^^^^^^^^^^^^^
[INFO] [stdout] 36 |     XGrabKeyboard, XInternAtom, XKeyEvent, XLookupString, XMapRaised, XMotionEvent, XMoveWindow,
[INFO] [stdout]    |     ^^^^^^^^^^^^^
[INFO] [stdout] 37 |     XNextEvent, XOpenDisplay, XQueryPointer, XRootWindow, XSendEvent, XSetInputFocus,
[INFO] [stdout]    |                               ^^^^^^^^^^^^^
[INFO] [stdout] 38 |     XSetWMProperties, XSetWMProtocols, XSetWindowAttributes, XSizeHints, XSync, XUngrabKeyboard,
[INFO] [stdout]    |                                                                          ^^^^^  ^^^^^^^^^^^^^^^
[INFO] [stdout] 39 |     XVisibilityEvent, XVisualInfo, XWMHints, XWarpPointer, XWhitePixel, XA_ATOM,
[INFO] [stdout]    |                                              ^^^^^^^^^^^^               ^^^^^^^
[INFO] [stdout] 
[INFO] [stdout] 
[INFO] [stdout] warning: non-local `impl` definition, `impl` blocks should be written at the same level as their item
[INFO] [stdout]  --> sys/src/events.rs:6:51
[INFO] [stdout]   |
[INFO] [stdout] 6 | #[derive(Copy, Debug, Clone, PartialEq, Eq, Hash, FromPrimitive, ToPrimitive)]
[INFO] [stdout]   |                                                   ^------------
[INFO] [stdout]   |                                                   |
[INFO] [stdout]   |                                                   `FromPrimitive` is not local
[INFO] [stdout]   |                                                   move the `impl` block outside of this constant `_IMPL_NUM_FromPrimitive_FOR_ActionType`
[INFO] [stdout] 7 | #[repr(u8)]
[INFO] [stdout] 8 | pub enum ActionType {
[INFO] [stdout]   |          ---------- `ActionType` is not local
[INFO] [stdout]   |
[INFO] [stdout]   = note: the derive macro `FromPrimitive` defines the non-local `impl`, and may need to be changed
[INFO] [stdout]   = note: the derive macro `FromPrimitive` may come from an old version of the `num_derive` crate, try updating your dependency with `cargo update -p num_derive`
[INFO] [stdout]   = note: an `impl` is never scoped, even when it is nested inside an item, as it may impact type checking outside of that item, which can be the case if neither the trait or the self type are at the same nesting level as the `impl`
[INFO] [stdout]   = note: items in an anonymous const item (`const _: () = { ... }`) are treated as in the same scope as the anonymous const's declaration for the purpose of this lint
[INFO] [stdout]   = note: `#[warn(non_local_definitions)]` on by default
[INFO] [stdout]   = note: this warning originates in the derive macro `FromPrimitive` (in Nightly builds, run with -Z macro-backtrace for more info)
[INFO] [stdout] 
[INFO] [stdout] 
[INFO] [stdout] warning: non-local `impl` definition, `impl` blocks should be written at the same level as their item
[INFO] [stdout]  --> sys/src/events.rs:6:66
[INFO] [stdout]   |
[INFO] [stdout] 6 | #[derive(Copy, Debug, Clone, PartialEq, Eq, Hash, FromPrimitive, ToPrimitive)]
[INFO] [stdout]   |                                                                  ^----------
[INFO] [stdout]   |                                                                  |
[INFO] [stdout]   |                                                                  `ToPrimitive` is not local
[INFO] [stdout]   |                                                                  move the `impl` block outside of this constant `_IMPL_NUM_ToPrimitive_FOR_ActionType`
[INFO] [stdout] 7 | #[repr(u8)]
[INFO] [stdout] 8 | pub enum ActionType {
[INFO] [stdout]   |          ---------- `ActionType` is not local
[INFO] [stdout]   |
[INFO] [stdout]   = note: the derive macro `ToPrimitive` defines the non-local `impl`, and may need to be changed
[INFO] [stdout]   = note: the derive macro `ToPrimitive` may come from an old version of the `num_derive` crate, try updating your dependency with `cargo update -p num_derive`
[INFO] [stdout]   = note: an `impl` is never scoped, even when it is nested inside an item, as it may impact type checking outside of that item, which can be the case if neither the trait or the self type are at the same nesting level as the `impl`
[INFO] [stdout]   = note: items in an anonymous const item (`const _: () = { ... }`) are treated as in the same scope as the anonymous const's declaration for the purpose of this lint
[INFO] [stdout]   = note: this warning originates in the derive macro `ToPrimitive` (in Nightly builds, run with -Z macro-backtrace for more info)
[INFO] [stdout] 
[INFO] [stdout] 
[INFO] [stdout] warning: non-local `impl` definition, `impl` blocks should be written at the same level as their item
[INFO] [stdout]   --> sys/src/events.rs:13:51
[INFO] [stdout]    |
[INFO] [stdout] 13 | #[derive(Copy, Debug, Clone, PartialEq, Eq, Hash, FromPrimitive, ToPrimitive)]
[INFO] [stdout]    |                                                   ^------------
[INFO] [stdout]    |                                                   |
[INFO] [stdout]    |                                                   `FromPrimitive` is not local
[INFO] [stdout]    |                                                   move the `impl` block outside of this constant `_IMPL_NUM_FromPrimitive_FOR_MouseButtonId`
[INFO] [stdout] 14 | #[repr(u8)]
[INFO] [stdout] 15 | pub enum MouseButtonId {
[INFO] [stdout]    |          ------------- `MouseButtonId` is not local
[INFO] [stdout]    |
[INFO] [stdout]    = note: the derive macro `FromPrimitive` defines the non-local `impl`, and may need to be changed
[INFO] [stdout]    = note: the derive macro `FromPrimitive` may come from an old version of the `num_derive` crate, try updating your dependency with `cargo update -p num_derive`
[INFO] [stdout]    = note: an `impl` is never scoped, even when it is nested inside an item, as it may impact type checking outside of that item, which can be the case if neither the trait or the self type are at the same nesting level as the `impl`
[INFO] [stdout]    = note: items in an anonymous const item (`const _: () = { ... }`) are treated as in the same scope as the anonymous const's declaration for the purpose of this lint
[INFO] [stdout]    = note: this warning originates in the derive macro `FromPrimitive` (in Nightly builds, run with -Z macro-backtrace for more info)
[INFO] [stdout] 
[INFO] [stdout] 
[INFO] [stdout] warning: non-local `impl` definition, `impl` blocks should be written at the same level as their item
[INFO] [stdout]   --> sys/src/events.rs:13:66
[INFO] [stdout]    |
[INFO] [stdout] 13 | #[derive(Copy, Debug, Clone, PartialEq, Eq, Hash, FromPrimitive, ToPrimitive)]
[INFO] [stdout]    |                                                                  ^----------
[INFO] [stdout]    |                                                                  |
[INFO] [stdout]    |                                                                  `ToPrimitive` is not local
[INFO] [stdout]    |                                                                  move the `impl` block outside of this constant `_IMPL_NUM_ToPrimitive_FOR_MouseButtonId`
[INFO] [stdout] 14 | #[repr(u8)]
[INFO] [stdout] 15 | pub enum MouseButtonId {
[INFO] [stdout]    |          ------------- `MouseButtonId` is not local
[INFO] [stdout]    |
[INFO] [stdout]    = note: the derive macro `ToPrimitive` defines the non-local `impl`, and may need to be changed
[INFO] [stdout]    = note: the derive macro `ToPrimitive` may come from an old version of the `num_derive` crate, try updating your dependency with `cargo update -p num_derive`
[INFO] [stdout]    = note: an `impl` is never scoped, even when it is nested inside an item, as it may impact type checking outside of that item, which can be the case if neither the trait or the self type are at the same nesting level as the `impl`
[INFO] [stdout]    = note: items in an anonymous const item (`const _: () = { ... }`) are treated as in the same scope as the anonymous const's declaration for the purpose of this lint
[INFO] [stdout]    = note: this warning originates in the derive macro `ToPrimitive` (in Nightly builds, run with -Z macro-backtrace for more info)
[INFO] [stdout] 
[INFO] [stdout] 
[INFO] [stderr]     Finished `test` profile [unoptimized + debuginfo] target(s) in 1.65s
[INFO] running `Command { std: "docker" "inspect" "eda4a3eb1375b56a983dc1258748b115ddec35d3a65e462acc71226954552028", kill_on_drop: false }`
[INFO] running `Command { std: "docker" "rm" "-f" "eda4a3eb1375b56a983dc1258748b115ddec35d3a65e462acc71226954552028", kill_on_drop: false }`
[INFO] [stdout] eda4a3eb1375b56a983dc1258748b115ddec35d3a65e462acc71226954552028
[INFO] running `Command { std: "docker" "create" "-v" "/var/lib/crater-agent-workspace/builds/worker-4-tc1/target:/opt/rustwide/target:rw,Z" "-v" "/var/lib/crater-agent-workspace/builds/worker-4-tc1/source:/opt/rustwide/workdir:ro,Z" "-v" "/var/lib/crater-agent-workspace/cargo-home:/opt/rustwide/cargo-home:ro,Z" "-v" "/var/lib/crater-agent-workspace/rustup-home:/opt/rustwide/rustup-home:ro,Z" "-e" "SOURCE_DIR=/opt/rustwide/workdir" "-e" "CARGO_TARGET_DIR=/opt/rustwide/target" "-e" "CARGO_INCREMENTAL=0" "-e" "RUST_BACKTRACE=full" "-e" "RUSTFLAGS=--cap-lints=warn" "-e" "RUSTDOCFLAGS=--cap-lints=warn" "-e" "CARGO_HOME=/opt/rustwide/cargo-home" "-e" "RUSTUP_HOME=/opt/rustwide/rustup-home" "-w" "/opt/rustwide/workdir" "-m" "1610612736" "--user" "0:0" "--network" "none" "ghcr.io/rust-lang/crates-build-env/linux@sha256:f3a9d4ad9d972b27faf3965f35b62e55ba32bbce8f20bc8fe909558a86702fde" "/opt/rustwide/cargo-home/bin/cargo" "+1.83.0" "test" "--frozen", kill_on_drop: false }`
[INFO] [stdout] daea76ec53954dc77dad4f0bf868b0fdcdae5ae458fd3deccd3591b5a27a421c
[INFO] running `Command { std: "docker" "start" "-a" "daea76ec53954dc77dad4f0bf868b0fdcdae5ae458fd3deccd3591b5a27a421c", kill_on_drop: false }`
[INFO] [stderr] warning: unused import: `GLXDrawable`
[INFO] [stderr]   --> sys/src/window_x11.rs:15:50
[INFO] [stderr]    |
[INFO] [stderr] 15 |     glXQueryVersion, glXSwapBuffers, GLXContext, GLXDrawable, GLXFBConfig, GLX_BUFFER_SIZE,
[INFO] [stderr]    |                                                  ^^^^^^^^^^^
[INFO] [stderr]    |
[INFO] [stderr]    = note: `#[warn(unused_imports)]` on by default
[INFO] [stderr] 
[INFO] [stderr] warning: unused imports: `AlreadyGrabbed`, `Button5`, `FocusIn`, `FocusOut`, `GrabFrozen`, `GrabInvalidTime`, `GrabModeAsync`, `GrabNotViewable`, `PropModeReplace`, `Screen`, `XA_ATOM`, `XChangeProperty`, `XFocusChangeEvent`, `XGrabKeyboard`, `XQueryPointer`, `XSync`, `XUngrabKeyboard`, and `XWarpPointer`
[INFO] [stderr]   --> sys/src/window_x11.rs:23:16
[INFO] [stderr]    |
[INFO] [stderr] 23 |     AllocNone, AlreadyGrabbed, Atom, Bool, Button1, Button1Mask, Button2, Button2Mask, Button3,
[INFO] [stderr]    |                ^^^^^^^^^^^^^^
[INFO] [stderr] 24 |     Button3Mask, Button4, Button4Mask, Button5, Button5Mask, ButtonPress, ButtonPressMask,
[INFO] [stderr]    |                                        ^^^^^^^
[INFO] [stderr] ...
[INFO] [stderr] 27 |     ExposureMask, False, FocusChangeMask, FocusIn, FocusOut, GrabFrozen, GrabInvalidTime,
[INFO] [stderr]    |                                           ^^^^^^^  ^^^^^^^^  ^^^^^^^^^^  ^^^^^^^^^^^^^^^
[INFO] [stderr] 28 |     GrabModeAsync, GrabNotViewable, InputHint, InputOutput, KeyPress, KeyPressMask, KeyRelease,
[INFO] [stderr]    |     ^^^^^^^^^^^^^  ^^^^^^^^^^^^^^^
[INFO] [stderr] 29 |     KeyReleaseMask, KeySym, LeaveWindowMask, MotionNotify, NoSymbol, PBaseSize, PMinSize,
[INFO] [stderr] 30 |     PointerMotionMask, PropModeReplace, RevertToNone, Screen, ShiftMask, StateHint,
[INFO] [stderr]    |                        ^^^^^^^^^^^^^^^                ^^^^^^
[INFO] [stderr] ...
[INFO] [stderr] 33 |     XAllocWMHints, XButtonEvent, XChangeProperty, XClearWindow, XClientMessageEvent, XCloseDisplay,
[INFO] [stderr]    |                                  ^^^^^^^^^^^^^^^
[INFO] [stderr] 34 |     XConfigureEvent, XCreateColormap, XCreateWindow, XDefaultRootWindow, XDefaultScreen,
[INFO] [stderr] 35 |     XDestroyWindow, XEvent, XEventsQueued, XFlush, XFocusChangeEvent, XFree, XGetGeometry,
[INFO] [stderr]    |                                                    ^^^^^^^^^^^^^^^^^
[INFO] [stderr] 36 |     XGrabKeyboard, XInternAtom, XKeyEvent, XLookupString, XMapRaised, XMotionEvent, XMoveWindow,
[INFO] [stderr]    |     ^^^^^^^^^^^^^
[INFO] [stderr] 37 |     XNextEvent, XOpenDisplay, XQueryPointer, XRootWindow, XSendEvent, XSetInputFocus,
[INFO] [stderr]    |                               ^^^^^^^^^^^^^
[INFO] [stderr] 38 |     XSetWMProperties, XSetWMProtocols, XSetWindowAttributes, XSizeHints, XSync, XUngrabKeyboard,
[INFO] [stderr]    |                                                                          ^^^^^  ^^^^^^^^^^^^^^^
[INFO] [stderr] 39 |     XVisibilityEvent, XVisualInfo, XWMHints, XWarpPointer, XWhitePixel, XA_ATOM,
[INFO] [stderr]    |                                              ^^^^^^^^^^^^               ^^^^^^^
[INFO] [stderr] 
[INFO] [stderr] warning: non-local `impl` definition, `impl` blocks should be written at the same level as their item
[INFO] [stderr]  --> sys/src/events.rs:6:51
[INFO] [stderr]   |
[INFO] [stderr] 6 | #[derive(Copy, Debug, Clone, PartialEq, Eq, Hash, FromPrimitive, ToPrimitive)]
[INFO] [stderr]   |                                                   ^------------
[INFO] [stderr]   |                                                   |
[INFO] [stderr]   |                                                   `FromPrimitive` is not local
[INFO] [stderr]   |                                                   move the `impl` block outside of this constant `_IMPL_NUM_FromPrimitive_FOR_ActionType`
[INFO] [stderr] 7 | #[repr(u8)]
[INFO] [stderr] 8 | pub enum ActionType {
[INFO] [stderr]   |          ---------- `ActionType` is not local
[INFO] [stderr]   |
[INFO] [stderr]   = note: the derive macro `FromPrimitive` defines the non-local `impl`, and may need to be changed
[INFO] [stderr]   = note: the derive macro `FromPrimitive` may come from an old version of the `num_derive` crate, try updating your dependency with `cargo update -p num_derive`
[INFO] [stderr]   = note: an `impl` is never scoped, even when it is nested inside an item, as it may impact type checking outside of that item, which can be the case if neither the trait or the self type are at the same nesting level as the `impl`
[INFO] [stderr]   = note: items in an anonymous const item (`const _: () = { ... }`) are treated as in the same scope as the anonymous const's declaration for the purpose of this lint
[INFO] [stderr]   = note: `#[warn(non_local_definitions)]` on by default
[INFO] [stderr]   = note: this warning originates in the derive macro `FromPrimitive` (in Nightly builds, run with -Z macro-backtrace for more info)
[INFO] [stderr] 
[INFO] [stderr] warning: non-local `impl` definition, `impl` blocks should be written at the same level as their item
[INFO] [stderr]  --> sys/src/events.rs:6:66
[INFO] [stderr]   |
[INFO] [stderr] 6 | #[derive(Copy, Debug, Clone, PartialEq, Eq, Hash, FromPrimitive, ToPrimitive)]
[INFO] [stderr]   |                                                                  ^----------
[INFO] [stderr]   |                                                                  |
[INFO] [stderr]   |                                                                  `ToPrimitive` is not local
[INFO] [stderr]   |                                                                  move the `impl` block outside of this constant `_IMPL_NUM_ToPrimitive_FOR_ActionType`
[INFO] [stderr] 7 | #[repr(u8)]
[INFO] [stderr] 8 | pub enum ActionType {
[INFO] [stderr]   |          ---------- `ActionType` is not local
[INFO] [stderr]   |
[INFO] [stderr]   = note: the derive macro `ToPrimitive` defines the non-local `impl`, and may need to be changed
[INFO] [stderr]   = note: the derive macro `ToPrimitive` may come from an old version of the `num_derive` crate, try updating your dependency with `cargo update -p num_derive`
[INFO] [stderr]   = note: an `impl` is never scoped, even when it is nested inside an item, as it may impact type checking outside of that item, which can be the case if neither the trait or the self type are at the same nesting level as the `impl`
[INFO] [stderr]   = note: items in an anonymous const item (`const _: () = { ... }`) are treated as in the same scope as the anonymous const's declaration for the purpose of this lint
[INFO] [stderr]   = note: this warning originates in the derive macro `ToPrimitive` (in Nightly builds, run with -Z macro-backtrace for more info)
[INFO] [stderr] 
[INFO] [stderr] warning: non-local `impl` definition, `impl` blocks should be written at the same level as their item
[INFO] [stderr]   --> sys/src/events.rs:13:51
[INFO] [stderr]    |
[INFO] [stderr] 13 | #[derive(Copy, Debug, Clone, PartialEq, Eq, Hash, FromPrimitive, ToPrimitive)]
[INFO] [stderr]    |                                                   ^------------
[INFO] [stderr]    |                                                   |
[INFO] [stderr]    |                                                   `FromPrimitive` is not local
[INFO] [stderr]    |                                                   move the `impl` block outside of this constant `_IMPL_NUM_FromPrimitive_FOR_MouseButtonId`
[INFO] [stderr] 14 | #[repr(u8)]
[INFO] [stderr] 15 | pub enum MouseButtonId {
[INFO] [stderr]    |          ------------- `MouseButtonId` is not local
[INFO] [stderr]    |
[INFO] [stderr]    = note: the derive macro `FromPrimitive` defines the non-local `impl`, and may need to be changed
[INFO] [stderr]    = note: the derive macro `FromPrimitive` may come from an old version of the `num_derive` crate, try updating your dependency with `cargo update -p num_derive`
[INFO] [stderr]    = note: an `impl` is never scoped, even when it is nested inside an item, as it may impact type checking outside of that item, which can be the case if neither the trait or the self type are at the same nesting level as the `impl`
[INFO] [stderr]    = note: items in an anonymous const item (`const _: () = { ... }`) are treated as in the same scope as the anonymous const's declaration for the purpose of this lint
[INFO] [stderr]    = note: this warning originates in the derive macro `FromPrimitive` (in Nightly builds, run with -Z macro-backtrace for more info)
[INFO] [stderr] 
[INFO] [stderr] warning: non-local `impl` definition, `impl` blocks should be written at the same level as their item
[INFO] [stderr]   --> sys/src/events.rs:13:66
[INFO] [stderr]    |
[INFO] [stderr] 13 | #[derive(Copy, Debug, Clone, PartialEq, Eq, Hash, FromPrimitive, ToPrimitive)]
[INFO] [stderr]    |                                                                  ^----------
[INFO] [stderr]    |                                                                  |
[INFO] [stderr]    |                                                                  `ToPrimitive` is not local
[INFO] [stderr]    |                                                                  move the `impl` block outside of this constant `_IMPL_NUM_ToPrimitive_FOR_MouseButtonId`
[INFO] [stderr] 14 | #[repr(u8)]
[INFO] [stderr] 15 | pub enum MouseButtonId {
[INFO] [stderr]    |          ------------- `MouseButtonId` is not local
[INFO] [stderr]    |
[INFO] [stderr]    = note: the derive macro `ToPrimitive` defines the non-local `impl`, and may need to be changed
[INFO] [stderr]    = note: the derive macro `ToPrimitive` may come from an old version of the `num_derive` crate, try updating your dependency with `cargo update -p num_derive`
[INFO] [stderr]    = note: an `impl` is never scoped, even when it is nested inside an item, as it may impact type checking outside of that item, which can be the case if neither the trait or the self type are at the same nesting level as the `impl`
[INFO] [stderr]    = note: items in an anonymous const item (`const _: () = { ... }`) are treated as in the same scope as the anonymous const's declaration for the purpose of this lint
[INFO] [stderr]    = note: this warning originates in the derive macro `ToPrimitive` (in Nightly builds, run with -Z macro-backtrace for more info)
[INFO] [stderr] 
[INFO] [stderr] warning: `sys` (lib) generated 6 warnings (run `cargo fix --lib -p sys` to apply 2 suggestions)
[INFO] [stderr] warning: `sys` (lib test) generated 6 warnings (6 duplicates)
[INFO] [stderr]     Finished `test` profile [unoptimized + debuginfo] target(s) in 0.06s
[INFO] [stderr]      Running unittests src/lib.rs (/opt/rustwide/target/debug/deps/math-fba9018c728faba2)
[INFO] [stdout] 
[INFO] [stdout] running 12 tests
[INFO] [stdout] test color_conversion::tests::test_hsl_to_rgb ... ok
[INFO] [stdout] test colors::tests::test_conversion_from_slice ... ok
[INFO] [stdout] test mat2x3::tests::test_multiplication ... ok
[INFO] [stdout] test mat2x3::tests::test_slice_fns ... ok
[INFO] [stdout] test mat4::tests::test_index_ops ... ok
[INFO] [stdout] test mat4::tests::test_multiplication ... ok
[INFO] [stdout] test mat2x3::tests::test_ctors ... ok
[INFO] [stdout] test mat2x3::tests::test_div_scalar ... ok
[INFO] [stdout] test mat4::tests::test_transpose ... ok
[INFO] [stdout] test vec4::tests::test_conversions ... ok
[INFO] [stderr]      Running unittests src/main.rs (/opt/rustwide/target/debug/deps/particles-a0c0d50d4a03241f)
[INFO] [stdout] test colors::tests::test_conversion_from_html ... ok
[INFO] [stderr]      Running unittests src/lib.rs (/opt/rustwide/target/debug/deps/rendering-88668d1aea4b5612)
[INFO] [stdout] test mat2x3::tests::test_mul_scalar ... ok
[INFO] [stdout] 
[INFO] [stdout] test result: ok. 12 passed; 0 failed; 0 ignored; 0 measured; 0 filtered out; finished in 0.01s
[INFO] [stdout] 
[INFO] [stdout] 
[INFO] [stdout] running 0 tests
[INFO] [stdout] 
[INFO] [stdout] test result: ok. 0 passed; 0 failed; 0 ignored; 0 measured; 0 filtered out; finished in 0.00s
[INFO] [stdout] 
[INFO] [stdout] 
[INFO] [stdout] running 0 tests
[INFO] [stderr]      Running unittests src/lib.rs (/opt/rustwide/target/debug/deps/sys-8a9f510a49dd9237)
[INFO] [stdout] 
[INFO] [stdout] test result: ok. 0 passed; 0 failed; 0 ignored; 0 measured; 0 filtered out; finished in 0.00s
[INFO] [stdout] 
[INFO] [stdout] 
[INFO] [stdout] running 1 test
[INFO] [stdout] test memory_mapped_file::tests::test_memory_mapped_file ... FAILED
[INFO] [stdout] 
[INFO] [stdout] failures:
[INFO] [stdout] 
[INFO] [stdout] ---- memory_mapped_file::tests::test_memory_mapped_file stdout ----
[INFO] [stdout] thread 'memory_mapped_file::tests::test_memory_mapped_file' panicked at sys/src/memory_mapped_file.rs:280:50:
[INFO] [stdout] called `Result::unwrap()` on an `Err` value: Os { code: 30, kind: ReadOnlyFilesystem, message: "Read-only file system" }
[INFO] [stdout] stack backtrace:
[INFO] [stdout]    0:     0x5dfa6a717a7a - std::backtrace_rs::backtrace::libunwind::trace::h5a5b8284f2d0c266
[INFO] [stdout]                                at /rustc/90b35a6239c3d8bdabc530a6a0816f7ff89a0aaf/library/std/src/../../backtrace/src/backtrace/libunwind.rs:116:5
[INFO] [stdout]    1:     0x5dfa6a717a7a - std::backtrace_rs::backtrace::trace_unsynchronized::h76d4f1c9b0b875e3
[INFO] [stdout]                                at /rustc/90b35a6239c3d8bdabc530a6a0816f7ff89a0aaf/library/std/src/../../backtrace/src/backtrace/mod.rs:66:5
[INFO] [stdout]    2:     0x5dfa6a717a7a - std::sys::backtrace::_print_fmt::hc4546b8364a537c6
[INFO] [stdout]                                at /rustc/90b35a6239c3d8bdabc530a6a0816f7ff89a0aaf/library/std/src/sys/backtrace.rs:66:9
[INFO] [stdout]    3:     0x5dfa6a717a7a - <std::sys::backtrace::BacktraceLock::print::DisplayBacktrace as core::fmt::Display>::fmt::h5b6bd5631a6d1f6b
[INFO] [stdout]                                at /rustc/90b35a6239c3d8bdabc530a6a0816f7ff89a0aaf/library/std/src/sys/backtrace.rs:39:26
[INFO] [stdout]    4:     0x5dfa6a73ced3 - core::fmt::rt::Argument::fmt::h270f6602a2b96f62
[INFO] [stdout]                                at /rustc/90b35a6239c3d8bdabc530a6a0816f7ff89a0aaf/library/core/src/fmt/rt.rs:177:76
[INFO] [stdout]    5:     0x5dfa6a73ced3 - core::fmt::write::h7550c97b06c86515
[INFO] [stdout]                                at /rustc/90b35a6239c3d8bdabc530a6a0816f7ff89a0aaf/library/core/src/fmt/mod.rs:1186:21
[INFO] [stdout]    6:     0x5dfa6a714c43 - std::io::Write::write_fmt::h509ff860e5956e5e
[INFO] [stdout]                                at /rustc/90b35a6239c3d8bdabc530a6a0816f7ff89a0aaf/library/std/src/io/mod.rs:1839:15
[INFO] [stdout]    7:     0x5dfa6a7178c2 - std::sys::backtrace::BacktraceLock::print::h2395ccd2c84ba3aa
[INFO] [stdout]                                at /rustc/90b35a6239c3d8bdabc530a6a0816f7ff89a0aaf/library/std/src/sys/backtrace.rs:42:9
[INFO] [stdout]    8:     0x5dfa6a718eda - std::panicking::default_hook::{{closure}}::he19d4c7230e07961
[INFO] [stdout]                                at /rustc/90b35a6239c3d8bdabc530a6a0816f7ff89a0aaf/library/std/src/panicking.rs:268:22
[INFO] [stdout]    9:     0x5dfa6a718ce4 - std::panicking::default_hook::hf614597d3c67bbdb
[INFO] [stdout]                                at /rustc/90b35a6239c3d8bdabc530a6a0816f7ff89a0aaf/library/std/src/panicking.rs:292:9
[INFO] [stdout]   10:     0x5dfa6a6e43a9 - <alloc::boxed::Box<F,A> as core::ops::function::Fn<Args>>::call::h39b51ce4599c23d1
[INFO] [stdout]                                at /rustc/90b35a6239c3d8bdabc530a6a0816f7ff89a0aaf/library/alloc/src/boxed.rs:2468:9
[INFO] [stdout]   11:     0x5dfa6a6e43a9 - test::test_main::{{closure}}::he977ae839a582784
[INFO] [stdout]                                at /rustc/90b35a6239c3d8bdabc530a6a0816f7ff89a0aaf/library/test/src/lib.rs:133:21
[INFO] [stdout]   12:     0x5dfa6a719578 - <alloc::boxed::Box<F,A> as core::ops::function::Fn<Args>>::call::h9455091b6b06f9fb
[INFO] [stdout]                                at /rustc/90b35a6239c3d8bdabc530a6a0816f7ff89a0aaf/library/alloc/src/boxed.rs:2468:9
[INFO] [stdout]   13:     0x5dfa6a719578 - std::panicking::rust_panic_with_hook::h8942133a8b252070
[INFO] [stdout]                                at /rustc/90b35a6239c3d8bdabc530a6a0816f7ff89a0aaf/library/std/src/panicking.rs:809:13
[INFO] [stdout]   14:     0x5dfa6a71933a - std::panicking::begin_panic_handler::{{closure}}::hb5f5963570096b29
[INFO] [stdout]                                at /rustc/90b35a6239c3d8bdabc530a6a0816f7ff89a0aaf/library/std/src/panicking.rs:674:13
[INFO] [stdout]   15:     0x5dfa6a717f59 - std::sys::backtrace::__rust_end_short_backtrace::h6208cedc1922feda
[INFO] [stdout]                                at /rustc/90b35a6239c3d8bdabc530a6a0816f7ff89a0aaf/library/std/src/sys/backtrace.rs:170:18
[INFO] [stdout]   16:     0x5dfa6a718fcc - rust_begin_unwind
[INFO] [stdout]                                at /rustc/90b35a6239c3d8bdabc530a6a0816f7ff89a0aaf/library/std/src/panicking.rs:665:5
[INFO] [stdout]   17:     0x5dfa6a6a5a60 - core::panicking::panic_fmt::h0c3082644d1bf418
[INFO] [stdout]                                at /rustc/90b35a6239c3d8bdabc530a6a0816f7ff89a0aaf/library/core/src/panicking.rs:74:14
[INFO] [stdout]   18:     0x5dfa6a6a5e06 - core::result::unwrap_failed::hd20b4aa073bda1e2
[INFO] [stdout]                                at /rustc/90b35a6239c3d8bdabc530a6a0816f7ff89a0aaf/library/core/src/result.rs:1700:5
[INFO] [stdout]   19:     0x5dfa6a6aaeb9 - core::result::Result<T,E>::unwrap::h46524f9efe6f536a
[INFO] [stdout]                                at /rustc/90b35a6239c3d8bdabc530a6a0816f7ff89a0aaf/library/core/src/result.rs:1104:23
[INFO] [stdout]   20:     0x5dfa6a6aaeb9 - sys::memory_mapped_file::tests::test_memory_mapped_file::h20e6d2fb0b990d40
[INFO] [stdout]                                at /opt/rustwide/workdir/sys/src/memory_mapped_file.rs:280:25
[INFO] [stdout]   21:     0x5dfa6a6aad67 - sys::memory_mapped_file::tests::test_memory_mapped_file::{{closure}}::had92957139339ecf
[INFO] [stdout]                                at /opt/rustwide/workdir/sys/src/memory_mapped_file.rs:274:33
[INFO] [stdout]   22:     0x5dfa6a6a80c6 - core::ops::function::FnOnce::call_once::h66ed893bcc3e2e84
[INFO] [stdout]                                at /rustc/90b35a6239c3d8bdabc530a6a0816f7ff89a0aaf/library/core/src/ops/function.rs:250:5
[INFO] [stdout]   23:     0x5dfa6a6e8d6b - core::ops::function::FnOnce::call_once::h109cf8051a59b34e
[INFO] [stdout]                                at /rustc/90b35a6239c3d8bdabc530a6a0816f7ff89a0aaf/library/core/src/ops/function.rs:250:5
[INFO] [stdout]   24:     0x5dfa6a6e8d6b - test::__rust_begin_short_backtrace::hf4fff89d377446ba
[INFO] [stdout]                                at /rustc/90b35a6239c3d8bdabc530a6a0816f7ff89a0aaf/library/test/src/lib.rs:621:18
[INFO] [stdout]   25:     0x5dfa6a6e85a7 - test::run_test_in_process::{{closure}}::h0e39181dd7ee5a43
[INFO] [stdout]                                at /rustc/90b35a6239c3d8bdabc530a6a0816f7ff89a0aaf/library/test/src/lib.rs:644:60
[INFO] [stdout]   26:     0x5dfa6a6e85a7 - <core::panic::unwind_safe::AssertUnwindSafe<F> as core::ops::function::FnOnce<()>>::call_once::hc5a66a30f0bdfd1f
[INFO] [stdout]                                at /rustc/90b35a6239c3d8bdabc530a6a0816f7ff89a0aaf/library/core/src/panic/unwind_safe.rs:272:9
[INFO] [stdout]   27:     0x5dfa6a6e85a7 - std::panicking::try::do_call::h873b7cf639554a5e
[INFO] [stdout]                                at /rustc/90b35a6239c3d8bdabc530a6a0816f7ff89a0aaf/library/std/src/panicking.rs:557:40
[INFO] [stdout]   28:     0x5dfa6a6e85a7 - std::panicking::try::hdb19862fad9c8bd1
[INFO] [stdout]                                at /rustc/90b35a6239c3d8bdabc530a6a0816f7ff89a0aaf/library/std/src/panicking.rs:520:19
[INFO] [stdout]   29:     0x5dfa6a6e85a7 - std::panic::catch_unwind::h281fe732d236d260
[INFO] [stdout]                                at /rustc/90b35a6239c3d8bdabc530a6a0816f7ff89a0aaf/library/std/src/panic.rs:358:14
[INFO] [stdout]   30:     0x5dfa6a6e85a7 - test::run_test_in_process::h949b6df8457ed338
[INFO] [stdout]                                at /rustc/90b35a6239c3d8bdabc530a6a0816f7ff89a0aaf/library/test/src/lib.rs:644:27
[INFO] [stdout]   31:     0x5dfa6a6e85a7 - test::run_test::{{closure}}::h52c556a6d4740e10
[INFO] [stdout]                                at /rustc/90b35a6239c3d8bdabc530a6a0816f7ff89a0aaf/library/test/src/lib.rs:565:43
[INFO] [stdout]   32:     0x5dfa6a6ad884 - test::run_test::{{closure}}::h4237f6381c45ccb9
[INFO] [stdout]                                at /rustc/90b35a6239c3d8bdabc530a6a0816f7ff89a0aaf/library/test/src/lib.rs:595:41
[INFO] [stdout]   33:     0x5dfa6a6ad884 - std::sys::backtrace::__rust_begin_short_backtrace::h505c97a579eca628
[INFO] [stdout]                                at /rustc/90b35a6239c3d8bdabc530a6a0816f7ff89a0aaf/library/std/src/sys/backtrace.rs:154:18
[INFO] [stdout]   34:     0x5dfa6a6b0f4e - std::thread::Builder::spawn_unchecked_::{{closure}}::{{closure}}::h9e86b2e2bc107ea3
[INFO] [stdout]                                at /rustc/90b35a6239c3d8bdabc530a6a0816f7ff89a0aaf/library/std/src/thread/mod.rs:538:17
[INFO] [stdout]   35:     0x5dfa6a6b0f4e - <core::panic::unwind_safe::AssertUnwindSafe<F> as core::ops::function::FnOnce<()>>::call_once::h8b06ddb275ff4a25
[INFO] [stdout]                                at /rustc/90b35a6239c3d8bdabc530a6a0816f7ff89a0aaf/library/core/src/panic/unwind_safe.rs:272:9
[INFO] [stdout]   36:     0x5dfa6a6b0f4e - std::panicking::try::do_call::hb26ecd7cd9a9355d
[INFO] [stdout]                                at /rustc/90b35a6239c3d8bdabc530a6a0816f7ff89a0aaf/library/std/src/panicking.rs:557:40
[INFO] [stdout]   37:     0x5dfa6a6b0f4e - std::panicking::try::h8ddeca9d705f9069
[INFO] [stdout]                                at /rustc/90b35a6239c3d8bdabc530a6a0816f7ff89a0aaf/library/std/src/panicking.rs:520:19
[INFO] [stdout]   38:     0x5dfa6a6b0f4e - std::panic::catch_unwind::h49e1c33078844c46
[INFO] [stdout]                                at /rustc/90b35a6239c3d8bdabc530a6a0816f7ff89a0aaf/library/std/src/panic.rs:358:14
[INFO] [stdout]   39:     0x5dfa6a6b0f4e - std::thread::Builder::spawn_unchecked_::{{closure}}::h6073db6ff56ad35d
[INFO] [stdout]                                at /rustc/90b35a6239c3d8bdabc530a6a0816f7ff89a0aaf/library/std/src/thread/mod.rs:537:30
[INFO] [stdout]   40:     0x5dfa6a6b0f4e - core::ops::function::FnOnce::call_once{{vtable.shim}}::h2c5a5f3779c774f1
[INFO] [stdout]                                at /rustc/90b35a6239c3d8bdabc530a6a0816f7ff89a0aaf/library/core/src/ops/function.rs:250:5
[INFO] [stdout]   41:     0x5dfa6a71d2db - <alloc::boxed::Box<F,A> as core::ops::function::FnOnce<Args>>::call_once::hf75717d9f28faebf
[INFO] [stdout]                                at /rustc/90b35a6239c3d8bdabc530a6a0816f7ff89a0aaf/library/alloc/src/boxed.rs:2454:9
[INFO] [stdout]   42:     0x5dfa6a71d2db - <alloc::boxed::Box<F,A> as core::ops::function::FnOnce<Args>>::call_once::h7bd883a5f3c5f3c1
[INFO] [stdout]                                at /rustc/90b35a6239c3d8bdabc530a6a0816f7ff89a0aaf/library/alloc/src/boxed.rs:2454:9
[INFO] [stdout]   43:     0x5dfa6a71d2db - std::sys::pal::unix::thread::Thread::new::thread_start::hcc78f3943333fa94
[INFO] [stdout]                                at /rustc/90b35a6239c3d8bdabc530a6a0816f7ff89a0aaf/library/std/src/sys/pal/unix/thread.rs:105:17
[INFO] [stdout]   44:     0x7f4b174a6ac3 - <unknown>
[INFO] [stdout]   45:     0x7f4b17537a04 - clone
[INFO] [stdout]   46:                0x0 - <unknown>
[INFO] [stdout] 
[INFO] [stdout] 
[INFO] [stdout] failures:
[INFO] [stdout]     memory_mapped_file::tests::test_memory_mapped_file
[INFO] [stdout] 
[INFO] [stdout] test result: FAILED. 0 passed; 1 failed; 0 ignored; 0 measured; 0 filtered out; finished in 0.06s
[INFO] [stdout] 
[INFO] [stderr] error: test failed, to rerun pass `-p sys --lib`
[INFO] running `Command { std: "docker" "inspect" "daea76ec53954dc77dad4f0bf868b0fdcdae5ae458fd3deccd3591b5a27a421c", kill_on_drop: false }`
[INFO] running `Command { std: "docker" "rm" "-f" "daea76ec53954dc77dad4f0bf868b0fdcdae5ae458fd3deccd3591b5a27a421c", kill_on_drop: false }`
[INFO] [stdout] daea76ec53954dc77dad4f0bf868b0fdcdae5ae458fd3deccd3591b5a27a421c
